000
CDAK47 PANT 190027
CLIANN

CLIMATE REPORT
NATIONAL WEATHER SERVICE ANNETTE, AK
427 PM AKDT FRI APR 18 2014

...................................
...THE ANNETTE WSO AP CLIMATE SUMMARY FOR APRIL 18 2014...
VALID TODAY AS OF 2:00 PM LOCAL TIME

CLIMATE NORMAL PERIOD  1981 TO  2010
CLIMATE RECORD PERIOD  1948 TO  2014

WEATHER ITEM   OBSERVED TIME    RECORD YEAR NORMAL DEPARTURE LAST
               VALUE    (LST)   VALUE       VALUE  FROM      YEAR
                                                   NORMAL
...................................................................
TEMPERATURE
TODAY
 MAXIMUM            49  0224 PM    61  1994     51      -2     46
 MINIMUM            38  0541 AM    29  1963     39      -1     40
 AVERAGE            44                          45      -1     43

PRECIPITATION
(INCHES)
 TODAY            0.00           2.11  1980   0.22   -0.22   0.75
 MONTH TO DATE    9.50                        4.31    5.19   4.66
 SINCE MAR 1     17.64                       12.36    5.28   9.02
 SINCE JAN 1     29.74                       30.40   -0.66  30.58

SNOWFALL
(INCHES)
 TODAY             0.0            3.4  1987    0.1    -0.1    0.0
 MONTH TO DATE     0.0                         1.2    -1.2      T
 SINCE MAR 1       0.3                         8.1    -7.8    0.9
 SINCE JUL 1      25.4                        34.6    -9.2   12.8
 SNOW DEPTH (IN)     0                                          0

DEGREE DAYS
 HEATING
  TODAY             21                          20       1     22
  MONTH TO DATE    402                         392      10    391
  SINCE MAR 1     1269                        1176      93   1203
  SINCE JUL 1     5758                        5714      44   5729

 COOLING
  TODAY              0                           0       0      0
  MONTH TO DATE      0                           0       0      0
  SINCE MAR 1        0                           0       0      0
  SINCE JAN 1        0                           0       0      0
...................................................................

WIND (MPH)
 HIGHEST WIND SPEED    14     HIGHEST WIND DIRECTION    150
 HIGHEST GUST SPEED    23     HIGHEST GUST DIRECTION    140
 AVERAGE WIND SPEED    MM

SKY COVER
  POSSIBLE SUNSHINE  MM            AVERAGE SKY COVER MM

WEATHER CONDITIONS
 THE FOLLOWING WEATHER WAS RECORDED TODAY.
NO SIGNIFICANT WEATHER WAS OBSERVED.

RELATIVE HUMIDITY
 HIGHEST RH     MM PERCENT       MM
 LOWEST  RH     MM PERCENT       MM
 AVERAGE RH     MM PERCENT       MM
...................................................................

THE ANNETTE CLIMATE NORMALS FOR TOMORROW
                        NORMAL    RECORD   YEAR
 MAXIMUM TEMPERATURE      51        62     1991
 MINIMUM TEMPERATURE      39        29     1965

SUNRISE AND SUNSET
 APR 18 2014..........SUNRISE  5:36 AM      SUNSET  7:58 PM
 APR 19 2014..........SUNRISE  5:33 AM      SUNSET  8:00 PM

-  INDICATES NEGATIVE NUMBERS.
R  INDICATES RECORD HAS BEEN SET OR TIED.
MM INDICATES DATA IS MISSING.
T  INDICATES TRACE OF PRECIPITATION.

&&
-------------------------------------------------------------------

AMOUNT OF DAYLIGHT TODAY  (HOUR:MIN)........14 HOURS 22 MINUTES
GAIN/LOSS SINCE YESTERDAY (HOUR:MIN:SEC)....+0:04:21

$$
LTB APR 14
