000
CDAK47 PANT 010030
CLIANN

CLIMATE REPORT
NATIONAL WEATHER SERVICE ANNETTE, AK
430 PM AKDT FRI JUL 31 2015

...................................
...THE ANNETTE WSO AP CLIMATE SUMMARY FOR JULY 31 2015...
VALID TODAY AS OF 2:00 PM LOCAL TIME

CLIMATE NORMAL PERIOD  1981 TO  2010
CLIMATE RECORD PERIOD  1948 TO  2015

WEATHER ITEM   OBSERVED TIME    RECORD YEAR NORMAL DEPARTURE LAST
               VALUE    (LST)   VALUE       VALUE  FROM      YEAR
                                                   NORMAL
...................................................................
TEMPERATURE
TODAY
 MAXIMUM            63  0248 PM    86  2009     66      -3     MM
 MINIMUM            57  0607 AM    47  1972     54       3     MM
 AVERAGE            60                          60       0     MM

PRECIPITATION
(INCHES)
 TODAY            0.60           1.98  1949   0.16    0.44   0.00
 MONTH TO DATE    7.64                        4.65    2.99   7.60
 SINCE JUN 1     11.63                        9.53    2.10  15.35
 SINCE JAN 1     55.11                       47.95    7.16  56.15

SNOWFALL
(INCHES)
 TODAY             0.0            0.0  2015    0.0     0.0    0.0
 MONTH TO DATE     0.0                         0.0     0.0    0.0
 SINCE JUN 1       0.0                         0.0     0.0    0.0
 SINCE JUL 1       0.0                         0.0     0.0    0.0
 SNOW DEPTH (IN)     0                                          0

DEGREE DAYS
 HEATING
  TODAY              5                           5       0     MM
  MONTH TO DATE    117                         206     -89     MM
  SINCE JUN 1      305                         504    -199    701
  SINCE JUL 1      117                         206     -89     MM

 COOLING
  TODAY              0                           0       0     MM
  MONTH TO DATE     35                           0      35     MM
  SINCE JUN 1       37                           0      37      8
  SINCE JAN 1       37                           0      37     MM
...................................................................

WIND (MPH)
 HIGHEST WIND SPEED    17     HIGHEST WIND DIRECTION    140
 HIGHEST GUST SPEED    25     HIGHEST GUST DIRECTION    150
 AVERAGE WIND SPEED    MM

SKY COVER
  POSSIBLE SUNSHINE  MM            AVERAGE SKY COVER MM

WEATHER CONDITIONS
 THE FOLLOWING WEATHER WAS RECORDED TODAY.
FOG
RAIN


RELATIVE HUMIDITY
 HIGHEST RH     MM PERCENT       MM
 LOWEST  RH     MM PERCENT       MM
 AVERAGE RH     MM PERCENT       MM
...................................................................

THE ANNETTE CLIMATE NORMALS FOR TOMORROW
                        NORMAL    RECORD   YEAR
 MAXIMUM TEMPERATURE      66        82     1999
 MINIMUM TEMPERATURE      54        45     1973

SUNRISE AND SUNSET
 JUL 31 2015..........SUNRISE  4:54 AM      SUNSET  8:52 PM
 AUG 1 2015..........SUNRISE  4:55 AM      SUNSET  8:50 PM

-  INDICATES NEGATIVE NUMBERS.
R  INDICATES RECORD HAS BEEN SET OR TIED.
MM INDICATES DATA IS MISSING.
T  INDICATES TRACE OF PRECIPITATION.

&&
-------------------------------------------------------------------

AMOUNT OF DAYLIGHT TODAY  (HOUR:MIN)........15 HOURS 58 MINUTES
GAIN/LOSS SINCE YESTERDAY (HOUR:MIN:SEC)....-0:03:37

$$
JH JUL 15
