000
CDAK47 PANT 280902
CLIANN

CLIMATE REPORT
NATIONAL WEATHER SERVICE ANNETTE, AK
1202 AM AKST SAT FEB 28 2015

...................................
...THE ANNETTE WSO AP CLIMATE SUMMARY FOR FEBRUARY 27 2015...

CLIMATE NORMAL PERIOD  1981 TO  2010
CLIMATE RECORD PERIOD  1948 TO  2015

WEATHER ITEM   OBSERVED TIME    RECORD YEAR NORMAL DEPARTURE LAST
               VALUE    (LST)   VALUE       VALUE  FROM      YEAR
                                                   NORMAL
...................................................................
TEMPERATURE
YESTERDAY
 MAXIMUM            51  0243 PM    62  1992     43       8     43
 MINIMUM            38  1138 PM    11  1972     33       5     31
 AVERAGE            45                          38       7     37

PRECIPITATION
(INCHES)
 YESTERDAY        0.00           2.55  1993   0.24   -0.24      T
 MONTH TO DATE    6.35                        7.07   -0.72   3.97
 SINCE DEC 1     34.02                       28.52    5.50  30.48
 SINCE JAN 1     21.06                       17.80    3.26  12.10

SNOWFALL
(INCHES)
 YESTERDAY         0.0            4.8  2011    0.2    -0.2    0.0
 MONTH TO DATE     2.3                         6.9    -4.6   15.0
 SINCE DEC 1       6.0                        22.6   -16.6   19.4
 SINCE JUL 1      10.2                        26.2   -16.0   25.1
 SNOW DEPTH (IN)     0                                          T

DEGREE DAYS
 HEATING
  YESTERDAY         20                          27      -7     28
  MONTH TO DATE    637                         732     -95    931
  SINCE DEC 1     2056                        2461    -405   2647
  SINCE JUL 1     4061                        4511    -450   4461

 COOLING
  YESTERDAY          0                           0       0      0
  MONTH TO DATE      0                           0       0      0
  SINCE DEC 1        0                           0       0      0
  SINCE JAN 1        0                           0       0      0
...................................................................

WIND (MPH)
 HIGHEST WIND SPEED    15     HIGHEST WIND DIRECTION    340
 HIGHEST GUST SPEED    21     HIGHEST GUST DIRECTION    350
 AVERAGE WIND SPEED   8.0

SKY COVER
  POSSIBLE SUNSHINE    MM          AVERAGE SKY COVER     MM

WEATHER CONDITIONS
 THE FOLLOWING WEATHER WAS RECORDED YESTERDAY.
  NO SIGNIFICANT WEATHER WAS OBSERVED.

RELATIVE HUMIDITY
 HIGHEST RH     MM PERCENT       MM
 LOWEST  RH     MM PERCENT       MM
 AVERAGE RH     MM PERCENT       MM
...................................................................

THE ANNETTE CLIMATE NORMALS FOR TODAY
                           NORMAL    RECORD   YEAR
 MAXIMUM TEMPERATURE (F)     43        60     1968
 MINIMUM TEMPERATURE (F)     33        13     2011

SUNRISE AND SUNSET
 FEB 28 2015..........SUNRISE  6:39 AM      SUNSET  5:20 PM
 MAR 1 2015..........SUNRISE  6:37 AM      SUNSET  5:22 PM

-  INDICATES NEGATIVE NUMBERS.
R  INDICATES RECORD HAS BEEN SET OR TIED.
MM INDICATES DATA IS MISSING.
T  INDICATES TRACE OF PRECIPITATION.

&&
-------------------------------------------------------------------

AMOUNT OF DAYLIGHT TODAY  (HOUR:MIN)........10 HOURS 41 MINUTES
GAIN/LOSS SINCE YESTERDAY (HOUR:MIN:SEC)....+0:04:27

$$
JZ FEB 15
