000
CDAK47 PANT 280930
CLIANN

CLIMATE REPORT
NATIONAL WEATHER SERVICE ANNETTE, AK
130 AM AKDT THU JUL 28 2016

...................................
...THE ANNETTE WSO AP CLIMATE SUMMARY FOR JULY 27 2016...

CLIMATE NORMAL PERIOD  1981 TO  2010
CLIMATE RECORD PERIOD  1948 TO  2016

WEATHER ITEM   OBSERVED TIME    RECORD YEAR NORMAL DEPARTURE LAST
               VALUE    (LST)   VALUE       VALUE  FROM      YEAR
                                                   NORMAL
...................................................................
TEMPERATURE
YESTERDAY
 MAXIMUM            66  0356 PM    86  1971     65       1     59
 MINIMUM            59  0945 PM    46  1949     54       5     56
 AVERAGE            63                          60       3     58

PRECIPITATION
(INCHES)
 YESTERDAY        0.01           2.60  1967   0.15   -0.14   0.74
 MONTH TO DATE    3.53                        4.02   -0.49   5.76
 SINCE JUN 1      7.78                        8.90   -1.12   9.75
 SINCE JAN 1     57.52                       47.32   10.20  53.23

SNOWFALL
(INCHES)
 YESTERDAY         0.0            0.0  2016    0.0     0.0    0.0
 MONTH TO DATE     0.0                         0.0     0.0    0.0
 SINCE JUN 1       0.0                         0.0     0.0    0.0
 SINCE JUL 1       0.0                         0.0     0.0    0.0
 SNOW DEPTH (IN)     0                                          0

DEGREE DAYS
 HEATING
  YESTERDAY          2                           6      -4      7
  MONTH TO DATE    113                         184     -71     91
  SINCE JUN 1      382                         482    -100    279
  SINCE JUL 1      113                         184     -71     91

 COOLING
  YESTERDAY          0                           0       0      0
  MONTH TO DATE     20                           0      20     35
  SINCE JUN 1       20                           0      20     37
  SINCE JAN 1       22                           0      22     37
...................................................................

WIND (MPH)
 HIGHEST WIND SPEED     9     HIGHEST WIND DIRECTION    130
 HIGHEST GUST SPEED    11     HIGHEST GUST DIRECTION    200
 AVERAGE WIND SPEED   3.9

SKY COVER
  POSSIBLE SUNSHINE    MM          AVERAGE SKY COVER     MM

WEATHER CONDITIONS
 THE FOLLOWING WEATHER WAS RECORDED YESTERDAY.
  FOG
RAIN


RELATIVE HUMIDITY
 HIGHEST RH     MM PERCENT       MM
 LOWEST  RH     MM PERCENT       MM
 AVERAGE RH     MM PERCENT       MM
...................................................................

THE ANNETTE CLIMATE NORMALS FOR TODAY
                           NORMAL    RECORD   YEAR
 MAXIMUM TEMPERATURE (F)     66        84     1971
 MINIMUM TEMPERATURE (F)     54        46     1974

SUNRISE AND SUNSET
 JUL 28 2016..........SUNRISE  4:50 AM      SUNSET  8:56 PM
 JUL 29 2016..........SUNRISE  4:51 AM      SUNSET  8:54 PM

-  INDICATES NEGATIVE NUMBERS.
R  INDICATES RECORD HAS BEEN SET OR TIED.
MM INDICATES DATA IS MISSING.
T  INDICATES TRACE OF PRECIPITATION.

&&
-------------------------------------------------------------------

AMOUNT OF DAYLIGHT TODAY  (HOUR:MIN)........16 HOURS 6 MINUTES
GAIN/LOSS SINCE YESTERDAY (HOUR:MIN:SEC)....-0:03:31

$$
JH JUL 16
