000
CDAK47 PANT 270930
CLIANN

CLIMATE REPORT
NATIONAL WEATHER SERVICE ANNETTE, AK
130 AM AKDT SAT AUG 27 2016

...................................
...THE ANNETTE WSO AP CLIMATE SUMMARY FOR AUGUST 26 2016...

CLIMATE NORMAL PERIOD  1981 TO  2010
CLIMATE RECORD PERIOD  1948 TO  2016

WEATHER ITEM   OBSERVED TIME    RECORD YEAR NORMAL DEPARTURE LAST
               VALUE    (LST)   VALUE       VALUE  FROM      YEAR
                                                   NORMAL
...................................................................
TEMPERATURE
YESTERDAY
 MAXIMUM            73  0240 PM    79  1989     64       9     74
 MINIMUM            59  1159 PM    41  1985     52       7     55
 AVERAGE            66                          58       8     65

PRECIPITATION
(INCHES)
 YESTERDAY        0.06           3.78  1950   0.26   -0.20   0.00
 MONTH TO DATE    2.10                        5.58   -3.48   5.12
 SINCE JUN 1     10.11                       15.11   -5.00  16.75
 SINCE JAN 1     59.85                       53.53    6.32  60.23

SNOWFALL
(INCHES)
 YESTERDAY         0.0            0.0  2016    0.0     0.0    0.0
 MONTH TO DATE     0.0                         0.0     0.0    0.0
 SINCE JUN 1       0.0                         0.0     0.0    0.0
 SINCE JUL 1       0.0                         0.0     0.0    0.0
 SNOW DEPTH (IN)     0                                          0

DEGREE DAYS
 HEATING
  YESTERDAY          0                           7      -7      0
  MONTH TO DATE     50                         156    -106    127
  SINCE JUN 1      440                         660    -220    434
  SINCE JUL 1      171                         362    -191    246

 COOLING
  YESTERDAY          1                           0       1      0
  MONTH TO DATE     35                           0      35      0
  SINCE JUN 1       55                           0      55     37
  SINCE JAN 1       57                           0      57     37
...................................................................

WIND (MPH)
 HIGHEST WIND SPEED    20     HIGHEST WIND DIRECTION    310
 HIGHEST GUST SPEED    32     HIGHEST GUST DIRECTION    310
 AVERAGE WIND SPEED   6.1

SKY COVER
  POSSIBLE SUNSHINE    MM          AVERAGE SKY COVER     MM

WEATHER CONDITIONS
 THE FOLLOWING WEATHER WAS RECORDED YESTERDAY.
  FOG
RAIN


RELATIVE HUMIDITY
 HIGHEST RH     MM PERCENT       MM
 LOWEST  RH     MM PERCENT       MM
 AVERAGE RH     MM PERCENT       MM
...................................................................

THE ANNETTE CLIMATE NORMALS FOR TODAY
                           NORMAL    RECORD   YEAR
 MAXIMUM TEMPERATURE (F)     63        75     1989
 MINIMUM TEMPERATURE (F)     52        42     1984

SUNRISE AND SUNSET
 AUG 27 2016..........SUNRISE  5:45 AM      SUNSET  7:50 PM
 AUG 28 2016..........SUNRISE  5:47 AM      SUNSET  7:47 PM

-  INDICATES NEGATIVE NUMBERS.
R  INDICATES RECORD HAS BEEN SET OR TIED.
MM INDICATES DATA IS MISSING.
T  INDICATES TRACE OF PRECIPITATION.

&&
-------------------------------------------------------------------

AMOUNT OF DAYLIGHT TODAY  (HOUR:MIN)........14 HOURS 5 MINUTES
GAIN/LOSS SINCE YESTERDAY (HOUR:MIN:SEC)....-0:04:19

$$
JH AUG 16
