307
CDAK47 PAJK 180115
CLIANN
CLIMATE REPORT
NATIONAL WEATHER SERVICE JUNEAU, AK
407 PM AKST WED JAN 17 2018


...................................

...THE ANNETTE ISLAND CLIMATE SUMMARY FOR JANUARY 16 2018...

CLIMATE NORMAL PERIOD 1981 TO 2010
CLIMATE RECORD PERIOD 1941 TO 2018


WEATHER ITEM   OBSERVED RECORD YEAR NORMAL DEPARTURE LAST
                VALUE   VALUE       VALUE  FROM      YEAR
                                           NORMAL
...........................................................
TEMPERATURE (F)
 YESTERDAY
  MAXIMUM         52     57    1981  42     10       48
  MINIMUM         41      4    2012  32      9       42
  AVERAGE         47                 37     10       45

PRECIPITATION (IN)
  YESTERDAY        0.23   2.53 1976   0.36  -0.13     0.66
  MONTH TO DATE    0.91               5.61  -4.70     4.03
  SINCE JAN 1      0.91               5.61  -4.70     4.03

SNOWFALL (IN)
  YESTERDAY        0.0    8.0  1952   0.3   -0.3      0.0
  MONTH TO DATE    T                  4.1   -4.1      1.0
  SINCE JUL 1      T                 15.8  -15.8      6.8
  SNOW DEPTH       0

DEGREE DAYS
 HEATING
  YESTERDAY       18                 28    -10       20
  MONTH TO DATE  183                448   -265      456
...........................................................


WIND (MPH)
  HIGHEST WIND SPEED    MM   HIGHEST WIND DIRECTION    MM
  HIGHEST GUST SPEED    MM   HIGHEST GUST DIRECTION    MM
  AVERAGE WIND SPEED    MM


SKY COVER
  AVERAGE SKY COVER  MM


WEATHER CONDITIONS
 THE FOLLOWING WEATHER WAS RECORDED YESTERDAY.
  NO SIGNIFICANT WEATHER WAS OBSERVED.


..........................................................


THE ANNETTE ISLAND CLIMATE NORMALS FOR TODAY
                         NORMAL    RECORD    YEAR
 MAXIMUM TEMPERATURE (F)   42        56      2009
                                             1981
 MINIMUM TEMPERATURE (F)   32         3      2012


SUNRISE AND SUNSET
JANUARY 17 2018.......SUNRISE   800 AM AKST  SUNSET   354 PM AKST
JANUARY 18 2018.......SUNRISE   758 AM AKST  SUNSET   356 PM AKST


-  INDICATES NEGATIVE NUMBERS.
R  INDICATES RECORD WAS SET OR TIED.
MM INDICATES DATA IS MISSING.
T  INDICATES TRACE AMOUNT.




$$
--------------------------------------------------------------

AMOUNT OF DAYLIGHT TODAY (HOUR:MIN)......... 7 HOURS 54 MINUTES
GAIN/LOSS SINCE YESTERDAY (HOUR:MIN:SEC).... +0:02:59

$$
