000
CDUS41 KCTP 290608
CLIAOO


CLIMATE REPORT
NATIONAL WEATHER SERVICE STATE COLLEGE PA
208 AM EDT WED MAR 29 2017


...................................

...THE ALTOONA CLIMATE SUMMARY FOR MARCH 28 2017...

CLIMATE NORMAL PERIOD 1981 TO 2010
CLIMATE RECORD PERIOD 1948 TO 2017


WEATHER ITEM   OBSERVED TIME   RECORD YEAR NORMAL DEPARTURE LAST
                VALUE   (LST)  VALUE       VALUE  FROM      YEAR
                                                  NORMAL
..................................................................
TEMPERATURE (F)
 YESTERDAY
  MAXIMUM         63    150 PM  83    1998  52     11       54
  MINIMUM         51    532 AM  13    1982  32     19       39
  AVERAGE         57                        42     15       47

PRECIPITATION (IN)
  YESTERDAY        0.36          0.82 2010   0.11   0.25     0.15
  MONTH TO DATE    3.55                      2.74   0.81     1.25
  SINCE MAR 1      3.55                      2.74   0.81     1.25
  SINCE JAN 1      8.18                      6.95   1.23     5.09

DEGREE DAYS
 HEATING
  YESTERDAY        8                        23    -15       18
  MONTH TO DATE  781                       792    -11      548
  SINCE MAR 1    781                       792    -11      548
  SINCE JUL 1   4448                      5347   -899     4372

 COOLING
  YESTERDAY        0                         0      0        0
  MONTH TO DATE    0                         0      0        0
  SINCE MAR 1      0                         0      0        0
  SINCE JAN 1      0                         0      0        0
..................................................................


WIND (MPH)
  HIGHEST WIND SPEED    15   HIGHEST WIND DIRECTION     N (340)
  HIGHEST GUST SPEED    18   HIGHEST GUST DIRECTION     N (340)
  AVERAGE WIND SPEED     4.4


SKY COVER
  POSSIBLE SUNSHINE  MM
  AVERAGE SKY COVER 0.9


WEATHER CONDITIONS
 THE FOLLOWING WEATHER WAS RECORDED YESTERDAY.
  HEAVY RAIN
  RAIN
  LIGHT RAIN
  FOG


RELATIVE HUMIDITY (PERCENT)
 HIGHEST   100           900 AM
 LOWEST     77          1200 AM
 AVERAGE    89

..........................................................


THE ALTOONA CLIMATE NORMALS FOR TODAY
                         NORMAL    RECORD    YEAR
 MAXIMUM TEMPERATURE (F)   52        79      1977
 MINIMUM TEMPERATURE (F)   33        14      2015


SUNRISE AND SUNSET
MARCH 29 2017.........SUNRISE   702 AM EDT   SUNSET   735 PM EDT
MARCH 30 2017.........SUNRISE   700 AM EDT   SUNSET   736 PM EDT


-  INDICATES NEGATIVE NUMBERS.
R  INDICATES RECORD WAS SET OR TIED.
MM INDICATES DATA IS MISSING.
T  INDICATES TRACE AMOUNT.




$$
