056
CDUS41 KCTP 202220
CLIAOO


CLIMATE REPORT
NATIONAL WEATHER SERVICE STATE COLLEGE PA
519 PM EST MON NOV 20 2017


...................................

...THE ALTOONA CLIMATE SUMMARY FOR NOVEMBER 20 2017...
VALID TODAY AS OF 0500 PM LOCAL TIME.

CLIMATE NORMAL PERIOD 1981 TO 2010
CLIMATE RECORD PERIOD 1948 TO 2017


WEATHER ITEM   OBSERVED TIME   RECORD YEAR NORMAL DEPARTURE LAST
                VALUE   (LST)  VALUE       VALUE  FROM      YEAR
                                                  NORMAL
..................................................................
TEMPERATURE (F)
 TODAY
  MAXIMUM         45    334 PM  75    1991  48     -3       34
  MINIMUM         31    811 AM  15    1984  32     -1       30
  AVERAGE         38                        40     -2       32

PRECIPITATION (IN)
  TODAY            0.00          1.48 1952   0.11  -0.11      T
  MONTH TO DATE    1.84                      2.15  -0.31     0.61
  SINCE SEP 1      8.38                      8.21   0.17     5.46
  SINCE JAN 1     38.80                     32.14   6.66    23.12

DEGREE DAYS
 HEATING
  TODAY           27                        25      2       33
  MONTH TO DATE  464                       431     33      340
  SINCE SEP 1    811                      1014   -203      729
  SINCE JUL 1    845                      1046   -201      733

 COOLING
  TODAY            0                         0      0        0
  MONTH TO DATE    0                         0      0        0
  SINCE SEP 1    113                        52     61      129
  SINCE JAN 1    655                       531    124      873
..................................................................


WIND (MPH)
  HIGHEST WIND SPEED    25   HIGHEST WIND DIRECTION     W (280)
  HIGHEST GUST SPEED    33   HIGHEST GUST DIRECTION     W (270)
  AVERAGE WIND SPEED    15.7


SKY COVER
  POSSIBLE SUNSHINE  MM
  AVERAGE SKY COVER 0.4


WEATHER CONDITIONS
 THE FOLLOWING WEATHER WAS RECORDED TODAY.
  NO SIGNIFICANT WEATHER WAS OBSERVED.


RELATIVE HUMIDITY (PERCENT)
 HIGHEST    64          1200 AM
 LOWEST     40           300 PM
 AVERAGE    52

..........................................................


THE ALTOONA CLIMATE NORMALS FOR TOMORROW
                         NORMAL    RECORD    YEAR
 MAXIMUM TEMPERATURE (F)   47        67      2007
 MINIMUM TEMPERATURE (F)   32        11      1951


SUNRISE AND SUNSET
NOVEMBER 20 2017......SUNRISE   705 AM EST   SUNSET   452 PM EST
NOVEMBER 21 2017......SUNRISE   706 AM EST   SUNSET   452 PM EST


-  INDICATES NEGATIVE NUMBERS.
R  INDICATES RECORD WAS SET OR TIED.
MM INDICATES DATA IS MISSING.
T  INDICATES TRACE AMOUNT.




$$
