000
CDUS41 KCTP 182217
CLIAOO


CLIMATE REPORT
NATIONAL WEATHER SERVICE STATE COLLEGE PA
517 PM EST WED JAN 18 2017


...................................

...THE ALTOONA CLIMATE SUMMARY FOR JANUARY 18 2017...
VALID TODAY AS OF 0500 PM LOCAL TIME.

CLIMATE NORMAL PERIOD 1981 TO 2010
CLIMATE RECORD PERIOD 1948 TO 2017


WEATHER ITEM   OBSERVED TIME   RECORD YEAR NORMAL DEPARTURE LAST
                VALUE   (LST)  VALUE       VALUE  FROM      YEAR
                                                  NORMAL
..................................................................
TEMPERATURE (F)
 TODAY
  MAXIMUM         48    507 AM  61    1973  34     14       18
  MINIMUM         36    153 AM -14    1994  20     16        6
  AVERAGE         42                        27     15       12

PRECIPITATION (IN)
  TODAY            T             0.32 2006   0.07  -0.07      T
  MONTH TO DATE    1.68                      1.24   0.44     1.43
  SINCE DEC 1      4.00                      3.66   0.34     5.17
  SINCE JAN 1      1.68                      1.24   0.44     1.43

DEGREE DAYS
 HEATING
  TODAY           23                        38    -15       53
  MONTH TO DATE  601                       684    -83      670
  SINCE DEC 1   1600                      1749   -149     1317
  SINCE JUL 1   2591                      3059   -468     2310

 COOLING
  TODAY            0                         0      0        0
  MONTH TO DATE    0                         0      0        0
  SINCE DEC 1      0                         0      0        0
  SINCE JAN 1      0                         0      0        0
..................................................................


WIND (MPH)
  HIGHEST WIND SPEED    24   HIGHEST WIND DIRECTION     W (290)
  HIGHEST GUST SPEED    32   HIGHEST GUST DIRECTION     W (280)
  AVERAGE WIND SPEED    11.1


SKY COVER
  POSSIBLE SUNSHINE  MM
  AVERAGE SKY COVER 1.0


WEATHER CONDITIONS
 THE FOLLOWING WEATHER WAS RECORDED TODAY.
  LIGHT RAIN
  FOG
  FOG W/VISIBILITY <= 1/4 MILE


RELATIVE HUMIDITY (PERCENT)
 HIGHEST   100           100 AM
 LOWEST     70           100 PM
 AVERAGE    85

..........................................................


THE ALTOONA CLIMATE NORMALS FOR TOMORROW
                         NORMAL    RECORD    YEAR
 MAXIMUM TEMPERATURE (F)   34        61      1951
 MINIMUM TEMPERATURE (F)   20       -25      1994


SUNRISE AND SUNSET
JANUARY 18 2017.......SUNRISE   733 AM EST   SUNSET   515 PM EST
JANUARY 19 2017.......SUNRISE   732 AM EST   SUNSET   517 PM EST


-  INDICATES NEGATIVE NUMBERS.
R  INDICATES RECORD WAS SET OR TIED.
MM INDICATES DATA IS MISSING.
T  INDICATES TRACE AMOUNT.




$$
