000
CDUS41 KCTP 192244
CLIAOO


CLIMATE REPORT
NATIONAL WEATHER SERVICE STATE COLLEGE PA
544 PM EST FRI JAN 19 2018


...................................

...THE ALTOONA CLIMATE SUMMARY FOR JANUARY 19 2018...
VALID TODAY AS OF 0500 PM LOCAL TIME.

CLIMATE NORMAL PERIOD 1981 TO 2010
CLIMATE RECORD PERIOD 1948 TO 2018


WEATHER ITEM   OBSERVED TIME   RECORD YEAR NORMAL DEPARTURE LAST
                VALUE   (LST)  VALUE       VALUE  FROM      YEAR
                                                  NORMAL
..................................................................
TEMPERATURE (F)
 TODAY
  MAXIMUM         43    426 PM  61    1951  34      9       45
  MINIMUM         25    755 AM -25    1994  20      5       30
  AVERAGE         34                        27      7       38

PRECIPITATION (IN)
  TODAY            0.00          1.94 1996   0.07  -0.07     0.00
  MONTH TO DATE    0.98                      1.31  -0.33     1.68
  SINCE DEC 1      1.93                      3.73  -1.80     4.00
  SINCE JAN 1      0.98                      1.31  -0.33     1.68

DEGREE DAYS
 HEATING
  TODAY           31                        38     -7       27
  MONTH TO DATE  823                       722    101      628
  SINCE DEC 1   1902                      1787    115     1627
  SINCE JUL 1   2967                      3106   -139     2618

 COOLING
  TODAY            0                         0      0        0
  MONTH TO DATE    0                         0      0        0
  SINCE DEC 1      0                         0      0        0
  SINCE JAN 1      0                         0      0        0
..................................................................


WIND (MPH)
  HIGHEST WIND SPEED    23   HIGHEST WIND DIRECTION     W (270)
  HIGHEST GUST SPEED    28   HIGHEST GUST DIRECTION     W (270)
  AVERAGE WIND SPEED    13.9


SKY COVER
  POSSIBLE SUNSHINE  MM
  AVERAGE SKY COVER 0.0


WEATHER CONDITIONS
 THE FOLLOWING WEATHER WAS RECORDED TODAY.
  NO SIGNIFICANT WEATHER WAS OBSERVED.


RELATIVE HUMIDITY (PERCENT)
 HIGHEST    55           200 AM
 LOWEST     43           400 PM
 AVERAGE    49

..........................................................


THE ALTOONA CLIMATE NORMALS FOR TOMORROW
                         NORMAL    RECORD    YEAR
 MAXIMUM TEMPERATURE (F)   34        67      1951
 MINIMUM TEMPERATURE (F)   20       -16      1985


SUNRISE AND SUNSET
JANUARY 19 2018.......SUNRISE   732 AM EST   SUNSET   516 PM EST
JANUARY 20 2018.......SUNRISE   732 AM EST   SUNSET   517 PM EST


-  INDICATES NEGATIVE NUMBERS.
R  INDICATES RECORD WAS SET OR TIED.
MM INDICATES DATA IS MISSING.
T  INDICATES TRACE AMOUNT.




$$
