000
CDUS41 KCTP 020639
CLIAOO


CLIMATE REPORT
NATIONAL WEATHER SERVICE STATE COLLEGE PA
239 AM EDT TUE SEP 2 2014


...................................

...THE ALTOONA CLIMATE SUMMARY FOR SEPTEMBER 1 2014...

CLIMATE NORMAL PERIOD 1981 TO 2010
CLIMATE RECORD PERIOD 1948 TO 2014


WEATHER ITEM   OBSERVED TIME   RECORD YEAR NORMAL DEPARTURE LAST
                VALUE   (LST)  VALUE       VALUE  FROM      YEAR
                                                  NORMAL
..................................................................
TEMPERATURE (F)
 YESTERDAY
  MAXIMUM         82    450 PM  96    1953  77      5       81
  MINIMUM         67    619 AM  41    1948  56     11       64
  AVERAGE         75                        67      8       73

PRECIPITATION (IN)
  YESTERDAY        0.01          1.15 1952   0.11  -0.10      T
  MONTH TO DATE    0.01                      0.11  -0.10      T
  SINCE SEP 1      0.01                      0.11  -0.10      T
  SINCE JAN 1     28.63                     21.03   7.60    19.01

DEGREE DAYS
 HEATING
  YESTERDAY        0                         2     -2        0
  MONTH TO DATE    0                         2     -2        0
  SINCE SEP 1      0                         2     -2        0
  SINCE JUL 1     34                        26      8       21

 COOLING
  YESTERDAY       10                         3      7        8
  MONTH TO DATE   10                         3      7        8
  SINCE SEP 1     10                         3      7        8
  SINCE JAN 1    462                       476    -14      616
..................................................................


WIND (MPH)
  HIGHEST WIND SPEED    17   HIGHEST WIND DIRECTION    SW (220)
  HIGHEST GUST SPEED    22   HIGHEST GUST DIRECTION    SW (220)
  AVERAGE WIND SPEED     5.6


SKY COVER
  POSSIBLE SUNSHINE  MM
  AVERAGE SKY COVER 0.7


WEATHER CONDITIONS
 THE FOLLOWING WEATHER WAS RECORDED YESTERDAY.
  LIGHT RAIN
  FOG


RELATIVE HUMIDITY (PERCENT)
 HIGHEST    97           700 AM
 LOWEST     67           500 PM
 AVERAGE    82

..........................................................


THE ALTOONA CLIMATE NORMALS FOR TODAY
                         NORMAL    RECORD    YEAR
 MAXIMUM TEMPERATURE (F)   77        96      1953
 MINIMUM TEMPERATURE (F)   56        40      1949


SUNRISE AND SUNSET
SEPTEMBER  2 2014.....SUNRISE   642 AM EDT   SUNSET   743 PM EDT
SEPTEMBER  3 2014.....SUNRISE   643 AM EDT   SUNSET   742 PM EDT


-  INDICATES NEGATIVE NUMBERS.
R  INDICATES RECORD WAS SET OR TIED.
MM INDICATES DATA IS MISSING.
T  INDICATES TRACE AMOUNT.




$$
