000
CDUS41 KCTP 140636
CLIAOO


CLIMATE REPORT
NATIONAL WEATHER SERVICE STATE COLLEGE PA
236 AM EDT MON JUL 14 2014


...................................

...THE ALTOONA CLIMATE SUMMARY FOR JULY 13 2014...

CLIMATE NORMAL PERIOD 1981 TO 2010
CLIMATE RECORD PERIOD 1948 TO 2014


WEATHER ITEM   OBSERVED TIME   RECORD YEAR NORMAL DEPARTURE LAST
                VALUE   (LST)  VALUE       VALUE  FROM      YEAR
                                                  NORMAL
..................................................................
TEMPERATURE (F)
 YESTERDAY
  MAXIMUM         85    221 PM  93    1952  82      3       80
  MINIMUM         66    454 AM  49    2001  60      6       65
  AVERAGE         76                        71      5       73

PRECIPITATION (IN)
  YESTERDAY        0.34          1.61 1989   0.11   0.23     0.01
  MONTH TO DATE    1.72                      1.39   0.33     1.18
  SINCE JUN 1      8.49                      4.87   3.62     4.47
  SINCE JAN 1     21.99                     19.05   2.94    15.32

DEGREE DAYS
 HEATING
  YESTERDAY        0                         0      0        0
  MONTH TO DATE    0                         1     -1        0
  SINCE JUN 1     15                        59    -44       20
  SINCE JUL 1      0                         1     -1        0

 COOLING
  YESTERDAY       11                         6      5        8
  MONTH TO DATE  100                        77     23      123
  SINCE JUN 1    237                       186     51      251
  SINCE JAN 1    284                       219     65      325
..................................................................


WIND (MPH)
  HIGHEST WIND SPEED    23   HIGHEST WIND DIRECTION     W (270)
  HIGHEST GUST SPEED    33   HIGHEST GUST DIRECTION    NW (300)
  AVERAGE WIND SPEED     8.5


SKY COVER
  POSSIBLE SUNSHINE  MM
  AVERAGE SKY COVER 0.5


WEATHER CONDITIONS
 THE FOLLOWING WEATHER WAS RECORDED YESTERDAY.
  THUNDERSTORM
  HEAVY RAIN
  RAIN
  LIGHT RAIN
  FOG
  HAZE


RELATIVE HUMIDITY (PERCENT)
 HIGHEST    97          1100 PM
 LOWEST     58          1100 AM
 AVERAGE    78

..........................................................


THE ALTOONA CLIMATE NORMALS FOR TODAY
                         NORMAL    RECORD    YEAR
 MAXIMUM TEMPERATURE (F)   82        95      1954
 MINIMUM TEMPERATURE (F)   60        47      2009


SUNRISE AND SUNSET
JULY 14 2014..........SUNRISE   555 AM EDT   SUNSET   842 PM EDT
JULY 15 2014..........SUNRISE   556 AM EDT   SUNSET   842 PM EDT


-  INDICATES NEGATIVE NUMBERS.
R  INDICATES RECORD WAS SET OR TIED.
MM INDICATES DATA IS MISSING.
T  INDICATES TRACE AMOUNT.




$$
