000
CDUS41 KCTP 042119
CLIAOO


CLIMATE REPORT
NATIONAL WEATHER SERVICE STATE COLLEGE PA
518 PM EDT WED MAY 4 2016


...................................

...THE ALTOONA CLIMATE SUMMARY FOR MAY 4 2016...
VALID TODAY AS OF 0500 PM LOCAL TIME.

CLIMATE NORMAL PERIOD 1981 TO 2010
CLIMATE RECORD PERIOD 1948 TO 2016


WEATHER ITEM   OBSERVED TIME   RECORD YEAR NORMAL DEPARTURE LAST
                VALUE   (LST)  VALUE       VALUE  FROM      YEAR
                                                  NORMAL
..................................................................
TEMPERATURE (F)
 TODAY
  MAXIMUM         59   1145 AM  87    2001  66     -7       82
  MINIMUM         44    415 AM  28    1957  43      1       46
  AVERAGE         52                        55     -3       64

PRECIPITATION (IN)
  TODAY            0.06          0.96 1990   0.12  -0.06     0.00
  MONTH TO DATE    0.48                      0.45   0.03     0.01
  SINCE MAR 1      3.39                      6.71  -3.32     5.83
  SINCE JAN 1      7.23                     10.92  -3.69     8.35

DEGREE DAYS
 HEATING
  TODAY           13                        11      2        1
  MONTH TO DATE   32                        44    -12       20
  SINCE MAR 1   1127                      1392   -265     1377
  SINCE JUL 1   4951                      5948   -997     6170

 COOLING
  TODAY            0                         0      0        0
  MONTH TO DATE    0                         0      0        0
  SINCE MAR 1      0                         6     -6        0
  SINCE JAN 1      0                         6     -6        0
..................................................................


WIND (MPH)
  HIGHEST WIND SPEED    14   HIGHEST WIND DIRECTION     E (110)
  HIGHEST GUST SPEED    18   HIGHEST GUST DIRECTION     E (100)
  AVERAGE WIND SPEED     3.5


SKY COVER
  POSSIBLE SUNSHINE  MM
  AVERAGE SKY COVER 0.8


WEATHER CONDITIONS
 THE FOLLOWING WEATHER WAS RECORDED TODAY.
  THUNDERSTORM
  HEAVY RAIN
  RAIN
  LIGHT RAIN
  FOG


RELATIVE HUMIDITY (PERCENT)
 HIGHEST    89           400 AM
 LOWEST     66          1200 AM
 AVERAGE    78

..........................................................


THE ALTOONA CLIMATE NORMALS FOR TOMORROW
                         NORMAL    RECORD    YEAR
 MAXIMUM TEMPERATURE (F)   66        86      1949
 MINIMUM TEMPERATURE (F)   44        29      1966


SUNRISE AND SUNSET
MAY  4 2016...........SUNRISE   608 AM EDT   SUNSET   812 PM EDT
MAY  5 2016...........SUNRISE   607 AM EDT   SUNSET   813 PM EDT


-  INDICATES NEGATIVE NUMBERS.
R  INDICATES RECORD WAS SET OR TIED.
MM INDICATES DATA IS MISSING.
T  INDICATES TRACE AMOUNT.




$$
