000
CDUS45 KBOU 230725
CLIAPA


CLIMATE REPORT
NATIONAL WEATHER SERVICE BOULDER, CO
125 AM MDT TUE SEP 23 2014


...................................

...THE CENTENNIAL CO CLIMATE SUMMARY FOR SEPTEMBER 22 2014...

CLIMATE NORMAL PERIOD 1981 TO 2010
CLIMATE RECORD PERIOD 9999 TO 9999


WEATHER ITEM   OBSERVED RECORD YEAR NORMAL DEPARTURE LAST
                VALUE   VALUE       VALUE  FROM      YEAR
                                           NORMAL
...........................................................
TEMPERATURE (F)
 YESTERDAY
  MAXIMUM         76     MM      MM  74      2       77
  MINIMUM         55     MM      MM  45     10       51
  AVERAGE         66                 59      7       64

PRECIPITATION (IN)
  YESTERDAY        0.03  MM      MM   0.03   0.00     0.38
  MONTH TO DATE    1.61               0.88   0.73     5.90
  SINCE SEP 1      1.61               0.88   0.73     5.90
  SINCE JAN 1     12.91              14.21  -1.30    15.71

DEGREE DAYS
 HEATING
  YESTERDAY        0
  MONTH TO DATE   73

 COOLING
  YESTERDAY        1
  MONTH TO DATE   42
...........................................................


WIND (MPH)
  RESULTANT WIND SPEED   7   RESULTANT WIND DIRECTION   S (160)
  HIGHEST WIND SPEED    26   HIGHEST WIND DIRECTION     N (360)
  HIGHEST GUST SPEED    32   HIGHEST GUST DIRECTION     S (190)


SKY COVER
  POSSIBLE SUNSHINE  MM
  AVERAGE SKY COVER 0.7


WEATHER CONDITIONS
 THE FOLLOWING WEATHER WAS RECORDED YESTERDAY.
  THUNDERSTORM
  LIGHT RAIN


RELATIVE HUMIDITY (PERCENT)
 HIGHEST    80
 LOWEST     38
 AVERAGE    59

..........................................................


THE CENTENNIAL CO CLIMATE NORMALS FOR TODAY
                         NORMAL    RECORD    YEAR
 MAXIMUM TEMPERATURE (F)   73        MM        MM
 MINIMUM TEMPERATURE (F)   45        MM        MM


SUNRISE AND SUNSET
SEPTEMBER 23 2014.....SUNRISE   648 AM MDT   SUNSET   655 PM MDT
SEPTEMBER 24 2014.....SUNRISE   649 AM MDT   SUNSET   653 PM MDT


-  INDICATES NEGATIVE NUMBERS.
R  INDICATES RECORD WAS SET OR TIED.
MM INDICATES DATA IS MISSING.
T  INDICATES TRACE AMOUNT.




$$
