000
CDUS42 KMFL 120922
CLIAPF


CLIMATE REPORT
NATIONAL WEATHER SERVICE MIAMI, FL
421 AM EST TUE DEC 12 2017


...................................

...THE NAPLES CLIMATE SUMMARY FOR DECEMBER 11 2017...

CLIMATE NORMAL PERIOD 1981 TO 2010
CLIMATE RECORD PERIOD 1942 TO 2017


WEATHER ITEM   OBSERVED TIME   RECORD YEAR NORMAL DEPARTURE LAST
                VALUE   (LST)  VALUE       VALUE  FROM      YEAR
                                                  NORMAL
..................................................................
TEMPERATURE (F)
 YESTERDAY
  MAXIMUM         65    313 PM  88    2001  77    -12       80
  MINIMUM         42    654 AM  35    1962  58    -16       67
  AVERAGE         54                        67    -13       74

PRECIPITATION (IN)
  YESTERDAY        0.00          1.51 1967   0.05  -0.05     0.02
  MONTH TO DATE    1.06                      0.51   0.55     0.12
  SINCE NOV 1      1.15                      2.55  -1.40     0.12
  SINCE JAN 1     69.52                     50.95  18.57    44.32

SNOWFALL (IN)
  YESTERDAY        0.0
  MONTH TO DATE    0.0
  SINCE DEC 1      0.0
  SINCE JUL 1      0.0
  SNOW DEPTH       0

DEGREE DAYS
 HEATING
  YESTERDAY       11                         2      9        0
  MONTH TO DATE   23                        17      6        0
  SINCE DEC 1     23                        17      6        0
  SINCE JUL 1     27                        31     -4        4

 COOLING
  YESTERDAY        0                         4     -4        9
  MONTH TO DATE   73                        54     19       99
  SINCE DEC 1     73                        54     19       99
  SINCE JAN 1   4273                      3873    400     4251
..................................................................


WIND (MPH)
  HIGHEST WIND SPEED    13   HIGHEST WIND DIRECTION    NW (310)
  HIGHEST GUST SPEED    17   HIGHEST GUST DIRECTION    NE (30)
  AVERAGE WIND SPEED     5.6


SKY COVER
  AVERAGE SKY COVER 0.0


WEATHER CONDITIONS
 THE FOLLOWING WEATHER WAS RECORDED YESTERDAY.
  NO SIGNIFICANT WEATHER WAS OBSERVED.


RELATIVE HUMIDITY (PERCENT)
 HIGHEST    89
 LOWEST     43
 AVERAGE    66

..........................................................


THE NAPLES CLIMATE NORMALS FOR TODAY
                         NORMAL    RECORD    YEAR
 MAXIMUM TEMPERATURE (F)   77        87      2001
                                             1964
 MINIMUM TEMPERATURE (F)   58        30      1957


SUNRISE AND SUNSET
DECEMBER 12 2017......SUNRISE   705 AM EST   SUNSET   537 PM EST
DECEMBER 13 2017......SUNRISE   706 AM EST   SUNSET   537 PM EST


-  INDICATES NEGATIVE NUMBERS.
R  INDICATES RECORD WAS SET OR TIED.
MM INDICATES DATA IS MISSING.
T  INDICATES TRACE AMOUNT.




$$
