000
CDUS42 KMFL 070925
CLIAPF


CLIMATE REPORT
NATIONAL WEATHER SERVICE MIAMI, FL
425 AM EST SUN FEB 7 2016


...................................

...THE NAPLES CLIMATE SUMMARY FOR FEBRUARY 6 2016...

CLIMATE NORMAL PERIOD 1981 TO 2010
CLIMATE RECORD PERIOD 1942 TO 2016


WEATHER ITEM   OBSERVED TIME   RECORD YEAR NORMAL DEPARTURE LAST
                VALUE   (LST)  VALUE       VALUE  FROM      YEAR
                                                  NORMAL
..................................................................
TEMPERATURE (F)
 YESTERDAY
  MAXIMUM         74   1235 PM  86    1982  76     -2       75
  MINIMUM         54    443 AM  33    1966  56     -2       54
  AVERAGE         64                        66     -2       65

PRECIPITATION (IN)
  YESTERDAY        0.17          0.35 1992   0.06   0.11     0.00
  MONTH TO DATE    0.20                      0.43  -0.23     1.11
  SINCE NOV 1     12.36                      5.77   6.59     2.51
  SINCE JAN 1      7.74                      2.28   5.46     1.21

SNOWFALL (IN)
  YESTERDAY        0.0
  MONTH TO DATE    0.0
  SINCE DEC 1      0.0
  SINCE JUL 1      0.0
  SNOW DEPTH       0

DEGREE DAYS
 HEATING
  YESTERDAY        1                         2     -1        0
  MONTH TO DATE    5                        12     -7        1
  SINCE DEC 1     72                       178   -106       89
  SINCE JUL 1     72                       192   -120      118

 COOLING
  YESTERDAY        0                         3     -3        0
  MONTH TO DATE   41                        17     24       10
  SINCE DEC 1    477                       223    254      277
  SINCE JAN 1    121                       103     18      127
..................................................................


WIND (MPH)
  HIGHEST WIND SPEED    18   HIGHEST WIND DIRECTION    NW (310)
  HIGHEST GUST SPEED    26   HIGHEST GUST DIRECTION    NW (320)
  AVERAGE WIND SPEED     9.5


SKY COVER
  AVERAGE SKY COVER 1.0


WEATHER CONDITIONS
 THE FOLLOWING WEATHER WAS RECORDED YESTERDAY.
  RAIN
  LIGHT RAIN
  FOG


RELATIVE HUMIDITY (PERCENT)
 HIGHEST   100
 LOWEST     68
 AVERAGE    84

..........................................................


THE NAPLES CLIMATE NORMALS FOR TODAY
                         NORMAL    RECORD    YEAR
 MAXIMUM TEMPERATURE (F)   76        86      1982
 MINIMUM TEMPERATURE (F)   56        31      1978


SUNRISE AND SUNSET
FEBRUARY  7 2016......SUNRISE   708 AM EST   SUNSET   614 PM EST
FEBRUARY  8 2016......SUNRISE   708 AM EST   SUNSET   615 PM EST


-  INDICATES NEGATIVE NUMBERS.
R  INDICATES RECORD WAS SET OR TIED.
MM INDICATES DATA IS MISSING.
T  INDICATES TRACE AMOUNT.




$$
