000
CDUS42 KMFL 202124
CLIAPF


CLIMATE REPORT
NATIONAL WEATHER SERVICE MIAMI, FL
421 PM EST MON FEB 20 2017


...................................

...THE NAPLES CLIMATE SUMMARY FOR FEBRUARY 20 2017...
VALID TODAY AS OF 0400 PM LOCAL TIME.

CLIMATE NORMAL PERIOD 1981 TO 2010
CLIMATE RECORD PERIOD 1942 TO 2017


WEATHER ITEM   OBSERVED TIME   RECORD YEAR NORMAL DEPARTURE LAST
                VALUE   (LST)  VALUE       VALUE  FROM      YEAR
                                                  NORMAL
..................................................................
TEMPERATURE (F)
 TODAY
  MAXIMUM         85    142 PM  89    1974  78      7       77
  MINIMUM         62    706 AM  36    2015  58      4       56
  AVERAGE         74                        68      6       67

PRECIPITATION (IN)
  TODAY            0.00          1.06 1995   0.06  -0.06     0.00
  MONTH TO DATE    0.10                      1.52  -1.42     0.68
  SINCE NOV 1      1.24                      6.86  -5.62    12.84
  SINCE JAN 1      0.89                      3.37  -2.48     8.22

SNOWFALL (IN)
  TODAY            0.0
  MONTH TO DATE    0.0
  SINCE DEC 1      0.0
  SINCE JUL 1      0.0
  SNOW DEPTH       0

DEGREE DAYS
 HEATING
  TODAY            0                         2     -2        0
  MONTH TO DATE    3                        40    -37       51
  SINCE DEC 1     52                       206   -154      118
  SINCE JUL 1     56                       220   -164      118

 COOLING
  TODAY            9                         4      5        2
  MONTH TO DATE  101                        70     31       54
  SINCE DEC 1    522                       276    246      490
  SINCE JAN 1    255                       156     99      134
..................................................................


WIND (MPH)
  HIGHEST WIND SPEED    15   HIGHEST WIND DIRECTION    SW (230)
  HIGHEST GUST SPEED    18   HIGHEST GUST DIRECTION     E (80)
  AVERAGE WIND SPEED     6.6


SKY COVER
  AVERAGE SKY COVER 0.0


WEATHER CONDITIONS
 THE FOLLOWING WEATHER WAS RECORDED TODAY.
  NO SIGNIFICANT WEATHER WAS OBSERVED.


RELATIVE HUMIDITY (PERCENT)
 HIGHEST   100
 LOWEST     37
 AVERAGE    69

..........................................................


THE NAPLES CLIMATE NORMALS FOR TOMORROW
                         NORMAL    RECORD    YEAR
 MAXIMUM TEMPERATURE (F)   78        89      1974
 MINIMUM TEMPERATURE (F)   58        35      1958


SUNRISE AND SUNSET
FEBRUARY 20 2017......SUNRISE   658 AM EST   SUNSET   623 PM EST
FEBRUARY 21 2017......SUNRISE   657 AM EST   SUNSET   624 PM EST


-  INDICATES NEGATIVE NUMBERS.
R  INDICATES RECORD WAS SET OR TIED.
MM INDICATES DATA IS MISSING.
T  INDICATES TRACE AMOUNT.




$$
