000
CDUS42 KMFL 270836
CLIAPF


CLIMATE REPORT
NATIONAL WEATHER SERVICE MIAMI, FL
436 AM EDT MON MAR 27 2017


...................................

...THE NAPLES CLIMATE SUMMARY FOR MARCH 26 2017...

CLIMATE NORMAL PERIOD 1981 TO 2010
CLIMATE RECORD PERIOD 1942 TO 2017


WEATHER ITEM   OBSERVED TIME   RECORD YEAR NORMAL DEPARTURE LAST
                VALUE   (LST)  VALUE       VALUE  FROM      YEAR
                                                  NORMAL
..................................................................
TEMPERATURE (F)
 YESTERDAY
  MAXIMUM         83    350 PM  89    2007  81      2       87
                                      1974
                                      1965
  MINIMUM         65    512 AM  47    1956  61      4       72
  AVERAGE         74                        71      3       80

PRECIPITATION (IN)
  YESTERDAY        0.03          3.60 1970   0.09  -0.06     0.00
  MONTH TO DATE    0.14                      1.91  -1.77     0.44
  SINCE NOV 1      2.41                      9.35  -6.94    13.76
  SINCE JAN 1      2.06                      5.86  -3.80     9.14

SNOWFALL (IN)
  YESTERDAY        0.0
  MONTH TO DATE    0.0
  SINCE MAR 1      0.0
  SINCE JUL 1      0.0
  SNOW DEPTH       0

DEGREE DAYS
 HEATING
  YESTERDAY        0                         0      0        0
  MONTH TO DATE   11                        19     -8        4
  SINCE MAR 1     11                        19     -8        4
  SINCE JUL 1     67                       252   -185      142

 COOLING
  YESTERDAY        9                         6      3       15
  MONTH TO DATE  151                       141     10      199
  SINCE MAR 1    151                       141     10      199
  SINCE JAN 1    474                       332    142      361
..................................................................


WIND (MPH)
  HIGHEST WIND SPEED    16   HIGHEST WIND DIRECTION     E (100)
  HIGHEST GUST SPEED    20   HIGHEST GUST DIRECTION     E (100)
  AVERAGE WIND SPEED     7.7


SKY COVER
  AVERAGE SKY COVER 0.4


WEATHER CONDITIONS
 THE FOLLOWING WEATHER WAS RECORDED YESTERDAY.
  LIGHT RAIN


RELATIVE HUMIDITY (PERCENT)
 HIGHEST    93
 LOWEST     47
 AVERAGE    70

..........................................................


THE NAPLES CLIMATE NORMALS FOR TODAY
                         NORMAL    RECORD    YEAR
 MAXIMUM TEMPERATURE (F)   81        89      2011
                                             1975
                                             1944
 MINIMUM TEMPERATURE (F)   61        43      1979


SUNRISE AND SUNSET
MARCH 27 2017.........SUNRISE   723 AM EDT   SUNSET   742 PM EDT
MARCH 28 2017.........SUNRISE   722 AM EDT   SUNSET   742 PM EDT


-  INDICATES NEGATIVE NUMBERS.
R  INDICATES RECORD WAS SET OR TIED.
MM INDICATES DATA IS MISSING.
T  INDICATES TRACE AMOUNT.




$$
