000
CDUS42 KMFL 162116
CLIAPF


CLIMATE REPORT
NATIONAL WEATHER SERVICE MIAMI, FL
415 PM EST MON JAN 16 2017


...................................

...THE NAPLES CLIMATE SUMMARY FOR JANUARY 16 2017...
VALID TODAY AS OF 0400 PM LOCAL TIME.

CLIMATE NORMAL PERIOD 1981 TO 2010
CLIMATE RECORD PERIOD 1942 TO 2017


WEATHER ITEM   OBSERVED TIME   RECORD YEAR NORMAL DEPARTURE LAST
                VALUE   (LST)  VALUE       VALUE  FROM      YEAR
                                                  NORMAL
..................................................................
TEMPERATURE (F)
 TODAY
  MAXIMUM         81    152 PM  86    1947  75      6       82
  MINIMUM         64    704 AM  33    1978  54     10       56
  AVERAGE         73                        64      9       69

PRECIPITATION (IN)
  TODAY            T             6.10 1991   0.05  -0.05      T
  MONTH TO DATE    0.38                      0.86  -0.48     2.02
  SINCE NOV 1      0.73                      4.35  -3.62     6.64
  SINCE JAN 1      0.38                      0.86  -0.48     2.02

SNOWFALL (IN)
  TODAY            0.0
  MONTH TO DATE    0.0
  SINCE DEC 1      0.0
  SINCE JUL 1      0.0
  SNOW DEPTH       0

DEGREE DAYS
 HEATING
  TODAY            0                         4     -4        0
  MONTH TO DATE   20                        58    -38       13
  SINCE DEC 1     25                       122    -97       13
  SINCE JUL 1     29                       136   -107       13

 COOLING
  TODAY            8                         3      5        4
  MONTH TO DATE   89                        48     41       64
  SINCE DEC 1    356                       168    188      420
  SINCE JAN 1     89                        48     41       64
..................................................................


WIND (MPH)
  HIGHEST WIND SPEED    12   HIGHEST WIND DIRECTION    SE (120)
  HIGHEST GUST SPEED    15   HIGHEST GUST DIRECTION     E (80)
  AVERAGE WIND SPEED     7.6


SKY COVER
  AVERAGE SKY COVER 0.5


WEATHER CONDITIONS
 THE FOLLOWING WEATHER WAS RECORDED TODAY.
  LIGHT RAIN


RELATIVE HUMIDITY (PERCENT)
 HIGHEST    93
 LOWEST     54
 AVERAGE    74

..........................................................


THE NAPLES CLIMATE NORMALS FOR TOMORROW
                         NORMAL    RECORD    YEAR
 MAXIMUM TEMPERATURE (F)   75        87      1947
 MINIMUM TEMPERATURE (F)   54        37      1983
                                             1971
                                             1968


SUNRISE AND SUNSET
JANUARY 16 2017.......SUNRISE   716 AM EST   SUNSET   558 PM EST
JANUARY 17 2017.......SUNRISE   716 AM EST   SUNSET   559 PM EST


-  INDICATES NEGATIVE NUMBERS.
R  INDICATES RECORD WAS SET OR TIED.
MM INDICATES DATA IS MISSING.
T  INDICATES TRACE AMOUNT.




$$
