000
CDUS42 KMFL 280924
CLIAPF


CLIMATE REPORT
NATIONAL WEATHER SERVICE MIAMI, FL
423 AM EST SAT FEB 28 2015


...................................

...THE NAPLES CLIMATE SUMMARY FOR FEBRUARY 27 2015...

CLIMATE NORMAL PERIOD 1981 TO 2010
CLIMATE RECORD PERIOD 1942 TO 2015


WEATHER ITEM   OBSERVED TIME   RECORD YEAR NORMAL DEPARTURE LAST
                VALUE   (LST)  VALUE       VALUE  FROM      YEAR
                                                  NORMAL
..................................................................
TEMPERATURE (F)
 YESTERDAY
  MAXIMUM         67    411 PM  87    1971  79    -12       73
  MINIMUM         59   1017 PM  33    1974  58      1       60
  AVERAGE         63                        68     -5       67

PRECIPITATION (IN)
  YESTERDAY        0.00          2.23 2012   0.07  -0.07     0.01
  MONTH TO DATE    1.35                      2.03  -0.68     0.56
  SINCE NOV 1      2.75                      7.37  -4.62     4.05
  SINCE JAN 1      1.45                      3.88  -2.43     2.95

SNOWFALL (IN)
  YESTERDAY        0.0
  MONTH TO DATE    0.0
  SINCE DEC 1      0.0
  SINCE JUL 1      0.0
  SNOW DEPTH       0

DEGREE DAYS
 HEATING
  YESTERDAY        2                         1      1        0
  MONTH TO DATE   80                        48     32       15
  SINCE DEC 1    168                       214    -46      133
  SINCE JUL 1    197                       228    -31      140

 COOLING
  YESTERDAY        0                         5     -5        2
  MONTH TO DATE   51                       102    -51      182
  SINCE DEC 1    318                       308     10      510
  SINCE JAN 1    168                       188    -20      273
..................................................................


WIND (MPH)
  HIGHEST WIND SPEED    18   HIGHEST WIND DIRECTION    NE (50)
  HIGHEST GUST SPEED    23   HIGHEST GUST DIRECTION    NE (40)
  AVERAGE WIND SPEED    10.2


SKY COVER
  AVERAGE SKY COVER 0.9


WEATHER CONDITIONS
 THE FOLLOWING WEATHER WAS RECORDED YESTERDAY.
  NO SIGNIFICANT WEATHER WAS OBSERVED.


RELATIVE HUMIDITY (PERCENT)
 HIGHEST    90
 LOWEST     73
 AVERAGE    82

..........................................................


THE NAPLES CLIMATE NORMALS FOR TODAY
                         NORMAL    RECORD    YEAR
 MAXIMUM TEMPERATURE (F)   79        87      1997
 MINIMUM TEMPERATURE (F)   59        38      1980


SUNRISE AND SUNSET
FEBRUARY 28 2015......SUNRISE   652 AM EST   SUNSET   628 PM EST
MARCH  1 2015.........SUNRISE   651 AM EST   SUNSET   628 PM EST


-  INDICATES NEGATIVE NUMBERS.
R  INDICATES RECORD WAS SET OR TIED.
MM INDICATES DATA IS MISSING.
T  INDICATES TRACE AMOUNT.




$$
