000
CDUS42 KMFL 290824
CLIAPF


CLIMATE REPORT
NATIONAL WEATHER SERVICE MIAMI, FL
424 AM EDT FRI AUG 29 2014


...................................

...THE NAPLES CLIMATE SUMMARY FOR AUGUST 28 2014...

CLIMATE NORMAL PERIOD 1981 TO 2010
CLIMATE RECORD PERIOD 1942 TO 2014


WEATHER ITEM   OBSERVED TIME   RECORD YEAR NORMAL DEPARTURE LAST
                VALUE   (LST)  VALUE       VALUE  FROM      YEAR
                                                  NORMAL
..................................................................
TEMPERATURE (F)
 YESTERDAY
  MAXIMUM         92    308 PM  97    2007  91      1       86
                                      1987
                                      1974
  MINIMUM         78    301 AM  63    1973  76      2       74
  AVERAGE         85                        83      2       80

PRECIPITATION (IN)
  YESTERDAY        0.02          2.50 1988   0.29  -0.27     0.08
  MONTH TO DATE   12.49                      7.72   4.77     7.85
  SINCE JUN 1     27.62                     23.81   3.81    25.67
  SINCE JAN 1     36.45                     35.66   0.79    36.01

SNOWFALL (IN)
  YESTERDAY        0.0
  MONTH TO DATE    0.0
  SINCE JUN 1      0.0
  SINCE JUL 1      0.0
  SNOW DEPTH       0

DEGREE DAYS
 HEATING
  YESTERDAY        0                         0      0
  MONTH TO DATE    0                         0      0
  SINCE JUN 1      0                         0      0
  SINCE JUL 1      0                         0      0

 COOLING
  YESTERDAY       20                        18      2
  MONTH TO DATE  543                       504     39
  SINCE JUN 1   1619                      1570     49
  SINCE JAN 1   2808                      2598    210
..................................................................


WIND (MPH)
  HIGHEST WIND SPEED    17   HIGHEST WIND DIRECTION    SW (210)
  HIGHEST GUST SPEED    20   HIGHEST GUST DIRECTION    SW (220)
  AVERAGE WIND SPEED     7.3


SKY COVER
  AVERAGE SKY COVER 0.5


WEATHER CONDITIONS
 THE FOLLOWING WEATHER WAS RECORDED YESTERDAY.
  THUNDERSTORM
  FOG


RELATIVE HUMIDITY (PERCENT)
 HIGHEST    94
 LOWEST     64
 AVERAGE    79

..........................................................


THE NAPLES CLIMATE NORMALS FOR TODAY
                         NORMAL    RECORD    YEAR
 MAXIMUM TEMPERATURE (F)   91        98      2007
 MINIMUM TEMPERATURE (F)   76        69      1967


SUNRISE AND SUNSET
AUGUST 29 2014........SUNRISE   706 AM EDT   SUNSET   750 PM EDT
AUGUST 30 2014........SUNRISE   706 AM EDT   SUNSET   749 PM EDT


-  INDICATES NEGATIVE NUMBERS.
R  INDICATES RECORD WAS SET OR TIED.
MM INDICATES DATA IS MISSING.
T  INDICATES TRACE AMOUNT.




$$
