652
CDUS43 KAPX 280528
CLIAPN


CLIMATE REPORT
NATIONAL WEATHER SERVICE GAYLORD MI
127 AM EDT WED JUN 28 2017


...................................

...THE ALPENA MI CLIMATE SUMMARY FOR JUNE 27 2017...

CLIMATE NORMAL PERIOD 1981 TO 2010
CLIMATE RECORD PERIOD 1916 TO 2017


WEATHER ITEM   OBSERVED TIME   RECORD YEAR NORMAL DEPARTURE LAST
                VALUE   (LST)  VALUE       VALUE  FROM      YEAR
                                                  NORMAL
..................................................................
TEMPERATURE (F)
 YESTERDAY
  MAXIMUM         72    423 PM  99    1933  78     -6       80
  MINIMUM         48    512 AM  33    1925  53     -5       55
  AVERAGE         60                        65     -5       68

PRECIPITATION (IN)
  YESTERDAY        T             1.05 2006   0.09  -0.09      T
  MONTH TO DATE    5.87                      2.35   3.52     1.34
  SINCE JUN 1      5.87                      2.35   3.52     1.34
  SINCE JAN 1     21.18                     12.25   8.93    16.07

DEGREE DAYS
 HEATING
  YESTERDAY        5                         2      3        0
  MONTH TO DATE   81                       136    -55      104
  SINCE JUN 1     81                       136    -55      104
  SINCE JUL 1   6827                      8093  -1266     7057

 COOLING
  YESTERDAY        0                         3     -3        3
  MONTH TO DATE   56                        48      8       65
  SINCE JUN 1     56                        48      8       65
  SINCE JAN 1     62                        61      1       97
..................................................................


WIND (MPH)
  HIGHEST WIND SPEED    14   HIGHEST WIND DIRECTION     W (280)
  HIGHEST GUST SPEED    21   HIGHEST GUST DIRECTION     W (280)
  AVERAGE WIND SPEED     6.5




RELATIVE HUMIDITY (PERCENT)
 HIGHEST    93
 LOWEST     40
 AVERAGE    67

..........................................................


THE ALPENA MI CLIMATE NORMALS FOR TODAY
                         NORMAL    RECORD    YEAR
 MAXIMUM TEMPERATURE (F)   78        98      1971
 MINIMUM TEMPERATURE (F)   53        32      1925


SUNRISE AND SUNSET
JUNE 28 2017..........SUNRISE   550 AM EDT   SUNSET   925 PM EDT
JUNE 29 2017..........SUNRISE   550 AM EDT   SUNSET   925 PM EDT


-  INDICATES NEGATIVE NUMBERS.
R  INDICATES RECORD WAS SET OR TIED.
MM INDICATES DATA IS MISSING.
T  INDICATES TRACE AMOUNT.




$$
