000
CDUS43 KAPX 240542
CLIAPN


CLIMATE REPORT
NATIONAL WEATHER SERVICE GAYLORD MI
1241 AM EST FRI FEB 24 2017


...................................

...THE ALPENA MI CLIMATE SUMMARY FOR FEBRUARY 23 2017...

CLIMATE NORMAL PERIOD 1981 TO 2010
CLIMATE RECORD PERIOD 1916 TO 2017


WEATHER ITEM   OBSERVED TIME   RECORD YEAR NORMAL DEPARTURE LAST
                VALUE   (LST)  VALUE       VALUE  FROM      YEAR
                                                  NORMAL
..................................................................
TEMPERATURE (F)
 YESTERDAY
  MAXIMUM         49    610 AM  65    1984  31     18       38
  MINIMUM         32   1116 PM -17    2015  13     19       20
  AVERAGE         41                        22     19       29

PRECIPITATION (IN)
  YESTERDAY        0.01          0.73 1922   0.05  -0.04     0.03
  MONTH TO DATE    0.92                      1.04  -0.12     1.71
  SINCE DEC 1      5.60                      4.45   1.15     7.40
  SINCE JAN 1      3.56                      2.70   0.86     3.61

SNOWFALL (IN)
  YESTERDAY        T            11.4  1994   0.6   -0.6      0.4
  MONTH TO DATE    6.1                      14.5   -8.4     13.4
  SINCE OCT 1     49.8                      63.1  -13.3     38.0
  SINCE JUL 1     49.8                      63.1  -13.3     38.0
  SNOW DEPTH       T

DEGREE DAYS
 HEATING
  YESTERDAY       24                        43    -19       36
  MONTH TO DATE  857                      1036   -179      990
  SINCE DEC 1   3248                      3695   -447     3178
  SINCE JUL 1   4457                      5518  -1061     4551
..................................................................


WIND (MPH)
  HIGHEST WIND SPEED    17   HIGHEST WIND DIRECTION    NW (320)
  HIGHEST GUST SPEED    27   HIGHEST GUST DIRECTION     W (290)
  AVERAGE WIND SPEED     8.1




RELATIVE HUMIDITY (PERCENT)
 HIGHEST   100
 LOWEST     70
 AVERAGE    85

..........................................................


THE ALPENA MI CLIMATE NORMALS FOR TODAY
                         NORMAL    RECORD    YEAR
 MAXIMUM TEMPERATURE (F)   31        56      1976
                                             1930
 MINIMUM TEMPERATURE (F)   13       -24      1924


SUNRISE AND SUNSET
FEBRUARY 24 2017......SUNRISE   720 AM EST   SUNSET   615 PM EST
FEBRUARY 25 2017......SUNRISE   719 AM EST   SUNSET   617 PM EST


-  INDICATES NEGATIVE NUMBERS.
R  INDICATES RECORD WAS SET OR TIED.
MM INDICATES DATA IS MISSING.
T  INDICATES TRACE AMOUNT.




$$
