000
CDUS43 KAPX 210533
CLIAPN


CLIMATE REPORT
NATIONAL WEATHER SERVICE GAYLORD MI
130 AM EDT SAT OCT 21 2017


...................................

...THE ALPENA MI CLIMATE SUMMARY FOR OCTOBER 20 2017...

CLIMATE NORMAL PERIOD 1981 TO 2010
CLIMATE RECORD PERIOD 1916 TO 2017


WEATHER ITEM   OBSERVED TIME   RECORD YEAR NORMAL DEPARTURE LAST
                VALUE   (LST)  VALUE       VALUE  FROM      YEAR
                                                  NORMAL
..................................................................
TEMPERATURE (F)
 YESTERDAY
  MAXIMUM         78    348 PM  82    1920  54     24       55
  MINIMUM         36    708 AM  20    1944  35      1       41
                                      1934
  AVERAGE         57                        45     12       48

PRECIPITATION (IN)
  YESTERDAY        0.00          2.25 2011   0.08  -0.08     0.00
  MONTH TO DATE    1.63                      1.76  -0.13     2.09
  SINCE SEP 1      4.63                      4.68  -0.05     4.92
  SINCE JAN 1     32.06                     23.46   8.60    25.55

SNOWFALL (IN)
  YESTERDAY        0.0           1.7  1992   0.0    0.0      0.0
  MONTH TO DATE    0.0                       0.1   -0.1      0.0
  SINCE OCT 1      0.0                       0.1   -0.1      0.0
  SINCE JUL 1      0.0                       0.1   -0.1      0.0
  SNOW DEPTH       0

DEGREE DAYS
 HEATING
  YESTERDAY        8                        20    -12       17
  MONTH TO DATE  174                       340   -166      190
  SINCE SEP 1    346                       582   -236      290
  SINCE JUL 1    404                       697   -293      313

 COOLING
  YESTERDAY        0                         0      0        0
  MONTH TO DATE    5                         0      5        2
  SINCE SEP 1     87                        23     64       58
  SINCE JAN 1    357                       289     68      549
..................................................................


WIND (MPH)
  HIGHEST WIND SPEED    18   HIGHEST WIND DIRECTION     W (250)
  HIGHEST GUST SPEED    26   HIGHEST GUST DIRECTION     W (250)
  AVERAGE WIND SPEED     5.7




RELATIVE HUMIDITY (PERCENT)
 HIGHEST    93
 LOWEST     37
 AVERAGE    65

..........................................................


THE ALPENA MI CLIMATE NORMALS FOR TODAY
                         NORMAL    RECORD    YEAR
 MAXIMUM TEMPERATURE (F)   54        78      1920
 MINIMUM TEMPERATURE (F)   35        20      1922


SUNRISE AND SUNSET
OCTOBER 21 2017.......SUNRISE   758 AM EDT   SUNSET   639 PM EDT
OCTOBER 22 2017.......SUNRISE   800 AM EDT   SUNSET   637 PM EDT


-  INDICATES NEGATIVE NUMBERS.
R  INDICATES RECORD WAS SET OR TIED.
MM INDICATES DATA IS MISSING.
T  INDICATES TRACE AMOUNT.




$$
