678
CDUS43 KAPX 110528
CLIAPN


CLIMATE REPORT
NATIONAL WEATHER SERVICE GAYLORD MI
1228 AM EST THU FEB 11 2016


...................................

...THE ALPENA MI CLIMATE SUMMARY FOR FEBRUARY 10 2016...

CLIMATE NORMAL PERIOD 1981 TO 2010
CLIMATE RECORD PERIOD 1916 TO 2016


WEATHER ITEM   OBSERVED TIME   RECORD YEAR NORMAL DEPARTURE LAST
                VALUE   (LST)  VALUE       VALUE  FROM      YEAR
                                                  NORMAL
..................................................................
TEMPERATURE (F)
 YESTERDAY
  MAXIMUM         19    102 AM  55    2009  28     -9       23
  MINIMUM          8    925 AM -25    1994  11     -3       -6
  AVERAGE         14                        19     -5        9

PRECIPITATION (IN)
  YESTERDAY        0.12          0.71 1939   0.05   0.07      T
  MONTH TO DATE    1.48                      0.43   1.05     0.47
  SINCE DEC 1      7.17                      3.84   3.33     3.35
  SINCE JAN 1      3.38                      2.09   1.29     1.66

SNOWFALL (IN)
  YESTERDAY        2.8          11.2  1981   0.7    2.1       T
  MONTH TO DATE   11.4                       6.4    5.0      7.6
  SINCE OCT 1     36.0                      55.0  -19.0     39.0
  SINCE JUL 1     36.0                      55.0  -19.0     39.0
  SNOW DEPTH       9

DEGREE DAYS
 HEATING
  YESTERDAY       51                        46      5       56
  MONTH TO DATE  390                       460    -70      519
  SINCE DEC 1   2578                      3119   -541     3222
  SINCE JUL 1   3951                      4942   -991     5155
..................................................................


WIND (MPH)
  HIGHEST WIND SPEED    21   HIGHEST WIND DIRECTION    NW (310)
  HIGHEST GUST SPEED    28   HIGHEST GUST DIRECTION    NW (310)
  AVERAGE WIND SPEED    11.4




RELATIVE HUMIDITY (PERCENT)
 HIGHEST    88
 LOWEST     58
 AVERAGE    73

..........................................................


THE ALPENA MI CLIMATE NORMALS FOR TODAY
                         NORMAL    RECORD    YEAR
 MAXIMUM TEMPERATURE (F)   28        59      1932
 MINIMUM TEMPERATURE (F)   11       -24      1979


SUNRISE AND SUNSET
FEBRUARY 11 2016......SUNRISE   742 AM EST   SUNSET   556 PM EST
FEBRUARY 12 2016......SUNRISE   740 AM EST   SUNSET   557 PM EST


-  INDICATES NEGATIVE NUMBERS.
R  INDICATES RECORD WAS SET OR TIED.
MM INDICATES DATA IS MISSING.
T  INDICATES TRACE AMOUNT.




$$
