000
CDUS43 KAPX 292127
CLIAPN


CLIMATE REPORT
NATIONAL WEATHER SERVICE GAYLORD MI
527 PM EDT WED JUL 29 2015


...................................

...THE ALPENA MI CLIMATE SUMMARY FOR JULY 29 2015...
VALID TODAY AS OF 0500 PM LOCAL TIME.

CLIMATE NORMAL PERIOD 1981 TO 2010
CLIMATE RECORD PERIOD 1916 TO 2015


WEATHER ITEM   OBSERVED TIME   RECORD YEAR NORMAL DEPARTURE LAST
                VALUE   (LST)  VALUE       VALUE  FROM      YEAR
                                                  NORMAL
..................................................................
TEMPERATURE (F)
 TODAY
  MAXIMUM         91    214 PM  99    1917  79     12       73
  MINIMUM         63    541 AM  36    1934  56      7       52
  AVERAGE         77                        67     10       63

PRECIPITATION (IN)
  TODAY            T             1.64 1940   0.10  -0.10     0.23
  MONTH TO DATE    1.62                      2.84  -1.22     3.89
  SINCE JUN 1      3.78                      5.46  -1.68     5.07
  SINCE JAN 1     12.33                     15.36  -3.03    16.57

DEGREE DAYS
 HEATING
  TODAY            0                         1     -1        2
  MONTH TO DATE   35                        39     -4       66
  SINCE JUN 1    178                       182     -4      178
  SINCE JUL 1     35                        39     -4       66

 COOLING
  TODAY           12                         4      8        0
  MONTH TO DATE  128                       113     15       50
  SINCE JUN 1    139                       169    -30      105
  SINCE JAN 1    163                       182    -19      110
..................................................................


WIND (MPH)
  RESULTANT WIND SPEED   7   RESULTANT WIND DIRECTION  SW (210)
  HIGHEST WIND SPEED    17   HIGHEST WIND DIRECTION     W (250)
  HIGHEST GUST SPEED    28   HIGHEST GUST DIRECTION     W (250)
  AVERAGE WIND SPEED     7.1


SKY COVER
  POSSIBLE SUNSHINE  MM
  AVERAGE SKY COVER 0.3


WEATHER CONDITIONS
 THE FOLLOWING WEATHER WAS RECORDED TODAY.
  NO SIGNIFICANT WEATHER WAS OBSERVED.


RELATIVE HUMIDITY (PERCENT)
 HIGHEST    87
 LOWEST     44
 AVERAGE    66

..........................................................


THE ALPENA MI CLIMATE NORMALS FOR TOMORROW
                         NORMAL    RECORD    YEAR
 MAXIMUM TEMPERATURE (F)   79        98      1917
 MINIMUM TEMPERATURE (F)   56        36      1965


SUNRISE AND SUNSET
JULY 29 2015..........SUNRISE   616 AM EDT   SUNSET   905 PM EDT
JULY 30 2015..........SUNRISE   617 AM EDT   SUNSET   904 PM EDT


-  INDICATES NEGATIVE NUMBERS.
R  INDICATES RECORD WAS SET OR TIED.
MM INDICATES DATA IS MISSING.
T  INDICATES TRACE AMOUNT.




$$
