000
CDUS43 KAPX 260543
CLIAPN


CLIMATE REPORT
NATIONAL WEATHER SERVICE GAYLORD MI
1240 AM EST FRI DEC 26 2014


...................................

...THE ALPENA MI CLIMATE SUMMARY FOR DECEMBER 25 2014...

CLIMATE NORMAL PERIOD 1981 TO 2010
CLIMATE RECORD PERIOD 1916 TO 2014


WEATHER ITEM   OBSERVED TIME   RECORD YEAR NORMAL DEPARTURE LAST
                VALUE   (LST)  VALUE       VALUE  FROM      YEAR
                                                  NORMAL
..................................................................
TEMPERATURE (F)
 YESTERDAY
  MAXIMUM         37    510 PM  65    1982  29      8       22
  MINIMUM         33    709 AM -18    1985  15     18      -17
  AVERAGE         35                        22     13        3

PRECIPITATION (IN)
  YESTERDAY        0.06          0.63 2009   0.05   0.01     0.08
  MONTH TO DATE    1.65                      1.43   0.22     2.12
  SINCE DEC 1      1.65                      1.43   0.22     2.12
  SINCE JAN 1     34.76                     27.84   6.92    31.59

SNOWFALL (IN)
  YESTERDAY        T             6.0  1918   0.7   -0.7      0.7
  MONTH TO DATE    0.5                      15.2  -14.7     23.7
  SINCE OCT 1     16.1                      23.3   -7.2     26.3
  SINCE JUL 1     16.1                      23.3   -7.2     26.3
  SNOW DEPTH       0

DEGREE DAYS
 HEATING
  YESTERDAY       30                        43    -13       62
  MONTH TO DATE  902                       978    -76     1181
  SINCE DEC 1    902                       978    -76     1181
  SINCE JUL 1   2835                      2801     34     3049
..................................................................


WIND (MPH)
  HIGHEST WIND SPEED    17   HIGHEST WIND DIRECTION     W (270)
  HIGHEST GUST SPEED    24   HIGHEST GUST DIRECTION    SW (220)
  AVERAGE WIND SPEED     9.8




RELATIVE HUMIDITY (PERCENT)
 HIGHEST   100
 LOWEST     75
 AVERAGE    88

..........................................................


THE ALPENA MI CLIMATE NORMALS FOR TODAY
                         NORMAL    RECORD    YEAR
 MAXIMUM TEMPERATURE (F)   29        50      1994
 MINIMUM TEMPERATURE (F)   15       -11      1989


SUNRISE AND SUNSET
DECEMBER 26 2014......SUNRISE   812 AM EST   SUNSET   458 PM EST
DECEMBER 27 2014......SUNRISE   812 AM EST   SUNSET   459 PM EST


-  INDICATES NEGATIVE NUMBERS.
R  INDICATES RECORD WAS SET OR TIED.
MM INDICATES DATA IS MISSING.
T  INDICATES TRACE AMOUNT.




$$
