000
CDUS43 KAPX 182133
CLIAPN


CLIMATE REPORT
NATIONAL WEATHER SERVICE GAYLORD MI
532 PM EDT FRI AUG 18 2017


...................................

...THE ALPENA MI CLIMATE SUMMARY FOR AUGUST 18 2017...
VALID TODAY AS OF 0500 PM LOCAL TIME.

CLIMATE NORMAL PERIOD 1981 TO 2010
CLIMATE RECORD PERIOD 1916 TO 2017


WEATHER ITEM   OBSERVED TIME   RECORD YEAR NORMAL DEPARTURE LAST
                VALUE   (LST)  VALUE       VALUE  FROM      YEAR
                                                  NORMAL
..................................................................
TEMPERATURE (F)
 TODAY
  MAXIMUM         72   1142 AM 100    1947  77     -5       87
  MINIMUM         66    327 PM  34    1962  54     12       59
  AVERAGE         69                        65      4       73

PRECIPITATION (IN)
  TODAY            0.01          1.10 1940   0.10  -0.09     0.01
  MONTH TO DATE    3.57                      1.82   1.75     0.86
  SINCE JUN 1     11.98                      7.47   4.51     4.84
  SINCE JAN 1     27.29                     17.37   9.92    19.57

DEGREE DAYS
 HEATING
  TODAY            0                         2     -2        0
  MONTH TO DATE    5                        32    -27        0
  SINCE JUN 1     95                       219   -124      125
  SINCE JUL 1     12                        76    -64       17

 COOLING
  TODAY            4                         2      2        8
  MONTH TO DATE   51                        54     -3      142
  SINCE JUN 1    234                       226      8      398
  SINCE JAN 1    240                       239      1      430
..................................................................


WIND (MPH)
  RESULTANT WIND SPEED   9   RESULTANT WIND DIRECTION  SW (240)
  HIGHEST WIND SPEED    18   HIGHEST WIND DIRECTION     W (280)
  HIGHEST GUST SPEED    27   HIGHEST GUST DIRECTION     W (280)
  AVERAGE WIND SPEED    10.3


SKY COVER
  POSSIBLE SUNSHINE  MM
  AVERAGE SKY COVER 0.9


WEATHER CONDITIONS
 THE FOLLOWING WEATHER WAS RECORDED TODAY.
  LIGHT RAIN
  FOG


RELATIVE HUMIDITY (PERCENT)
 HIGHEST   100
 LOWEST     79
 AVERAGE    90

..........................................................


THE ALPENA MI CLIMATE NORMALS FOR TOMORROW
                         NORMAL    RECORD    YEAR
 MAXIMUM TEMPERATURE (F)   77        98      1955
 MINIMUM TEMPERATURE (F)   54        35      1933


SUNRISE AND SUNSET
AUGUST 18 2017........SUNRISE   640 AM EDT   SUNSET   835 PM EDT
AUGUST 19 2017........SUNRISE   641 AM EDT   SUNSET   834 PM EDT


-  INDICATES NEGATIVE NUMBERS.
R  INDICATES RECORD WAS SET OR TIED.
MM INDICATES DATA IS MISSING.
T  INDICATES TRACE AMOUNT.




$$
