000
CDUS43 KAPX 240528
CLIAPN


CLIMATE REPORT
NATIONAL WEATHER SERVICE GAYLORD MI
128 AM EDT FRI OCT 24 2014


...................................

...THE ALPENA MI CLIMATE SUMMARY FOR OCTOBER 23 2014...

CLIMATE NORMAL PERIOD 1981 TO 2010
CLIMATE RECORD PERIOD 1916 TO 2014


WEATHER ITEM   OBSERVED TIME   RECORD YEAR NORMAL DEPARTURE LAST
                VALUE   (LST)  VALUE       VALUE  FROM      YEAR
                                                  NORMAL
..................................................................
TEMPERATURE (F)
 YESTERDAY
  MAXIMUM         54    153 PM  83    1963  53      1       44
  MINIMUM         22    717 AM  18    1969  34    -12       27
  AVERAGE         38                        44     -6       36

PRECIPITATION (IN)
  YESTERDAY        0.00          1.03 1958   0.08  -0.08     0.01
  MONTH TO DATE    1.92                      1.99  -0.07     3.04
  SINCE SEP 1      6.07                      4.91   1.16     4.63
  SINCE JAN 1     27.97                     23.69   4.28    26.70

SNOWFALL (IN)
  YESTERDAY        0.0           0.7  1960   0.0    0.0       T
  MONTH TO DATE    0.0                       0.1   -0.1       T
  SINCE OCT 1      0.0                       0.1   -0.1       T
  SINCE JUL 1      0.0                       0.1   -0.1       T
  SNOW DEPTH       0

DEGREE DAYS
 HEATING
  YESTERDAY       27                        21      6       29
  MONTH TO DATE  396                       403     -7      344
  SINCE SEP 1    619                       645    -26      617
  SINCE JUL 1    743                       760    -17      728

 COOLING
  YESTERDAY        0                         0      0        0
  MONTH TO DATE    0                         0      0        0
  SINCE SEP 1     18                        23     -5       36
  SINCE JAN 1    168                       289   -121      343
..................................................................


WIND (MPH)
  HIGHEST WIND SPEED    12   HIGHEST WIND DIRECTION    SE (140)
  HIGHEST GUST SPEED    15   HIGHEST GUST DIRECTION     E (110)
  AVERAGE WIND SPEED     2.4




RELATIVE HUMIDITY (PERCENT)
 HIGHEST   100
 LOWEST     50
 AVERAGE    75

..........................................................


THE ALPENA MI CLIMATE NORMALS FOR TODAY
                         NORMAL    RECORD    YEAR
 MAXIMUM TEMPERATURE (F)   53        83      1963
 MINIMUM TEMPERATURE (F)   34        19      1981
                                             1972


SUNRISE AND SUNSET
OCTOBER 24 2014.......SUNRISE   802 AM EDT   SUNSET   634 PM EDT
OCTOBER 25 2014.......SUNRISE   803 AM EDT   SUNSET   633 PM EDT


-  INDICATES NEGATIVE NUMBERS.
R  INDICATES RECORD WAS SET OR TIED.
MM INDICATES DATA IS MISSING.
T  INDICATES TRACE AMOUNT.




$$
