000
CDUS43 KAPX 050528
CLIAPN


CLIMATE REPORT
NATIONAL WEATHER SERVICE GAYLORD MI
127 AM EDT THU MAY 5 2016


...................................

...THE ALPENA MI CLIMATE SUMMARY FOR MAY 4 2016...

CLIMATE NORMAL PERIOD 1981 TO 2010
CLIMATE RECORD PERIOD 1916 TO 2016


WEATHER ITEM   OBSERVED TIME   RECORD YEAR NORMAL DEPARTURE LAST
                VALUE   (LST)  VALUE       VALUE  FROM      YEAR
                                                  NORMAL
..................................................................
TEMPERATURE (F)
 YESTERDAY
  MAXIMUM         49    113 AM  88    1949  60    -11       73
  MINIMUM         43   1048 PM  21    2005  37      6       46
                                      1926
  AVERAGE         46                        49     -3       60

PRECIPITATION (IN)
  YESTERDAY        0.11          1.36 1938   0.08   0.03     0.05
  MONTH TO DATE    0.14                      0.31  -0.17     0.05
  SINCE MAR 1      9.08                      4.56   4.52     3.15
  SINCE JAN 1     13.56                      7.54   6.02     4.94

DEGREE DAYS
 HEATING
  YESTERDAY       19                        16      3        5
  MONTH TO DATE   69                        67      2       31
  SINCE MAR 1   1892                      1894     -2     1909
  SINCE JUL 1   6674                      7626   -952     8172

 COOLING
  YESTERDAY        0                         0      0        0
  MONTH TO DATE    0                         0      0        0
  SINCE MAR 1      0                         2     -2        0
  SINCE JAN 1      0                         2     -2        0
..................................................................


WIND (MPH)
  HIGHEST WIND SPEED    20   HIGHEST WIND DIRECTION     N (350)
  HIGHEST GUST SPEED    23   HIGHEST GUST DIRECTION     N (340)
  AVERAGE WIND SPEED    10.1




RELATIVE HUMIDITY (PERCENT)
 HIGHEST    93
 LOWEST     74
 AVERAGE    84

..........................................................


THE ALPENA MI CLIMATE NORMALS FOR TODAY
                         NORMAL    RECORD    YEAR
 MAXIMUM TEMPERATURE (F)   61        92      1949
 MINIMUM TEMPERATURE (F)   37        22      1967
                                             1958


SUNRISE AND SUNSET
MAY  5 2016...........SUNRISE   617 AM EDT   SUNSET   846 PM EDT
MAY  6 2016...........SUNRISE   616 AM EDT   SUNSET   847 PM EDT


-  INDICATES NEGATIVE NUMBERS.
R  INDICATES RECORD WAS SET OR TIED.
MM INDICATES DATA IS MISSING.
T  INDICATES TRACE AMOUNT.




$$
