000
CDUS43 KLOT 290638
CLIARR


CLIMATE REPORT
NATIONAL WEATHER SERVICE CHICAGO IL
134 AM CDT THU JUN 29 2017


...................................

...THE AURORA MUNICIPAL AIRPORT CLIMATE SUMMARY FOR JUNE 28 2017...

CLIMATE NORMAL PERIOD 1981 TO 2010
CLIMATE RECORD PERIOD 1998 TO 2017


WEATHER ITEM   OBSERVED TIME   RECORD YEAR NORMAL DEPARTURE LAST
                VALUE   (LST)  VALUE       VALUE  FROM      YEAR
                                                  NORMAL
..................................................................
TEMPERATURE (F)
 YESTERDAY
  MAXIMUM         81    239 PM  98    2012  83     -2       72
  MINIMUM         55    120 AM  52    2015  60     -5       53
                                      2000
  AVERAGE         68                        72     -4       63

PRECIPITATION (IN)
  YESTERDAY        0.33R         0.21 2000   0.10   0.23     0.00
  MONTH TO DATE    2.31                      3.84  -1.53     3.50
  SINCE JUN 1      2.31                      3.84  -1.53     3.50
  SINCE JAN 1     20.39                     16.72   3.67    17.13

DEGREE DAYS
 HEATING
  YESTERDAY        0                         0      0        2
  MONTH TO DATE   15                        40    -25        8
  SINCE JUN 1     15                        40    -25        8
  SINCE JUL 1   5431                      6774  -1343     5461

 COOLING
  YESTERDAY        3                         7     -4        0
  MONTH TO DATE  198                       141     57      199
  SINCE JUN 1    198                       141     57      199
  SINCE JAN 1    232                       182     50      281
..................................................................


WIND (MPH)
  RESULTANT WIND SPEED  12   RESULTANT WIND DIRECTION   S (170)
  HIGHEST WIND SPEED    26   HIGHEST WIND DIRECTION     N (350)
  HIGHEST GUST SPEED    35   HIGHEST GUST DIRECTION     S (200)
  AVERAGE WIND SPEED    12.9


SKY COVER
  POSSIBLE SUNSHINE  MM
  AVERAGE SKY COVER 0.5


WEATHER CONDITIONS
 THE FOLLOWING WEATHER WAS RECORDED YESTERDAY.
  THUNDERSTORM
  RAIN
  LIGHT RAIN
  FOG


RELATIVE HUMIDITY (PERCENT)
 HIGHEST    93          1100 AM
 LOWEST     60           800 PM
 AVERAGE    77

..........................................................


THE AURORA MUNICIPAL AIRPORT CLIMATE NORMALS FOR TODAY
                         NORMAL    RECORD    YEAR
 MAXIMUM TEMPERATURE (F)   83        96      2005
 MINIMUM TEMPERATURE (F)   60        49      2016


SUNRISE AND SUNSET
JUNE 29 2017..........SUNRISE   522 AM CDT   SUNSET   833 PM CDT
JUNE 30 2017..........SUNRISE   523 AM CDT   SUNSET   833 PM CDT


-  INDICATES NEGATIVE NUMBERS.
R  INDICATES RECORD WAS SET OR TIED.
MM INDICATES DATA IS MISSING.
T  INDICATES TRACE AMOUNT.




$$
