000
CDUS43 KLOT 200637
CLIARR


CLIMATE REPORT
NATIONAL WEATHER SERVICE CHICAGO IL
136 AM CDT WED AUG 20 2014


...................................

...THE AURORA MUNICIPAL AIRPORT CLIMATE SUMMARY FOR AUGUST 19 2014...

CLIMATE NORMAL PERIOD 1981 TO 2010
CLIMATE RECORD PERIOD 1998 TO 2014


WEATHER ITEM   OBSERVED TIME   RECORD YEAR NORMAL DEPARTURE LAST
                VALUE   (LST)  VALUE       VALUE  FROM      YEAR
                                                  NORMAL
..................................................................
TEMPERATURE (F)
 YESTERDAY
  MAXIMUM         85    427 PM  87    2011  81      4       85
                                      2005
  MINIMUM         64   1159 PM  51    2000  59      5       52
  AVERAGE         75                        70      5       69

PRECIPITATION (IN)
  YESTERDAY        0.00          1.05 2007   0.11  -0.11     0.00
  MONTH TO DATE    1.67                      2.79  -1.12     0.44
  SINCE JUN 1     12.75                     10.99   1.76     6.44
  SINCE JAN 1     20.74                     23.87  -3.13    23.30

DEGREE DAYS
 HEATING
  YESTERDAY        0                         0      0        0
  MONTH TO DATE    6                         0      6       12
  SINCE JUN 1     37                        50    -13       72
  SINCE JUL 1     21                         9     12       28

 COOLING
  YESTERDAY       10                         6      4        4
  MONTH TO DATE  104                       114    -10       68
  SINCE JUN 1    421                       484    -63      433
  SINCE JAN 1    507                       525    -18      513
..................................................................


WIND (MPH)
  RESULTANT WIND SPEED   8   RESULTANT WIND DIRECTION  SW (230)
  HIGHEST WIND SPEED    22   HIGHEST WIND DIRECTION     W (250)
  HIGHEST GUST SPEED    30   HIGHEST GUST DIRECTION    SW (230)
  AVERAGE WIND SPEED     9.1


SKY COVER
  POSSIBLE SUNSHINE  MM
  AVERAGE SKY COVER 0.3


WEATHER CONDITIONS
 THE FOLLOWING WEATHER WAS RECORDED YESTERDAY.
  THUNDERSTORM
  FOG
  HAZE


RELATIVE HUMIDITY (PERCENT)
 HIGHEST    90           100 AM
 LOWEST     48           300 PM
 AVERAGE    69

..........................................................


THE AURORA MUNICIPAL AIRPORT CLIMATE NORMALS FOR TODAY
                         NORMAL    RECORD    YEAR
 MAXIMUM TEMPERATURE (F)   81        92      2010
 MINIMUM TEMPERATURE (F)   59        49      2012
                                             2001


SUNRISE AND SUNSET
AUGUST 20 2014........SUNRISE   607 AM CDT   SUNSET   746 PM CDT
AUGUST 21 2014........SUNRISE   608 AM CDT   SUNSET   745 PM CDT


-  INDICATES NEGATIVE NUMBERS.
R  INDICATES RECORD WAS SET OR TIED.
MM INDICATES DATA IS MISSING.
T  INDICATES TRACE AMOUNT.




$$
