000
CDUS41 KBUF 270705
CLIART


CLIMATE REPORT
NATIONAL WEATHER SERVICE BUFFALO NY
305 AM EDT WED AUG 27 2014


...................................

...THE WATERTOWN NY CLIMATE SUMMARY FOR AUGUST 26 2014...

CLIMATE NORMAL PERIOD 1981 TO 2010
CLIMATE RECORD PERIOD 1949 TO 2014


WEATHER ITEM   OBSERVED TIME   RECORD YEAR NORMAL DEPARTURE LAST
                VALUE   (LST)  VALUE       VALUE  FROM      YEAR
                                                  NORMAL
..................................................................
TEMPERATURE (F)
 YESTERDAY
  MAXIMUM         84    232 PM  87    2012  77      7       76
                                      1993
  MINIMUM         61   1210 AM  39    1981  55      6       66
  AVERAGE         73                        66      7       71

PRECIPITATION (IN)
  YESTERDAY        0.00          1.17 2001   0.10  -0.10     0.20
  MONTH TO DATE    5.10                      2.65   2.45     2.04
  SINCE JUN 1     13.04                      8.15   4.89    11.13
  SINCE JAN 1     31.64                     21.30  10.34    21.75

DEGREE DAYS
 HEATING
  YESTERDAY        0                         2     -2        0
  MONTH TO DATE   21                        33    -12       32
  SINCE JUN 1    102                       166    -64      146
  SINCE JUL 1     40                        59    -19       43

 COOLING
  YESTERDAY        8                         3      5        6
  MONTH TO DATE   81                        99    -18       67
  SINCE JUN 1    316                       300     16      365
  SINCE JAN 1    339                       311     28      397
..................................................................


WIND (MPH)
  HIGHEST WIND SPEED    16   HIGHEST WIND DIRECTION    SW (230)
  HIGHEST GUST SPEED    20   HIGHEST GUST DIRECTION    SW (210)
  AVERAGE WIND SPEED     6.0


SKY COVER
  AVERAGE SKY COVER 0.1


WEATHER CONDITIONS
 THE FOLLOWING WEATHER WAS RECORDED YESTERDAY.
  NO SIGNIFICANT WEATHER WAS OBSERVED.


RELATIVE HUMIDITY (PERCENT)
 HIGHEST    78          1200 AM
 LOWEST     47           100 PM
 AVERAGE    63

..........................................................


THE WATERTOWN NY CLIMATE NORMALS FOR TODAY
                         NORMAL    RECORD    YEAR
 MAXIMUM TEMPERATURE (F)   77        90      1993
 MINIMUM TEMPERATURE (F)   54        30      1969


SUNRISE AND SUNSET
AUGUST 27 2014........SUNRISE   622 AM EDT   SUNSET   749 PM EDT
AUGUST 28 2014........SUNRISE   623 AM EDT   SUNSET   747 PM EDT


-  INDICATES NEGATIVE NUMBERS.
R  INDICATES RECORD WAS SET OR TIED.
MM INDICATES DATA IS MISSING.
T  INDICATES TRACE AMOUNT.




$$
