000
CDUS45 KGJT 200730
CLIASE


CLIMATE REPORT
NATIONAL WEATHER SERVICE GRAND JUNCTION CO
128 AM MDT THU JUL 20 2017


...................................

...THE ASPEN CO CLIMATE SUMMARY FOR JULY 19 2017...

CLIMATE NORMAL PERIOD 1981 TO 2010
CLIMATE RECORD PERIOD 9999 TO 9999


WEATHER ITEM   OBSERVED TIME   RECORD YEAR NORMAL DEPARTURE LAST
                VALUE   (LST)  VALUE       VALUE  FROM      YEAR
                                                  NORMAL
..................................................................
TEMPERATURE (F)
 YESTERDAY
  MAXIMUM         84   1236 PM  MM      MM  81      3       77
  MINIMUM         55   1159 PM  MM      MM  48      7       52
  AVERAGE         70                        64      6       65

PRECIPITATION (IN)
  YESTERDAY        0.04         MM      MM   0.06  -0.02     0.37
  MONTH TO DATE    1.13                      0.93   0.20     1.55
  SINCE JUN 1      1.28                      2.06  -0.78     2.07
  SINCE JAN 1      7.48                      9.00  -1.52     9.25

SNOWFALL (IN)
  YESTERDAY       MM            MM      MM  MM     MM       MM
  MONTH TO DATE   MM                        MM     MM       MM
  SINCE JUN 1     MM                        MM     MM       MM
  SINCE JUL 1     MM                        MM     MM       MM
  SNOW DEPTH      MM

DEGREE DAYS
 HEATING
  YESTERDAY        0                         2     -2        0
  MONTH TO DATE   15                        47    -32       30
  SINCE JUN 1    133                       276   -143      107
  SINCE JUL 1     15                        47    -32       30

 COOLING
  YESTERDAY        5                         1      4        0
  MONTH TO DATE   42                        17     25       13
  SINCE JUN 1     54                        21     33       37
  SINCE JAN 1     54                        21     33       37
..................................................................


WIND (MPH)
  HIGHEST WIND SPEED    18   HIGHEST WIND DIRECTION     S (160)
  HIGHEST GUST SPEED    25   HIGHEST GUST DIRECTION    SE (120)
  AVERAGE WIND SPEED     6.0


SKY COVER
  POSSIBLE SUNSHINE  MM
  AVERAGE SKY COVER 0.0


WEATHER CONDITIONS
 THE FOLLOWING WEATHER WAS RECORDED YESTERDAY.
  THUNDERSTORM
  LIGHT RAIN


RELATIVE HUMIDITY (PERCENT)
 HIGHEST    93          1100 PM
 LOWEST     28          1100 AM
 AVERAGE    61

..........................................................


THE ASPEN CO CLIMATE NORMALS FOR TODAY
                         NORMAL    RECORD    YEAR
 MAXIMUM TEMPERATURE (F)   81        MM        MM
 MINIMUM TEMPERATURE (F)   48        MM        MM


SUNRISE AND SUNSET
JULY 20 2017..........SUNRISE   558 AM MDT   SUNSET   830 PM MDT
JULY 21 2017..........SUNRISE   559 AM MDT   SUNSET   829 PM MDT


-  INDICATES NEGATIVE NUMBERS.
R  INDICATES RECORD WAS SET OR TIED.
MM INDICATES DATA IS MISSING.
T  INDICATES TRACE AMOUNT.




$$
