000
CDUS45 KGJT 220823
CLIASE


CLIMATE REPORT
NATIONAL WEATHER SERVICE GRAND JUNCTION CO
121 AM MST WED FEB 22 2017


...................................

...THE ASPEN CO CLIMATE SUMMARY FOR FEBRUARY 21 2017...

CLIMATE NORMAL PERIOD 1981 TO 2010
CLIMATE RECORD PERIOD 9999 TO 9999


WEATHER ITEM   OBSERVED TIME   RECORD YEAR NORMAL DEPARTURE LAST
                VALUE   (LST)  VALUE       VALUE  FROM      YEAR
                                                  NORMAL
..................................................................
TEMPERATURE (F)
 YESTERDAY
  MAXIMUM         54    155 PM  MM      MM  36     18       47
  MINIMUM         26    648 AM  MM      MM  11     15       18
  AVERAGE         40                        24     16       33

PRECIPITATION (IN)
  YESTERDAY        T            MM      MM   0.04  -0.04     0.00
  MONTH TO DATE    0.57                      0.90  -0.33     0.62
  SINCE DEC 1      3.47                      3.07   0.40     3.03
  SINCE JAN 1      2.16                      1.93   0.23     2.07

SNOWFALL (IN)
  YESTERDAY       MM            MM      MM  MM     MM       MM
  MONTH TO DATE   MM                        MM     MM       MM
  SINCE DEC 1     MM                        MM     MM       MM
  SINCE JUL 1     MM                        MM     MM       MM
  SNOW DEPTH      MM

DEGREE DAYS
 HEATING
  YESTERDAY       25                        42    -17       32
  MONTH TO DATE  626                       916   -290      824
  SINCE DEC 1   3301                      3712   -411     3581
  SINCE JUL 1   5093                      6038   -945     5456

 COOLING
  YESTERDAY        0                         0      0        0
  MONTH TO DATE    0                         0      0        0
  SINCE DEC 1      0                         0      0        0
  SINCE JAN 1      0                         0      0        0
..................................................................


WIND (MPH)
  HIGHEST WIND SPEED    24   HIGHEST WIND DIRECTION    SW (240)
  HIGHEST GUST SPEED    39   HIGHEST GUST DIRECTION     W (270)
  AVERAGE WIND SPEED     8.4


SKY COVER
  POSSIBLE SUNSHINE  MM
  AVERAGE SKY COVER 0.2


WEATHER CONDITIONS
 THE FOLLOWING WEATHER WAS RECORDED YESTERDAY.
  LIGHT RAIN


RELATIVE HUMIDITY (PERCENT)
 HIGHEST    81           600 AM
 LOWEST     22           200 PM
 AVERAGE    52

..........................................................


THE ASPEN CO CLIMATE NORMALS FOR TODAY
                         NORMAL    RECORD    YEAR
 MAXIMUM TEMPERATURE (F)   36        MM        MM
 MINIMUM TEMPERATURE (F)   11        MM        MM


SUNRISE AND SUNSET
FEBRUARY 22 2017......SUNRISE   650 AM MST   SUNSET   553 PM MST
FEBRUARY 23 2017......SUNRISE   648 AM MST   SUNSET   554 PM MST


-  INDICATES NEGATIVE NUMBERS.
R  INDICATES RECORD WAS SET OR TIED.
MM INDICATES DATA IS MISSING.
T  INDICATES TRACE AMOUNT.




$$
