000
CDUS45 KGJT 182331
CLIASE


CLIMATE REPORT
NATIONAL WEATHER SERVICE GRAND JUNCTION CO
528 PM MDT THU SEP 18 2014


...................................

...THE ASPEN CO CLIMATE SUMMARY FOR SEPTEMBER 18 2014...
VALID TODAY AS OF 0500 PM LOCAL TIME.

CLIMATE NORMAL PERIOD 1981 TO 2010
CLIMATE RECORD PERIOD 9999 TO 9999


WEATHER ITEM   OBSERVED TIME   RECORD YEAR NORMAL DEPARTURE LAST
                VALUE   (LST)  VALUE       VALUE  FROM      YEAR
                                                  NORMAL
..................................................................
TEMPERATURE (F)
 TODAY
  MAXIMUM         81    244 PM  MM      MM  68     13       68
  MINIMUM         43    628 AM  MM      MM  38      5       45
  AVERAGE         62                        52     10       57

PRECIPITATION (IN)
  TODAY            0.00         MM      MM   0.08  -0.08     0.15
  MONTH TO DATE    0.57                      1.08  -0.51     1.76
  SINCE SEP 1      0.57                      1.08  -0.51     1.76
  SINCE JAN 1      9.81                     12.54  -2.73    11.72

SNOWFALL (IN)
  TODAY           MM            MM      MM  MM     MM       MM
  MONTH TO DATE   MM                        MM     MM       MM
  SINCE SEP 1     MM                        MM     MM       MM
  SINCE JUL 1     MM                        MM     MM       MM
  SNOW DEPTH      MM

DEGREE DAYS
 HEATING
  TODAY            3                        12     -9        8
  MONTH TO DATE  130                       171    -41       91
  SINCE SEP 1    130                       171    -41       91
  SINCE JUL 1    283                       367    -84      226

 COOLING
  TODAY            0                         0      0        0
  MONTH TO DATE    0                         0      0        9
  SINCE SEP 1      0                         0      0        9
  SINCE JAN 1     56                        39     17       69
..................................................................


WIND (MPH)
  HIGHEST WIND SPEED    13   HIGHEST WIND DIRECTION     N (360)
  HIGHEST GUST SPEED    18   HIGHEST GUST DIRECTION    NW (330)
  AVERAGE WIND SPEED     6.0


SKY COVER
  POSSIBLE SUNSHINE  MM
  AVERAGE SKY COVER 0.0


WEATHER CONDITIONS
 THE FOLLOWING WEATHER WAS RECORDED TODAY.
  NO SIGNIFICANT WEATHER WAS OBSERVED.


RELATIVE HUMIDITY (PERCENT)
 HIGHEST    71           700 AM
 LOWEST     17           100 PM
 AVERAGE    44

..........................................................


THE ASPEN CO CLIMATE NORMALS FOR TOMORROW
                         NORMAL    RECORD    YEAR
 MAXIMUM TEMPERATURE (F)   67        MM        MM
 MINIMUM TEMPERATURE (F)   37        MM        MM


SUNRISE AND SUNSET
SEPTEMBER 18 2014.....SUNRISE   651 AM MDT   SUNSET   711 PM MDT
SEPTEMBER 19 2014.....SUNRISE   652 AM MDT   SUNSET   709 PM MDT


-  INDICATES NEGATIVE NUMBERS.
R  INDICATES RECORD WAS SET OR TIED.
MM INDICATES DATA IS MISSING.
T  INDICATES TRACE AMOUNT.




$$
