318
CDUS46 KPQR 261150
CLIAST


CLIMATE REPORT
NATIONAL WEATHER SERVICE PORTLAND OREGON
450 AM PDT SUN MAR 26 2017


...................................

...THE ASTORIA OR CLIMATE SUMMARY FOR MARCH 25 2017...

CLIMATE NORMAL PERIOD 1981 TO 2010
CLIMATE RECORD PERIOD 1892 TO 2017


WEATHER ITEM   OBSERVED TIME   RECORD YEAR NORMAL DEPARTURE LAST
                VALUE   (LST)  VALUE       VALUE  FROM      YEAR
                                                  NORMAL
..................................................................
TEMPERATURE (F)
 YESTERDAY
  MAXIMUM         51   1249 PM  69    1934  55     -4       55
  MINIMUM         43    704 AM  27    1996  40      3       42
  AVERAGE         47                        47      0       49

PRECIPITATION (IN)
  YESTERDAY        0.17          1.88 1916   0.23  -0.06     0.08
  MONTH TO DATE   12.68                      6.13   6.55    11.65
  SINCE OCT 1     74.43                     50.54  23.89    76.46
  SINCE JAN 1     30.56                     23.52   7.04    33.93

DEGREE DAYS
 HEATING
  YESTERDAY       18                        18      0       16
  MONTH TO DATE  464                       472     -8      364
  SINCE MAR 1    464                       472     -8      364
  SINCE JUL 1   3447                      3814   -367     2983

 COOLING
  YESTERDAY        0                         0      0        0
  MONTH TO DATE    0                         0      0        0
  SINCE MAR 1      0                         0      0        0
  SINCE JAN 1      0                         0      0        0
..................................................................


WIND (MPH)
  HIGHEST WIND SPEED    15   HIGHEST WIND DIRECTION     W (250)
  HIGHEST GUST SPEED    22   HIGHEST GUST DIRECTION    NW (310)
  AVERAGE WIND SPEED     5.7


SKY COVER
  POSSIBLE SUNSHINE  MM
  AVERAGE SKY COVER 0.8


WEATHER CONDITIONS
 THE FOLLOWING WEATHER WAS RECORDED YESTERDAY.
  HEAVY RAIN
  RAIN
  LIGHT RAIN
  FOG


RELATIVE HUMIDITY (PERCENT)
 HIGHEST    89           400 AM
 LOWEST     56           400 PM
 AVERAGE    73

..........................................................


THE ASTORIA OR CLIMATE NORMALS FOR TODAY
                         NORMAL    RECORD    YEAR
 MAXIMUM TEMPERATURE (F)   55        72      1994
 MINIMUM TEMPERATURE (F)   40        29      1996
                                             1991


SUNRISE AND SUNSET
MARCH 26 2017.........SUNRISE   706 AM PDT   SUNSET   737 PM PDT
MARCH 27 2017.........SUNRISE   704 AM PDT   SUNSET   738 PM PDT


-  INDICATES NEGATIVE NUMBERS.
R  INDICATES RECORD WAS SET OR TIED.
MM INDICATES DATA IS MISSING.
T  INDICATES TRACE AMOUNT.




$$
