000
CDUS46 KPQR 221143
CLIAST


CLIMATE REPORT
NATIONAL WEATHER SERVICE PORTLAND OREGON
443 AM PDT THU JUN 22 2017


...................................

...THE ASTORIA OR CLIMATE SUMMARY FOR JUNE 21 2017...

CLIMATE NORMAL PERIOD 1981 TO 2010
CLIMATE RECORD PERIOD 1892 TO 2017


WEATHER ITEM   OBSERVED TIME   RECORD YEAR NORMAL DEPARTURE LAST
                VALUE   (LST)  VALUE       VALUE  FROM      YEAR
                                                  NORMAL
..................................................................
TEMPERATURE (F)
 YESTERDAY
  MAXIMUM         64    222 PM  80    1971  65     -1       67
  MINIMUM         50   1159 PM  42    1956  51     -1       57
  AVERAGE         57                        58     -1       62

PRECIPITATION (IN)
  YESTERDAY        0.00          0.90 1997   0.07  -0.07      T
  MONTH TO DATE    2.44                      1.99   0.45     1.57
  SINCE OCT 1     93.44                     62.37  31.07    81.33
  SINCE JAN 1     49.57                     35.35  14.22    38.80

DEGREE DAYS
 HEATING
  YESTERDAY        8                         7      1        3
  MONTH TO DATE  173                       182     -9      132
  SINCE JUN 1    173                       182     -9      132
  SINCE JUL 1   4539                      4963   -424     3835

 COOLING
  YESTERDAY        0                         0      0        0
  MONTH TO DATE    1                         0      1        6
  SINCE JUN 1      1                         0      1        6
  SINCE JAN 1      3                         0      3        9
..................................................................


WIND (MPH)
  HIGHEST WIND SPEED    22   HIGHEST WIND DIRECTION    NW (320)
  HIGHEST GUST SPEED    26   HIGHEST GUST DIRECTION    NW (320)
  AVERAGE WIND SPEED    12.7


SKY COVER
  POSSIBLE SUNSHINE  MM
  AVERAGE SKY COVER 0.5


WEATHER CONDITIONS
 THE FOLLOWING WEATHER WAS RECORDED YESTERDAY.
  NO SIGNIFICANT WEATHER WAS OBSERVED.


RELATIVE HUMIDITY (PERCENT)
 HIGHEST    77           900 PM
 LOWEST     56          1100 AM
 AVERAGE    67

..........................................................


THE ASTORIA OR CLIMATE NORMALS FOR TODAY
                         NORMAL    RECORD    YEAR
 MAXIMUM TEMPERATURE (F)   65        79      1926
 MINIMUM TEMPERATURE (F)   51        41      1965


SUNRISE AND SUNSET
JUNE 22 2017..........SUNRISE   524 AM PDT   SUNSET   911 PM PDT
JUNE 23 2017..........SUNRISE   525 AM PDT   SUNSET   911 PM PDT


-  INDICATES NEGATIVE NUMBERS.
R  INDICATES RECORD WAS SET OR TIED.
MM INDICATES DATA IS MISSING.
T  INDICATES TRACE AMOUNT.




$$
