000
CDUS46 KPQR 240027
CLIAST


CLIMATE REPORT
NATIONAL WEATHER SERVICE PORTLAND OREGON
427 PM PST TUE JAN 23 2018


...................................

...THE ASTORIA OR CLIMATE SUMMARY FOR JANUARY 23 2018...
VALID TODAY AS OF 0400 PM LOCAL TIME.

CLIMATE NORMAL PERIOD 1981 TO 2010
CLIMATE RECORD PERIOD 1892 TO 2018


WEATHER ITEM   OBSERVED TIME   RECORD YEAR NORMAL DEPARTURE LAST
                VALUE   (LST)  VALUE       VALUE  FROM      YEAR
                                                  NORMAL
..................................................................
TEMPERATURE (F)
 TODAY
  MAXIMUM         52    138 PM  60    1968  50      2       53
  MINIMUM         42   1225 AM  18    1943  38      4       33
  AVERAGE         47                        44      3       43

PRECIPITATION (IN)
  TODAY            0.53          3.84 1982   0.31   0.22     0.00
  MONTH TO DATE    7.36                      7.83  -0.47     5.68
  SINCE OCT 1     38.15                     34.85   3.30    49.55
  SINCE JAN 1      7.36                      7.83  -0.47     5.68

DEGREE DAYS
 HEATING
  TODAY           18                        21     -3       22
  MONTH TO DATE  391                       492   -101      578
  SINCE DEC 1   1085                      1185   -100     1313
  SINCE JUL 1   2377                      2598   -221     2176

 COOLING
  TODAY            0                         0      0        0
  MONTH TO DATE    0                         0      0        0
  SINCE DEC 1      0                         0      0        0
  SINCE JAN 1      0                         0      0        0
..................................................................


WIND (MPH)
  HIGHEST WIND SPEED    31   HIGHEST WIND DIRECTION     S (190)
  HIGHEST GUST SPEED    47   HIGHEST GUST DIRECTION     S (170)
  AVERAGE WIND SPEED     9.6


SKY COVER
  POSSIBLE SUNSHINE  MM
  AVERAGE SKY COVER 1.0


WEATHER CONDITIONS
 THE FOLLOWING WEATHER WAS RECORDED TODAY.
  RAIN
  LIGHT RAIN
  FOG


RELATIVE HUMIDITY (PERCENT)
 HIGHEST    89          1200 AM
 LOWEST     83           200 AM
 AVERAGE    86

..........................................................


THE ASTORIA OR CLIMATE NORMALS FOR TOMORROW
                         NORMAL    RECORD    YEAR
 MAXIMUM TEMPERATURE (F)   50        64      2006
 MINIMUM TEMPERATURE (F)   38        17      1949


SUNRISE AND SUNSET
JANUARY 23 2018.......SUNRISE   748 AM PST   SUNSET   508 PM PST
JANUARY 24 2018.......SUNRISE   747 AM PST   SUNSET   509 PM PST


-  INDICATES NEGATIVE NUMBERS.
R  INDICATES RECORD WAS SET OR TIED.
MM INDICATES DATA IS MISSING.
T  INDICATES TRACE AMOUNT.




$$
