000
CDUS46 KPQR 260226
CLIAST


CLIMATE REPORT
NATIONAL WEATHER SERVICE PORTLAND OREGON
726 PM PDT TUE APR 25 2017


...................................

...THE ASTORIA OR CLIMATE SUMMARY FOR APRIL 25 2017...
VALID TODAY AS OF 0700 PM LOCAL TIME.

CLIMATE NORMAL PERIOD 1981 TO 2010
CLIMATE RECORD PERIOD 1892 TO 2017


WEATHER ITEM   OBSERVED TIME   RECORD YEAR NORMAL DEPARTURE LAST
                VALUE   (LST)  VALUE       VALUE  FROM      YEAR
                                                  NORMAL
..................................................................
TEMPERATURE (F)
 TODAY
  MAXIMUM         52    559 PM  83    1941  58     -6       57
  MINIMUM         43    239 AM  29    1955  42      1       40
  AVERAGE         48                        50     -2       49

PRECIPITATION (IN)
  TODAY            0.52          1.24 1892   0.15   0.37     0.01
  MONTH TO DATE    8.17                      4.50   3.67     1.95
  SINCE OCT 1     84.37                     56.36  28.01    78.86
  SINCE JAN 1     40.50                     29.34  11.16    36.33

DEGREE DAYS
 HEATING
  TODAY           17                        15      2       16
  MONTH TO DATE  391                       414    -23      280
  SINCE MAR 1    955                       992    -37      740
  SINCE JUL 1   3938                      4334   -396     3359

 COOLING
  TODAY            0                         0      0        0
  MONTH TO DATE    0                         0      0        3
  SINCE MAR 1      0                         0      0        3
  SINCE JAN 1      0                         0      0        3
..................................................................


WIND (MPH)
  HIGHEST WIND SPEED    17   HIGHEST WIND DIRECTION    SW (220)
  HIGHEST GUST SPEED    27   HIGHEST GUST DIRECTION     S (190)
  AVERAGE WIND SPEED     7.3


SKY COVER
  POSSIBLE SUNSHINE  MM
  AVERAGE SKY COVER 0.9


WEATHER CONDITIONS
 THE FOLLOWING WEATHER WAS RECORDED TODAY.
  RAIN
  LIGHT RAIN
  FOG


RELATIVE HUMIDITY (PERCENT)
 HIGHEST    96           500 PM
 LOWEST     71           900 AM
 AVERAGE    84

..........................................................


THE ASTORIA OR CLIMATE NORMALS FOR TOMORROW
                         NORMAL    RECORD    YEAR
 MAXIMUM TEMPERATURE (F)   58        83      1987
 MINIMUM TEMPERATURE (F)   42        30      1943


SUNRISE AND SUNSET
APRIL 25 2017.........SUNRISE   611 AM PDT   SUNSET   817 PM PDT
APRIL 26 2017.........SUNRISE   609 AM PDT   SUNSET   818 PM PDT


-  INDICATES NEGATIVE NUMBERS.
R  INDICATES RECORD WAS SET OR TIED.
MM INDICATES DATA IS MISSING.
T  INDICATES TRACE AMOUNT.




$$
