000
CDUS46 KPQR 301141
CLIAST


CLIMATE REPORT
NATIONAL WEATHER SERVICE PORTLAND OREGON
441 AM PDT WED JUL 30 2014


...................................

...THE ASTORIA OR CLIMATE SUMMARY FOR JULY 29 2014...

CLIMATE NORMAL PERIOD 1981 TO 2010
CLIMATE RECORD PERIOD 1892 TO 2014


WEATHER ITEM   OBSERVED TIME   RECORD YEAR NORMAL DEPARTURE LAST
                VALUE   (LST)  VALUE       VALUE  FROM      YEAR
                                                  NORMAL
..................................................................
TEMPERATURE (F)
 YESTERDAY
  MAXIMUM         70   1258 PM  88    1908  68      2       63
  MINIMUM         56    520 AM  44    1959  54      2       49
  AVERAGE         63                        61      2       56

PRECIPITATION (IN)
  YESTERDAY        0.00          0.65 1932   0.02  -0.02     0.00
  MONTH TO DATE    1.08                      0.98   0.10     0.01
  SINCE OCT 1     53.77                     63.91 -10.14    76.60
  SINCE JAN 1     41.61                     36.89   4.72    34.98

DEGREE DAYS
 HEATING
  YESTERDAY        2                         4     -2        9
  MONTH TO DATE  100                       140    -40      131
  SINCE JUN 1    280                       382   -102      312
  SINCE JUL 1    100                       140    -40      131

 COOLING
  YESTERDAY        0                         0      0        0
  MONTH TO DATE    8                         0      8        0
  SINCE JUN 1      8                         0      8        3
  SINCE JAN 1     19                         0     19        4
..................................................................


WIND (MPH)
  HIGHEST WIND SPEED    23   HIGHEST WIND DIRECTION    NW (310)
  HIGHEST GUST SPEED    28   HIGHEST GUST DIRECTION    NW (310)
  AVERAGE WIND SPEED    11.2


SKY COVER
  POSSIBLE SUNSHINE  MM
  AVERAGE SKY COVER 0.7


WEATHER CONDITIONS
 THE FOLLOWING WEATHER WAS RECORDED YESTERDAY.
  NO SIGNIFICANT WEATHER WAS OBSERVED.


RELATIVE HUMIDITY (PERCENT)
 HIGHEST    93          1200 AM
 LOWEST     66          1200 PM
 AVERAGE    80

..........................................................


THE ASTORIA OR CLIMATE NORMALS FOR TODAY
                         NORMAL    RECORD    YEAR
 MAXIMUM TEMPERATURE (F)   68        92      1959
 MINIMUM TEMPERATURE (F)   54        45      1949


SUNRISE AND SUNSET
JULY 30 2014..........SUNRISE   555 AM PDT   SUNSET   848 PM PDT
JULY 31 2014..........SUNRISE   556 AM PDT   SUNSET   847 PM PDT


-  INDICATES NEGATIVE NUMBERS.
R  INDICATES RECORD WAS SET OR TIED.
MM INDICATES DATA IS MISSING.
T  INDICATES TRACE AMOUNT.




$$
