000
CDUS46 KPQR 261141
CLIAST


CLIMATE REPORT
NATIONAL WEATHER SERVICE PORTLAND OREGON
440 AM PDT THU MAR 26 2015


...................................

...THE ASTORIA OR CLIMATE SUMMARY FOR MARCH 25 2015...

CLIMATE NORMAL PERIOD 1981 TO 2010
CLIMATE RECORD PERIOD 1892 TO 2015


WEATHER ITEM   OBSERVED TIME   RECORD YEAR NORMAL DEPARTURE LAST
                VALUE   (LST)  VALUE       VALUE  FROM      YEAR
                                                  NORMAL
..................................................................
TEMPERATURE (F)
 YESTERDAY
  MAXIMUM         56    534 PM  69    1934  55      1       56
  MINIMUM         48   1159 PM  27    1996  40      8       47
  AVERAGE         52                        47      5       52

PRECIPITATION (IN)
  YESTERDAY        0.40          1.30 1905   0.23   0.17     0.21
  MONTH TO DATE    5.95                      6.13  -0.18     8.20
  SINCE OCT 1     47.05                     50.54  -3.49    34.12
  SINCE JAN 1     21.43                     23.52  -2.09    21.96

DEGREE DAYS
 HEATING
  YESTERDAY       13                        18     -5       13
  MONTH TO DATE  390                       472    -82      421
  SINCE MAR 1    390                       472    -82      421
  SINCE JUL 1   2930                      3814   -884     3850

 COOLING
  YESTERDAY        0                         0      0        0
  MONTH TO DATE    0                         0      0        0
  SINCE MAR 1      0                         0      0        0
  SINCE JAN 1      0                         0      0        0
..................................................................


WIND (MPH)
  HIGHEST WIND SPEED    23   HIGHEST WIND DIRECTION     S (200)
  HIGHEST GUST SPEED    33   HIGHEST GUST DIRECTION    SW (210)
  AVERAGE WIND SPEED    11.9


SKY COVER
  POSSIBLE SUNSHINE  MM
  AVERAGE SKY COVER 0.9


WEATHER CONDITIONS
 THE FOLLOWING WEATHER WAS RECORDED YESTERDAY.
  RAIN
  LIGHT RAIN
  FOG


RELATIVE HUMIDITY (PERCENT)
 HIGHEST    93          1200 AM
 LOWEST     86           700 AM
 AVERAGE    90

..........................................................


THE ASTORIA OR CLIMATE NORMALS FOR TODAY
                         NORMAL    RECORD    YEAR
 MAXIMUM TEMPERATURE (F)   55        72      1994
 MINIMUM TEMPERATURE (F)   40        29      1996
                                             1991


SUNRISE AND SUNSET
MARCH 26 2015.........SUNRISE   707 AM PDT   SUNSET   736 PM PDT
MARCH 27 2015.........SUNRISE   705 AM PDT   SUNSET   737 PM PDT


-  INDICATES NEGATIVE NUMBERS.
R  INDICATES RECORD WAS SET OR TIED.
MM INDICATES DATA IS MISSING.
T  INDICATES TRACE AMOUNT.




$$
