000
CDUS46 KPQR 170221
CLIAST


CLIMATE REPORT
NATIONAL WEATHER SERVICE PORTLAND OREGON
721 PM PDT WED AUG 16 2017


...................................

...THE ASTORIA OR CLIMATE SUMMARY FOR AUGUST 16 2017...
VALID TODAY AS OF 0700 PM LOCAL TIME.

CLIMATE NORMAL PERIOD 1981 TO 2010
CLIMATE RECORD PERIOD 1892 TO 2017


WEATHER ITEM   OBSERVED TIME   RECORD YEAR NORMAL DEPARTURE LAST
                VALUE   (LST)  VALUE       VALUE  FROM      YEAR
                                                  NORMAL
..................................................................
TEMPERATURE (F)
 TODAY
  MAXIMUM         68    451 PM  90    1927  69     -1       65
  MINIMUM         54    406 AM  44    1973  53      1       57
                                      1969
  AVERAGE         61                        61      0       61

PRECIPITATION (IN)
  TODAY            0.00          1.36 1912   0.04  -0.04      T
  MONTH TO DATE    0.37                      0.46  -0.09     0.40
  SINCE OCT 1     93.91                     64.42  29.49    83.28
  SINCE JAN 1     50.04                     37.40  12.64    40.75

DEGREE DAYS
 HEATING
  TODAY            4                         4      0        4
  MONTH TO DATE   52                        64    -12       30
  SINCE JUN 1    400                       456    -56      267
  SINCE JUL 1    193                       214    -21       91

 COOLING
  TODAY            0                         0      0        0
  MONTH TO DATE   11                         0     11        7
  SINCE JUN 1     25                         3     22       15
  SINCE JAN 1     27                         3     24       18
..................................................................


WIND (MPH)
  HIGHEST WIND SPEED    14   HIGHEST WIND DIRECTION    NW (330)
  HIGHEST GUST SPEED    18   HIGHEST GUST DIRECTION    NW (300)
  AVERAGE WIND SPEED     8.3


SKY COVER
  POSSIBLE SUNSHINE  MM
  AVERAGE SKY COVER 0.9


WEATHER CONDITIONS
 THE FOLLOWING WEATHER WAS RECORDED TODAY.
  NO SIGNIFICANT WEATHER WAS OBSERVED.


RELATIVE HUMIDITY (PERCENT)
 HIGHEST    86           400 AM
 LOWEST     68           100 PM
 AVERAGE    77

..........................................................


THE ASTORIA OR CLIMATE NORMALS FOR TOMORROW
                         NORMAL    RECORD    YEAR
 MAXIMUM TEMPERATURE (F)   69        84      1946
 MINIMUM TEMPERATURE (F)   53        41      1973


SUNRISE AND SUNSET
AUGUST 16 2017........SUNRISE   616 AM PDT   SUNSET   822 PM PDT
AUGUST 17 2017........SUNRISE   618 AM PDT   SUNSET   820 PM PDT


-  INDICATES NEGATIVE NUMBERS.
R  INDICATES RECORD WAS SET OR TIED.
MM INDICATES DATA IS MISSING.
T  INDICATES TRACE AMOUNT.




$$
