894
CDUS46 KPQR 251144
CLIAST


CLIMATE REPORT
NATIONAL WEATHER SERVICE PORTLAND OREGON
344 AM PST SAT FEB 25 2017


...................................

...THE ASTORIA OR CLIMATE SUMMARY FOR FEBRUARY 24 2017...

CLIMATE NORMAL PERIOD 1981 TO 2010
CLIMATE RECORD PERIOD 1892 TO 2017


WEATHER ITEM   OBSERVED TIME   RECORD YEAR NORMAL DEPARTURE LAST
                VALUE   (LST)  VALUE       VALUE  FROM      YEAR
                                                  NORMAL
..................................................................
TEMPERATURE (F)
 YESTERDAY
  MAXIMUM         43    458 PM  64    1970  52     -9       56
  MINIMUM         33    522 AM  23    1962  37     -4       41
  AVERAGE         38                        45     -7       49

PRECIPITATION (IN)
  YESTERDAY        0.16          2.46 1961   0.25  -0.09     0.01
  MONTH TO DATE   11.12                      6.18   4.94     7.04
  SINCE OCT 1     60.80                     43.40  17.40    63.32
  SINCE JAN 1     16.93                     16.38   0.55    20.79

DEGREE DAYS
 HEATING
  YESTERDAY       27                        20      7       16
  MONTH TO DATE  513                       500     13      376
  SINCE DEC 1   2018                      1852    166     1540
  SINCE JUL 1   2881                      3265   -384     2540

 COOLING
  YESTERDAY        0                         0      0        0
  MONTH TO DATE    0                         0      0        0
  SINCE DEC 1      0                         0      0        0
  SINCE JAN 1      0                         0      0        0
..................................................................


WIND (MPH)
  HIGHEST WIND SPEED    14   HIGHEST WIND DIRECTION     E (70)
  HIGHEST GUST SPEED    18   HIGHEST GUST DIRECTION    NE (60)
  AVERAGE WIND SPEED     6.2


SKY COVER
  POSSIBLE SUNSHINE  MM
  AVERAGE SKY COVER 0.7


WEATHER CONDITIONS
 THE FOLLOWING WEATHER WAS RECORDED YESTERDAY.
  LIGHT RAIN
  LIGHT SNOW
  FOG


RELATIVE HUMIDITY (PERCENT)
 HIGHEST    96           800 AM
 LOWEST     70           500 PM
 AVERAGE    83

..........................................................


THE ASTORIA OR CLIMATE NORMALS FOR TODAY
                         NORMAL    RECORD    YEAR
 MAXIMUM TEMPERATURE (F)   52        67      1992
 MINIMUM TEMPERATURE (F)   37        24      1993
                                             1962


SUNRISE AND SUNSET
FEBRUARY 25 2017......SUNRISE   701 AM PST   SUNSET   557 PM PST
FEBRUARY 26 2017......SUNRISE   659 AM PST   SUNSET   558 PM PST


-  INDICATES NEGATIVE NUMBERS.
R  INDICATES RECORD WAS SET OR TIED.
MM INDICATES DATA IS MISSING.
T  INDICATES TRACE AMOUNT.




$$
