000
CDUS46 KPQR 260221
CLIAST


CLIMATE REPORT
NATIONAL WEATHER SERVICE PORTLAND OREGON
721 PM PDT MON MAY 25 2015


...................................

...THE ASTORIA OR CLIMATE SUMMARY FOR MAY 25 2015...
VALID TODAY AS OF 0700 PM LOCAL TIME.

CLIMATE NORMAL PERIOD 1981 TO 2010
CLIMATE RECORD PERIOD 1892 TO 2015


WEATHER ITEM   OBSERVED TIME   RECORD YEAR NORMAL DEPARTURE LAST
                VALUE   (LST)  VALUE       VALUE  FROM      YEAR
                                                  NORMAL
..................................................................
TEMPERATURE (F)
 TODAY
  MAXIMUM         64    233 PM  81    2005  62      2       63
  MINIMUM         51    543 AM  34    1967  47      4       48
  AVERAGE         58                        54      4       56

PRECIPITATION (IN)
  TODAY            0.03          1.50 1900   0.10  -0.07     0.25
  MONTH TO DATE    1.29                      2.72  -1.43     5.23
  SINCE OCT 1     52.28                     59.78  -7.50    50.09
  SINCE JAN 1     26.66                     32.76  -6.10    37.93

DEGREE DAYS
 HEATING
  TODAY            7                        11     -4        9
  MONTH TO DATE  265                       311    -46      206
  SINCE MAR 1   1195                      1378   -183     1159
  SINCE JUL 1   3735                      4720   -985     4588

 COOLING
  TODAY            0                         0      0        0
  MONTH TO DATE    0                         0      0        8
  SINCE MAR 1      2                         0      2       11
  SINCE JAN 1      2                         0      2       11
..................................................................


WIND (MPH)
  HIGHEST WIND SPEED    14   HIGHEST WIND DIRECTION     W (270)
  HIGHEST GUST SPEED    17   HIGHEST GUST DIRECTION     W (250)
  AVERAGE WIND SPEED     6.8


SKY COVER
  POSSIBLE SUNSHINE  MM
  AVERAGE SKY COVER 1.0


WEATHER CONDITIONS
 THE FOLLOWING WEATHER WAS RECORDED TODAY.
  LIGHT RAIN
  FOG
  HAZE


RELATIVE HUMIDITY (PERCENT)
 HIGHEST   100           600 AM
 LOWEST     75           200 PM
 AVERAGE    88

..........................................................


THE ASTORIA OR CLIMATE NORMALS FOR TOMORROW
                         NORMAL    RECORD    YEAR
 MAXIMUM TEMPERATURE (F)   62        81      1947
 MINIMUM TEMPERATURE (F)   47        37      1998
                                             1973


SUNRISE AND SUNSET
MAY 25 2015...........SUNRISE   533 AM PDT   SUNSET   853 PM PDT
MAY 26 2015...........SUNRISE   532 AM PDT   SUNSET   854 PM PDT


-  INDICATES NEGATIVE NUMBERS.
R  INDICATES RECORD WAS SET OR TIED.
MM INDICATES DATA IS MISSING.
T  INDICATES TRACE AMOUNT.




$$
