000
CDUS46 KPQR 040225
CLIAST


CLIMATE REPORT
NATIONAL WEATHER SERVICE PORTLAND OREGON
625 PM PST SAT DEC 3 2016


...................................

...THE ASTORIA OR CLIMATE SUMMARY FOR DECEMBER 3 2016...
VALID TODAY AS OF 0600 PM LOCAL TIME.

CLIMATE NORMAL PERIOD 1981 TO 2010
CLIMATE RECORD PERIOD 1892 TO 2016


WEATHER ITEM   OBSERVED TIME   RECORD YEAR NORMAL DEPARTURE LAST
                VALUE   (LST)  VALUE       VALUE  FROM      YEAR
                                                  NORMAL
..................................................................
TEMPERATURE (F)
 TODAY
  MAXIMUM         54   1254 PM  63    2015  50      4       63
                                      1979
  MINIMUM         45    747 AM  27    2013  37      8       49
  AVERAGE         50                        44      6       56

PRECIPITATION (IN)
  TODAY            0.09          4.00 1943   0.36  -0.27     0.91
  MONTH TO DATE    0.72                      1.08  -0.36     2.43
  SINCE OCT 1     34.24                     18.21  16.03    24.43
  SINCE JAN 1     77.22                     58.45  18.77    55.68

DEGREE DAYS
 HEATING
  TODAY           15                        21     -6        9
  MONTH TO DATE   49                        63    -14       43
  SINCE DEC 1     49                        63    -14       43
  SINCE JUL 1    912                      1476   -564     1043

 COOLING
  TODAY            0                         0      0        0
  MONTH TO DATE    0                         0      0        0
  SINCE DEC 1      0                         0      0        0
  SINCE JAN 1     62                        12     50       49
..................................................................


WIND (MPH)
  HIGHEST WIND SPEED    18   HIGHEST WIND DIRECTION     W (250)
  HIGHEST GUST SPEED    26   HIGHEST GUST DIRECTION    SW (240)
  AVERAGE WIND SPEED     4.8


SKY COVER
  POSSIBLE SUNSHINE  MM
  AVERAGE SKY COVER 1.0


WEATHER CONDITIONS
 THE FOLLOWING WEATHER WAS RECORDED TODAY.
  LIGHT RAIN


RELATIVE HUMIDITY (PERCENT)
 HIGHEST    83           500 AM
 LOWEST     64           100 PM
 AVERAGE    74

..........................................................


THE ASTORIA OR CLIMATE NORMALS FOR TOMORROW
                         NORMAL    RECORD    YEAR
 MAXIMUM TEMPERATURE (F)   50        63      1939
 MINIMUM TEMPERATURE (F)   37        23      2013


SUNRISE AND SUNSET
DECEMBER  3 2016......SUNRISE   740 AM PST   SUNSET   431 PM PST
DECEMBER  4 2016......SUNRISE   742 AM PST   SUNSET   430 PM PST


-  INDICATES NEGATIVE NUMBERS.
R  INDICATES RECORD WAS SET OR TIED.
MM INDICATES DATA IS MISSING.
T  INDICATES TRACE AMOUNT.




$$
