000
CDUS46 KPQR 101145
CLIAST


CLIMATE REPORT
NATIONAL WEATHER SERVICE PORTLAND OREGON
344 AM PST WED FEB 10 2016


...................................

...THE ASTORIA OR CLIMATE SUMMARY FOR FEBRUARY 9 2016...

CLIMATE NORMAL PERIOD 1981 TO 2010
CLIMATE RECORD PERIOD 1892 TO 2016


WEATHER ITEM   OBSERVED TIME   RECORD YEAR NORMAL DEPARTURE LAST
                VALUE   (LST)  VALUE       VALUE  FROM      YEAR
                                                  NORMAL
..................................................................
TEMPERATURE (F)
 YESTERDAY
  MAXIMUM         67R   338 PM  65    1963  51     16       55
  MINIMUM         44   1159 PM  13    1933  37      7       50
  AVERAGE         56                        44     12       53

PRECIPITATION (IN)
  YESTERDAY        0.00          2.72 1990   0.28  -0.28     0.51
  MONTH TO DATE    1.53                      2.43  -0.90     5.33
  SINCE OCT 1     57.81                     39.65  18.16    40.14
  SINCE JAN 1     15.28                     12.63   2.65    14.52

DEGREE DAYS
 HEATING
  YESTERDAY        9                        21    -12       12
  MONTH TO DATE  147                       189    -42      122
  SINCE DEC 1   1311                      1541   -230     1244
  SINCE JUL 1   2311                      2954   -643     2231

 COOLING
  YESTERDAY        0                         0      0        0
  MONTH TO DATE    0                         0      0        0
  SINCE DEC 1      0                         0      0        0
  SINCE JAN 1      0                         0      0        0
..................................................................


WIND (MPH)
  HIGHEST WIND SPEED    13   HIGHEST WIND DIRECTION     E (80)
  HIGHEST GUST SPEED    16   HIGHEST GUST DIRECTION     E (80)
  AVERAGE WIND SPEED     6.4


SKY COVER
  POSSIBLE SUNSHINE  MM
  AVERAGE SKY COVER 0.0


WEATHER CONDITIONS
 THE FOLLOWING WEATHER WAS RECORDED YESTERDAY.
  NO SIGNIFICANT WEATHER WAS OBSERVED.


RELATIVE HUMIDITY (PERCENT)
 HIGHEST    86          1100 PM
 LOWEST     44          1200 PM
 AVERAGE    65

..........................................................


THE ASTORIA OR CLIMATE NORMALS FOR TODAY
                         NORMAL    RECORD    YEAR
 MAXIMUM TEMPERATURE (F)   51        68      1963
 MINIMUM TEMPERATURE (F)   37        14      1933


SUNRISE AND SUNSET
FEBRUARY 10 2016......SUNRISE   727 AM PST   SUNSET   534 PM PST
FEBRUARY 11 2016......SUNRISE   725 AM PST   SUNSET   535 PM PST


-  INDICATES NEGATIVE NUMBERS.
R  INDICATES RECORD WAS SET OR TIED.
MM INDICATES DATA IS MISSING.
T  INDICATES TRACE AMOUNT.




$$
