000
CDUS46 KPQR 251142
CLIAST


CLIMATE REPORT
NATIONAL WEATHER SERVICE PORTLAND OREGON
442 AM PDT SAT OCT 25 2014


...................................

...THE ASTORIA OR CLIMATE SUMMARY FOR OCTOBER 24 2014...

CLIMATE NORMAL PERIOD 1981 TO 2010
CLIMATE RECORD PERIOD 1892 TO 2014


WEATHER ITEM   OBSERVED TIME   RECORD YEAR NORMAL DEPARTURE LAST
                VALUE   (LST)  VALUE       VALUE  FROM      YEAR
                                                  NORMAL
..................................................................
TEMPERATURE (F)
 YESTERDAY
  MAXIMUM         57    219 PM  75    1941  59     -2       53
  MINIMUM         48    427 AM  32    1954  43      5       50
  AVERAGE         53                        51      2       52

PRECIPITATION (IN)
  YESTERDAY        0.36          2.00 1934   0.24   0.12     0.00
  MONTH TO DATE    6.19                      4.16   2.03     1.92
  SINCE OCT 1      6.19                      4.16   2.03     1.92
  SINCE JAN 1     53.44                     44.40   9.04    48.97

DEGREE DAYS
 HEATING
  YESTERDAY       12                        14     -2       13
  MONTH TO DATE  137                       283   -146      311
  SINCE SEP 1    229                       483   -254      457
  SINCE JUL 1    387                       764   -377      704

 COOLING
  YESTERDAY        0                         0      0        0
  MONTH TO DATE    0                         0      0        0
  SINCE SEP 1     20                         5     15        3
  SINCE JAN 1     45                        12     33        9
..................................................................


WIND (MPH)
  HIGHEST WIND SPEED    17   HIGHEST WIND DIRECTION    NE (60)
  HIGHEST GUST SPEED    21   HIGHEST GUST DIRECTION    NE (60)
  AVERAGE WIND SPEED     6.7


SKY COVER
  POSSIBLE SUNSHINE  MM
  AVERAGE SKY COVER 0.5


WEATHER CONDITIONS
 THE FOLLOWING WEATHER WAS RECORDED YESTERDAY.
  LIGHT RAIN
  FOG


RELATIVE HUMIDITY (PERCENT)
 HIGHEST    93          1200 AM
 LOWEST     72           200 PM
 AVERAGE    83

..........................................................


THE ASTORIA OR CLIMATE NORMALS FOR TODAY
                         NORMAL    RECORD    YEAR
 MAXIMUM TEMPERATURE (F)   59        73      1901
 MINIMUM TEMPERATURE (F)   43        31      1942
                                             1939


SUNRISE AND SUNSET
OCTOBER 25 2014.......SUNRISE   747 AM PDT   SUNSET   612 PM PDT
OCTOBER 26 2014.......SUNRISE   748 AM PDT   SUNSET   610 PM PDT


-  INDICATES NEGATIVE NUMBERS.
R  INDICATES RECORD WAS SET OR TIED.
MM INDICATES DATA IS MISSING.
T  INDICATES TRACE AMOUNT.




$$
