000
CDUS46 KPQR 271211
CLIAST


CLIMATE REPORT
NATIONAL WEATHER SERVICE PORTLAND OREGON
511 AM PDT SAT AUG 27 2016


...................................

...THE ASTORIA OR CLIMATE SUMMARY FOR AUGUST 26 2016...

CLIMATE NORMAL PERIOD 1981 TO 2010
CLIMATE RECORD PERIOD 1892 TO 2016


WEATHER ITEM   OBSERVED TIME   RECORD YEAR NORMAL DEPARTURE LAST
                VALUE   (LST)  VALUE       VALUE  FROM      YEAR
                                                  NORMAL
..................................................................
TEMPERATURE (F)
 YESTERDAY
  MAXIMUM         91R   145 PM  91    2016  69     22       71
  MINIMUM         52   1131 PM  42    1991  52      0       50
  AVERAGE         72                        61     11       61

PRECIPITATION (IN)
  YESTERDAY        0.00          1.01 1997   0.05  -0.05     0.00
  MONTH TO DATE    0.40                      0.89  -0.49     0.10
  SINCE OCT 1     83.28                     64.85  18.43    53.50
  SINCE JAN 1     40.75                     37.83   2.92    27.88

DEGREE DAYS
 HEATING
  YESTERDAY        0                         4     -4        4
  MONTH TO DATE   46                       104    -58       40
  SINCE JUN 1    283                       496   -213      228
  SINCE JUL 1    107                       254   -147       79

 COOLING
  YESTERDAY        7                         0      7        0
  MONTH TO DATE   44                         0     44       16
  SINCE JUN 1     52                         3     49       41
  SINCE JAN 1     55                         3     52       43
..................................................................


WIND (MPH)
  HIGHEST WIND SPEED    16   HIGHEST WIND DIRECTION    SW (240)
  HIGHEST GUST SPEED    20   HIGHEST GUST DIRECTION    SW (240)
  AVERAGE WIND SPEED     5.1


SKY COVER
  POSSIBLE SUNSHINE  MM
  AVERAGE SKY COVER 0.1


WEATHER CONDITIONS
 THE FOLLOWING WEATHER WAS RECORDED YESTERDAY.
  FOG


RELATIVE HUMIDITY (PERCENT)
 HIGHEST    93           600 AM
 LOWEST     32           200 PM
 AVERAGE    63

..........................................................


THE ASTORIA OR CLIMATE NORMALS FOR TODAY
                         NORMAL    RECORD    YEAR
 MAXIMUM TEMPERATURE (F)   69        88      1894
 MINIMUM TEMPERATURE (F)   52        43      1955


SUNRISE AND SUNSET
AUGUST 27 2016........SUNRISE   631 AM PDT   SUNSET   802 PM PDT
AUGUST 28 2016........SUNRISE   632 AM PDT   SUNSET   800 PM PDT


-  INDICATES NEGATIVE NUMBERS.
R  INDICATES RECORD WAS SET OR TIED.
MM INDICATES DATA IS MISSING.
T  INDICATES TRACE AMOUNT.




$$
