000
CDUS46 KPQR 010222
CLIAST


CLIMATE REPORT
NATIONAL WEATHER SERVICE PORTLAND OREGON
722 PM PDT FRI SEP 30 2016


...................................

...THE ASTORIA OR CLIMATE SUMMARY FOR SEPTEMBER 30 2016...
VALID TODAY AS OF 0700 PM LOCAL TIME.

CLIMATE NORMAL PERIOD 1981 TO 2010
CLIMATE RECORD PERIOD 1892 TO 2016


WEATHER ITEM   OBSERVED TIME   RECORD YEAR NORMAL DEPARTURE LAST
                VALUE   (LST)  VALUE       VALUE  FROM      YEAR
                                                  NORMAL
..................................................................
TEMPERATURE (F)
 TODAY
  MAXIMUM         62   1132 AM  86    1987  65     -3       65
  MINIMUM         46    640 AM  34    1985  47     -1       48
  AVERAGE         54                        56     -2       57

PRECIPITATION (IN)
  TODAY            0.00          2.41 1953   0.10  -0.10     0.00
  MONTH TO DATE    2.13                      2.14  -0.01     2.13
  SINCE OCT 1     85.51                     67.26  18.25    56.87
  SINCE JAN 1     42.98                     40.24   2.74    31.25

DEGREE DAYS
 HEATING
  TODAY           11                         9      2        8
  MONTH TO DATE  133                       200    -67      172
  SINCE SEP 1    133                       200    -67      172
  SINCE JUL 1    254                       481   -227      260

 COOLING
  TODAY            0                         0      0        0
  MONTH TO DATE    7                         5      2        4
  SINCE SEP 1      7                         5      2        4
  SINCE JAN 1     62                        12     50       47
..................................................................


WIND (MPH)
  HIGHEST WIND SPEED    23   HIGHEST WIND DIRECTION    SW (220)
  HIGHEST GUST SPEED    28   HIGHEST GUST DIRECTION    SW (230)
  AVERAGE WIND SPEED     6.7


SKY COVER
  POSSIBLE SUNSHINE  MM
  AVERAGE SKY COVER 0.7


WEATHER CONDITIONS
 THE FOLLOWING WEATHER WAS RECORDED TODAY.
  FOG
  FOG W/VISIBILITY <= 1/4 MILE


RELATIVE HUMIDITY (PERCENT)
 HIGHEST   100           200 AM
 LOWEST     67          1200 PM
 AVERAGE    84

..........................................................


THE ASTORIA OR CLIMATE NORMALS FOR TOMORROW
                         NORMAL    RECORD    YEAR
 MAXIMUM TEMPERATURE (F)   65        78      1952
                                             1945
 MINIMUM TEMPERATURE (F)   47        35      1983


SUNRISE AND SUNSET
SEPTEMBER 30 2016.....SUNRISE   713 AM PDT   SUNSET   656 PM PDT
OCTOBER  1 2016.......SUNRISE   715 AM PDT   SUNSET   654 PM PDT


-  INDICATES NEGATIVE NUMBERS.
R  INDICATES RECORD WAS SET OR TIED.
MM INDICATES DATA IS MISSING.
T  INDICATES TRACE AMOUNT.




$$
