075
CDUS46 KPQR 240220
CLIAST


CLIMATE REPORT
NATIONAL WEATHER SERVICE PORTLAND OREGON
720 PM PDT MON OCT 23 2017


...................................

...THE ASTORIA OR CLIMATE SUMMARY FOR OCTOBER 23 2017...
VALID TODAY AS OF 0700 PM LOCAL TIME.

CLIMATE NORMAL PERIOD 1981 TO 2010
CLIMATE RECORD PERIOD 1892 TO 2017


WEATHER ITEM   OBSERVED TIME   RECORD YEAR NORMAL DEPARTURE LAST
                VALUE   (LST)  VALUE       VALUE  FROM      YEAR
                                                  NORMAL
..................................................................
TEMPERATURE (F)
 TODAY
  MAXIMUM         66    253 PM  79    1929  59      7       63
  MINIMUM         44    350 AM  34    1991  43      1       51
                                      1954
  AVERAGE         55                        51      4       57

PRECIPITATION (IN)
  TODAY            0.00          1.48 1900   0.24  -0.24     0.07
  MONTH TO DATE    8.82                      3.92   4.90    13.65
  SINCE OCT 1      8.82                      3.92   4.90    13.65
  SINCE JAN 1     62.03                     44.16  17.87    56.63

DEGREE DAYS
 HEATING
  TODAY           10                        14     -4        8
  MONTH TO DATE  301                       269     32      201
  SINCE SEP 1    445                       469    -24      334
  SINCE JUL 1    685                       750    -65      455

 COOLING
  TODAY            0                         0      0        0
  MONTH TO DATE    0                         0      0        0
  SINCE SEP 1     22                         5     17        7
  SINCE JAN 1     55                        12     43       62
..................................................................


WIND (MPH)
  HIGHEST WIND SPEED     9   HIGHEST WIND DIRECTION    NE (60)
  HIGHEST GUST SPEED    16   HIGHEST GUST DIRECTION     N (360)
  AVERAGE WIND SPEED     3.9


SKY COVER
  POSSIBLE SUNSHINE  MM
  AVERAGE SKY COVER 0.2


WEATHER CONDITIONS
 THE FOLLOWING WEATHER WAS RECORDED TODAY.
  FOG
  FOG W/VISIBILITY <= 1/4 MILE


RELATIVE HUMIDITY (PERCENT)
 HIGHEST   100           100 AM
 LOWEST     63           100 PM
 AVERAGE    82

..........................................................


THE ASTORIA OR CLIMATE NORMALS FOR TOMORROW
                         NORMAL    RECORD    YEAR
 MAXIMUM TEMPERATURE (F)   59        75      1941
 MINIMUM TEMPERATURE (F)   43        32      1954


SUNRISE AND SUNSET
OCTOBER 23 2017.......SUNRISE   744 AM PDT   SUNSET   615 PM PDT
OCTOBER 24 2017.......SUNRISE   746 AM PDT   SUNSET   613 PM PDT


-  INDICATES NEGATIVE NUMBERS.
R  INDICATES RECORD WAS SET OR TIED.
MM INDICATES DATA IS MISSING.
T  INDICATES TRACE AMOUNT.




$$
