000
CDUS46 KPQR 040257
CLIAST


CLIMATE REPORT
NATIONAL WEATHER SERVICE PORTLAND OREGON
757 PM PDT THU SEP 3 2015


...................................

...THE ASTORIA OR CLIMATE SUMMARY FOR SEPTEMBER 3 2015...
VALID TODAY AS OF 0700 PM LOCAL TIME.

CLIMATE NORMAL PERIOD 1981 TO 2010
CLIMATE RECORD PERIOD 1892 TO 2015


WEATHER ITEM   OBSERVED TIME   RECORD YEAR NORMAL DEPARTURE LAST
                VALUE   (LST)  VALUE       VALUE  FROM      YEAR
                                                  NORMAL
..................................................................
TEMPERATURE (F)
 TODAY
  MAXIMUM         66    255 PM  85    1953  69     -3       66
  MINIMUM         46    609 AM  39    1956  52     -6       50
  AVERAGE         56                        60     -4       58

PRECIPITATION (IN)
  TODAY            0.00          1.83 1979   0.07  -0.07     0.00
  MONTH TO DATE    0.98                      0.18   0.80     0.03
  SINCE OCT 1     55.72                     65.30  -9.58    54.50
  SINCE JAN 1     30.10                     38.28  -8.18    42.34

DEGREE DAYS
 HEATING
  TODAY            9                         5      4        7
  MONTH TO DATE   19                        15      4       10
  SINCE SEP 1     19                        15      4       10
  SINCE JUL 1    107                       296   -189      173

 COOLING
  TODAY            0                         0      0        0
  MONTH TO DATE    0                         0      0        0
  SINCE SEP 1      0                         0      0        0
  SINCE JAN 1     43                         7     36       25
..................................................................


WIND (MPH)
  HIGHEST WIND SPEED    14   HIGHEST WIND DIRECTION     W (250)
  HIGHEST GUST SPEED    19   HIGHEST GUST DIRECTION     W (270)
  AVERAGE WIND SPEED     6.7


SKY COVER
  POSSIBLE SUNSHINE  MM
  AVERAGE SKY COVER 0.2


WEATHER CONDITIONS
 THE FOLLOWING WEATHER WAS RECORDED TODAY.
  FOG


RELATIVE HUMIDITY (PERCENT)
 HIGHEST   100          1200 AM
 LOWEST     52           300 PM
 AVERAGE    76

..........................................................


THE ASTORIA OR CLIMATE NORMALS FOR TOMORROW
                         NORMAL    RECORD    YEAR
 MAXIMUM TEMPERATURE (F)   69        92      1955
 MINIMUM TEMPERATURE (F)   51        41      1956


SUNRISE AND SUNSET
SEPTEMBER  3 2015.....SUNRISE   638 AM PDT   SUNSET   750 PM PDT
SEPTEMBER  4 2015.....SUNRISE   640 AM PDT   SUNSET   749 PM PDT


-  INDICATES NEGATIVE NUMBERS.
R  INDICATES RECORD WAS SET OR TIED.
MM INDICATES DATA IS MISSING.
T  INDICATES TRACE AMOUNT.




$$
