000
CDUS42 KFFC 250029
CLIATL


CLIMATE REPORT
NATIONAL WEATHER SERVICE PEACHTREE CITY GA
828 PM EDT SUN JUL 24 2016


...................................

...THE ATLANTA CLIMATE SUMMARY FOR JULY 24 2016...
VALID AS OF 0800 PM LOCAL TIME.

CLIMATE NORMAL PERIOD 1981 TO 2010
CLIMATE RECORD PERIOD 1878 TO 2016


WEATHER ITEM   OBSERVED TIME   RECORD YEAR NORMAL DEPARTURE LAST
                VALUE   (LST)  VALUE       VALUE  FROM      YEAR
                                                  NORMAL
..................................................................
TEMPERATURE (F)
 TODAY
  MAXIMUM         96    400 PM 100    1993  89      7       91
                                      1952
  MINIMUM         75    606 AM  61    1947  71      4       74
  AVERAGE         86                        80      6       83

PRECIPITATION (IN)
  TODAY            T             2.72 1963   0.16  -0.16     0.00
  MONTH TO DATE    2.05                      4.22  -2.17     4.87
  SINCE JUN 1      5.31                      8.17  -2.86    11.78
  SINCE JAN 1     24.45                     28.88  -4.43    35.50

SNOWFALL (IN)
  TODAY            0.0           0.0  2002   0.0    0.0      0.0
                                      2001
  MONTH TO DATE    0.0                       0.0    0.0      0.0
  SINCE JUN 1      0.0                       0.0    0.0      0.0
  SINCE JUL 1      0.0                       0.0    0.0      0.0
  SNOW DEPTH       0

DEGREE DAYS
 HEATING
  TODAY            0                         0      0        0
  MONTH TO DATE    0                         0      0        0
  SINCE JUN 1      0                         2     -2        0
  SINCE JUL 1      0                         0      0        0

 COOLING
  TODAY           21                        15      6       18
  MONTH TO DATE  447                       360     87      385
  SINCE JUN 1    936                       731    205      831
  SINCE JAN 1   1265                       981    284     1190
..................................................................


WIND (MPH)
  RESULTANT WIND SPEED   2   RESULTANT WIND DIRECTION  SW (210)
  HIGHEST WIND SPEED    15   HIGHEST WIND DIRECTION    SW (220)
  HIGHEST GUST SPEED    22   HIGHEST GUST DIRECTION    SW (220)
  AVERAGE WIND SPEED     4.9


SKY COVER
  AVERAGE SKY COVER 0.5


WEATHER CONDITIONS
 THE FOLLOWING WEATHER WAS RECORDED TODAY.
  HAZE


RELATIVE HUMIDITY (PERCENT)
 HIGHEST    94           500 AM
 LOWEST     36           600 PM

..........................................................


THE ATLANTA CLIMATE NORMALS FOR TOMORROW
                         NORMAL    RECORD    YEAR
 MAXIMUM TEMPERATURE (F)   89       102      1995
 MINIMUM TEMPERATURE (F)   71        60      1882


SUNRISE AND SUNSET
JULY 24 2016..........SUNRISE   645 AM EDT   SUNSET   843 PM EDT
JULY 25 2016..........SUNRISE   645 AM EDT   SUNSET   843 PM EDT


-  INDICATES NEGATIVE NUMBERS.
R  INDICATES RECORD WAS SET OR TIED.
MM INDICATES DATA IS MISSING.
T  INDICATES TRACE AMOUNT.




$$
