000
CDUS42 KFFC 070922
CLIATL


CLIMATE REPORT
NATIONAL WEATHER SERVICE PEACHTREE CITY GA
420 AM EST SUN FEB 7 2016


...................................

...THE ATLANTA CLIMATE SUMMARY FOR FEBRUARY 6 2016...

CLIMATE NORMAL PERIOD 1981 TO 2010
CLIMATE RECORD PERIOD 1878 TO 2016


WEATHER ITEM   OBSERVED TIME   RECORD YEAR NORMAL DEPARTURE LAST
                VALUE   (LST)  VALUE       VALUE  FROM      YEAR
                                                  NORMAL
..................................................................
TEMPERATURE (F)
 YESTERDAY
  MAXIMUM         51    416 PM  73    1999  55     -4       53
                                      1927
  MINIMUM         31    700 AM  13    1917  36     -5       26
  AVERAGE         41                        45     -4       40

PRECIPITATION (IN)
  YESTERDAY        0.00          2.68 1958   0.17  -0.17     0.00
  MONTH TO DATE    2.13                      1.01   1.12     0.93
  SINCE DEC 1     19.78                      9.11  10.67    10.80
  SINCE JAN 1      7.27                      5.21   2.06     5.29

SNOWFALL (IN)
  YESTERDAY        0.0           T    2010   0.0    0.0      0.0
                                      2006
  MONTH TO DATE    0.0                       0.1   -0.1      0.0
  SINCE DEC 1      0.3                       1.8   -1.5      0.0
  SINCE JUL 1      0.3                       1.8   -1.5      0.0
  SNOW DEPTH       0

DEGREE DAYS
 HEATING
  YESTERDAY       24                        20      4       25
  MONTH TO DATE   75                       120    -45      136
  SINCE DEC 1   1013                      1406   -393     1264
  SINCE JUL 1   1317                      1874   -557     1811

 COOLING
  YESTERDAY        0                         0      0        0
  MONTH TO DATE    0                         0      0        0
  SINCE DEC 1     22                         1     21        0
  SINCE JAN 1      0                         0      0        0
..................................................................


WIND (MPH)
  RESULTANT WIND SPEED   5   RESULTANT WIND DIRECTION  NE (40)
  HIGHEST WIND SPEED    16   HIGHEST WIND DIRECTION     N (340)
  HIGHEST GUST SPEED    19   HIGHEST GUST DIRECTION     N (340)
  AVERAGE WIND SPEED     6.8


SKY COVER
  AVERAGE SKY COVER 0.6


WEATHER CONDITIONS
 THE FOLLOWING WEATHER WAS RECORDED YESTERDAY.
  NO SIGNIFICANT WEATHER WAS OBSERVED.


RELATIVE HUMIDITY (PERCENT)
 HIGHEST    59           600 AM
 LOWEST     24           500 PM
 AVERAGE    42

..........................................................


THE ATLANTA CLIMATE NORMALS FOR TODAY
                         NORMAL    RECORD    YEAR
 MAXIMUM TEMPERATURE (F)   55        72      1937
                                             1927
 MINIMUM TEMPERATURE (F)   36         7      1895


SUNRISE AND SUNSET
FEBRUARY  7 2016......SUNRISE   730 AM EST   SUNSET   614 PM EST
FEBRUARY  8 2016......SUNRISE   729 AM EST   SUNSET   615 PM EST


-  INDICATES NEGATIVE NUMBERS.
R  INDICATES RECORD WAS SET OR TIED.
MM INDICATES DATA IS MISSING.
T  INDICATES TRACE AMOUNT.




$$
