718
CDUS42 KFFC 200921
CLIATL


CLIMATE REPORT
NATIONAL WEATHER SERVICE PEACHTREE CITY GA
420 AM EST MON FEB 20 2017


...................................

...THE ATLANTA CLIMATE SUMMARY FOR FEBRUARY 19 2017...

CLIMATE NORMAL PERIOD 1981 TO 2010
CLIMATE RECORD PERIOD 1878 TO 2017


WEATHER ITEM   OBSERVED TIME   RECORD YEAR NORMAL DEPARTURE LAST
                VALUE   (LST)  VALUE       VALUE  FROM      YEAR
                                                  NORMAL
..................................................................
TEMPERATURE (F)
 YESTERDAY
  MAXIMUM         68    508 PM  78    1891  58     10       65
  MINIMUM         52    556 AM  13    1958  39     13       40
  AVERAGE         60                        48     12       53

PRECIPITATION (IN)
  YESTERDAY        0.00          1.47 1917   0.17  -0.17     0.00
  MONTH TO DATE    1.37                      3.18  -1.81     3.70
  SINCE DEC 1     12.55                     11.28   1.27    21.35
  SINCE JAN 1      9.55                      7.38   2.17     8.84

SNOWFALL (IN)
  YESTERDAY        0.0           T    2006   0.0    0.0      0.0
  MONTH TO DATE    0.0                       0.3   -0.3       T
  SINCE DEC 1      T                         2.0   -2.0      0.3
  SINCE JUL 1      T                         2.0   -2.0      0.3
  SNOW DEPTH       0

DEGREE DAYS
 HEATING
  YESTERDAY        5                        17    -12       12
  MONTH TO DATE  197                       357   -160      362
  SINCE DEC 1   1086                      1643   -557     1300
  SINCE JUL 1   1308                      2111   -803     1604

 COOLING
  YESTERDAY        0                         0      0        0
  MONTH TO DATE    0                         0      0        0
  SINCE DEC 1      2                         1      1       22
  SINCE JAN 1      2                         0      2        0
..................................................................


WIND (MPH)
  RESULTANT WIND SPEED   7   RESULTANT WIND DIRECTION  NW (330)
  HIGHEST WIND SPEED    20   HIGHEST WIND DIRECTION    NW (320)
  HIGHEST GUST SPEED    23   HIGHEST GUST DIRECTION    NW (320)
  AVERAGE WIND SPEED     8.2


SKY COVER
  AVERAGE SKY COVER 0.5


WEATHER CONDITIONS
 THE FOLLOWING WEATHER WAS RECORDED YESTERDAY.
  FOG


RELATIVE HUMIDITY (PERCENT)
 HIGHEST   100           500 AM
 LOWEST     48           500 PM
 AVERAGE    74

..........................................................


THE ATLANTA CLIMATE NORMALS FOR TODAY
                         NORMAL    RECORD    YEAR
 MAXIMUM TEMPERATURE (F)   58        78      1986
 MINIMUM TEMPERATURE (F)   39        16      2015
                                             1934


SUNRISE AND SUNSET
FEBRUARY 20 2017......SUNRISE   716 AM EST   SUNSET   627 PM EST
FEBRUARY 21 2017......SUNRISE   715 AM EST   SUNSET   628 PM EST


-  INDICATES NEGATIVE NUMBERS.
R  INDICATES RECORD WAS SET OR TIED.
MM INDICATES DATA IS MISSING.
T  INDICATES TRACE AMOUNT.




$$
