000
CDUS42 KFFC 020023
CLIATL


CLIMATE REPORT
NATIONAL WEATHER SERVICE PEACHTREE CITY GA
823 PM EDT WED OCT 1 2014


...................................

...THE ATLANTA CLIMATE SUMMARY FOR OCTOBER 1 2014...
VALID AS OF 0800 PM LOCAL TIME.

CLIMATE NORMAL PERIOD 1981 TO 2010
CLIMATE RECORD PERIOD 1878 TO 2014


WEATHER ITEM   OBSERVED TIME   RECORD YEAR NORMAL DEPARTURE LAST
                VALUE   (LST)  VALUE       VALUE  FROM      YEAR
                                                  NORMAL
..................................................................
TEMPERATURE (F)
 TODAY
  MAXIMUM         86    246 PM  89    1954  77      9       82
                                      1926
                                      1911
  MINIMUM         64    700 AM  40    1924  59      5       59
  AVERAGE         75                        68      7       71

PRECIPITATION (IN)
  TODAY            0.00          3.92 1985   0.15  -0.15     0.00
  MONTH TO DATE    0.00                      0.15  -0.15     0.00
  SINCE SEP 1      0.75                      4.62  -3.87     2.74
  SINCE JAN 1     34.72                     38.45  -3.73    53.78

SNOWFALL (IN)
  TODAY            0.0           0.0  2002   0.0    0.0      0.0
                                      2001
  MONTH TO DATE    0.0                       0.0    0.0      0.0
  SINCE SEP 1      0.0                       0.0    0.0      0.0
  SINCE JUL 1      0.0                       0.0    0.0      0.0
  SNOW DEPTH       0

DEGREE DAYS
 HEATING
  TODAY            0                         1     -1        0
  MONTH TO DATE    0                         1     -1        0
  SINCE SEP 1      0                        12    -12        0
  SINCE JUL 1      0                        12    -12        1

 COOLING
  TODAY           10                         4      6        6
  MONTH TO DATE   10                         4      6        6
  SINCE SEP 1    341                       270     71      295
  SINCE JAN 1   1879                      1809     70     1677
..................................................................


WIND (MPH)
  RESULTANT WIND SPEED   1   RESULTANT WIND DIRECTION  SW (240)
  HIGHEST WIND SPEED    10   HIGHEST WIND DIRECTION    SE (150)
  HIGHEST GUST SPEED    13   HIGHEST GUST DIRECTION     S (180)
  AVERAGE WIND SPEED     3.3


SKY COVER
  AVERAGE SKY COVER 0.5


WEATHER CONDITIONS
 THE FOLLOWING WEATHER WAS RECORDED TODAY.
  NO SIGNIFICANT WEATHER WAS OBSERVED.


RELATIVE HUMIDITY (PERCENT)
 HIGHEST    93           100 AM
 LOWEST     40           300 PM

..........................................................


THE ATLANTA CLIMATE NORMALS FOR TOMORROW
                         NORMAL    RECORD    YEAR
 MAXIMUM TEMPERATURE (F)   77        89      1986
                                             1910
 MINIMUM TEMPERATURE (F)   59        42      1895


SUNRISE AND SUNSET
OCTOBER  1 2014.......SUNRISE   732 AM EDT   SUNSET   722 PM EDT
OCTOBER  2 2014.......SUNRISE   733 AM EDT   SUNSET   721 PM EDT


-  INDICATES NEGATIVE NUMBERS.
R  INDICATES RECORD WAS SET OR TIED.
MM INDICATES DATA IS MISSING.
T  INDICATES TRACE AMOUNT.




$$
