000
CDUS42 KFFC 182136
CLIATL


CLIMATE REPORT
NATIONAL WEATHER SERVICE PEACHTREE CITY GA
435 PM EST MON DEC 18 2017


...................................

...THE ATLANTA CLIMATE SUMMARY FOR DECEMBER 18 2017...
VALID TODAY AS OF 0400 PM LOCAL TIME.

CLIMATE NORMAL PERIOD 1981 TO 2010
CLIMATE RECORD PERIOD 1878 TO 2017


WEATHER ITEM   OBSERVED TIME   RECORD YEAR NORMAL DEPARTURE LAST
                VALUE   (LST)  VALUE       VALUE  FROM      YEAR
                                                  NORMAL
..................................................................
TEMPERATURE (F)
 TODAY
  MAXIMUM         62    217 PM  74    1984  53      9       72
  MINIMUM         47    626 AM   9    1901  36     11       33
  AVERAGE         55                        44     11       53

PRECIPITATION (IN)
  TODAY            0.00          1.89 2009   0.11  -0.11     0.14
  MONTH TO DATE    1.89                      2.34  -0.45     2.20
  SINCE DEC 1      1.89                      2.34  -0.45     2.20
  SINCE JAN 1     49.99                     48.15   1.84    37.89

SNOWFALL (IN)
  TODAY            0.0           0.0  2001   0.0    0.0      0.0
  MONTH TO DATE    2.3                       0.1    2.2      0.0
  SINCE DEC 1      2.3                       0.1    2.2      0.0
  SINCE JUL 1      2.3                       0.1    2.2      0.0
  SNOW DEPTH       0

DEGREE DAYS
 HEATING
  TODAY           10                        21    -11       12
  MONTH TO DATE  316                       335    -19      323
  SINCE DEC 1    316                       335    -19      323
  SINCE JUL 1    713                       803    -90      545

 COOLING
  TODAY            0                         0      0        0
  MONTH TO DATE    0                         0      0        0
  SINCE DEC 1      0                         0      0        0
  SINCE JAN 1   2165                      1882    283     2561
..................................................................


WIND (MPH)
  HIGHEST WIND SPEED    12   HIGHEST WIND DIRECTION     W (280)
  HIGHEST GUST SPEED    15   HIGHEST GUST DIRECTION     W (270)
  AVERAGE WIND SPEED     3.2


SKY COVER
  POSSIBLE SUNSHINE  MM
  AVERAGE SKY COVER 0.9


WEATHER CONDITIONS
 THE FOLLOWING WEATHER WAS RECORDED TODAY.
  FOG
  FOG W/VISIBILITY <= 1/4 MILE


RELATIVE HUMIDITY (PERCENT)
 HIGHEST   100          1200 AM
 LOWEST     78           200 PM
 AVERAGE    89

..........................................................


THE ATLANTA CLIMATE NORMALS FOR TOMORROW
                         NORMAL    RECORD    YEAR
 MAXIMUM TEMPERATURE (F)   53        74      1984
 MINIMUM TEMPERATURE (F)   36        11      1981
                                             1963
                                             1884


SUNRISE AND SUNSET
DECEMBER 18 2017......SUNRISE   737 AM EST   SUNSET   532 PM EST
DECEMBER 19 2017......SUNRISE   737 AM EST   SUNSET   533 PM EST


-  INDICATES NEGATIVE NUMBERS.
R  INDICATES RECORD WAS SET OR TIED.
MM INDICATES DATA IS MISSING.
T  INDICATES TRACE AMOUNT.




$$
