000
CDUS42 KFFC 030836
CLIATL


CLIMATE REPORT
NATIONAL WEATHER SERVICE PEACHTREE CITY GA
436 AM EDT TUE MAY 3 2016


...................................

...THE ATLANTA CLIMATE SUMMARY FOR MAY 2 2016...

CLIMATE NORMAL PERIOD 1981 TO 2010
CLIMATE RECORD PERIOD 1878 TO 2016


WEATHER ITEM   OBSERVED TIME   RECORD YEAR NORMAL DEPARTURE LAST
                VALUE   (LST)  VALUE       VALUE  FROM      YEAR
                                                  NORMAL
..................................................................
TEMPERATURE (F)
 YESTERDAY
  MAXIMUM         83    325 PM  90    1990  77      6       77
                                      1959
                                      1942
  MINIMUM         66    208 AM  39    1909  56     10       52
  AVERAGE         75                        66      9       65

PRECIPITATION (IN)
  YESTERDAY        T             2.31 1964   0.13  -0.13     0.00
  MONTH TO DATE    0.21                      0.25  -0.04     0.00
  SINCE MAR 1      5.57                      8.42  -2.85    10.77
  SINCE JAN 1     18.10                     17.29   0.81    19.28

DEGREE DAYS
 HEATING
  YESTERDAY        0                         2     -2        0
  MONTH TO DATE    0                         4     -4        6
  SINCE MAR 1    265                       489   -224      298
  SINCE JUL 1   1980                      2744   -764     2656

 COOLING
  YESTERDAY       10                         3      7        0
  MONTH TO DATE   20                         6     14        0
  SINCE MAR 1    132                        71     61       96
  SINCE JAN 1    132                        72     60       96
..................................................................


WIND (MPH)
  RESULTANT WIND SPEED   5   RESULTANT WIND DIRECTION  SW (220)
  HIGHEST WIND SPEED    24   HIGHEST WIND DIRECTION    NW (310)
  HIGHEST GUST SPEED    28   HIGHEST GUST DIRECTION    NW (310)
  AVERAGE WIND SPEED     6.5


SKY COVER
  AVERAGE SKY COVER 0.8


WEATHER CONDITIONS
 THE FOLLOWING WEATHER WAS RECORDED YESTERDAY.
  LIGHT RAIN


RELATIVE HUMIDITY (PERCENT)
 HIGHEST    93          1200 AM
 LOWEST     47           400 PM
 AVERAGE    70

..........................................................


THE ATLANTA CLIMATE NORMALS FOR TODAY
                         NORMAL    RECORD    YEAR
 MAXIMUM TEMPERATURE (F)   77        91      1952
 MINIMUM TEMPERATURE (F)   57        40      1971


SUNRISE AND SUNSET
MAY  3 2016...........SUNRISE   647 AM EDT   SUNSET   823 PM EDT
MAY  4 2016...........SUNRISE   646 AM EDT   SUNSET   824 PM EDT


-  INDICATES NEGATIVE NUMBERS.
R  INDICATES RECORD WAS SET OR TIED.
MM INDICATES DATA IS MISSING.
T  INDICATES TRACE AMOUNT.




$$
