000
CDUS42 KFFC 230820
CLIATL


CLIMATE REPORT
NATIONAL WEATHER SERVICE PEACHTREE CITY GA
419 AM EDT WED JUL 23 2014


...................................

...THE ATLANTA CLIMATE SUMMARY FOR JULY 22 2014...

CLIMATE NORMAL PERIOD 1981 TO 2010
CLIMATE RECORD PERIOD 1878 TO 2014


WEATHER ITEM   OBSERVED TIME   RECORD YEAR NORMAL DEPARTURE LAST
                VALUE   (LST)  VALUE       VALUE  FROM      YEAR
                                                  NORMAL
..................................................................
TEMPERATURE (F)
 YESTERDAY
  MAXIMUM         83    512 PM 102    1993  89     -6       85
  MINIMUM         71    500 AM  59    1947  71      0       71
  AVERAGE         77                        80     -3       78

PRECIPITATION (IN)
  YESTERDAY        T             1.68 1964   0.17  -0.17     0.11
  MONTH TO DATE    3.79                      3.90  -0.11     6.85
  SINCE JUN 1      8.89                      7.85   1.04    16.42
  SINCE JAN 1     27.36                     28.56  -1.20    44.17

DEGREE DAYS
 HEATING
  YESTERDAY        0                         0      0        0
  MONTH TO DATE    0                         0      0        0
  SINCE JUN 1      0                         2     -2        0
  SINCE JUL 1      0                         0      0        0

 COOLING
  YESTERDAY       12                        15     -3       13
  MONTH TO DATE  291                       330    -39      280
  SINCE JUN 1    696                       701     -5      663
  SINCE JAN 1    979                       951     28      871
..................................................................


WIND (MPH)
  RESULTANT WIND SPEED   4   RESULTANT WIND DIRECTION   E (100)
  HIGHEST WIND SPEED    12   HIGHEST WIND DIRECTION     E (80)
  HIGHEST GUST SPEED    15   HIGHEST GUST DIRECTION     E (110)
  AVERAGE WIND SPEED     4.3


SKY COVER
  AVERAGE SKY COVER 0.8


WEATHER CONDITIONS
 THE FOLLOWING WEATHER WAS RECORDED YESTERDAY.
  LIGHT RAIN


RELATIVE HUMIDITY (PERCENT)
 HIGHEST    93           200 AM
 LOWEST     65           500 PM
 AVERAGE    79

..........................................................


THE ATLANTA CLIMATE NORMALS FOR TODAY
                         NORMAL    RECORD    YEAR
 MAXIMUM TEMPERATURE (F)   89       100      1952
 MINIMUM TEMPERATURE (F)   71        60      1947


SUNRISE AND SUNSET
JULY 23 2014..........SUNRISE   644 AM EDT   SUNSET   844 PM EDT
JULY 24 2014..........SUNRISE   644 AM EDT   SUNSET   844 PM EDT


-  INDICATES NEGATIVE NUMBERS.
R  INDICATES RECORD WAS SET OR TIED.
MM INDICATES DATA IS MISSING.
T  INDICATES TRACE AMOUNT.




$$
