000
CDUS44 KEWX 040015
CLIATT


CLIMATE REPORT
NATIONAL WEATHER SERVICE AUSTIN/SAN ANTONIO, TX
614 PM CST SAT DEC 3 2016


...................................

...THE AUSTIN CAMP MABRY CLIMATE SUMMARY FOR DECEMBER 3 2016...
VALID TODAY AS OF 600 PM LOCAL TIME.

CLIMATE NORMAL PERIOD 1981 TO 2010
CLIMATE RECORD PERIOD 1897 TO 2016


WEATHER ITEM   OBSERVED TIME   RECORD YEAR NORMAL DEPARTURE LAST
                VALUE   (LST)  VALUE       VALUE  FROM      YEAR
                                                  NORMAL
..................................................................
TEMPERATURE (F)
 TODAY
  MAXIMUM         52    444 PM  86    1995  65    -13       63
  MINIMUM         49    848 AM  22    1929  45      4       40
  AVERAGE         51                        55     -4       52

PRECIPITATION (IN)
  TODAY            1.27          6.34 1913   0.08   1.19     0.00
  MONTH TO DATE    1.49                      0.23   1.26     0.00
  SINCE DEC 1      1.49                      0.23   1.26     0.00
  SINCE JAN 1     37.80                     32.15   5.65    56.96

SNOWFALL (IN)
  TODAY           MM
  MONTH TO DATE    0.0
  SINCE DEC 1      0.0
  SINCE JUL 1      0.0
  SNOW DEPTH       0

DEGREE DAYS
 HEATING
  TODAY           14                        11      3       13
  MONTH TO DATE   33                        32      1       35
  SINCE DEC 1     33                        32      1       35
  SINCE JUL 1     93                       244   -151      195

 COOLING
  TODAY            0                         1     -1        0
  MONTH TO DATE    0                         3     -3        0
  SINCE DEC 1      0                         3     -3        0
  SINCE JAN 1   3450                      3129    321     3364
..................................................................


WIND (MPH)
  HIGHEST WIND SPEED     7   HIGHEST WIND DIRECTION     N (20)
  HIGHEST GUST SPEED    MM   HIGHEST GUST DIRECTION    MM
  AVERAGE WIND SPEED     5.0


SKY COVER
  AVERAGE SKY COVER 0.8


WEATHER CONDITIONS
 THE FOLLOWING WEATHER WAS RECORDED TODAY.
  HEAVY RAIN
  RAIN
  LIGHT RAIN
  FOG


RELATIVE HUMIDITY (PERCENT)
 HIGHEST   100           600 AM
 LOWEST     89           100 PM
 AVERAGE    95

..........................................................


THE AUSTIN CAMP MABRY CLIMATE NORMALS FOR TOMORROW
                         NORMAL    RECORD    YEAR
 MAXIMUM TEMPERATURE (F)   65        84      1977
                                             1954
 MINIMUM TEMPERATURE (F)   44        23      1898


SUNRISE AND SUNSET
DECEMBER  3 2016......SUNRISE   712 AM CST   SUNSET   530 PM CST
DECEMBER  4 2016......SUNRISE   712 AM CST   SUNSET   530 PM CST


-  INDICATES NEGATIVE NUMBERS.
R  INDICATES RECORD WAS SET OR TIED.
MM INDICATES DATA IS MISSING.
T  INDICATES TRACE AMOUNT.




$$
