000
CDUS44 KEWX 232256
CLIATT


CLIMATE REPORT
NATIONAL WEATHER SERVICE AUSTIN/SAN ANTONIO, TX
555 PM CDT SUN JUL 23 2017


...................................

...THE AUSTIN CAMP MABRY CLIMATE SUMMARY FOR JULY 23 2017...
VALID TODAY AS OF 0555 PM LOCAL TIME.

CLIMATE NORMAL PERIOD 1981 TO 2010
CLIMATE RECORD PERIOD 1897 TO 2017


WEATHER ITEM   OBSERVED TIME   RECORD YEAR NORMAL DEPARTURE LAST
                VALUE   (LST)  VALUE       VALUE  FROM      YEAR
                                                  NORMAL
..................................................................
TEMPERATURE (F)
 TODAY
  MAXIMUM        103    202 PM 104    2011  97      6      101
  MINIMUM         78    626 AM  64    1970  75      3       78
  AVERAGE         91                        86      5       90

PRECIPITATION (IN)
  TODAY            0.04          1.44 2000   0.04   0.00     0.00
  MONTH TO DATE    0.22                      1.44  -1.22     0.04
  SINCE JUN 1      3.27                      5.77  -2.50     2.65
  SINCE JAN 1     16.05                     19.30  -3.25    22.11

SNOWFALL (IN)
  TODAY            0.0
  MONTH TO DATE    0.0
  SINCE JUN 1      0.0
  SINCE JUL 1      0.0
  SNOW DEPTH       0

DEGREE DAYS
 HEATING
  TODAY            0                         0      0        0
  MONTH TO DATE    0                         0      0        0
  SINCE JUN 1      0                         0      0        0
  SINCE JUL 1      0                         0      0        0

 COOLING
  TODAY           26                        21      5       25
  MONTH TO DATE  546                       452     94      549
  SINCE JUN 1   1123                       968    155     1098
  SINCE JAN 1   1985                      1581    404     1713
..................................................................


WIND (MPH)
  HIGHEST WIND SPEED    13   HIGHEST WIND DIRECTION    NW (300)
  HIGHEST GUST SPEED    24   HIGHEST GUST DIRECTION    NW (300)
  AVERAGE WIND SPEED     4.7


SKY COVER
  AVERAGE SKY COVER 0.1


WEATHER CONDITIONS
 THE FOLLOWING WEATHER WAS RECORDED TODAY.
  THUNDERSTORM
  LIGHT RAIN


RELATIVE HUMIDITY (PERCENT)
 HIGHEST    85           400 AM
 LOWEST     31           200 PM
 AVERAGE    58

..........................................................


THE AUSTIN CAMP MABRY CLIMATE NORMALS FOR TOMORROW
                         NORMAL    RECORD    YEAR
 MAXIMUM TEMPERATURE (F)   97       105      2011
                                             1934
 MINIMUM TEMPERATURE (F)   75        66      1942
                                             1923


SUNRISE AND SUNSET
JULY 23 2017..........SUNRISE   644 AM CDT   SUNSET   830 PM CDT
JULY 24 2017..........SUNRISE   645 AM CDT   SUNSET   830 PM CDT


-  INDICATES NEGATIVE NUMBERS.
R  INDICATES RECORD WAS SET OR TIED.
MM INDICATES DATA IS MISSING.
T  INDICATES TRACE AMOUNT.




$$
