000
CDUS44 KEWX 162233
CLIATT


CLIMATE REPORT
NATIONAL WEATHER SERVICE AUSTIN/SAN ANTONIO, TX
532 PM CDT TUE SEP 16 2014


...................................

...THE AUSTIN CAMP MABRY CLIMATE SUMMARY FOR SEPTEMBER 16 2014...
VALID TODAY AS OF 532 PM LOCAL TIME.

CLIMATE NORMAL PERIOD 1981 TO 2010
CLIMATE RECORD PERIOD 1897 TO 2014


WEATHER ITEM   OBSERVED TIME   RECORD YEAR NORMAL DEPARTURE LAST
                VALUE   (LST)  VALUE       VALUE  FROM      YEAR
                                                  NORMAL
..................................................................
TEMPERATURE (F)
 TODAY
  MAXIMUM         94    355 PM  99    1965  90      4       94
                                      1954
                                      1920
  MINIMUM         74    634 AM  54    1945  69      5       76
  AVERAGE         84                        80      4       85

PRECIPITATION (IN)
  TODAY            0.00          2.73 1964   0.10  -0.10     0.32
  MONTH TO DATE    2.61                      1.76   0.85     0.87
  SINCE SEP 1      2.61                      1.76   0.85     0.87
  SINCE JAN 1     22.47                     23.85  -1.38    18.65

SNOWFALL (IN)
  TODAY            0.0
  MONTH TO DATE    0.0
  SINCE SEP 1      0.0
  SINCE JUL 1      0.0
  SNOW DEPTH       0

DEGREE DAYS
 HEATING
  TODAY            0                         0      0        0
  MONTH TO DATE    2                         0      2        0
  SINCE SEP 1      2                         0      2        0
  SINCE JUL 1      2                         0      2        0

 COOLING
  TODAY           19                        15      4       20
  MONTH TO DATE  294                       271     23      351
  SINCE SEP 1    294                       271     23      351
  SINCE JAN 1   2687                      2665     22     2961
..................................................................


WIND (MPH)
  HIGHEST WIND SPEED     9   HIGHEST WIND DIRECTION    SE (120)
  HIGHEST GUST SPEED    14   HIGHEST GUST DIRECTION     E (80)
  AVERAGE WIND SPEED     2.5


SKY COVER
  AVERAGE SKY COVER 0.2


WEATHER CONDITIONS
 THE FOLLOWING WEATHER WAS RECORDED TODAY.
  FOG


RELATIVE HUMIDITY (PERCENT)
 HIGHEST    87           300 AM
 LOWEST     46           300 PM
 AVERAGE    67

..........................................................


THE AUSTIN CAMP MABRY CLIMATE NORMALS FOR TOMORROW
                         NORMAL    RECORD    YEAR
 MAXIMUM TEMPERATURE (F)   90        98      1925
 MINIMUM TEMPERATURE (F)   69        53      1903


SUNRISE AND SUNSET
SEPTEMBER 16 2014.....SUNRISE   716 AM CDT   SUNSET   735 PM CDT
SEPTEMBER 17 2014.....SUNRISE   716 AM CDT   SUNSET   734 PM CDT


-  INDICATES NEGATIVE NUMBERS.
R  INDICATES RECORD WAS SET OR TIED.
MM INDICATES DATA IS MISSING.
T  INDICATES TRACE AMOUNT.




$$
