000
CDUS44 KEWX 250721
CLIATT


CLIMATE REPORT
NATIONAL WEATHER SERVICE AUSTIN/SAN ANTONIO, TX
220 AM CDT FRI JUL 25 2014


...................................

...THE AUSTIN CAMP MABRY CLIMATE SUMMARY FOR JULY 24 2014...

CLIMATE NORMAL PERIOD 1981 TO 2010
CLIMATE RECORD PERIOD 1898 TO 2014


WEATHER ITEM   OBSERVED TIME   RECORD YEAR NORMAL DEPARTURE LAST
                VALUE   (LST)  VALUE       VALUE  FROM      YEAR
                                                  NORMAL
..................................................................
TEMPERATURE (F)
 YESTERDAY
  MAXIMUM         94    422 PM 105    2011  97     -3       97
                                      1934
  MINIMUM         74    742 AM  66    1942  75     -1       77
                                      1923
  AVERAGE         84                        86     -2

PRECIPITATION (IN)
  YESTERDAY        0.09          1.10 1901   0.05   0.04     0.00
  MONTH TO DATE    5.58                      1.49   4.09     2.12
  SINCE JUN 1      8.66                      5.82   2.84     3.04
  SINCE JAN 1     19.74                     19.35   0.39    16.72

SNOWFALL (IN)
  YESTERDAY        0.0
  MONTH TO DATE    0.0
  SINCE JUN 1      0.0
  SINCE JUL 1      0.0
  SNOW DEPTH       0

DEGREE DAYS
 HEATING
  YESTERDAY        0                         0      0        0
  MONTH TO DATE    0                         0      0        0
  SINCE JUN 1      0                         0      0        0
  SINCE JUL 1      0                         0      0        0

 COOLING
  YESTERDAY       19                        21     -2       22
  MONTH TO DATE  455                       473    -18      492
  SINCE JUN 1    974                       989    -15     1104
  SINCE JAN 1   1548                      1602    -54     1728
..................................................................


WIND (MPH)
  HIGHEST WIND SPEED     8   HIGHEST WIND DIRECTION    SE (120)
  HIGHEST GUST SPEED    12   HIGHEST GUST DIRECTION     E (80)
  AVERAGE WIND SPEED     2.6


SKY COVER
  AVERAGE SKY COVER 0.4


WEATHER CONDITIONS
 THE FOLLOWING WEATHER WAS RECORDED YESTERDAY.
  RAIN
  LIGHT RAIN
  FOG
  HAZE


RELATIVE HUMIDITY (PERCENT)
 HIGHEST    94           700 AM
 LOWEST     46           300 PM
 AVERAGE    70

..........................................................


THE AUSTIN CAMP MABRY CLIMATE NORMALS FOR TODAY
                         NORMAL    RECORD    YEAR
 MAXIMUM TEMPERATURE (F)   97       105      2011
                                             1923
 MINIMUM TEMPERATURE (F)   75        65      1924


SUNRISE AND SUNSET
JULY 25 2014..........SUNRISE   645 AM CDT   SUNSET   829 PM CDT
JULY 26 2014..........SUNRISE   646 AM CDT   SUNSET   829 PM CDT


-  INDICATES NEGATIVE NUMBERS.
R  INDICATES RECORD WAS SET OR TIED.
MM INDICATES DATA IS MISSING.
T  INDICATES TRACE AMOUNT.




$$
