000
CDUS44 KEWX 040656
CLIATT


CLIMATE REPORT
NATIONAL WEATHER SERVICE AUSTIN/SAN ANTONIO, TX
155 AM CDT SAT JUL 4 2015


...................................

...THE AUSTIN CAMP MABRY CLIMATE SUMMARY FOR JULY 3 2015...

CLIMATE NORMAL PERIOD 1981 TO 2010
CLIMATE RECORD PERIOD 1897 TO 2015


WEATHER ITEM   OBSERVED TIME   RECORD YEAR NORMAL DEPARTURE LAST
                VALUE   (LST)  VALUE       VALUE  FROM      YEAR
                                                  NORMAL
..................................................................
TEMPERATURE (F)
 YESTERDAY
  MAXIMUM         91    342 PM 102    2011  94     -3       96
                                      2009
  MINIMUM         76    435 AM  60    1924  74      2       72
  AVERAGE         84                        84      0

PRECIPITATION (IN)
  YESTERDAY        T             1.90 1942   0.07  -0.07     0.07
  MONTH TO DATE    T                         0.22  -0.22     0.07
  SINCE JUN 1      8.89                      4.55   4.34     3.15
  SINCE JAN 1     39.14                     18.08  21.06    14.23

SNOWFALL (IN)
  YESTERDAY        0.0
  MONTH TO DATE    0.0
  SINCE JUN 1      0.0
  SINCE JUL 1      0.0
  SNOW DEPTH       0

DEGREE DAYS
 HEATING
  YESTERDAY        0                         0      0        0
  MONTH TO DATE    0                         0      0        0
  SINCE JUN 1      0                         0      0        0
  SINCE JUL 1      0                         0      0        0

 COOLING
  YESTERDAY       19                        19      0       19
  MONTH TO DATE   51                        57     -6       60
  SINCE JUN 1    541                       573    -32      579
  SINCE JAN 1   1142                      1186    -44     1153
..................................................................


WIND (MPH)
  HIGHEST WIND SPEED    12   HIGHEST WIND DIRECTION     S (160)
  HIGHEST GUST SPEED    19   HIGHEST GUST DIRECTION     S (160)
  AVERAGE WIND SPEED     6.0


SKY COVER
  AVERAGE SKY COVER 0.5


WEATHER CONDITIONS
 THE FOLLOWING WEATHER WAS RECORDED YESTERDAY.
  LIGHT RAIN


RELATIVE HUMIDITY (PERCENT)
 HIGHEST    88           300 AM
 LOWEST     49           300 PM
 AVERAGE    69

..........................................................


THE AUSTIN CAMP MABRY CLIMATE NORMALS FOR TODAY
                         NORMAL    RECORD    YEAR
 MAXIMUM TEMPERATURE (F)   94       104      2009
 MINIMUM TEMPERATURE (F)   74        59      1924


SUNRISE AND SUNSET
JULY  4 2015..........SUNRISE   634 AM CDT   SUNSET   836 PM CDT
JULY  5 2015..........SUNRISE   634 AM CDT   SUNSET   836 PM CDT


-  INDICATES NEGATIVE NUMBERS.
R  INDICATES RECORD WAS SET OR TIED.
MM INDICATES DATA IS MISSING.
T  INDICATES TRACE AMOUNT.




$$
