000
CDUS44 KEWX 100711
CLIATT


CLIMATE REPORT
NATIONAL WEATHER SERVICE AUSTIN/SAN ANTONIO, TX
111 AM CST WED FEB 10 2016


...................................

...THE AUSTIN CAMP MABRY CLIMATE SUMMARY FOR FEBRUARY 9 2016...

CLIMATE NORMAL PERIOD 1981 TO 2010
CLIMATE RECORD PERIOD 1897 TO 2016


WEATHER ITEM   OBSERVED TIME   RECORD YEAR NORMAL DEPARTURE LAST
                VALUE   (LST)  VALUE       VALUE  FROM      YEAR
                                                  NORMAL
..................................................................
TEMPERATURE (F)
 YESTERDAY
  MAXIMUM         74    359 PM  87    1962  64     10       83
                                      1960
  MINIMUM         39    749 AM  13    1933  44     -5       52
  AVERAGE         57                        54      3

PRECIPITATION (IN)
  YESTERDAY        0.00          1.50 1898   0.08  -0.08     0.00
  MONTH TO DATE    T                         0.61  -0.61     0.34
  SINCE DEC 1      3.34                      5.23  -1.89     6.42
  SINCE JAN 1      0.34                      2.83  -2.49     5.36

SNOWFALL (IN)
  YESTERDAY        0.0
  MONTH TO DATE    0.0
  SINCE DEC 1      0.0
  SINCE JUL 1      0.0
  SNOW DEPTH       0

DEGREE DAYS
 HEATING
  YESTERDAY        8                        12     -4        0
  MONTH TO DATE  101                       110     -9      115
  SINCE DEC 1    766                       938   -172      925
  SINCE JUL 1    926                      1150   -224     1215

 COOLING
  YESTERDAY        0                         1     -1        3
  MONTH TO DATE    1                         4     -3        6
  SINCE DEC 1     29                        26      3       18
  SINCE JAN 1      9                        13     -4        9
..................................................................


WIND (MPH)
  HIGHEST WIND SPEED    14   HIGHEST WIND DIRECTION    NW (320)
  HIGHEST GUST SPEED    23   HIGHEST GUST DIRECTION    NW (300)
  AVERAGE WIND SPEED     5.6


SKY COVER
  AVERAGE SKY COVER 0.0


WEATHER CONDITIONS
 THE FOLLOWING WEATHER WAS RECORDED YESTERDAY.
  NO SIGNIFICANT WEATHER WAS OBSERVED.


RELATIVE HUMIDITY (PERCENT)
 HIGHEST    59           800 AM
 LOWEST     20           300 PM
 AVERAGE    40

..........................................................


THE AUSTIN CAMP MABRY CLIMATE NORMALS FOR TODAY
                         NORMAL    RECORD    YEAR
 MAXIMUM TEMPERATURE (F)   64        90      1954
 MINIMUM TEMPERATURE (F)   44        19      2011


SUNRISE AND SUNSET
FEBRUARY 10 2016......SUNRISE   716 AM CST   SUNSET   615 PM CST
FEBRUARY 11 2016......SUNRISE   715 AM CST   SUNSET   616 PM CST


-  INDICATES NEGATIVE NUMBERS.
R  INDICATES RECORD WAS SET OR TIED.
MM INDICATES DATA IS MISSING.
T  INDICATES TRACE AMOUNT.




$$
