000
CDUS44 KEWX 282221
CLIATT


CLIMATE REPORT
NATIONAL WEATHER SERVICE AUSTIN/SAN ANTONIO, TX
421 PM CST FRI NOV 28 2014


...................................

...THE AUSTIN CAMP MABRY CLIMATE SUMMARY FOR NOVEMBER 28 2014...
VALID TODAY AS OF 420 PM LOCAL TIME.

CLIMATE NORMAL PERIOD 1981 TO 2010
CLIMATE RECORD PERIOD 1897 TO 2014


WEATHER ITEM   OBSERVED TIME   RECORD YEAR NORMAL DEPARTURE LAST
                VALUE   (LST)  VALUE       VALUE  FROM      YEAR
                                                  NORMAL
..................................................................
TEMPERATURE (F)
 TODAY
  MAXIMUM         72    330 PM  89    1949  67      5       57
  MINIMUM         42    535 AM  26    1992  46     -4       32
                                      1976
  AVERAGE         57                        56      1       45

PRECIPITATION (IN)
  TODAY            0.00          1.91 2001   0.09  -0.09     0.00
  MONTH TO DATE    5.81                      2.78   3.03     3.43
  SINCE SEP 1     14.64                      9.65   4.99    22.53
  SINCE JAN 1     34.50                     31.74   2.76    40.31

SNOWFALL (IN)
  TODAY            0.0
  MONTH TO DATE    0.0
  SINCE SEP 1      0.0
  SINCE JUL 1      0.0
  SNOW DEPTH       0

DEGREE DAYS
 HEATING
  TODAY            8                        10     -2       20
  MONTH TO DATE  288                       162    126      232
  SINCE SEP 1    290                       193     97      252
  SINCE JUL 1    290                       193     97      252

 COOLING
  TODAY            0                         1     -1        0
  MONTH TO DATE   10                        59    -49       48
  SINCE SEP 1    788                       730     58      839
  SINCE JAN 1   3181                      3124     57     3449
..................................................................


WIND (MPH)
  HIGHEST WIND SPEED    14   HIGHEST WIND DIRECTION     S (190)
  HIGHEST GUST SPEED    24   HIGHEST GUST DIRECTION     S (200)
  AVERAGE WIND SPEED     3.6


SKY COVER
  AVERAGE SKY COVER 0.3


WEATHER CONDITIONS
 THE FOLLOWING WEATHER WAS RECORDED TODAY.
  NO SIGNIFICANT WEATHER WAS OBSERVED.


RELATIVE HUMIDITY (PERCENT)
 HIGHEST    82           600 AM
 LOWEST     41           400 PM
 AVERAGE    62

..........................................................


THE AUSTIN CAMP MABRY CLIMATE NORMALS FOR TOMORROW
                         NORMAL    RECORD    YEAR
 MAXIMUM TEMPERATURE (F)   67        84      1991
 MINIMUM TEMPERATURE (F)   46        20      1976


SUNRISE AND SUNSET
NOVEMBER 28 2014......SUNRISE   707 AM CST   SUNSET   530 PM CST
NOVEMBER 29 2014......SUNRISE   708 AM CST   SUNSET   530 PM CST


-  INDICATES NEGATIVE NUMBERS.
R  INDICATES RECORD WAS SET OR TIED.
MM INDICATES DATA IS MISSING.
T  INDICATES TRACE AMOUNT.




$$
