000
CDUS44 KEWX 220808
CLIATT


CLIMATE REPORT
NATIONAL WEATHER SERVICE AUSTIN/SAN ANTONIO, TX
205 AM CST MON DEC 22 2014


...................................

...THE AUSTIN CAMP MABRY CLIMATE SUMMARY FOR DECEMBER 21 2014...

CLIMATE NORMAL PERIOD 1981 TO 2010
CLIMATE RECORD PERIOD 1897 TO 2014


WEATHER ITEM   OBSERVED TIME   RECORD YEAR NORMAL DEPARTURE LAST
                VALUE   (LST)  VALUE       VALUE  FROM      YEAR
                                                  NORMAL
..................................................................
TEMPERATURE (F)
 YESTERDAY
  MAXIMUM         56   1159 PM  81    1970  62     -6       74
  MINIMUM         50    849 AM  18    1924  41      9       45
  AVERAGE         53                        52      1

PRECIPITATION (IN)
  YESTERDAY        0.00          2.59 1991   0.08  -0.08     0.46
  MONTH TO DATE    0.89                      1.61  -0.72     0.72
  SINCE DEC 1      0.89                      1.61  -0.72     0.72
  SINCE JAN 1     35.36                     33.53   1.83    41.03

SNOWFALL (IN)
  YESTERDAY        0.0
  MONTH TO DATE    0.0
  SINCE DEC 1      0.0
  SINCE JUL 1      0.0
  SNOW DEPTH       0

DEGREE DAYS
 HEATING
  YESTERDAY       12                        14     -2        5
  MONTH TO DATE  159                       258    -99      295
  SINCE DEC 1    159                       258    -99      295
  SINCE JUL 1    449                       470    -21      569

 COOLING
  YESTERDAY        0                         0      0        0
  MONTH TO DATE    7                         6      1       15
  SINCE DEC 1      7                         6      1       15
  SINCE JAN 1   3195                      3132     63     3464
..................................................................


WIND (MPH)
  HIGHEST WIND SPEED    10   HIGHEST WIND DIRECTION     S (200)
  HIGHEST GUST SPEED    20   HIGHEST GUST DIRECTION     S (200)
  AVERAGE WIND SPEED     4.6


SKY COVER
  AVERAGE SKY COVER 1.0


WEATHER CONDITIONS
 THE FOLLOWING WEATHER WAS RECORDED YESTERDAY.
  FOG


RELATIVE HUMIDITY (PERCENT)
 HIGHEST    93           200 AM
 LOWEST     72           100 PM
 AVERAGE    83

..........................................................


THE AUSTIN CAMP MABRY CLIMATE NORMALS FOR TODAY
                         NORMAL    RECORD    YEAR
 MAXIMUM TEMPERATURE (F)   62        81      1941
 MINIMUM TEMPERATURE (F)   41        12      1989
                                             1983


SUNRISE AND SUNSET
DECEMBER 22 2014......SUNRISE   724 AM CST   SUNSET   535 PM CST
DECEMBER 23 2014......SUNRISE   724 AM CST   SUNSET   536 PM CST


-  INDICATES NEGATIVE NUMBERS.
R  INDICATES RECORD WAS SET OR TIED.
MM INDICATES DATA IS MISSING.
T  INDICATES TRACE AMOUNT.




$$
