000
CDUS43 KABR 220925
CLIATY


CLIMATE REPORT
NATIONAL WEATHER SERVICE ABERDEEN SD
425 AM CDT FRI MAY 22 2015


...................................

...THE WATERTOWN SD CLIMATE SUMMARY FOR MAY 21 2015...

CLIMATE NORMAL PERIOD 1981 TO 2010
CLIMATE RECORD PERIOD 1898 TO 2015


WEATHER ITEM   OBSERVED TIME   RECORD YEAR NORMAL DEPARTURE LAST
                VALUE   (LST)  VALUE       VALUE  FROM      YEAR
                                                  NORMAL
..................................................................
TEMPERATURE (F)
 YESTERDAY
  MAXIMUM         73    415 PM  92    1964  69      4       65
  MINIMUM         45    313 AM  28    1928  47     -2       47
  AVERAGE         59                        58      1       56

PRECIPITATION (IN)
  YESTERDAY        0.00          1.70 1909   0.08  -0.08     0.00
  MONTH TO DATE    2.67                      1.71   0.96     1.31
  SINCE MAR 1      3.41                      4.84  -1.43     3.87
  SINCE JAN 1      4.06                      5.92  -1.86     4.30

DEGREE DAYS
 HEATING
  YESTERDAY        6                         8     -2        9
  MONTH TO DATE  240                       229     11      324
  SINCE MAR 1   1722                      1969   -247     2301
  SINCE JUL 1   8114                      8380   -266     9267

 COOLING
  YESTERDAY        0                         1     -1        0
  MONTH TO DATE    0                        10    -10        0
  SINCE MAR 1      0                        12    -12        0
  SINCE JAN 1      0                        12    -12        0
..................................................................


WIND (MPH)
  HIGHEST WIND SPEED    18   HIGHEST WIND DIRECTION     N (20)
  HIGHEST GUST SPEED    24   HIGHEST GUST DIRECTION     N (360)
  AVERAGE WIND SPEED     9.9


SKY COVER
  POSSIBLE SUNSHINE  MM
  AVERAGE SKY COVER 0.0


WEATHER CONDITIONS
 THE FOLLOWING WEATHER WAS RECORDED YESTERDAY.
  NO SIGNIFICANT WEATHER WAS OBSERVED.


RELATIVE HUMIDITY (PERCENT)
 HIGHEST    61          1200 AM
 LOWEST     29           300 PM
 AVERAGE    45

..........................................................


THE WATERTOWN SD CLIMATE NORMALS FOR TODAY
                         NORMAL    RECORD    YEAR
 MAXIMUM TEMPERATURE (F)   69        92      1964
 MINIMUM TEMPERATURE (F)   47        22      1931


SUNRISE AND SUNSET
MAY 22 2015...........SUNRISE   553 AM CDT   SUNSET   858 PM CDT
MAY 23 2015...........SUNRISE   552 AM CDT   SUNSET   859 PM CDT


-  INDICATES NEGATIVE NUMBERS.
R  INDICATES RECORD WAS SET OR TIED.
MM INDICATES DATA IS MISSING.
T  INDICATES TRACE AMOUNT.




$$
