000
CDUS43 KABR 030912
CLIATY


CLIMATE REPORT
NATIONAL WEATHER SERVICE ABERDEEN SD
411 AM CDT FRI JUL 3 2015


...................................

...THE WATERTOWN SD CLIMATE SUMMARY FOR JULY 2 2015...

CLIMATE NORMAL PERIOD 1981 TO 2010
CLIMATE RECORD PERIOD 1898 TO 2015


WEATHER ITEM   OBSERVED TIME   RECORD YEAR NORMAL DEPARTURE LAST
                VALUE   (LST)  VALUE       VALUE  FROM      YEAR
                                                  NORMAL
..................................................................
TEMPERATURE (F)
 YESTERDAY
  MAXIMUM         74    510 PM  96    1944  82     -8       70
  MINIMUM         56   1140 PM  43    1940  59     -3       52
  AVERAGE         65                        70     -5       61

PRECIPITATION (IN)
  YESTERDAY        0.00          1.15 1955   0.10  -0.10     0.00
  MONTH TO DATE    0.06                      0.20  -0.14     0.06
  SINCE JUN 1      2.99                      3.78  -0.79     4.66
  SINCE JAN 1      8.99                     10.63  -1.64     9.53

DEGREE DAYS
 HEATING
  YESTERDAY        0                         1     -1        4
  MONTH TO DATE    0                         2     -2       11
  SINCE JUN 1     27                        80    -53       74
  SINCE JUL 1      0                         2     -2       11

 COOLING
  YESTERDAY        0                         6     -6        0
  MONTH TO DATE    2                        12    -10        0
  SINCE JUN 1     99                       108     -9       61
  SINCE JAN 1    107                       130    -23      102
..................................................................


WIND (MPH)
  HIGHEST WIND SPEED    13   HIGHEST WIND DIRECTION    SE (150)
  HIGHEST GUST SPEED    16   HIGHEST GUST DIRECTION     S (160)
  AVERAGE WIND SPEED     6.2


SKY COVER
  POSSIBLE SUNSHINE  MM
  AVERAGE SKY COVER 0.2


WEATHER CONDITIONS
 THE FOLLOWING WEATHER WAS RECORDED YESTERDAY.
  NO SIGNIFICANT WEATHER WAS OBSERVED.


RELATIVE HUMIDITY (PERCENT)
 HIGHEST    86           300 AM
 LOWEST     38           400 PM
 AVERAGE    62

..........................................................


THE WATERTOWN SD CLIMATE NORMALS FOR TODAY
                         NORMAL    RECORD    YEAR
 MAXIMUM TEMPERATURE (F)   82       100      1929
 MINIMUM TEMPERATURE (F)   59        35      1917


SUNRISE AND SUNSET
JULY  3 2015..........SUNRISE   547 AM CDT   SUNSET   918 PM CDT
JULY  4 2015..........SUNRISE   548 AM CDT   SUNSET   918 PM CDT


-  INDICATES NEGATIVE NUMBERS.
R  INDICATES RECORD WAS SET OR TIED.
MM INDICATES DATA IS MISSING.
T  INDICATES TRACE AMOUNT.




$$
