000
CDUS43 KABR 051413
CLIATY


CLIMATE REPORT...CORRECTED
NATIONAL WEATHER SERVICE ABERDEEN SD
812 AM CST THU MAR 5 2015


...................................

...THE WATERTOWN SD CLIMATE SUMMARY FOR MARCH 4 2015...

CLIMATE NORMAL PERIOD 1981 TO 2010
CLIMATE RECORD PERIOD 1898 TO 2015


WEATHER ITEM   OBSERVED TIME   RECORD YEAR NORMAL DEPARTURE LAST
                VALUE   (LST)  VALUE       VALUE  FROM      YEAR
                                                  NORMAL
..................................................................
TEMPERATURE (F)
 YESTERDAY
  MAXIMUM          4   1040 AM  65    2000  33    -29       14
  MINIMUM        -13   1145 PM -21    1960  15    -28        4
  AVERAGE         -4                        24    -28        9

PRECIPITATION (IN)
  YESTERDAY        T             0.84 1966   0.03  -0.03     0.18
  MONTH TO DATE    0.19                      0.11   0.08     0.19
  SINCE MAR 1      0.19                      0.11   0.08     0.19
  SINCE JAN 1      0.84                      1.19  -0.35     0.62

SNOWFALL (IN)
  YESTERDAY        T
  MONTH TO DATE    3.8
  SINCE OCT 1     24.7
  SINCE JUL 1     24.7
  SNOW DEPTH       5

DEGREE DAYS
 HEATING
  YESTERDAY       69                        41     28       56
  MONTH TO DATE  226                       166     60      261
  SINCE MAR 1    226                       166     60      261
  SINCE JUL 1   6618                      6577     41     7227

 COOLING
  YESTERDAY        0                         0      0        0
  MONTH TO DATE    0                         0      0        0
  SINCE MAR 1      0                         0      0        0
  SINCE JAN 1      0                         0      0        0
..................................................................


WIND (MPH)
  HIGHEST WIND SPEED    23   HIGHEST WIND DIRECTION    NW (310)
  HIGHEST GUST SPEED    27   HIGHEST GUST DIRECTION    NW (320)
  AVERAGE WIND SPEED    10.9


SKY COVER
  POSSIBLE SUNSHINE  MM
  AVERAGE SKY COVER 0.4


WEATHER CONDITIONS
 THE FOLLOWING WEATHER WAS RECORDED YESTERDAY.
  LIGHT SNOW
  FOG
  HAZE


RELATIVE HUMIDITY (PERCENT)
 HIGHEST    87           800 AM
 LOWEST     58           700 PM
 AVERAGE    73

..........................................................


THE WATERTOWN SD CLIMATE NORMALS FOR TODAY
                         NORMAL    RECORD    YEAR
 MAXIMUM TEMPERATURE (F)   34        71      2000
 MINIMUM TEMPERATURE (F)   15       -21      1960


SUNRISE AND SUNSET
MARCH  5 2015.........SUNRISE   700 AM CST   SUNSET   621 PM CST
MARCH  6 2015.........SUNRISE   658 AM CST   SUNSET   623 PM CST


-  INDICATES NEGATIVE NUMBERS.
R  INDICATES RECORD WAS SET OR TIED.
MM INDICATES DATA IS MISSING.
T  INDICATES TRACE AMOUNT.




$$
