000
CDUS43 KABR 022227
CLIATY


CLIMATE REPORT
NATIONAL WEATHER SERVICE ABERDEEN SD
526 PM CDT TUE SEP 2 2014


...................................

...THE WATERTOWN SD CLIMATE SUMMARY FOR SEPTEMBER 2 2014...
VALID TODAY AS OF 0500 PM LOCAL TIME.

CLIMATE NORMAL PERIOD 1981 TO 2010
CLIMATE RECORD PERIOD 1898 TO 2014


WEATHER ITEM   OBSERVED TIME   RECORD YEAR NORMAL DEPARTURE LAST
                VALUE   (LST)  VALUE       VALUE  FROM      YEAR
                                                  NORMAL
..................................................................
TEMPERATURE (F)
 TODAY
  MAXIMUM         76    359 PM  98    1929  76      0       77
  MINIMUM         49    535 AM  36    1974  53     -4       43
  AVERAGE         63                        65     -2       60

PRECIPITATION (IN)
  TODAY            0.00          1.37 1900   0.09  -0.09     0.00
  MONTH TO DATE    T                         0.19  -0.19     0.00
  SINCE SEP 1      T                         0.19  -0.19     0.00
  SINCE JAN 1     13.62                     16.42  -2.80    16.82

SNOWFALL (IN)
  TODAY            0.0
  MONTH TO DATE    0.0
  SINCE OCT 1     28.2
  SINCE JUL 1      0.0
  SNOW DEPTH       0

DEGREE DAYS
 HEATING
  TODAY            2                         3     -1        5
  MONTH TO DATE    2                         6     -4        8
  SINCE SEP 1      2                         6     -4        8
  SINCE JUL 1     56                        63     -7       59

 COOLING
  TODAY            0                         3     -3        0
  MONTH TO DATE    2                         6     -4        0
  SINCE SEP 1      2                         6     -4        0
  SINCE JAN 1    335                       480   -145      514
..................................................................


WIND (MPH)
  HIGHEST WIND SPEED    20   HIGHEST WIND DIRECTION    SW (220)
  HIGHEST GUST SPEED    26   HIGHEST GUST DIRECTION    SW (220)
  AVERAGE WIND SPEED     8.5


SKY COVER
  POSSIBLE SUNSHINE  MM
  AVERAGE SKY COVER 0.0


WEATHER CONDITIONS
 THE FOLLOWING WEATHER WAS RECORDED TODAY.
  NO SIGNIFICANT WEATHER WAS OBSERVED.


RELATIVE HUMIDITY (PERCENT)
 HIGHEST   100           500 AM
 LOWEST     46           200 PM
 AVERAGE    73

..........................................................


THE WATERTOWN SD CLIMATE NORMALS FOR TOMORROW
                         NORMAL    RECORD    YEAR
 MAXIMUM TEMPERATURE (F)   76        97      1925
 MINIMUM TEMPERATURE (F)   53        30      1974


SUNRISE AND SUNSET
SEPTEMBER  2 2014.....SUNRISE   652 AM CDT   SUNSET   804 PM CDT
SEPTEMBER  3 2014.....SUNRISE   653 AM CDT   SUNSET   802 PM CDT


-  INDICATES NEGATIVE NUMBERS.
R  INDICATES RECORD WAS SET OR TIED.
MM INDICATES DATA IS MISSING.
T  INDICATES TRACE AMOUNT.




$$
