000
CDUS43 KABR 290924
CLIATY


CLIMATE REPORT
NATIONAL WEATHER SERVICE ABERDEEN SD
423 AM CDT WED MAR 29 2017


...................................

...THE WATERTOWN SD CLIMATE SUMMARY FOR MARCH 28 2017...

CLIMATE NORMAL PERIOD 1981 TO 2010
CLIMATE RECORD PERIOD 1898 TO 2017


WEATHER ITEM   OBSERVED TIME   RECORD YEAR NORMAL DEPARTURE LAST
                VALUE   (LST)  VALUE       VALUE  FROM      YEAR
                                                  NORMAL
..................................................................
TEMPERATURE (F)
 YESTERDAY
  MAXIMUM         59    252 PM  78    1946  45     14       60
  MINIMUM         29    626 AM  -5    1969  25      4       29
                                      1921
  AVERAGE         44                        35      9       45

PRECIPITATION (IN)
  YESTERDAY        0.00          1.71 1940   0.05  -0.05     0.00
  MONTH TO DATE    0.33                      0.97  -0.64     0.13
  SINCE MAR 1      0.33                      0.97  -0.64     0.13
  SINCE JAN 1      1.11                      2.05  -0.94     1.16

SNOWFALL (IN)
  YESTERDAY        0.0
  MONTH TO DATE   11.3
  SINCE OCT 1     39.1
  SINCE JUL 1     39.1
  SNOW DEPTH       0

DEGREE DAYS
 HEATING
  YESTERDAY       21                        30     -9       20
  MONTH TO DATE 1010                      1016     -6      734
  SINCE MAR 1   1010                      1016     -6      734
  SINCE JUL 1   6611                      7427   -816     6053

 COOLING
  YESTERDAY        0                         0      0        0
  MONTH TO DATE    0                         0      0        0
  SINCE MAR 1      0                         0      0        0
  SINCE JAN 1      0                         0      0        0
..................................................................


WIND (MPH)
  HIGHEST WIND SPEED    13   HIGHEST WIND DIRECTION     E (90)
  HIGHEST GUST SPEED    17   HIGHEST GUST DIRECTION     E (100)
  AVERAGE WIND SPEED     4.0


SKY COVER
  POSSIBLE SUNSHINE  MM
  AVERAGE SKY COVER 0.2


WEATHER CONDITIONS
 THE FOLLOWING WEATHER WAS RECORDED YESTERDAY.
  FOG


RELATIVE HUMIDITY (PERCENT)
 HIGHEST   100           600 AM
 LOWEST     47           100 PM
 AVERAGE    74

..........................................................


THE WATERTOWN SD CLIMATE NORMALS FOR TODAY
                         NORMAL    RECORD    YEAR
 MAXIMUM TEMPERATURE (F)   46        76      1967
 MINIMUM TEMPERATURE (F)   25       -12      1969


SUNRISE AND SUNSET
MARCH 29 2017.........SUNRISE   714 AM CDT   SUNSET   753 PM CDT
MARCH 30 2017.........SUNRISE   712 AM CDT   SUNSET   754 PM CDT


-  INDICATES NEGATIVE NUMBERS.
R  INDICATES RECORD WAS SET OR TIED.
MM INDICATES DATA IS MISSING.
T  INDICATES TRACE AMOUNT.




$$
