000
CDUS43 KABR 011027
CLIATY


CLIMATE REPORT
NATIONAL WEATHER SERVICE ABERDEEN SD
527 AM CDT FRI AUG 1 2014


...................................

...THE WATERTOWN SD CLIMATE SUMMARY FOR JULY 31 2014...

CLIMATE NORMAL PERIOD 1981 TO 2010
CLIMATE RECORD PERIOD 1898 TO 2014


WEATHER ITEM   OBSERVED TIME   RECORD YEAR NORMAL DEPARTURE LAST
                VALUE   (LST)  VALUE       VALUE  FROM      YEAR
                                                  NORMAL
..................................................................
TEMPERATURE (F)
 YESTERDAY
  MAXIMUM         81    154 PM 104    1988  82     -1       77
  MINIMUM         52    606 AM  41    1903  59     -7       56
  AVERAGE         67                        71     -4       67

PRECIPITATION (IN)
  YESTERDAY        0.00          1.50 1917   0.10  -0.10     0.12
  MONTH TO DATE    1.25                      3.02  -1.77     2.79
  SINCE JUN 1      5.85                      6.60  -0.75     8.30
  SINCE JAN 1     10.72                     13.45  -2.73    16.29

DEGREE DAYS
 HEATING
  YESTERDAY        0                         1     -1        0
  MONTH TO DATE   35                        18     17       32
  SINCE JUN 1     98                        95      3      120
  SINCE JUL 1     35                        17     18       32

 COOLING
  YESTERDAY        2                         6     -4        2
  MONTH TO DATE  121                       206    -85      197
  SINCE JUN 1    182                       302   -120      286
  SINCE JAN 1    223                       324   -101      308
..................................................................


WIND (MPH)
  HIGHEST WIND SPEED    12   HIGHEST WIND DIRECTION    NW (320)
  HIGHEST GUST SPEED    17   HIGHEST GUST DIRECTION     E (80)
  AVERAGE WIND SPEED     2.7


SKY COVER
  POSSIBLE SUNSHINE  MM
  AVERAGE SKY COVER 0.1


WEATHER CONDITIONS
 THE FOLLOWING WEATHER WAS RECORDED YESTERDAY.
  NO SIGNIFICANT WEATHER WAS OBSERVED.


RELATIVE HUMIDITY (PERCENT)
 HIGHEST    96           600 AM
 LOWEST     39           100 PM
 AVERAGE    68

..........................................................


THE WATERTOWN SD CLIMATE NORMALS FOR TODAY
                         NORMAL    RECORD    YEAR
 MAXIMUM TEMPERATURE (F)   82       102      1930
 MINIMUM TEMPERATURE (F)   59        40      1927


SUNRISE AND SUNSET
AUGUST  1 2014........SUNRISE   614 AM CDT   SUNSET   855 PM CDT
AUGUST  2 2014........SUNRISE   615 AM CDT   SUNSET   854 PM CDT


-  INDICATES NEGATIVE NUMBERS.
R  INDICATES RECORD WAS SET OR TIED.
MM INDICATES DATA IS MISSING.
T  INDICATES TRACE AMOUNT.




$$
