000
CDUS43 KABR 021031
CLIATY


CLIMATE REPORT
NATIONAL WEATHER SERVICE ABERDEEN SD
531 AM CDT SUN AUG 2 2015


...................................

...THE WATERTOWN SD CLIMATE SUMMARY FOR AUGUST 1 2015...

CLIMATE NORMAL PERIOD 1981 TO 2010
CLIMATE RECORD PERIOD 1898 TO 2015


WEATHER ITEM   OBSERVED TIME   RECORD YEAR NORMAL DEPARTURE LAST
                VALUE   (LST)  VALUE       VALUE  FROM      YEAR
                                                  NORMAL
..................................................................
TEMPERATURE (F)
 YESTERDAY
  MAXIMUM         87    351 PM 102    1930  82      5       83
  MINIMUM         59    437 AM  40    1927  59      0       53
  AVERAGE         73                        71      2       68

PRECIPITATION (IN)
  YESTERDAY        T             1.87 1903   0.09  -0.09     0.00
  MONTH TO DATE    T                         0.09  -0.09     0.00
  SINCE JUN 1      6.50                      6.69  -0.19     5.85
  SINCE JAN 1     12.50                     13.54  -1.04    10.72

DEGREE DAYS
 HEATING
  YESTERDAY        0                         1     -1        0
  MONTH TO DATE    0                         1     -1        0
  SINCE JUN 1     40                        96    -56       98
  SINCE JUL 1     13                        18     -5       35

 COOLING
  YESTERDAY        8                         6      2        3
  MONTH TO DATE    8                         6      2        3
  SINCE JUN 1    328                       308     20      185
  SINCE JAN 1    336                       330      6      226
..................................................................


WIND (MPH)
  HIGHEST WIND SPEED    23   HIGHEST WIND DIRECTION    SW (230)
  HIGHEST GUST SPEED    29   HIGHEST GUST DIRECTION    SW (210)
  AVERAGE WIND SPEED     9.0


SKY COVER
  POSSIBLE SUNSHINE  MM
  AVERAGE SKY COVER 0.0


WEATHER CONDITIONS
 THE FOLLOWING WEATHER WAS RECORDED YESTERDAY.
  THUNDERSTORM
  LIGHT RAIN


RELATIVE HUMIDITY (PERCENT)
 HIGHEST    87           700 AM
 LOWEST     40           400 PM
 AVERAGE    64

..........................................................


THE WATERTOWN SD CLIMATE NORMALS FOR TODAY
                         NORMAL    RECORD    YEAR
 MAXIMUM TEMPERATURE (F)   82       103      1930
 MINIMUM TEMPERATURE (F)   59        39      1971


SUNRISE AND SUNSET
AUGUST  2 2015........SUNRISE   615 AM CDT   SUNSET   854 PM CDT
AUGUST  3 2015........SUNRISE   616 AM CDT   SUNSET   853 PM CDT


-  INDICATES NEGATIVE NUMBERS.
R  INDICATES RECORD WAS SET OR TIED.
MM INDICATES DATA IS MISSING.
T  INDICATES TRACE AMOUNT.




$$
