692
CDUS43 KABR 021523
CLIATY


CLIMATE REPORT
NATIONAL WEATHER SERVICE ABERDEEN SD
922 AM CST FRI DEC 2 2016


...................................

...THE WATERTOWN SD CLIMATE SUMMARY FOR DECEMBER 1 2016...

CLIMATE NORMAL PERIOD 1981 TO 2010
CLIMATE RECORD PERIOD 1898 TO 2016


WEATHER ITEM   OBSERVED TIME   RECORD YEAR NORMAL DEPARTURE LAST
                VALUE   (LST)  VALUE       VALUE  FROM      YEAR
                                                  NORMAL
..................................................................
TEMPERATURE (F)
 YESTERDAY
  MAXIMUM         32    157 PM  59    1998  30      2       32
  MINIMUM         25   1146 PM -13    2014  12     13       29
  AVERAGE         29                        21      8       31

PRECIPITATION (IN)
  YESTERDAY        T             0.50 2007   0.02  -0.02     0.09
  MONTH TO DATE    T                         0.02  -0.02     0.09
  SINCE DEC 1      T                         0.02  -0.02     0.09
  SINCE JAN 1     22.16                     21.57   0.59    21.19

SNOWFALL (IN)
  YESTERDAY        T
  MONTH TO DATE    T
  SINCE OCT 1      4.1
  SINCE JUL 1      4.1
  SNOW DEPTH       1

DEGREE DAYS
 HEATING
  YESTERDAY       36                        44     -8       34
  MONTH TO DATE   36                        44     -8       34
  SINCE DEC 1     36                        44     -8       34
  SINCE JUL 1   1407                      1984   -577     1393

 COOLING
  YESTERDAY        0                         0      0        0
  MONTH TO DATE    0                         0      0        0
  SINCE DEC 1      0                         0      0        0
  SINCE JAN 1    721                       515    206      588
..................................................................


WIND (MPH)
  HIGHEST WIND SPEED    18   HIGHEST WIND DIRECTION     N (340)
  HIGHEST GUST SPEED    22   HIGHEST GUST DIRECTION     N (350)
  AVERAGE WIND SPEED    10.7


SKY COVER
  POSSIBLE SUNSHINE  MM
  AVERAGE SKY COVER 1.0


WEATHER CONDITIONS
 THE FOLLOWING WEATHER WAS RECORDED YESTERDAY.
  FOG


RELATIVE HUMIDITY (PERCENT)
 HIGHEST    92          1200 AM
 LOWEST     85           100 AM
 AVERAGE    89

..........................................................


THE WATERTOWN SD CLIMATE NORMALS FOR TODAY
                         NORMAL    RECORD    YEAR
 MAXIMUM TEMPERATURE (F)   29        56      2012
                                             1998
                                             1941
 MINIMUM TEMPERATURE (F)   12       -16      1985
                                             1940


SUNRISE AND SUNSET
DECEMBER  2 2016......SUNRISE   748 AM CST   SUNSET   448 PM CST
DECEMBER  3 2016......SUNRISE   749 AM CST   SUNSET   448 PM CST


-  INDICATES NEGATIVE NUMBERS.
R  INDICATES RECORD WAS SET OR TIED.
MM INDICATES DATA IS MISSING.
T  INDICATES TRACE AMOUNT.




$$
