000
CDUS43 KABR 232236
CLIATY


CLIMATE REPORT
NATIONAL WEATHER SERVICE ABERDEEN SD
535 PM CDT SUN JUL 23 2017


...................................

...THE WATERTOWN SD CLIMATE SUMMARY FOR JULY 23 2017...
VALID TODAY AS OF 0500 PM LOCAL TIME.

CLIMATE NORMAL PERIOD 1981 TO 2010
CLIMATE RECORD PERIOD 1898 TO 2017


WEATHER ITEM   OBSERVED TIME   RECORD YEAR NORMAL DEPARTURE LAST
                VALUE   (LST)  VALUE       VALUE  FROM      YEAR
                                                  NORMAL
..................................................................
TEMPERATURE (F)
 TODAY
  MAXIMUM         78    301 PM 106    1934  83     -5       91
  MINIMUM         59    545 AM  43    1904  60     -1       69
  AVERAGE         69                        71     -2       80

PRECIPITATION (IN)
  TODAY            0.00          1.58 2011   0.08  -0.08     0.68
  MONTH TO DATE    3.20                      2.25   0.95     2.17
  SINCE JUN 1      6.94                      5.83   1.11     3.70
  SINCE JAN 1     11.89                     12.68  -0.79     9.35

SNOWFALL (IN)
  TODAY            0.0
  MONTH TO DATE    0.0
  SINCE OCT 1     40.7
  SINCE JUL 1      0.0
  SNOW DEPTH       0

DEGREE DAYS
 HEATING
  TODAY            0                         1     -1        0
  MONTH TO DATE    1                        10     -9       12
  SINCE JUN 1     49                        88    -39       37
  SINCE JUL 1      1                        10     -9       12

 COOLING
  TODAY            4                         7     -3       15
  MONTH TO DATE  170                       154     16      182
  SINCE JUN 1    275                       250     25      381
  SINCE JAN 1    286                       272     14      405
..................................................................


WIND (MPH)
  HIGHEST WIND SPEED    18   HIGHEST WIND DIRECTION    NW (330)
  HIGHEST GUST SPEED    25   HIGHEST GUST DIRECTION     N (350)
  AVERAGE WIND SPEED     9.3


SKY COVER
  POSSIBLE SUNSHINE  MM
  AVERAGE SKY COVER 0.2


WEATHER CONDITIONS
 THE FOLLOWING WEATHER WAS RECORDED TODAY.
  NO SIGNIFICANT WEATHER WAS OBSERVED.


RELATIVE HUMIDITY (PERCENT)
 HIGHEST    93          1200 AM
 LOWEST     60           300 PM
 AVERAGE    77

..........................................................


THE WATERTOWN SD CLIMATE NORMALS FOR TOMORROW
                         NORMAL    RECORD    YEAR
 MAXIMUM TEMPERATURE (F)   83       109      1940
 MINIMUM TEMPERATURE (F)   60        44      1905


SUNRISE AND SUNSET
JULY 23 2017..........SUNRISE   605 AM CDT   SUNSET   905 PM CDT
JULY 24 2017..........SUNRISE   606 AM CDT   SUNSET   904 PM CDT


-  INDICATES NEGATIVE NUMBERS.
R  INDICATES RECORD WAS SET OR TIED.
MM INDICATES DATA IS MISSING.
T  INDICATES TRACE AMOUNT.




$$
