000
CDUS43 KABR 172227
CLIATY


CLIMATE REPORT
NATIONAL WEATHER SERVICE ABERDEEN SD
526 PM CDT WED SEP 17 2014


...................................

...THE WATERTOWN SD CLIMATE SUMMARY FOR SEPTEMBER 17 2014...
VALID TODAY AS OF 0500 PM LOCAL TIME.

CLIMATE NORMAL PERIOD 1981 TO 2010
CLIMATE RECORD PERIOD 1898 TO 2014


WEATHER ITEM   OBSERVED TIME   RECORD YEAR NORMAL DEPARTURE LAST
                VALUE   (LST)  VALUE       VALUE  FROM      YEAR
                                                  NORMAL
..................................................................
TEMPERATURE (F)
 TODAY
  MAXIMUM         74    336 PM  93    1988  70      4       66
  MINIMUM         46    629 AM  24    1900  47     -1       51
  AVERAGE         60                        58      2       59

PRECIPITATION (IN)
  TODAY            0.00          1.07 1942   0.09  -0.09     0.00
  MONTH TO DATE    0.55                      1.58  -1.03     0.43
  SINCE SEP 1      0.55                      1.58  -1.03     0.43
  SINCE JAN 1     14.17                     17.81  -3.64    17.25

SNOWFALL (IN)
  TODAY            0.0
  MONTH TO DATE    0.0
  SINCE OCT 1     28.2
  SINCE JUL 1      0.0
  SNOW DEPTH       0

DEGREE DAYS
 HEATING
  TODAY            5                         8     -3        6
  MONTH TO DATE  146                        86     60       44
  SINCE SEP 1    146                        86     60       44
  SINCE JUL 1    200                       143     57       95

 COOLING
  TODAY            0                         1     -1        0
  MONTH TO DATE   12                        33    -21       78
  SINCE SEP 1     12                        33    -21       78
  SINCE JAN 1    345                       507   -162      592
..................................................................


WIND (MPH)
  HIGHEST WIND SPEED    12   HIGHEST WIND DIRECTION    NE (50)
  HIGHEST GUST SPEED    15   HIGHEST GUST DIRECTION    NE (60)
  AVERAGE WIND SPEED     4.9


SKY COVER
  POSSIBLE SUNSHINE  MM
  AVERAGE SKY COVER 0.1


WEATHER CONDITIONS
 THE FOLLOWING WEATHER WAS RECORDED TODAY.
  FOG


RELATIVE HUMIDITY (PERCENT)
 HIGHEST    93           300 AM
 LOWEST     46           300 PM
 AVERAGE    70

..........................................................


THE WATERTOWN SD CLIMATE NORMALS FOR TOMORROW
                         NORMAL    RECORD    YEAR
 MAXIMUM TEMPERATURE (F)   70        92      1984
                                             1940
 MINIMUM TEMPERATURE (F)   46        23      1929


SUNRISE AND SUNSET
SEPTEMBER 17 2014.....SUNRISE   710 AM CDT   SUNSET   736 PM CDT
SEPTEMBER 18 2014.....SUNRISE   711 AM CDT   SUNSET   734 PM CDT


-  INDICATES NEGATIVE NUMBERS.
R  INDICATES RECORD WAS SET OR TIED.
MM INDICATES DATA IS MISSING.
T  INDICATES TRACE AMOUNT.




$$
