000
CDUS43 KABR 232333
CLIATY


CLIMATE REPORT
NATIONAL WEATHER SERVICE ABERDEEN SD
532 PM CST TUE JAN 23 2018


...................................

...THE WATERTOWN SD CLIMATE SUMMARY FOR JANUARY 23 2018...
VALID TODAY AS OF 0500 PM LOCAL TIME.

CLIMATE NORMAL PERIOD 1981 TO 2010
CLIMATE RECORD PERIOD 1898 TO 2018


WEATHER ITEM   OBSERVED TIME   RECORD YEAR NORMAL DEPARTURE LAST
                VALUE   (LST)  VALUE       VALUE  FROM      YEAR
                                                  NORMAL
..................................................................
TEMPERATURE (F)
 TODAY
  MAXIMUM         23    459 PM  57    1981  22      1       30
  MINIMUM         17    904 AM -31    1948   3     14       28
  AVERAGE         20                        13      7       29

PRECIPITATION (IN)
  TODAY            0.00          0.25 2010   0.02  -0.02     0.00
  MONTH TO DATE    0.07                      0.39  -0.32     0.58
  SINCE DEC 1      0.32                      0.92  -0.60     1.83
  SINCE JAN 1      0.07                      0.39  -0.32     0.58

SNOWFALL (IN)
  TODAY            0.0
  MONTH TO DATE    1.2
  SINCE OCT 1      7.6
  SINCE JUL 1      7.6
  SNOW DEPTH       0

DEGREE DAYS
 HEATING
  TODAY           45                        52     -7       36
  MONTH TO DATE 1217                      1210      7     1255
  SINCE DEC 1   2670                      2729    -59     2850
  SINCE JUL 1   4435                      4669   -234     4221

 COOLING
  TODAY            0                         0      0        0
  MONTH TO DATE    0                         0      0        0
  SINCE DEC 1      0                         0      0        0
  SINCE JAN 1      0                         0      0        0
..................................................................


WIND (MPH)
  HIGHEST WIND SPEED    20   HIGHEST WIND DIRECTION     N (340)
  HIGHEST GUST SPEED    23   HIGHEST GUST DIRECTION     N (350)
  AVERAGE WIND SPEED    10.0


SKY COVER
  POSSIBLE SUNSHINE  MM
  AVERAGE SKY COVER 1.0


WEATHER CONDITIONS
 THE FOLLOWING WEATHER WAS RECORDED TODAY.
  FOG
  FOG W/VISIBILITY <= 1/4 MILE


RELATIVE HUMIDITY (PERCENT)
 HIGHEST   100          1200 AM
 LOWEST     91           400 AM
 AVERAGE    96

..........................................................


THE WATERTOWN SD CLIMATE NORMALS FOR TOMORROW
                         NORMAL    RECORD    YEAR
 MAXIMUM TEMPERATURE (F)   23        65      1981
 MINIMUM TEMPERATURE (F)    3       -36      1904


SUNRISE AND SUNSET
JANUARY 23 2018.......SUNRISE   757 AM CST   SUNSET   524 PM CST
JANUARY 24 2018.......SUNRISE   756 AM CST   SUNSET   526 PM CST


-  INDICATES NEGATIVE NUMBERS.
R  INDICATES RECORD WAS SET OR TIED.
MM INDICATES DATA IS MISSING.
T  INDICATES TRACE AMOUNT.




$$
