000
CDUS43 KABR 281030
CLIATY


CLIMATE REPORT
NATIONAL WEATHER SERVICE ABERDEEN SD
528 AM CDT THU AUG 28 2014


...................................

...THE WATERTOWN SD CLIMATE SUMMARY FOR AUGUST 27 2014...

CLIMATE NORMAL PERIOD 1981 TO 2010
CLIMATE RECORD PERIOD 1898 TO 2014


WEATHER ITEM   OBSERVED TIME   RECORD YEAR NORMAL DEPARTURE LAST
                VALUE   (LST)  VALUE       VALUE  FROM      YEAR
                                                  NORMAL
..................................................................
TEMPERATURE (F)
 YESTERDAY
  MAXIMUM         74    346 PM 100    1973  78     -4       93
  MINIMUM         54    209 AM  38    1914  55     -1       67
  AVERAGE         64                        66     -2       80

PRECIPITATION (IN)
  YESTERDAY        0.00          1.42 1927   0.08  -0.08     0.00
  MONTH TO DATE    2.68                      2.44   0.24     0.48
  SINCE JUN 1      8.53                      9.04  -0.51     8.78
  SINCE JAN 1     13.40                     15.89  -2.49    16.77

DEGREE DAYS
 HEATING
  YESTERDAY        1                         2     -1        0
  MONTH TO DATE   19                        32    -13       19
  SINCE JUN 1    117                       127    -10      139
  SINCE JUL 1     54                        49      5       51

 COOLING
  YESTERDAY        0                         4     -4       15
  MONTH TO DATE   99                       137    -38      151
  SINCE JUN 1    281                       439   -158      437
  SINCE JAN 1    322                       461   -139      459
..................................................................


WIND (MPH)
  HIGHEST WIND SPEED    15   HIGHEST WIND DIRECTION    SE (150)
  HIGHEST GUST SPEED    19   HIGHEST GUST DIRECTION     S (160)
  AVERAGE WIND SPEED     7.0


SKY COVER
  POSSIBLE SUNSHINE  MM
  AVERAGE SKY COVER 0.6


WEATHER CONDITIONS
 THE FOLLOWING WEATHER WAS RECORDED YESTERDAY.
  NO SIGNIFICANT WEATHER WAS OBSERVED.


RELATIVE HUMIDITY (PERCENT)
 HIGHEST   100           200 AM
 LOWEST     61           300 PM
 AVERAGE    81

..........................................................


THE WATERTOWN SD CLIMATE NORMALS FOR TODAY
                         NORMAL    RECORD    YEAR
 MAXIMUM TEMPERATURE (F)   78        98      1984
 MINIMUM TEMPERATURE (F)   55        32      1965


SUNRISE AND SUNSET
AUGUST 28 2014........SUNRISE   646 AM CDT   SUNSET   813 PM CDT
AUGUST 29 2014........SUNRISE   647 AM CDT   SUNSET   811 PM CDT


-  INDICATES NEGATIVE NUMBERS.
R  INDICATES RECORD WAS SET OR TIED.
MM INDICATES DATA IS MISSING.
T  INDICATES TRACE AMOUNT.




$$
