000
CDUS43 KABR 300906
CLIATY


CLIMATE REPORT
NATIONAL WEATHER SERVICE ABERDEEN SD
405 AM CDT TUE MAY 30 2017


...................................

...THE WATERTOWN SD CLIMATE SUMMARY FOR MAY 29 2017...

CLIMATE NORMAL PERIOD 1981 TO 2010
CLIMATE RECORD PERIOD 1898 TO 2017


WEATHER ITEM   OBSERVED TIME   RECORD YEAR NORMAL DEPARTURE LAST
                VALUE   (LST)  VALUE       VALUE  FROM      YEAR
                                                  NORMAL
..................................................................
TEMPERATURE (F)
 YESTERDAY
  MAXIMUM         62    425 PM  97    1934  71     -9       78
  MINIMUM         45   1228 AM  31    1930  49     -4       54
  AVERAGE         54                        60     -6       66

PRECIPITATION (IN)
  YESTERDAY        T             2.09 1942   0.09  -0.09     0.00
  MONTH TO DATE    2.10                      2.44  -0.34     1.44
  SINCE MAR 1      4.17                      5.57  -1.40     3.96
  SINCE JAN 1      4.95                      6.65  -1.70     4.99

DEGREE DAYS
 HEATING
  YESTERDAY       11                         6      5        0
  MONTH TO DATE  295                       283     12      217
  SINCE MAR 1   2002                      2023    -21     1568
  SINCE JUL 1   7603                      8434   -831     6887

 COOLING
  YESTERDAY        0                         1     -1        1
  MONTH TO DATE   11                        18     -7       21
  SINCE MAR 1     11                        20     -9       21
  SINCE JAN 1     11                        20     -9       21
..................................................................


WIND (MPH)
  HIGHEST WIND SPEED    28   HIGHEST WIND DIRECTION    NW (320)
  HIGHEST GUST SPEED    36   HIGHEST GUST DIRECTION    NW (320)
  AVERAGE WIND SPEED    13.2


SKY COVER
  POSSIBLE SUNSHINE  MM
  AVERAGE SKY COVER 0.7


WEATHER CONDITIONS
 THE FOLLOWING WEATHER WAS RECORDED YESTERDAY.
  LIGHT RAIN


RELATIVE HUMIDITY (PERCENT)
 HIGHEST    93           100 AM
 LOWEST     46           600 PM
 AVERAGE    70

..........................................................


THE WATERTOWN SD CLIMATE NORMALS FOR TODAY
                         NORMAL    RECORD    YEAR
 MAXIMUM TEMPERATURE (F)   71       106      1934
 MINIMUM TEMPERATURE (F)   50        31      1947


SUNRISE AND SUNSET
MAY 30 2017...........SUNRISE   546 AM CDT   SUNSET   906 PM CDT
MAY 31 2017...........SUNRISE   546 AM CDT   SUNSET   907 PM CDT


-  INDICATES NEGATIVE NUMBERS.
R  INDICATES RECORD WAS SET OR TIED.
MM INDICATES DATA IS MISSING.
T  INDICATES TRACE AMOUNT.




$$
