000
CDUS44 KEWX 182222
CLIAUS


CLIMATE REPORT
NATIONAL WEATHER SERVICE AUSTIN/SAN ANTONIO, TX
421 PM CST THU DEC 18 2014

...................................

...THE AUSTIN BERGSTROM CLIMATE SUMMARY FOR DECEMBER 18 2014...
VALID TODAY AS OF 0400 PM LOCAL TIME.

CLIMATE NORMAL PERIOD 1981 TO 2010
CLIMATE RECORD PERIOD 1943 TO 2014


WEATHER ITEM   OBSERVED TIME   RECORD YEAR NORMAL DEPARTURE LAST
                VALUE   (LST)  VALUE       VALUE  FROM      YEAR
                                                  NORMAL
..................................................................
TEMPERATURE (F)
 TODAY
  MAXIMUM         61    304 PM  81    2012  63     -2       70
  MINIMUM         48    736 AM  25    2003  37     11       32
                                      1997
                                      1979
  AVERAGE         55                        50      5       51

PRECIPITATION (IN)
  TODAY            T             1.71 1991   0.06  -0.06     0.00
  MONTH TO DATE    0.41                      1.30  -0.89     0.27
  SINCE DEC 1      0.41                      1.30  -0.89     0.27
  SINCE JAN 1     27.76                     34.20  -6.44    36.45

SNOWFALL (IN)
  TODAY            0.0
  MONTH TO DATE    0.0
  SINCE DEC 1      0.0
  SINCE JUL 1      0.0
  SNOW DEPTH       0

DEGREE DAYS
 HEATING
  TODAY           10                        15     -5       14
  MONTH TO DATE  153                       255   -102      329
  SINCE DEC 1    153                       255   -102      329
  SINCE JUL 1    491                       540    -49      654

 COOLING
  TODAY            0                         0      0        0
  MONTH TO DATE    4                         5     -1        1
  SINCE DEC 1      4                         5     -1        1
  SINCE JAN 1   2832                      2746     86     3041
..................................................................


WIND (MPH)
  HIGHEST WIND SPEED    14   HIGHEST WIND DIRECTION     N (10)
  HIGHEST GUST SPEED    17   HIGHEST GUST DIRECTION     N (360)
  AVERAGE WIND SPEED     7.2


SKY COVER
  AVERAGE SKY COVER 0.9


WEATHER CONDITIONS
 THE FOLLOWING WEATHER WAS RECORDED TODAY.
  LIGHT RAIN
  FOG


RELATIVE HUMIDITY (PERCENT)
 HIGHEST   100           100 AM
 LOWEST     84           200 PM
 AVERAGE    92

..........................................................


THE AUSTIN BERGSTROM CLIMATE NORMALS FOR TOMORROW
                         NORMAL    RECORD    YEAR
 MAXIMUM TEMPERATURE (F)   63        84      2012
 MINIMUM TEMPERATURE (F)   36        24      1983


SUNRISE AND SUNSET
DECEMBER 18 2014......SUNRISE   721 AM CST   SUNSET   533 PM CST
DECEMBER 19 2014......SUNRISE   722 AM CST   SUNSET   534 PM CST


-  INDICATES NEGATIVE NUMBERS.
R  INDICATES RECORD WAS SET OR TIED.
MM INDICATES DATA IS MISSING.
T  INDICATES TRACE AMOUNT.


$$
