000
CDUS44 KEWX 290647
CLIAUS


CLIMATE REPORT
NATIONAL WEATHER SERVICE AUSTIN/SAN ANTONIO, TX
143 AM CDT THU JUN 29 2017


...................................

...THE AUSTIN BERGSTROM CLIMATE SUMMARY FOR JUNE 28 2017...

CLIMATE NORMAL PERIOD 1981 TO 2010
CLIMATE RECORD PERIOD 1943 TO 2017


WEATHER ITEM   OBSERVED TIME   RECORD YEAR NORMAL DEPARTURE LAST
                VALUE   (LST)  VALUE       VALUE  FROM      YEAR
                                                  NORMAL
..................................................................
TEMPERATURE (F)
 YESTERDAY
  MAXIMUM         93    534 PM 105    2013  94     -1      100
  MINIMUM         70    212 AM  61    2006  71     -1       73
  AVERAGE         82                        82      0       87

PRECIPITATION (IN)
  YESTERDAY        0.00          0.83 1948   0.16  -0.16     0.56
  MONTH TO DATE    2.43                      4.31  -1.88     2.63
  SINCE JUN 1      2.43                      4.31  -1.88     2.63
  SINCE JAN 1     17.21                     17.92  -0.71    30.92

SNOWFALL (IN)
  YESTERDAY        0.0
  MONTH TO DATE    0.0
  SINCE JUN 1      0.0
  SINCE JUL 1      T
  SNOW DEPTH       0

DEGREE DAYS
 HEATING
  YESTERDAY        0                         0      0        0
  MONTH TO DATE    0                         0      0        0
  SINCE JUN 1      0                         0      0        0
  SINCE JUL 1    960                      1903   -943     1380

 COOLING
  YESTERDAY       17                        17      0       22
  MONTH TO DATE  517                       446     71      482
  SINCE JUN 1    517                       446     71      482
  SINCE JAN 1   1302                       953    349      986
..................................................................


WIND (MPH)
  HIGHEST WIND SPEED    15   HIGHEST WIND DIRECTION     E (110)
  HIGHEST GUST SPEED    21   HIGHEST GUST DIRECTION     E (100)
  AVERAGE WIND SPEED     5.2


SKY COVER
  AVERAGE SKY COVER 0.5


WEATHER CONDITIONS
 THE FOLLOWING WEATHER WAS RECORDED YESTERDAY.
  FOG
  FOG W/VISIBILITY <= 1/4 MILE


RELATIVE HUMIDITY (PERCENT)
 HIGHEST   100           100 AM
 LOWEST     44           500 PM
 AVERAGE    72

..........................................................


THE AUSTIN BERGSTROM CLIMATE NORMALS FOR TODAY
                         NORMAL    RECORD    YEAR
 MAXIMUM TEMPERATURE (F)   94       107      2013
 MINIMUM TEMPERATURE (F)   71        63      1985


SUNRISE AND SUNSET
JUNE 29 2017..........SUNRISE   632 AM CDT   SUNSET   836 PM CDT
JUNE 30 2017..........SUNRISE   632 AM CDT   SUNSET   836 PM CDT


-  INDICATES NEGATIVE NUMBERS.
R  INDICATES RECORD WAS SET OR TIED.
MM INDICATES DATA IS MISSING.
T  INDICATES TRACE AMOUNT.




$$
