000
CDUS44 KEWX 272341
CLIAUS


CLIMATE REPORT
NATIONAL WEATHER SERVICE AUSTIN/SAN ANTONIO, TX
541 PM CST THU NOV 27 2014


...................................

...THE AUSTIN BERGSTROM CLIMATE SUMMARY FOR NOVEMBER 27 2014...
VALID TODAY AS OF 0541 PM LOCAL TIME.

CLIMATE NORMAL PERIOD 1981 TO 2010
CLIMATE RECORD PERIOD 1943 TO 2014


WEATHER ITEM   OBSERVED TIME   RECORD YEAR NORMAL DEPARTURE LAST
                VALUE   (LST)  VALUE       VALUE  FROM      YEAR
                                                  NORMAL
..................................................................
TEMPERATURE (F)
 TODAY
  MAXIMUM         64    430 PM  87    2005  67     -3       52
  MINIMUM         37    213 AM  22    2010  41     -4       29
  AVERAGE         51                        54     -3       41

PRECIPITATION (IN)
  TODAY            0.00          1.62 1985   0.09  -0.09     0.00
  MONTH TO DATE    6.64                      2.69   3.95     2.16
  SINCE SEP 1     11.80                      9.55   2.25    16.96
  SINCE JAN 1     27.35                     32.65  -5.30    36.18

SNOWFALL (IN)
  TODAY            0.0
  MONTH TO DATE    T
  SINCE SEP 1      T
  SINCE JUL 1      T
  SNOW DEPTH       0

DEGREE DAYS
 HEATING
  TODAY           14                        11      3       24
  MONTH TO DATE  323                       198    125      236
  SINCE SEP 1    325                       249     76      272
  SINCE JUL 1    325                       249     76      272

 COOLING
  TODAY            0                         1     -1        0
  MONTH TO DATE   10                        37    -27       37
  SINCE SEP 1    664                       600     64      701
  SINCE JAN 1   2824                      2740     84     3040
..................................................................


WIND (MPH)
  HIGHEST WIND SPEED    14   HIGHEST WIND DIRECTION    NE (40)
  HIGHEST GUST SPEED    17   HIGHEST GUST DIRECTION    NE (50)
  AVERAGE WIND SPEED     7.0


SKY COVER
  AVERAGE SKY COVER 0.0


WEATHER CONDITIONS
 THE FOLLOWING WEATHER WAS RECORDED TODAY.
  NO SIGNIFICANT WEATHER WAS OBSERVED.


RELATIVE HUMIDITY (PERCENT)
 HIGHEST    86           100 AM
 LOWEST     30           300 PM
 AVERAGE    58

..........................................................


THE AUSTIN BERGSTROM CLIMATE NORMALS FOR TOMORROW
                         NORMAL    RECORD    YEAR
 MAXIMUM TEMPERATURE (F)   67        88      1949
 MINIMUM TEMPERATURE (F)   41        25      1976


SUNRISE AND SUNSET
NOVEMBER 27 2014......SUNRISE   706 AM CST   SUNSET   530 PM CST
NOVEMBER 28 2014......SUNRISE   707 AM CST   SUNSET   530 PM CST


-  INDICATES NEGATIVE NUMBERS.
R  INDICATES RECORD WAS SET OR TIED.
MM INDICATES DATA IS MISSING.
T  INDICATES TRACE AMOUNT.




$$
