000
CDUS44 KEWX 020837
CLIAUS


CLIMATE REPORT
NATIONAL WEATHER SERVICE AUSTIN/SAN ANTONIO, TX
337 AM CDT TUE JUN 2 2015


...................................

...THE AUSTIN BERGSTROM CLIMATE SUMMARY FOR JUNE 1 2015...

CLIMATE NORMAL PERIOD 1981 TO 2010
CLIMATE RECORD PERIOD 1943 TO 2015


WEATHER ITEM   OBSERVED TIME   RECORD YEAR NORMAL DEPARTURE LAST
                VALUE   (LST)  VALUE       VALUE  FROM      YEAR
                                                  NORMAL
..................................................................
TEMPERATURE (F)
 YESTERDAY
  MAXIMUM         87    329 PM 100    1998  90     -3       89
  MINIMUM         60    525 AM  56    1984  68     -8       68
                                      1975
                                      1964
  AVERAGE         74                        79     -5       79

PRECIPITATION (IN)
  YESTERDAY        0.00          1.53 1957   0.11  -0.11     0.00
  MONTH TO DATE    0.00                      0.11  -0.11     0.00
  SINCE JUN 1      0.00                      0.11  -0.11     0.00
  SINCE JAN 1     25.57                     14.16  11.41    11.82

SNOWFALL (IN)
  YESTERDAY        0.0
  MONTH TO DATE    0.0
  SINCE JUN 1      0.0
  SINCE JUL 1      T
  SNOW DEPTH       0

DEGREE DAYS
 HEATING
  YESTERDAY        0                         0      0        0
  MONTH TO DATE    0                         0      0        0
  SINCE JUN 1      0                         0      0        0
  SINCE JUL 1   1979                      1903     76     2187

 COOLING
  YESTERDAY        9                        14     -5       14
  MONTH TO DATE    9                        14     -5       14
  SINCE JUN 1      9                        14     -5       14
  SINCE JAN 1    502                       521    -19      469
..................................................................


WIND (MPH)
  HIGHEST WIND SPEED    10   HIGHEST WIND DIRECTION    SE (120)
  HIGHEST GUST SPEED    14   HIGHEST GUST DIRECTION    SE (120)
  AVERAGE WIND SPEED     2.3


SKY COVER
  AVERAGE SKY COVER 0.3


WEATHER CONDITIONS
 THE FOLLOWING WEATHER WAS RECORDED YESTERDAY.
  FOG


RELATIVE HUMIDITY (PERCENT)
 HIGHEST   100          1200 AM
 LOWEST     48           300 PM
 AVERAGE    74

..........................................................


THE AUSTIN BERGSTROM CLIMATE NORMALS FOR TODAY
                         NORMAL    RECORD    YEAR
 MAXIMUM TEMPERATURE (F)   90       100      1998
 MINIMUM TEMPERATURE (F)   68        56      1964


SUNRISE AND SUNSET
JUNE  2 2015..........SUNRISE   629 AM CDT   SUNSET   828 PM CDT
JUNE  3 2015..........SUNRISE   629 AM CDT   SUNSET   829 PM CDT


-  INDICATES NEGATIVE NUMBERS.
R  INDICATES RECORD WAS SET OR TIED.
MM INDICATES DATA IS MISSING.
T  INDICATES TRACE AMOUNT.




$$
