000
CDUS44 KEWX 280729
CLIAUS


CLIMATE REPORT
NATIONAL WEATHER SERVICE AUSTIN/SAN ANTONIO, TX
228 AM CDT TUE JUL 28 2015


...................................

...THE AUSTIN BERGSTROM CLIMATE SUMMARY FOR JULY 27 2015...

CLIMATE NORMAL PERIOD 1981 TO 2010
CLIMATE RECORD PERIOD 1943 TO 2015


WEATHER ITEM   OBSERVED TIME   RECORD YEAR NORMAL DEPARTURE LAST
                VALUE   (LST)  VALUE       VALUE  FROM      YEAR
                                                  NORMAL
..................................................................
TEMPERATURE (F)
 YESTERDAY
  MAXIMUM         97    517 PM 104    1954  96      1       99
  MINIMUM         73    558 AM  67    2004  72      1       72
  AVERAGE         85                        84      1       86

PRECIPITATION (IN)
  YESTERDAY        0.00          3.11 1979   0.06  -0.06     0.00
  MONTH TO DATE    0.01                      2.23  -2.22     2.05
  SINCE JUN 1      3.22                      6.86  -3.64     3.73
  SINCE JAN 1     28.79                     20.47   8.32    15.55

SNOWFALL (IN)
  YESTERDAY        0.0
  MONTH TO DATE    0.0
  SINCE JUN 1      0.0
  SINCE JUL 1      0.0
  SNOW DEPTH       0

DEGREE DAYS
 HEATING
  YESTERDAY        0                         0      0        0
  MONTH TO DATE    0                         0      0        0
  SINCE JUN 1      0                         0      0        0
  SINCE JUL 1      0                         0      0        0

 COOLING
  YESTERDAY       20                        19      1       21
  MONTH TO DATE  483                       497    -14      477
  SINCE JUN 1    913                       978    -65      984
  SINCE JAN 1   1406                      1485    -79     1439
..................................................................


WIND (MPH)
  HIGHEST WIND SPEED    20   HIGHEST WIND DIRECTION    SE (140)
  HIGHEST GUST SPEED    23   HIGHEST GUST DIRECTION    SW (210)
  AVERAGE WIND SPEED     8.8


SKY COVER
  AVERAGE SKY COVER 0.4


WEATHER CONDITIONS
 THE FOLLOWING WEATHER WAS RECORDED YESTERDAY.
  FOG


RELATIVE HUMIDITY (PERCENT)
 HIGHEST   100           400 AM
 LOWEST     35           500 PM
 AVERAGE    68

..........................................................


THE AUSTIN BERGSTROM CLIMATE NORMALS FOR TODAY
                         NORMAL    RECORD    YEAR
 MAXIMUM TEMPERATURE (F)   96       104      1995
 MINIMUM TEMPERATURE (F)   72        68      2003


SUNRISE AND SUNSET
JULY 28 2015..........SUNRISE   647 AM CDT   SUNSET   827 PM CDT
JULY 29 2015..........SUNRISE   647 AM CDT   SUNSET   827 PM CDT


-  INDICATES NEGATIVE NUMBERS.
R  INDICATES RECORD WAS SET OR TIED.
MM INDICATES DATA IS MISSING.
T  INDICATES TRACE AMOUNT.




$$
