000
CDUS44 KEWX 202222
CLIAUS


CLIMATE REPORT
NATIONAL WEATHER SERVICE AUSTIN/SAN ANTONIO, TX
422 PM CST FRI JAN 20 2017


...................................

...THE AUSTIN BERGSTROM CLIMATE SUMMARY FOR JANUARY 20 2017...
VALID TODAY AS OF 420 PM LOCAL TIME.

CLIMATE NORMAL PERIOD 1981 TO 2010
CLIMATE RECORD PERIOD 1943 TO 2017


WEATHER ITEM   OBSERVED TIME   RECORD YEAR NORMAL DEPARTURE LAST
                VALUE   (LST)  VALUE       VALUE  FROM      YEAR
                                                  NORMAL
..................................................................
TEMPERATURE (F)
 TODAY
  MAXIMUM         78    409 PM  82    1972  62     16       56
                                      1954
  MINIMUM         54    307 AM  15    2008  36     18       44
  AVERAGE         66                        49     17       50

PRECIPITATION (IN)
  TODAY            0.00          1.52 1968   0.07  -0.07      T
  MONTH TO DATE    4.65                      1.48   3.17     0.87
  SINCE DEC 1      7.76                      3.69   4.07     3.16
  SINCE JAN 1      4.65                      1.48   3.17     0.87

SNOWFALL (IN)
  TODAY            0.0
  MONTH TO DATE    0.0
  SINCE DEC 1      0.0
  SINCE JUL 1      0.0
  SNOW DEPTH       0

DEGREE DAYS
 HEATING
  TODAY            0                        16    -16       15
  MONTH TO DATE  199                       320   -121      330
  SINCE DEC 1    551                       782   -231      647
  SINCE JUL 1    645                      1067   -422      825

 COOLING
  TODAY            1                         0      1        0
  MONTH TO DATE   23                         0     23        0
  SINCE DEC 1     65                        10     55       19
  SINCE JAN 1     23                         0     23        0
..................................................................


WIND (MPH)
  HIGHEST WIND SPEED    12   HIGHEST WIND DIRECTION    SE (120)
  HIGHEST GUST SPEED    15   HIGHEST GUST DIRECTION    SE (140)
  AVERAGE WIND SPEED     6.1


SKY COVER
  AVERAGE SKY COVER 0.7


WEATHER CONDITIONS
 THE FOLLOWING WEATHER WAS RECORDED TODAY.
  FOG
  FOG W/VISIBILITY <= 1/4 MILE


RELATIVE HUMIDITY (PERCENT)
 HIGHEST   100           700 AM
 LOWEST     38           400 PM
 AVERAGE    69

..........................................................


THE AUSTIN BERGSTROM CLIMATE NORMALS FOR TOMORROW
                         NORMAL    RECORD    YEAR
 MAXIMUM TEMPERATURE (F)   62        81      1969
 MINIMUM TEMPERATURE (F)   37        17      1985


SUNRISE AND SUNSET
JANUARY 20 2017.......SUNRISE   727 AM CST   SUNSET   557 PM CST
JANUARY 21 2017.......SUNRISE   726 AM CST   SUNSET   558 PM CST


-  INDICATES NEGATIVE NUMBERS.
R  INDICATES RECORD WAS SET OR TIED.
MM INDICATES DATA IS MISSING.
T  INDICATES TRACE AMOUNT.




$$
