000
CDUS44 KEWX 010745
CLIAUS


CLIMATE REPORT
NATIONAL WEATHER SERVICE AUSTIN/SAN ANTONIO, TX
243 AM CDT TUE SEP 1 2015


...................................

...THE AUSTIN BERGSTROM CLIMATE SUMMARY FOR AUGUST 31 2015...

CLIMATE NORMAL PERIOD 1981 TO 2010
CLIMATE RECORD PERIOD 1943 TO 2015


WEATHER ITEM   OBSERVED TIME   RECORD YEAR NORMAL DEPARTURE LAST
                VALUE   (LST)  VALUE       VALUE  FROM      YEAR
                                                  NORMAL
..................................................................
TEMPERATURE (F)
 YESTERDAY
  MAXIMUM         96    244 PM 106    2000  94      2       96
  MINIMUM         67    617 AM  62    2006  70     -3       71
  AVERAGE         82                        82      0       84

PRECIPITATION (IN)
  YESTERDAY        0.11          0.88 2001   0.10   0.01     0.00
  MONTH TO DATE    0.74                      2.03  -1.29      T
  SINCE JUN 1      3.96                      9.10  -5.14     3.73
  SINCE JAN 1     29.53                     22.71   6.82    15.55

SNOWFALL (IN)
  YESTERDAY        0.0
  MONTH TO DATE    0.0
  SINCE JUN 1      0.0
  SINCE JUL 1      0.0
  SNOW DEPTH       0

DEGREE DAYS
 HEATING
  YESTERDAY        0                         0      0        0
  MONTH TO DATE    0                         0      0        0
  SINCE JUN 1      0                         0      0        0
  SINCE JUL 1      0                         0      0        0

 COOLING
  YESTERDAY       17                        17      0       19
  MONTH TO DATE  604                       580     24      640
  SINCE JUN 1   1602                      1633    -31     1705
  SINCE JAN 1   2095                      2140    -45     2160
..................................................................


WIND (MPH)
  HIGHEST WIND SPEED    24   HIGHEST WIND DIRECTION    SE (120)
  HIGHEST GUST SPEED    29   HIGHEST GUST DIRECTION    SE (130)
  AVERAGE WIND SPEED     5.9


SKY COVER
  AVERAGE SKY COVER 0.5


WEATHER CONDITIONS
 THE FOLLOWING WEATHER WAS RECORDED YESTERDAY.
  LIGHT RAIN


RELATIVE HUMIDITY (PERCENT)
 HIGHEST    97           500 AM
 LOWEST     33           300 PM
 AVERAGE    65

..........................................................


THE AUSTIN BERGSTROM CLIMATE NORMALS FOR TODAY
                         NORMAL    RECORD    YEAR
 MAXIMUM TEMPERATURE (F)   94       107      1951
 MINIMUM TEMPERATURE (F)   69        63      2004


SUNRISE AND SUNSET
SEPTEMBER  1 2015.....SUNRISE   707 AM CDT   SUNSET   754 PM CDT
SEPTEMBER  2 2015.....SUNRISE   708 AM CDT   SUNSET   752 PM CDT


-  INDICATES NEGATIVE NUMBERS.
R  INDICATES RECORD WAS SET OR TIED.
MM INDICATES DATA IS MISSING.
T  INDICATES TRACE AMOUNT.




$$
