000
CDUS43 KGRB 222324
CLIAUW


CLIMATE REPORT
NATIONAL WEATHER SERVICE GREEN BAY
616 PM CDT FRI SEP 22 2017


...................................

...THE WAUSAU WI CLIMATE SUMMARY FOR SEPTEMBER 22 2017...
VALID TODAY AS OF 0500 PM LOCAL TIME.

CLIMATE NORMAL PERIOD 1981 TO 2010
CLIMATE RECORD PERIOD 1896 TO 2017


WEATHER ITEM   OBSERVED TIME   RECORD YEAR NORMAL DEPARTURE LAST
                VALUE   (LST)  VALUE       VALUE  FROM      YEAR
                                                  NORMAL
..................................................................
TEMPERATURE (F)
 TODAY
  MAXIMUM         87    118 PM  94    1937  66     21       70
  MINIMUM         65    252 AM  29    1974  45     20       59
  AVERAGE         76                        56     20       65

PRECIPITATION (IN)
  TODAY            T             0.84 1959   0.13  -0.13     0.19
  MONTH TO DATE    1.69                      2.86  -1.17     4.10
  SINCE SEP 1      1.69                      2.86  -1.17     4.10
  SINCE JAN 1     31.01                     25.07   5.94    29.45

SNOWFALL (IN)
  TODAY            0.0           T    1995   0.0             0.0
                                      1928
  MONTH TO DATE    0.0                       0.0             0.0
  SINCE SEP 1      0.0                       0.0             0.0
  SINCE JUL 1      0.0                       0.0             0.0
  SNOW DEPTH       0

DEGREE DAYS
 HEATING
  TODAY            0                        10    -10        0
  MONTH TO DATE  109                       134    -25       45
  SINCE SEP 1    109                       134    -25       45
  SINCE JUL 1    167                       200    -33       67

 COOLING
  TODAY           11                         0     11        0
  MONTH TO DATE   37                        29      8       24
  SINCE JAN 1    309                       404    -95      511
..................................................................


WIND (MPH)
  HIGHEST WIND SPEED    18   HIGHEST WIND DIRECTION    NE (50)
  HIGHEST GUST SPEED    25   HIGHEST GUST DIRECTION    NE (50)
  AVERAGE WIND SPEED     7.8


SKY COVER
  POSSIBLE SUNSHINE  MM
  AVERAGE SKY COVER 0.3


WEATHER CONDITIONS
 THE FOLLOWING WEATHER WAS RECORDED TODAY.
  LIGHT RAIN


RELATIVE HUMIDITY (PERCENT)
 HIGHEST    93          1200 AM
 LOWEST     51           500 PM
 AVERAGE    72

..........................................................


THE WAUSAU WI CLIMATE NORMALS FOR TOMORROW
                         NORMAL    RECORD    YEAR
 MAXIMUM TEMPERATURE (F)   66        91      1937
 MINIMUM TEMPERATURE (F)   45        25      1974


SUNRISE AND SUNSET
SEPTEMBER 22 2017.....SUNRISE   646 AM CDT   SUNSET   655 PM CDT
SEPTEMBER 23 2017.....SUNRISE   647 AM CDT   SUNSET   654 PM CDT


-  INDICATES NEGATIVE NUMBERS.
R  INDICATES RECORD WAS SET OR TIED.
MM INDICATES DATA IS MISSING.
T  INDICATES TRACE AMOUNT.




$$
