000
CDUS43 KGRB 300730
CLIAUW


CLIMATE REPORT
NATIONAL WEATHER SERVICE GREEN BAY
228 AM CDT THU MAR 30 2017


...................................

...THE WAUSAU WI CLIMATE SUMMARY FOR MARCH 29 2017...

CLIMATE NORMAL PERIOD 1981 TO 2010
CLIMATE RECORD PERIOD 1896 TO 2017


WEATHER ITEM   OBSERVED TIME   RECORD YEAR NORMAL DEPARTURE LAST
                VALUE   (LST)  VALUE       VALUE  FROM      YEAR
                                                  NORMAL
..................................................................
TEMPERATURE (F)
 YESTERDAY
  MAXIMUM         47    205 PM  80    1910  46      1       62
  MINIMUM         30    530 AM  -1    1964  26      4       33
  AVERAGE         39                        36      3

PRECIPITATION (IN)
  YESTERDAY        T             1.12 1951   0.07  -0.07     0.00
  MONTH TO DATE    2.16                      1.63   0.53     4.09
  SINCE MAR 1      2.16                      1.63   0.53     4.09
  SINCE JAN 1      6.10                      3.57   2.53     5.52

SNOWFALL (IN)
  YESTERDAY        0.0          13.0  1924   0.2   -0.2      0.0
  MONTH TO DATE    5.0                       9.6   -4.6     13.2
  SINCE JUL 1     58.8                      54.9    3.9     37.6
  SNOW DEPTH       0

DEGREE DAYS
 HEATING
  YESTERDAY       26                        29     -3       17
  MONTH TO DATE 1036                      1027      9      764
  SINCE MAR 1   1036                      1027      9      764
  SINCE JUL 1   6262                      7163   -901     5887

 COOLING
  YESTERDAY        0                         0      0        0
  MONTH TO DATE    0                         0      0        0
  SINCE MAR 1      0                         0      0        0
  SINCE JAN 1      0                         0      0        0
..................................................................


WIND (MPH)
  HIGHEST WIND SPEED    17   HIGHEST WIND DIRECTION     E (100)
  HIGHEST GUST SPEED    22   HIGHEST GUST DIRECTION     E (100)
  AVERAGE WIND SPEED     7.1


SKY COVER
  POSSIBLE SUNSHINE  MM
  AVERAGE SKY COVER 0.4


WEATHER CONDITIONS
 THE FOLLOWING WEATHER WAS RECORDED YESTERDAY.
  LIGHT RAIN


RELATIVE HUMIDITY (PERCENT)
 HIGHEST    92           400 AM
 LOWEST     49          1100 AM
 AVERAGE    71

..........................................................


THE WAUSAU WI CLIMATE NORMALS FOR TODAY
                         NORMAL    RECORD    YEAR
 MAXIMUM TEMPERATURE (F)   46        80      1910
 MINIMUM TEMPERATURE (F)   26        -2      1969
                                             1899


SUNRISE AND SUNSET
MARCH 30 2017.........SUNRISE   642 AM CDT   SUNSET   724 PM CDT
MARCH 31 2017.........SUNRISE   641 AM CDT   SUNSET   725 PM CDT


-  INDICATES NEGATIVE NUMBERS.
R  INDICATES RECORD WAS SET OR TIED.
MM INDICATES DATA IS MISSING.
T  INDICATES TRACE AMOUNT.

$$
