828
CDUS43 KGRB 260805
CLIAUW


CLIMATE REPORT
NATIONAL WEATHER SERVICE GREEN BAY
304 AM CDT TUE JUL 26 2016


...................................

...THE WAUSAU WI CLIMATE SUMMARY FOR JULY 25 2016...

CLIMATE NORMAL PERIOD 1981 TO 2010
CLIMATE RECORD PERIOD 1896 TO 2016


WEATHER ITEM   OBSERVED TIME   RECORD YEAR NORMAL DEPARTURE LAST
                VALUE   (LST)  VALUE       VALUE  FROM      YEAR
                                                  NORMAL
..................................................................
TEMPERATURE (F)
 YESTERDAY
  MAXIMUM         83    405 PM  94    1931  80      3       87
  MINIMUM         64    541 AM  44    1913  59      5       66
  AVERAGE         74                        69      5

PRECIPITATION (IN)
  YESTERDAY        0.00          3.09 1953   0.13  -0.13     0.00
  MONTH TO DATE    2.93                      3.06  -0.13     3.08
  SINCE JUN 1      8.15                      7.37   0.78     7.64
  SINCE JAN 1     19.81                     17.28   2.53    18.37

SNOWFALL (IN)
  YESTERDAY        0.0           0.0    MM   0.0    0.0      0.0
  MONTH TO DATE    0.0                       0.0    0.0      0.0
  SINCE JUL 1      0.0                       0.0    0.0      0.0
  SNOW DEPTH       0

DEGREE DAYS
 HEATING
  YESTERDAY        0                         1     -1        0
  MONTH TO DATE    8                        25    -17       18
  SINCE JUN 1     38                       114    -76       79
  SINCE JUL 1      8                        25    -17       18

 COOLING
  YESTERDAY        9                         5      4       12
  MONTH TO DATE  148                       125     23      110
  SINCE JUN 1    252                       210     42      157
  SINCE JAN 1    299                       229     70      175
..................................................................


WIND (MPH)
  HIGHEST WIND SPEED    17   HIGHEST WIND DIRECTION    NW (310)
  HIGHEST GUST SPEED    23   HIGHEST GUST DIRECTION     W (290)
  AVERAGE WIND SPEED     7.4


SKY COVER
  POSSIBLE SUNSHINE  MM
  AVERAGE SKY COVER 0.1


WEATHER CONDITIONS
 THE FOLLOWING WEATHER WAS RECORDED YESTERDAY.
  NO SIGNIFICANT WEATHER WAS OBSERVED.


RELATIVE HUMIDITY (PERCENT)
 HIGHEST    93           300 AM
 LOWEST     40           500 PM
 AVERAGE    67

..........................................................


THE WAUSAU WI CLIMATE NORMALS FOR TODAY
                         NORMAL    RECORD    YEAR
 MAXIMUM TEMPERATURE (F)   80        99      1955
 MINIMUM TEMPERATURE (F)   59        44      1900


SUNRISE AND SUNSET
JULY 26 2016..........SUNRISE   538 AM CDT   SUNSET   831 PM CDT
JULY 27 2016..........SUNRISE   539 AM CDT   SUNSET   830 PM CDT


-  INDICATES NEGATIVE NUMBERS.
R  INDICATES RECORD WAS SET OR TIED.
MM INDICATES DATA IS MISSING.
T  INDICATES TRACE AMOUNT.




$$
