000
CDUS43 KGRB 110620
CLIAUW


CLIMATE REPORT
NATIONAL WEATHER SERVICE GREEN BAY
120 AM CDT FRI JUL 11 2014


...................................

...THE WAUSAU WI CLIMATE SUMMARY FOR JULY 10 2014...

CLIMATE NORMAL PERIOD 1981 TO 2010
CLIMATE RECORD PERIOD 1896 TO 2014


WEATHER ITEM   OBSERVED TIME   RECORD YEAR NORMAL DEPARTURE LAST
                VALUE   (LST)  VALUE       VALUE  FROM      YEAR
                                                  NORMAL
..................................................................
TEMPERATURE (F)
 YESTERDAY
  MAXIMUM         78    513 PM  99    1936  80     -2       76
  MINIMUM         48    446 AM  44    1898  59    -11       58
  AVERAGE         63                        69     -6

PRECIPITATION (IN)
  YESTERDAY        0.00          2.71 1984   0.12  -0.12     0.00
  MONTH TO DATE    1.47                      1.20   0.27     2.46
  SINCE JUN 1      6.98                      5.51   1.47     8.27
  SINCE JAN 1     18.42                     15.42   3.00    22.74

SNOWFALL (IN)
  YESTERDAY        0.0           0.0    MM   0.0    0.0      0.0
  MONTH TO DATE    0.0                       0.0    0.0      0.0
  SINCE JUN 1      0.0                       0.0    0.0      0.0
  SINCE JUL 1      0.0                       0.0    0.0      0.0
  SNOW DEPTH       0

DEGREE DAYS
 HEATING
  YESTERDAY        2                         1      1        0
  MONTH TO DATE   15                        10      5        3
  SINCE JUN 1     37                        99    -62       89
  SINCE JUL 1     15                        10      5        3

 COOLING
  YESTERDAY        0                         5     -5        2
  MONTH TO DATE   21                        50    -29       67
  SINCE JUN 1    131                       135     -4      151
  SINCE JAN 1    156                       154      2      188
..................................................................


WIND (MPH)
  HIGHEST WIND SPEED    15   HIGHEST WIND DIRECTION     S (170)
  HIGHEST GUST SPEED    18   HIGHEST GUST DIRECTION     S (180)
  AVERAGE WIND SPEED     6.8


SKY COVER
  POSSIBLE SUNSHINE  MM
  AVERAGE SKY COVER 0.2


WEATHER CONDITIONS
 THE FOLLOWING WEATHER WAS RECORDED YESTERDAY.
  NO SIGNIFICANT WEATHER WAS OBSERVED.


RELATIVE HUMIDITY (PERCENT)
 HIGHEST   100           400 AM
 LOWEST     46          1200 PM
 AVERAGE    73

..........................................................


THE WAUSAU WI CLIMATE NORMALS FOR TODAY
                         NORMAL    RECORD    YEAR
 MAXIMUM TEMPERATURE (F)   80       104      1936
 MINIMUM TEMPERATURE (F)   59        40      1945


SUNRISE AND SUNSET
JULY 11 2014..........SUNRISE   523 AM CDT   SUNSET   845 PM CDT
JULY 12 2014..........SUNRISE   524 AM CDT   SUNSET   844 PM CDT


-  INDICATES NEGATIVE NUMBERS.
R  INDICATES RECORD WAS SET OR TIED.
MM INDICATES DATA IS MISSING.
T  INDICATES TRACE AMOUNT.




$$
