000
CDUS43 KGRB 210928
CLIAUW


CLIMATE REPORT
NATIONAL WEATHER SERVICE GREEN BAY
327 AM CST SAT JAN 21 2017


...................................

...THE WAUSAU WI CLIMATE SUMMARY FOR JANUARY 20 2017...

CLIMATE NORMAL PERIOD 1981 TO 2010
CLIMATE RECORD PERIOD 1896 TO 2017


WEATHER ITEM   OBSERVED TIME   RECORD YEAR NORMAL DEPARTURE LAST
                VALUE   (LST)  VALUE       VALUE  FROM      YEAR
                                                  NORMAL
..................................................................
TEMPERATURE (F)
 YESTERDAY
  MAXIMUM         35    232 PM  48    1908  23     12       18
  MINIMUM         31    345 AM -27    1985   6     25        7
  AVERAGE         33                        14     19

PRECIPITATION (IN)
  YESTERDAY        0.16          0.52 1988   0.04   0.12     0.00
  MONTH TO DATE    1.83                      0.68   1.15     0.61
  SINCE DEC 1      4.49                      2.04   2.45     5.56
  SINCE JAN 1      1.83                      0.68   1.15     0.61

SNOWFALL (IN)
  YESTERDAY       MM             6.3  1982   0.4   MM        0.0
  MONTH TO DATE   11.8                       8.7    3.1      3.6
  SINCE JUL 1     39.0                      30.9    8.1     13.2
  SNOW DEPTH      12

DEGREE DAYS
 HEATING
  YESTERDAY       32                        51    -19       52
  MONTH TO DATE 1037                      1014     23     1036
  SINCE DEC 1   2454                      2441     13     2070
  SINCE JUL 1   3732                      4300   -568     3476

 COOLING
  YESTERDAY        0                         0      0        0
  MONTH TO DATE    0                         0      0        0
  SINCE DEC 1      0                         0      0        0
  SINCE JAN 1      0                         0      0        0
..................................................................


WIND (MPH)
  HIGHEST WIND SPEED    12   HIGHEST WIND DIRECTION     E (110)
  HIGHEST GUST SPEED    14   HIGHEST GUST DIRECTION     E (100)
  AVERAGE WIND SPEED     6.3


SKY COVER
  POSSIBLE SUNSHINE  MM
  AVERAGE SKY COVER 1.0


WEATHER CONDITIONS
 THE FOLLOWING WEATHER WAS RECORDED YESTERDAY.
  LIGHT RAIN
  LT FREEZING RAIN
  FOG


RELATIVE HUMIDITY (PERCENT)
 HIGHEST   100          1200 AM
 LOWEST     92           400 AM
 AVERAGE    96

..........................................................


THE WAUSAU WI CLIMATE NORMALS FOR TODAY
                         NORMAL    RECORD    YEAR
 MAXIMUM TEMPERATURE (F)   23        46      1908
 MINIMUM TEMPERATURE (F)    6       -27      1963


SUNRISE AND SUNSET
JANUARY 21 2017.......SUNRISE   729 AM CST   SUNSET   452 PM CST
JANUARY 22 2017.......SUNRISE   728 AM CST   SUNSET   453 PM CST


-  INDICATES NEGATIVE NUMBERS.
R  INDICATES RECORD WAS SET OR TIED.
MM INDICATES DATA IS MISSING.
T  INDICATES TRACE AMOUNT.




$$
