000
CDUS43 KGRB 210630
CLIAUW


CLIMATE REPORT
NATIONAL WEATHER SERVICE GREEN BAY
1230 AM CST SUN JAN 21 2018


...................................

...THE WAUSAU WI CLIMATE SUMMARY FOR JANUARY 20 2018...

CLIMATE NORMAL PERIOD 1981 TO 2010
CLIMATE RECORD PERIOD 1896 TO 2018


WEATHER ITEM   OBSERVED TIME   RECORD YEAR NORMAL DEPARTURE LAST
                VALUE   (LST)  VALUE       VALUE  FROM      YEAR
                                                  NORMAL
..................................................................
TEMPERATURE (F)
 YESTERDAY
  MAXIMUM         42    205 PM  48    1908  23     19       35
  MINIMUM         27    936 AM -27    1985   6     21       31
  AVERAGE         35                        14     21

PRECIPITATION (IN)
  YESTERDAY        0.00          0.52 1988   0.04  -0.04     0.16
  MONTH TO DATE    0.46                      0.68  -0.22     1.83
  SINCE DEC 1      1.62                      2.04  -0.42     4.49
  SINCE JAN 1      0.46                      0.68  -0.22     1.83

SNOWFALL (IN)
  YESTERDAY        0.0           6.3  1982   0.4   -0.4      0.0
  MONTH TO DATE    4.3                       8.7   -4.4     11.8
  SINCE JUL 1     22.2                      30.9   -8.7     39.0
  SNOW DEPTH       4

DEGREE DAYS
 HEATING
  YESTERDAY       30                        51    -21       32
  MONTH TO DATE 1050                      1014     36     1037
  SINCE DEC 1   2580                      2441    139     2454
  SINCE JUL 1   4265                      4300    -35     3732

 COOLING
  YESTERDAY        0                         0      0        0
  MONTH TO DATE    0                         0      0        0
  SINCE DEC 1      0                         0      0        0
  SINCE JAN 1      0                         0      0        0
..................................................................


WIND (MPH)
  HIGHEST WIND SPEED     9   HIGHEST WIND DIRECTION    NW (300)
  HIGHEST GUST SPEED    14   HIGHEST GUST DIRECTION     W (290)
  AVERAGE WIND SPEED     2.3


SKY COVER
  POSSIBLE SUNSHINE  MM
  AVERAGE SKY COVER 0.2


WEATHER CONDITIONS
 THE FOLLOWING WEATHER WAS RECORDED YESTERDAY.
  FOG


RELATIVE HUMIDITY (PERCENT)
 HIGHEST    92           700 AM
 LOWEST     62           200 PM
 AVERAGE    77

..........................................................


THE WAUSAU WI CLIMATE NORMALS FOR TODAY
                         NORMAL    RECORD    YEAR
 MAXIMUM TEMPERATURE (F)   23        46      1908
 MINIMUM TEMPERATURE (F)    6       -27      1963


SUNRISE AND SUNSET
JANUARY 21 2018.......SUNRISE   729 AM CST   SUNSET   451 PM CST
JANUARY 22 2018.......SUNRISE   728 AM CST   SUNSET   453 PM CST


-  INDICATES NEGATIVE NUMBERS.
R  INDICATES RECORD WAS SET OR TIED.
MM INDICATES DATA IS MISSING.
T  INDICATES TRACE AMOUNT.




$$
