000
CDUS43 KGRB 290708
CLIAUW


CLIMATE REPORT
NATIONAL WEATHER SERVICE GREEN BAY
206 AM CDT FRI MAY 29 2015


...................................

...THE WAUSAU WI CLIMATE SUMMARY FOR MAY 28 2015...

CLIMATE NORMAL PERIOD 1981 TO 2010
CLIMATE RECORD PERIOD 1896 TO 2015


WEATHER ITEM   OBSERVED TIME   RECORD YEAR NORMAL DEPARTURE LAST
                VALUE   (LST)  VALUE       VALUE  FROM      YEAR
                                                  NORMAL
..................................................................
TEMPERATURE (F)
 YESTERDAY
  MAXIMUM         83    237 PM  91    2006  71     12       78
  MINIMUM         54    516 AM  32    1947  48      6       56
                                      1932
  AVERAGE         69                        59     10

PRECIPITATION (IN)
  YESTERDAY        T             2.68 1941   0.12  -0.12     0.00
  MONTH TO DATE    5.27                      3.09   2.18     3.48
  SINCE MAR 1      9.24                      7.58   1.66     8.50
  SINCE JAN 1      9.99                      9.52   0.47    11.44

SNOWFALL (IN)
  YESTERDAY        0.0           1.0  1947   0.0    0.0      0.0
  MONTH TO DATE    T                         0.2   -0.2      0.0
  SINCE JUL 1     53.7                      59.6   -5.9     84.3
  SNOW DEPTH       0

DEGREE DAYS
 HEATING
  YESTERDAY        0                         7     -7        0
  MONTH TO DATE  213                       290    -77      276
  SINCE MAR 1   1814                      2006   -192     2371
  SINCE JUL 1   8394                      8142    252     9318

 COOLING
  YESTERDAY        4                         1      3        2
  MONTH TO DATE   14                        11      3       15
  SINCE MAR 1     14                        13      1       15
  SINCE JAN 1     14                        13      1       15
..................................................................


WIND (MPH)
  HIGHEST WIND SPEED    20   HIGHEST WIND DIRECTION     S (190)
  HIGHEST GUST SPEED    25   HIGHEST GUST DIRECTION     S (190)
  AVERAGE WIND SPEED     7.5


SKY COVER
  POSSIBLE SUNSHINE  MM
  AVERAGE SKY COVER 0.1


WEATHER CONDITIONS
 THE FOLLOWING WEATHER WAS RECORDED YESTERDAY.
  LIGHT RAIN
  FOG


RELATIVE HUMIDITY (PERCENT)
 HIGHEST   100           200 AM
 LOWEST     33           300 PM
 AVERAGE    67

..........................................................


THE WAUSAU WI CLIMATE NORMALS FOR TODAY
                         NORMAL    RECORD    YEAR
 MAXIMUM TEMPERATURE (F)   71        90      2006
 MINIMUM TEMPERATURE (F)   48        31      1965
                                             1947


SUNRISE AND SUNSET
MAY 29 2015...........SUNRISE   517 AM CDT   SUNSET   835 PM CDT
MAY 30 2015...........SUNRISE   517 AM CDT   SUNSET   836 PM CDT


-  INDICATES NEGATIVE NUMBERS.
R  INDICATES RECORD WAS SET OR TIED.
MM INDICATES DATA IS MISSING.
T  INDICATES TRACE AMOUNT.

$$
