000
CDUS43 KGRB 220708
CLIAUW


CLIMATE REPORT
NATIONAL WEATHER SERVICE GREEN BAY
207 AM CDT WED OCT 22 2014


...................................

...THE WAUSAU WI CLIMATE SUMMARY FOR OCTOBER 21 2014...

CLIMATE NORMAL PERIOD 1981 TO 2010
CLIMATE RECORD PERIOD 1896 TO 2014


WEATHER ITEM   OBSERVED TIME   RECORD YEAR NORMAL DEPARTURE LAST
                VALUE   (LST)  VALUE       VALUE  FROM      YEAR
                                                  NORMAL
..................................................................
TEMPERATURE (F)
 YESTERDAY
  MAXIMUM         52    353 PM  80    1953  53     -1       38
  MINIMUM         33   1159 PM  18    1960  35     -2       32
  AVERAGE         43                        44     -1

PRECIPITATION (IN)
  YESTERDAY        0.00          1.90 1943   0.08  -0.08      T
  MONTH TO DATE    3.88                      2.16   1.72     3.89
  SINCE SEP 1      9.87                      6.06   3.81     6.65
  SINCE JAN 1     36.52                     28.27   8.25    34.28

SNOWFALL (IN)
  YESTERDAY        0.0           7.8  2002   0.0    0.0       T
  MONTH TO DATE    T                         0.7   -0.7       T
  SINCE JUL 1      T                         0.7   -0.7       T
  SNOW DEPTH       0

DEGREE DAYS
 HEATING
  YESTERDAY       22                        21      1       30
  MONTH TO DATE  388                       361     27      296
  SINCE SEP 1    612                       588     24      468
  SINCE JUL 1    666                       654     12      524

 COOLING
  YESTERDAY        0                         0      0        0
  MONTH TO DATE    0                         0      0        0
  SINCE SEP 1     12                        30    -18       56
  SINCE JAN 1    338                       405    -67      506
..................................................................


WIND (MPH)
  HIGHEST WIND SPEED    14   HIGHEST WIND DIRECTION     N (360)
  HIGHEST GUST SPEED    19   HIGHEST GUST DIRECTION     N (360)
  AVERAGE WIND SPEED     5.2


SKY COVER
  POSSIBLE SUNSHINE  MM
  AVERAGE SKY COVER 0.5


WEATHER CONDITIONS
 THE FOLLOWING WEATHER WAS RECORDED YESTERDAY.
  NO SIGNIFICANT WEATHER WAS OBSERVED.


RELATIVE HUMIDITY (PERCENT)
 HIGHEST    82          1000 PM
 LOWEST     52           500 PM
 AVERAGE    67

..........................................................


THE WAUSAU WI CLIMATE NORMALS FOR TODAY
                         NORMAL    RECORD    YEAR
 MAXIMUM TEMPERATURE (F)   53        80      1947
 MINIMUM TEMPERATURE (F)   35        16      1913


SUNRISE AND SUNSET
OCTOBER 22 2014.......SUNRISE   723 AM CDT   SUNSET   602 PM CDT
OCTOBER 23 2014.......SUNRISE   725 AM CDT   SUNSET   600 PM CDT


-  INDICATES NEGATIVE NUMBERS.
R  INDICATES RECORD WAS SET OR TIED.
MM INDICATES DATA IS MISSING.
T  INDICATES TRACE AMOUNT.




$$
