000
CDUS43 KGRB 062219
CLIAUW


CLIMATE REPORT
NATIONAL WEATHER SERVICE GREEN BAY
419 PM CST FRI MAR 6 2015


...................................

...THE WAUSAU WI CLIMATE SUMMARY FOR MARCH 6 2015...
VALID TODAY AS OF 0400 PM LOCAL TIME.

CLIMATE NORMAL PERIOD 1981 TO 2010
CLIMATE RECORD PERIOD 1896 TO 2015


WEATHER ITEM   OBSERVED TIME   RECORD YEAR NORMAL DEPARTURE LAST
                VALUE   (LST)  VALUE       VALUE  FROM      YEAR
                                                  NORMAL
..................................................................
TEMPERATURE (F)
 TODAY
  MAXIMUM         29    359 PM  65    2000  35     -6       25
  MINIMUM         -3    547 AM -17    1920  17    -20       -7
  AVERAGE         13                        26    -13        9

PRECIPITATION (IN)
  TODAY            0.00          0.91 1973   0.05  -0.05      T
  MONTH TO DATE    0.05                      0.29  -0.24     0.07
  SINCE MAR 1      0.05                      0.29  -0.24     0.07
  SINCE JAN 1      0.80                      2.23  -1.43     3.01

SNOWFALL (IN)
  TODAY            0.0          11.0  1959   0.5              T
  MONTH TO DATE    1.5                       2.5             1.3
  SINCE MAR 1      1.5                       2.5             1.3
  SINCE JUL 1     45.5                      47.8            70.9
  SNOW DEPTH      11

DEGREE DAYS
 HEATING
  TODAY           52                        39     13       56
  MONTH TO DATE  320                       241     79      367
  SINCE MAR 1    320                       241     79      367
  SINCE JUL 1   6900                      6377    523     7314

 COOLING
  TODAY            0                         0      0        0
  MONTH TO DATE    0                         0      0        0
  SINCE JAN 1      0                         0      0        0
..................................................................


WIND (MPH)
  HIGHEST WIND SPEED    20   HIGHEST WIND DIRECTION    SW (210)
  HIGHEST GUST SPEED    25   HIGHEST GUST DIRECTION    SW (210)
  AVERAGE WIND SPEED     7.4


SKY COVER
  POSSIBLE SUNSHINE  MM
  AVERAGE SKY COVER 0.4


WEATHER CONDITIONS
 THE FOLLOWING WEATHER WAS RECORDED TODAY.
  NO SIGNIFICANT WEATHER WAS OBSERVED.


RELATIVE HUMIDITY (PERCENT)
 HIGHEST    86           500 AM
 LOWEST     46           300 PM
 AVERAGE    66

..........................................................


THE WAUSAU WI CLIMATE NORMALS FOR TOMORROW
                         NORMAL    RECORD    YEAR
 MAXIMUM TEMPERATURE (F)   35        76      2000
 MINIMUM TEMPERATURE (F)   17       -21      1913


SUNRISE AND SUNSET
MARCH  6 2015.........SUNRISE   628 AM CST   SUNSET   552 PM CST
MARCH  7 2015.........SUNRISE   626 AM CST   SUNSET   554 PM CST


-  INDICATES NEGATIVE NUMBERS.
R  INDICATES RECORD WAS SET OR TIED.
MM INDICATES DATA IS MISSING.
T  INDICATES TRACE AMOUNT.




$$
