000
CDUS43 KGRB 010735
CLIAUW


CLIMATE REPORT
NATIONAL WEATHER SERVICE GREEN BAY
233 AM CDT SUN MAY 1 2016


...................................

...THE WAUSAU WI CLIMATE SUMMARY FOR APRIL 30 2016...

CLIMATE NORMAL PERIOD 1981 TO 2010
CLIMATE RECORD PERIOD 1896 TO 2016


WEATHER ITEM   OBSERVED TIME   RECORD YEAR NORMAL DEPARTURE LAST
                VALUE   (LST)  VALUE       VALUE  FROM      YEAR
                                                  NORMAL
..................................................................
TEMPERATURE (F)
 YESTERDAY
  MAXIMUM         58    240 PM  88    1952  62     -4       64
  MINIMUM         38    131 AM  11    1956  39     -1       36
  AVERAGE         48                        50     -2

PRECIPITATION (IN)
  YESTERDAY        0.00          1.05 1954   0.11  -0.11     0.00
  MONTH TO DATE    2.39                      2.73  -0.34     3.15
  SINCE MAR 1      7.34                      4.49   2.85     3.97
  SINCE JAN 1      8.77                      6.43   2.34     4.72

SNOWFALL (IN)
  YESTERDAY        0.0           6.0  1909   0.1   -0.1      0.0
  MONTH TO DATE    5.8                       4.1    1.7      5.2
  SINCE JUL 1     43.4                      59.4  -16.0     53.7
  SNOW DEPTH       0

DEGREE DAYS
 HEATING
  YESTERDAY       17                        15      2       15
  MONTH TO DATE  615                       631    -16      568
  SINCE MAR 1   1423                      1716   -293     1601
  SINCE JUL 1   6546                      7852  -1306     8181

 COOLING
  YESTERDAY        0                         0      0        0
  MONTH TO DATE    2                         2      0        0
  SINCE MAR 1      2                         2      0        0
  SINCE JAN 1      2                         2      0        0
..................................................................


WIND (MPH)
  HIGHEST WIND SPEED    20   HIGHEST WIND DIRECTION     E (80)
  HIGHEST GUST SPEED    27   HIGHEST GUST DIRECTION     E (110)
  AVERAGE WIND SPEED     9.3


SKY COVER
  POSSIBLE SUNSHINE  MM
  AVERAGE SKY COVER 0.1


WEATHER CONDITIONS
 THE FOLLOWING WEATHER WAS RECORDED YESTERDAY.
  NO SIGNIFICANT WEATHER WAS OBSERVED.


RELATIVE HUMIDITY (PERCENT)
 HIGHEST    79           100 AM
 LOWEST     36           200 PM
 AVERAGE    58

..........................................................


THE WAUSAU WI CLIMATE NORMALS FOR TODAY
                         NORMAL    RECORD    YEAR
 MAXIMUM TEMPERATURE (F)   62        89      1952
 MINIMUM TEMPERATURE (F)   39        22      1903


SUNRISE AND SUNSET
MAY  1 2016...........SUNRISE   547 AM CDT   SUNSET   805 PM CDT
MAY  2 2016...........SUNRISE   546 AM CDT   SUNSET   806 PM CDT


-  INDICATES NEGATIVE NUMBERS.
R  INDICATES RECORD WAS SET OR TIED.
MM INDICATES DATA IS MISSING.
T  INDICATES TRACE AMOUNT.

$$
