000
CDUS42 KGSP 240638
CLIAVL

CLIMATE REPORT
NATIONAL WEATHER SERVICE GREENVILLE-SPARTANBURG SC
238 AM EDT TUE MAY 24 2016


...................................

...THE ASHEVILLE NC CLIMATE SUMMARY FOR MAY 23 2016...

CLIMATE NORMAL PERIOD 1981 TO 2010
CLIMATE RECORD PERIOD 1869 TO 2016


WEATHER ITEM   OBSERVED TIME   RECORD YEAR NORMAL DEPARTURE LAST
                VALUE   (LST)  VALUE       VALUE  FROM      YEAR
                                                  NORMAL
..................................................................
TEMPERATURE (F)
 YESTERDAY
  MAXIMUM         73    434 PM  90    1953  76     -3       76
  MINIMUM         45    550 AM  35    2002  53     -8       44
  AVERAGE         59                        65     -6       60

PRECIPITATION (IN)
  YESTERDAY        T             2.29 1913   0.12  -0.12     0.00
  MONTH TO DATE    1.55                      2.67  -1.12     0.20
  SINCE MAR 1      5.61                      9.83  -4.22     7.26
  SINCE JAN 1     14.59                     17.26  -2.67    13.10

SNOWFALL (IN)
  YESTERDAY        0.0           0.0    MM   0.0             0.0
  MONTH TO DATE    0.0                       0.0             0.0
  SINCE MAR 1      T                         2.6              T
  SINCE JUL 1     13.9                       9.9            13.3
  SNOW DEPTH       0

DEGREE DAYS
 HEATING
  YESTERDAY        6                         2      4        5
  MONTH TO DATE   92                        95     -3       41
  SINCE MAR 1    708                       950   -242      672
  SINCE JUL 1   3455                      4167   -712     3981

 COOLING
  YESTERDAY        0                         2     -2        0
  MONTH TO DATE   25                        30     -5       66
  SINCE MAR 1     41                        38      3       85
  SINCE JAN 1     41                        38      3       85
..................................................................


WIND (MPH)
  HIGHEST WIND SPEED    25   HIGHEST WIND DIRECTION     N (340)
  HIGHEST GUST SPEED    31   HIGHEST GUST DIRECTION     N (340)
  AVERAGE WIND SPEED     6.3


SKY COVER
  POSSIBLE SUNSHINE  MM
  AVERAGE SKY COVER 0.3


WEATHER CONDITIONS
 THE FOLLOWING WEATHER WAS RECORDED YESTERDAY.
  LIGHT RAIN
  FOG
  FOG W/VISIBILITY <= 1/4 MILE


RELATIVE HUMIDITY (PERCENT)
 HIGHEST    93           500 AM
 LOWEST     33           100 PM
 AVERAGE    63

..........................................................


THE ASHEVILLE NC CLIMATE NORMALS FOR TODAY
                         NORMAL    RECORD    YEAR
 MAXIMUM TEMPERATURE (F)   77        90      1939
                                             1903
 MINIMUM TEMPERATURE (F)   54        36      1931


SUNRISE AND SUNSET
MAY 24 2016...........SUNRISE   620 AM EDT   SUNSET   835 PM EDT
MAY 25 2016...........SUNRISE   619 AM EDT   SUNSET   836 PM EDT


-  INDICATES NEGATIVE NUMBERS.
R  INDICATES RECORD WAS SET OR TIED.
MM INDICATES DATA IS MISSING.
T  INDICATES TRACE AMOUNT.

$$
