000
CDUS42 KGSP 210627
CLIAVL

CLIMATE REPORT
NATIONAL WEATHER SERVICE GREENVILLE-SPARTANBURG SC
226 AM EDT SUN SEP 21 2014


...................................

...THE ASHEVILLE NC CLIMATE SUMMARY FOR SEPTEMBER 20 2014...

CLIMATE NORMAL PERIOD 1981 TO 2010
CLIMATE RECORD PERIOD 1869 TO 2014


WEATHER ITEM   OBSERVED TIME   RECORD YEAR NORMAL DEPARTURE LAST
                VALUE   (LST)  VALUE       VALUE  FROM      YEAR
                                                  NORMAL
..................................................................
TEMPERATURE (F)
 YESTERDAY
  MAXIMUM         76    337 PM  93    1925  76      0       82
  MINIMUM         57   1136 PM  36    1889  54      3       61
  AVERAGE         67                        65      2       72

PRECIPITATION (IN)
  YESTERDAY        T             3.27 2009   0.12  -0.12     0.00
  MONTH TO DATE    5.79                      2.62   3.17     0.54
  SINCE SEP 1      5.79                      2.62   3.17     0.54
  SINCE JAN 1     36.57                     34.23   2.34    59.30

SNOWFALL (IN)
  YESTERDAY        0.0           0.0    MM   0.0             0.0
  MONTH TO DATE    0.0                       0.0             0.0
  SINCE SEP 1      0.0                       0.0             0.0
  SINCE JUL 1      0.0                       0.0             0.0
  SNOW DEPTH       0

DEGREE DAYS
 HEATING
  YESTERDAY        0                         2     -2        0
  MONTH TO DATE    2                        17    -15        4
  SINCE SEP 1      2                        17    -15        4
  SINCE JUL 1      4                        19    -15        9

 COOLING
  YESTERDAY        2                         2      0        7
  MONTH TO DATE  139                        80     59      105
  SINCE SEP 1    139                        80     59      105
  SINCE JAN 1    891                       837     54      843
..................................................................


WIND (MPH)
  HIGHEST WIND SPEED    10   HIGHEST WIND DIRECTION     S (170)
  HIGHEST GUST SPEED    16   HIGHEST GUST DIRECTION     S (160)
  AVERAGE WIND SPEED     2.1


SKY COVER
  POSSIBLE SUNSHINE  MM
  AVERAGE SKY COVER 0.3


WEATHER CONDITIONS
 THE FOLLOWING WEATHER WAS RECORDED YESTERDAY.
  LIGHT RAIN


RELATIVE HUMIDITY (PERCENT)
 HIGHEST    93          1100 PM
 LOWEST     49           100 PM
 AVERAGE    71

..........................................................


THE ASHEVILLE NC CLIMATE NORMALS FOR TODAY
                         NORMAL    RECORD    YEAR
 MAXIMUM TEMPERATURE (F)   75        91      1931
 MINIMUM TEMPERATURE (F)   54        38      1897


SUNRISE AND SUNSET
SEPTEMBER 21 2014.....SUNRISE   717 AM EDT   SUNSET   728 PM EDT
SEPTEMBER 22 2014.....SUNRISE   718 AM EDT   SUNSET   727 PM EDT


-  INDICATES NEGATIVE NUMBERS.
R  INDICATES RECORD WAS SET OR TIED.
MM INDICATES DATA IS MISSING.
T  INDICATES TRACE AMOUNT.

$$
07
