000
CDUS42 KGSP 260630
CLIAVL

CLIMATE REPORT
NATIONAL WEATHER SERVICE GREENVILLE-SPARTANBURG SC
228 AM EDT MON SEP 26 2016

...THE ASHEVILLE NC CLIMATE SUMMARY FOR SEPTEMBER 25 2016...

CLIMATE NORMAL PERIOD 1981 TO 2010
CLIMATE RECORD PERIOD 1869 TO 2016


WEATHER ITEM   OBSERVED TIME   RECORD YEAR NORMAL DEPARTURE LAST
                VALUE   (LST)  VALUE       VALUE  FROM      YEAR
                                                  NORMAL
..................................................................
TEMPERATURE (F)
 YESTERDAY
  MAXIMUM         86    214 PM  89    1895  74     12       63
  MINIMUM         59    655 AM  36    1990  52      7       56
                                      1983
  AVERAGE         73                        63     10       60

PRECIPITATION (IN)
  YESTERDAY        0.00          1.93 1956   0.12  -0.12     1.44
  MONTH TO DATE    0.05                      3.22  -3.17     2.52
  SINCE SEP 1      0.05                      3.22  -3.17     2.52
  SINCE JAN 1     28.50                     34.83  -6.33    28.62

SNOWFALL (IN)
  YESTERDAY        0.0           0.0    MM   0.0             0.0
  MONTH TO DATE    0.0                       0.0             0.0
  SINCE SEP 1      0.0                       0.0             0.0
  SINCE JUL 1      0.0                       0.0             0.0
  SNOW DEPTH       0

DEGREE DAYS
 HEATING
  YESTERDAY        0                         3     -3        5
  MONTH TO DATE    0                        32    -32       30
  SINCE SEP 1      0                        32    -32       30
  SINCE JUL 1      0                        34    -34       30

 COOLING
  YESTERDAY        8                         2      6        0
  MONTH TO DATE  199                        90    109      122
  SINCE SEP 1    199                        90    109      122
  SINCE JAN 1   1282                       847    435     1127
..................................................................


WIND (MPH)
  HIGHEST WIND SPEED    12   HIGHEST WIND DIRECTION     S (160)
  HIGHEST GUST SPEED    17   HIGHEST GUST DIRECTION    SE (150)
  AVERAGE WIND SPEED     2.5


SKY COVER
  POSSIBLE SUNSHINE  MM
  AVERAGE SKY COVER 0.3


WEATHER CONDITIONS
 THE FOLLOWING WEATHER WAS RECORDED YESTERDAY.
  THUNDERSTORM


RELATIVE HUMIDITY (PERCENT)
 HIGHEST    93           700 AM
 LOWEST     40           300 PM
 AVERAGE    67

..........................................................


THE ASHEVILLE NC CLIMATE NORMALS FOR TODAY
                         NORMAL    RECORD    YEAR
 MAXIMUM TEMPERATURE (F)   74        86      1945
                                             1933
 MINIMUM TEMPERATURE (F)   52        38      1943


SUNRISE AND SUNSET
SEPTEMBER 26 2016.....SUNRISE   722 AM EDT   SUNSET   720 PM EDT
SEPTEMBER 27 2016.....SUNRISE   722 AM EDT   SUNSET   719 PM EDT


-  INDICATES NEGATIVE NUMBERS.
R  INDICATES RECORD WAS SET OR TIED.
MM INDICATES DATA IS MISSING.
T  INDICATES TRACE AMOUNT.

$$
