000
CDUS42 KGSP 250634
CLIAVL

CLIMATE REPORT
NATIONAL WEATHER SERVICE GREENVILLE-SPARTANBURG SC
231 AM EDT SAT OCT 25 2014


...................................

...THE ASHEVILLE NC CLIMATE SUMMARY FOR OCTOBER 24 2014...

CLIMATE NORMAL PERIOD 1981 TO 2010
CLIMATE RECORD PERIOD 1869 TO 2014


WEATHER ITEM   OBSERVED TIME   RECORD YEAR NORMAL DEPARTURE LAST
                VALUE   (LST)  VALUE       VALUE  FROM      YEAR
                                                  NORMAL
..................................................................
TEMPERATURE (F)
 YESTERDAY
  MAXIMUM         65    351 PM  85    1939  66     -1       54
  MINIMUM         39    704 AM  22    1904  42     -3       34
  AVERAGE         52                        54     -2       44

PRECIPITATION (IN)
  YESTERDAY        0.00          2.56 1918   0.09  -0.09     0.00
  MONTH TO DATE    4.02                      2.27   1.75     2.03
  SINCE SEP 1      9.89                      6.08   3.81     5.08
  SINCE JAN 1     40.67                     37.69   2.98    63.84

SNOWFALL (IN)
  YESTERDAY        0.0           0.5  1923   0.0             0.0
  MONTH TO DATE    0.0                       0.0             0.0
  SINCE SEP 1      0.0                       0.0             0.0
  SINCE JUL 1      0.0                       0.0             0.0
  SNOW DEPTH       0

DEGREE DAYS
 HEATING
  YESTERDAY       13                        11      2       21
  MONTH TO DATE  159                       191    -32      133
  SINCE SEP 1    176                       246    -70      157
  SINCE JUL 1    178                       248    -70      162

 COOLING
  YESTERDAY        0                         0      0        0
  MONTH TO DATE   15                         7      8       17
  SINCE SEP 1    167                       102     65      122
  SINCE JAN 1    919                       859     60      860
..................................................................


WIND (MPH)
  HIGHEST WIND SPEED    12   HIGHEST WIND DIRECTION    NW (330)
  HIGHEST GUST SPEED    14   HIGHEST GUST DIRECTION     N (360)
  AVERAGE WIND SPEED     5.3


SKY COVER
  POSSIBLE SUNSHINE  MM
  AVERAGE SKY COVER 0.0


WEATHER CONDITIONS
 THE FOLLOWING WEATHER WAS RECORDED YESTERDAY.
  NO SIGNIFICANT WEATHER WAS OBSERVED.


RELATIVE HUMIDITY (PERCENT)
 HIGHEST    92           700 AM
 LOWEST     30           300 PM
 AVERAGE    61

..........................................................


THE ASHEVILLE NC CLIMATE NORMALS FOR TODAY
                         NORMAL    RECORD    YEAR
 MAXIMUM TEMPERATURE (F)   66        79      1891
 MINIMUM TEMPERATURE (F)   42        25      1909


SUNRISE AND SUNSET
OCTOBER 25 2014.......SUNRISE   745 AM EDT   SUNSET   643 PM EDT
OCTOBER 26 2014.......SUNRISE   746 AM EDT   SUNSET   642 PM EDT


-  INDICATES NEGATIVE NUMBERS.
R  INDICATES RECORD WAS SET OR TIED.
MM INDICATES DATA IS MISSING.
T  INDICATES TRACE AMOUNT.




$$
