000
CDUS42 KGSP 192036
CLIAVL

CLIMATE REPORT
NATIONAL WEATHER SERVICE GREENVILLE-SPARTANBURG SC
433 PM EDT SAT AUG 19 2017


...................................

...THE ASHEVILLE NC CLIMATE SUMMARY FOR AUGUST 19 2017...
VALID TODAY AS OF 0430 PM LOCAL TIME.

CLIMATE NORMAL PERIOD 1981 TO 2010
CLIMATE RECORD PERIOD 1869 TO 2017


WEATHER ITEM   OBSERVED TIME   RECORD YEAR NORMAL DEPARTURE LAST
                VALUE   (LST)  VALUE       VALUE  FROM      YEAR
                                                  NORMAL
..................................................................
TEMPERATURE (F)
 TODAY
  MAXIMUM         87    327 PM  96    1983  83      4       83
  MINIMUM         65    625 AM  51    1896  63      2       68
                                      1889
  AVERAGE         76                        73      3       76

PRECIPITATION (IN)
  TODAY            0.00          1.53 2016   0.14  -0.14     1.53
  MONTH TO DATE    5.05                      2.69   2.36     6.19
  SINCE JUN 1     12.29                     11.65   0.64    13.11
  SINCE JAN 1     35.31                     29.90   5.41    27.99

SNOWFALL (IN)
  TODAY            0.0           0.0    MM   0.0    0.0      0.0
  MONTH TO DATE    0.0                       0.0    0.0      0.0
  SINCE JUN 1      0.0                       0.0    0.0      0.0
  SINCE JUL 1      0.0                       0.0    0.0      0.0
  SNOW DEPTH       0

DEGREE DAYS
 HEATING
  TODAY            0                         0      0        0
  MONTH TO DATE    0                         0      0        0
  SINCE JUN 1      1                        14    -13        0
  SINCE JUL 1      0                         0      0        0

 COOLING
  TODAY           11                         8      3       11
  MONTH TO DATE  163                       163      0      231
  SINCE JUN 1    679                       615     64      891
  SINCE JAN 1    778                       673    105      964
..................................................................


WIND (MPH)
  HIGHEST WIND SPEED    18   HIGHEST WIND DIRECTION    NW (330)
  HIGHEST GUST SPEED    22   HIGHEST GUST DIRECTION    NW (320)
  AVERAGE WIND SPEED     6.2


SKY COVER
  POSSIBLE SUNSHINE  MM
  AVERAGE SKY COVER 0.0


WEATHER CONDITIONS
 THE FOLLOWING WEATHER WAS RECORDED TODAY.
  NO SIGNIFICANT WEATHER WAS OBSERVED.


RELATIVE HUMIDITY (PERCENT)
 HIGHEST    78           800 AM
 LOWEST     40           300 PM
 AVERAGE    59

..........................................................


THE ASHEVILLE NC CLIMATE NORMALS FOR TOMORROW
                         NORMAL    RECORD    YEAR
 MAXIMUM TEMPERATURE (F)   83        97      1983
 MINIMUM TEMPERATURE (F)   63        52      1879


SUNRISE AND SUNSET
AUGUST 19 2017........SUNRISE   653 AM EDT   SUNSET   814 PM EDT
AUGUST 20 2017........SUNRISE   654 AM EDT   SUNSET   813 PM EDT


-  INDICATES NEGATIVE NUMBERS.
R  INDICATES RECORD WAS SET OR TIED.
MM INDICATES DATA IS MISSING.
T  INDICATES TRACE AMOUNT.




$$
