000
CDUS42 KGSP 230635 RRA
CLIAVL

CLIMATE REPORT
NATIONAL WEATHER SERVICE GREENVILLE-SPARTANBURG SC
233 AM EDT MON OCT 23 2017


...................................

...THE ASHEVILLE NC CLIMATE SUMMARY FOR OCTOBER 22 2017...

CLIMATE NORMAL PERIOD 1981 TO 2010
CLIMATE RECORD PERIOD 1869 TO 2017


WEATHER ITEM   OBSERVED TIME   RECORD YEAR NORMAL DEPARTURE LAST
                VALUE   (LST)  VALUE       VALUE  FROM      YEAR
                                                  NORMAL
..................................................................
TEMPERATURE (F)
 YESTERDAY
  MAXIMUM         70    307 PM  82    1931  67      3       56
  MINIMUM         44    708 AM  23    1952  43      1       44
  AVERAGE         57                        54      3       50

PRECIPITATION (IN)
  YESTERDAY        0.02          1.52 1990   0.09  -0.07     0.00
  MONTH TO DATE    3.83                      2.09   1.74     0.52
  SINCE SEP 1      7.58                      5.90   1.68     1.10
  SINCE JAN 1     44.19                     37.51   6.68    29.55

SNOWFALL (IN)
  YESTERDAY        0.0           T    1937   0.0             0.0
  MONTH TO DATE    0.0                       0.0             0.0
  SINCE SEP 1      0.0                       0.0             0.0
  SINCE JUL 1      0.0                       0.0             0.0
  SNOW DEPTH       0

DEGREE DAYS
 HEATING
  YESTERDAY        8                        11     -3       15
  MONTH TO DATE   98                       169    -71       86
  SINCE SEP 1    136                       224    -88       91
  SINCE JUL 1    136                       226    -90       91

 COOLING
  YESTERDAY        0                         0      0        0
  MONTH TO DATE   66                         7     59       12
  SINCE SEP 1    176                       102     74      231
  SINCE JAN 1   1042                       859    183     1314
..................................................................


WIND (MPH)
  HIGHEST WIND SPEED    14   HIGHEST WIND DIRECTION     S (160)
  HIGHEST GUST SPEED    20   HIGHEST GUST DIRECTION    SE (140)
  AVERAGE WIND SPEED     4.7


SKY COVER
  POSSIBLE SUNSHINE  MM
  AVERAGE SKY COVER 0.5


WEATHER CONDITIONS
 THE FOLLOWING WEATHER WAS RECORDED YESTERDAY.
  LIGHT RAIN
  FOG


RELATIVE HUMIDITY (PERCENT)
 HIGHEST   100           500 AM
 LOWEST     63          1200 PM
 AVERAGE    82

..........................................................


THE ASHEVILLE NC CLIMATE NORMALS FOR TODAY
                         NORMAL    RECORD    YEAR
 MAXIMUM TEMPERATURE (F)   66        80      1978
 MINIMUM TEMPERATURE (F)   42        24      1987


SUNRISE AND SUNSET
OCTOBER 23 2017.......SUNRISE   744 AM EDT   SUNSET   645 PM EDT
OCTOBER 24 2017.......SUNRISE   745 AM EDT   SUNSET   644 PM EDT


-  INDICATES NEGATIVE NUMBERS.
R  INDICATES RECORD WAS SET OR TIED.
MM INDICATES DATA IS MISSING.
T  INDICATES TRACE AMOUNT.

$$
