000
CDUS42 KGSP 250635
CLIAVL

CLIMATE REPORT
NATIONAL WEATHER SERVICE GREENVILLE-SPARTANBURG SC
232 AM EDT FRI APR 25 2014

...................................

...THE ASHEVILLE NC CLIMATE SUMMARY FOR APRIL 24 2014...

CLIMATE NORMAL PERIOD 1981 TO 2010
CLIMATE RECORD PERIOD 1869 TO 2014


WEATHER ITEM   OBSERVED TIME   RECORD YEAR NORMAL DEPARTURE LAST
                VALUE   (LST)  VALUE       VALUE  FROM      YEAR
                                                  NORMAL
..................................................................
TEMPERATURE (F)
 YESTERDAY
  MAXIMUM         71    336 PM  89    1925  70      1       71
  MINIMUM         38    619 AM  26    1893  45     -7       44
  AVERAGE         55                        58     -3       58

PRECIPITATION (IN)
  YESTERDAY        0.00          1.11 1952   0.11  -0.11      T
  MONTH TO DATE    4.27                      2.65   1.62     3.09
  SINCE MAR 1      6.57                      6.48   0.09     6.41
  SINCE JAN 1     11.92                     13.91  -1.99    18.55

SNOWFALL (IN)
  YESTERDAY        0.0           0.1  2005   0.0             0.0
  MONTH TO DATE    0.0                       0.7             0.0
  SINCE MAR 1      0.4                       2.6             0.3
  SINCE JUL 1      9.8                       9.9             0.5
  SNOW DEPTH       0

DEGREE DAYS
 HEATING
  YESTERDAY       10                         8      2        7
  MONTH TO DATE  254                       259     -5      229
  SINCE MAR 1    883                       814     69      939
  SINCE JUL 1   4202                      4031    171     3880

 COOLING
  YESTERDAY        0                         0      0        0
  MONTH TO DATE    0                         0      0        5
  SINCE MAR 1      0                         1     -1        5
  SINCE JAN 1      0                         1     -1        5
..................................................................


WIND (MPH)
  HIGHEST WIND SPEED    16   HIGHEST WIND DIRECTION     S (170)
  HIGHEST GUST SPEED    22   HIGHEST GUST DIRECTION     S (160)
  AVERAGE WIND SPEED     5.7


SKY COVER
  POSSIBLE SUNSHINE  MM
  AVERAGE SKY COVER 0.0


WEATHER CONDITIONS
 THE FOLLOWING WEATHER WAS RECORDED YESTERDAY.
  NO SIGNIFICANT WEATHER WAS OBSERVED.


RELATIVE HUMIDITY (PERCENT)
 HIGHEST    85           500 AM
 LOWEST     26           200 PM
 AVERAGE    56

..........................................................


THE ASHEVILLE NC CLIMATE NORMALS FOR TODAY
                         NORMAL    RECORD    YEAR
 MAXIMUM TEMPERATURE (F)   70        88      1960
                                             1896
 MINIMUM TEMPERATURE (F)   45        32      1969
                                             1927
                                             1910


SUNRISE AND SUNSET
APRIL 25 2014.........SUNRISE   645 AM EDT   SUNSET   811 PM EDT
APRIL 26 2014.........SUNRISE   644 AM EDT   SUNSET   812 PM EDT


-  INDICATES NEGATIVE NUMBERS.
R  INDICATES RECORD WAS SET OR TIED.
MM INDICATES DATA IS MISSING.
T  INDICATES TRACE AMOUNT.

$$
