000
CDUS41 KBGM 282130
CLIAVP


CLIMATE REPORT
NATIONAL WEATHER SERVICE BINGHAMTON NY
529 PM EDT WED JUN 28 2017


...................................

...THE AVOCA PA CLIMATE SUMMARY FOR JUNE 28 2017...
VALID TODAY AS OF 0500 PM LOCAL TIME.

CLIMATE NORMAL PERIOD 1981 TO 2010
CLIMATE RECORD PERIOD 1901 TO 2017


WEATHER ITEM   OBSERVED TIME   RECORD YEAR NORMAL DEPARTURE LAST
                VALUE   (LST)  VALUE       VALUE  FROM      YEAR
                                                  NORMAL
..................................................................
TEMPERATURE (F)
 TODAY
  MAXIMUM         78    340 PM  92    2005  81     -3       86
                                      1991
                                      1966
  MINIMUM         50    502 AM  45    1970  60    -10       66
  AVERAGE         64                        70     -6       76

PRECIPITATION (IN)
  TODAY            0.00          2.12 1973   0.12  -0.12     0.07
  MONTH TO DATE    3.45                      3.77  -0.32     1.59
  SINCE JUN 1      3.45                      3.77  -0.32     1.59
  SINCE JAN 1     21.78                     17.57   4.21    14.41

SNOWFALL (IN)
  TODAY            0.0           0.0  1995   0.0    0.0      0.0
  MONTH TO DATE    0.0                       0.0    0.0      0.0
  SINCE JUN 1      0.0                       0.0    0.0      0.0
  SINCE JUL 1     55.5                      46.2    9.3     15.5

DEGREE DAYS
 HEATING
  TODAY            1                         1      0        0
  MONTH TO DATE   43                        55    -12       24
  SINCE JUN 1     43                        55    -12       24
  SINCE JUL 1   5234                      6256  -1022     4966

 COOLING
  TODAY            0                         6     -6       11
  MONTH TO DATE  133                       105     28      135
  SINCE JUN 1    133                       105     28      135
  SINCE JAN 1    185                       142     43      207
..................................................................


WIND (MPH)
  HIGHEST WIND SPEED    15   HIGHEST WIND DIRECTION    SW (240)
  HIGHEST GUST SPEED    20   HIGHEST GUST DIRECTION    SW (240)
  AVERAGE WIND SPEED     5.5


SKY COVER
  AVERAGE SKY COVER 0.3


WEATHER CONDITIONS
 THE FOLLOWING WEATHER WAS RECORDED TODAY.
  NO SIGNIFICANT WEATHER WAS OBSERVED.


RELATIVE HUMIDITY (PERCENT)
 HIGHEST    93           500 AM
 LOWEST     41           300 PM
 AVERAGE    67

..........................................................


THE AVOCA PA CLIMATE NORMALS FOR TOMORROW
                         NORMAL    RECORD    YEAR
 MAXIMUM TEMPERATURE (F)   81        96      1959
 MINIMUM TEMPERATURE (F)   60        47      1970
                                             1930


SUNRISE AND SUNSET
JUNE 28 2017..........SUNRISE   532 AM EDT   SUNSET   840 PM EDT
JUNE 29 2017..........SUNRISE   533 AM EDT   SUNSET   840 PM EDT


-  INDICATES NEGATIVE NUMBERS.
R  INDICATES RECORD WAS SET OR TIED.
MM INDICATES DATA IS MISSING.
T  INDICATES TRACE AMOUNT.




$$
