000
CDUS41 KBGM 240604
CLIAVP


CLIMATE REPORT
NATIONAL WEATHER SERVICE BINGHAMTON NY
102 AM EST WED JAN 24 2018


...................................

...THE AVOCA PA CLIMATE SUMMARY FOR JANUARY 23 2018...

CLIMATE NORMAL PERIOD 1981 TO 2010
CLIMATE RECORD PERIOD 1901 TO 2018


WEATHER ITEM   OBSERVED TIME   RECORD YEAR NORMAL DEPARTURE LAST
                VALUE   (LST)  VALUE       VALUE  FROM      YEAR
                                                  NORMAL
..................................................................
TEMPERATURE (F)
 YESTERDAY
  MAXIMUM         51    133 PM  68    1906  33     18       48
  MINIMUM         38    737 PM  -8    1936  18     20       33
  AVERAGE         45                        26     19       41

PRECIPITATION (IN)
  YESTERDAY        0.77          1.02 1915   0.08   0.69     0.73
  MONTH TO DATE    2.60                      1.73   0.87     2.85
  SINCE DEC 1      4.28                      4.41  -0.13     4.91
  SINCE JAN 1      2.60                      1.73   0.87     2.85

SNOWFALL (IN)
  YESTERDAY        0.0           8.5  1966   0.4   -0.4       T
  MONTH TO DATE   10.4                      10.7   -0.3      1.9
  SINCE DEC 1     17.5                      18.1   -0.6      8.8
  SINCE JUL 1     17.6                      21.1   -3.5     14.5

DEGREE DAYS
 HEATING
  YESTERDAY       20                        39    -19       24
  MONTH TO DATE  945                       896     49      739
  SINCE DEC 1   2056                      1961     95     1733
  SINCE JUL 1   3096                      3274   -178     2751

 COOLING
  YESTERDAY        0                         0      0        0
  MONTH TO DATE    0                         0      0        0
  SINCE DEC 1      0                         0      0        0
  SINCE JAN 1      0                         0      0        0
..................................................................


WIND (MPH)
  HIGHEST WIND SPEED    25   HIGHEST WIND DIRECTION     W (250)
  HIGHEST GUST SPEED    37   HIGHEST GUST DIRECTION     W (260)
  AVERAGE WIND SPEED     6.7


SKY COVER
  AVERAGE SKY COVER 0.7



RELATIVE HUMIDITY (PERCENT)
 HIGHEST   100           900 AM
 LOWEST     64           800 PM
 AVERAGE    82

..........................................................


THE AVOCA PA CLIMATE NORMALS FOR TODAY
                         NORMAL    RECORD    YEAR
 MAXIMUM TEMPERATURE (F)   33        62      1967
 MINIMUM TEMPERATURE (F)   18        -8      2011


SUNRISE AND SUNSET
JANUARY 24 2018.......SUNRISE   721 AM EST   SUNSET   509 PM EST
JANUARY 25 2018.......SUNRISE   720 AM EST   SUNSET   511 PM EST


-  INDICATES NEGATIVE NUMBERS.
R  INDICATES RECORD WAS SET OR TIED.
MM INDICATES DATA IS MISSING.
T  INDICATES TRACE AMOUNT.

$$
