000
CDUS41 KBGM 202118
CLIAVP


CLIMATE REPORT
NATIONAL WEATHER SERVICE BINGHAMTON NY
518 PM EDT WED AUG 20 2014


...................................

...THE AVOCA PA CLIMATE SUMMARY FOR AUGUST 20 2014...
VALID TODAY AS OF 0500 PM LOCAL TIME.

CLIMATE NORMAL PERIOD 1981 TO 2010
CLIMATE RECORD PERIOD 1901 TO 2014


WEATHER ITEM   OBSERVED TIME   RECORD YEAR NORMAL DEPARTURE LAST
                VALUE   (LST)  VALUE       VALUE  FROM      YEAR
                                                  NORMAL
..................................................................
TEMPERATURE (F)
 TODAY
  MAXIMUM         83    201 PM  94    1983  80      3       85
                                      1937
  MINIMUM         64    442 AM  45    1998  59      5       58
                                      1944
  AVERAGE         74                        69      5       72

PRECIPITATION (IN)
  TODAY            0.00          1.22 1997   0.10  -0.10     0.00
  MONTH TO DATE    2.31                      2.26   0.05     0.80
  SINCE JUN 1      6.96                     10.08  -3.12     7.95
  SINCE JAN 1     19.67                     23.88  -4.21    17.72

SNOWFALL (IN)
  TODAY            0.0           0.0  1995   0.0    0.0      0.0
  MONTH TO DATE    0.0                       0.0    0.0      0.0
  SINCE JUN 1      0.0                       0.0    0.0      0.0
  SINCE JUL 1      0.0                       0.0    0.0      0.0

DEGREE DAYS
 HEATING
  TODAY            0                         1     -1        0
  MONTH TO DATE    7                         3      4        8
  SINCE JUN 1     20                        65    -45       30
  SINCE JUL 1      9                        11     -2        9

 COOLING
  TODAY            9                         5      4        7
  MONTH TO DATE   97                       115    -18       77
  SINCE JUN 1    491                       438     53      542
  SINCE JAN 1    532                       475     57      606
..................................................................


WIND (MPH)
  HIGHEST WIND SPEED    12   HIGHEST WIND DIRECTION    SW (230)
  HIGHEST GUST SPEED    18   HIGHEST GUST DIRECTION     S (200)
  AVERAGE WIND SPEED     4.2


SKY COVER
  AVERAGE SKY COVER 0.4


WEATHER CONDITIONS
 THE FOLLOWING WEATHER WAS RECORDED TODAY.
  NO SIGNIFICANT WEATHER WAS OBSERVED.


RELATIVE HUMIDITY (PERCENT)
 HIGHEST    87           300 AM
 LOWEST     55           100 PM
 AVERAGE    71

..........................................................


THE AVOCA PA CLIMATE NORMALS FOR TOMORROW
                         NORMAL    RECORD    YEAR
 MAXIMUM TEMPERATURE (F)   79        95      1916
 MINIMUM TEMPERATURE (F)   59        43      2000
                                             1908


SUNRISE AND SUNSET
AUGUST 20 2014........SUNRISE   617 AM EDT   SUNSET   755 PM EDT
AUGUST 21 2014........SUNRISE   618 AM EDT   SUNSET   753 PM EDT


-  INDICATES NEGATIVE NUMBERS.
R  INDICATES RECORD WAS SET OR TIED.
MM INDICATES DATA IS MISSING.
T  INDICATES TRACE AMOUNT.




$$
