000
CDUS41 KBGM 010613
CLIAVP


CLIMATE REPORT
NATIONAL WEATHER SERVICE BINGHAMTON NY
211 AM EDT SUN MAY 1 2016


...................................

...THE AVOCA PA CLIMATE SUMMARY FOR APRIL 30 2016...

CLIMATE NORMAL PERIOD 1981 TO 2010
CLIMATE RECORD PERIOD 1901 TO 2016


WEATHER ITEM   OBSERVED TIME   RECORD YEAR NORMAL DEPARTURE LAST
                VALUE   (LST)  VALUE       VALUE  FROM      YEAR
                                                  NORMAL
..................................................................
TEMPERATURE (F)
 YESTERDAY
  MAXIMUM         56    523 PM  86    1942  65     -9       72
                                      1903
  MINIMUM         41    457 AM  30    2012  43     -2       47
                                      2008
  AVERAGE         49                        54     -5       60

PRECIPITATION (IN)
  YESTERDAY        T             0.84 1947   0.11  -0.11     0.00
  MONTH TO DATE    2.69                      3.33  -0.64     2.88
  SINCE MAR 1      4.47                      5.88  -1.41     4.84
  SINCE JAN 1     10.27                     10.28  -0.01     7.84

SNOWFALL (IN)
  YESTERDAY        0.0           T    1987   0.1   -0.1      0.0
  MONTH TO DATE    2.2                       3.3   -1.1       T
  SINCE MAR 1      3.5                      12.3   -8.8      9.0
  SINCE JUL 1     15.5                      46.2  -30.7     51.4

DEGREE DAYS
 HEATING
  YESTERDAY       16                        11      5        5
  MONTH TO DATE  510                       496     14      452
  SINCE MAR 1   1141                      1367   -226     1447
  SINCE JUL 1   4711                      5973  -1262     6144

 COOLING
  YESTERDAY        0                         0      0        0
  MONTH TO DATE    1                         6     -5        0
  SINCE MAR 1      1                         6     -5        0
  SINCE JAN 1      1                         6     -5        0
..................................................................


WIND (MPH)
  HIGHEST WIND SPEED    13   HIGHEST WIND DIRECTION     S (160)
  HIGHEST GUST SPEED    19   HIGHEST GUST DIRECTION     S (170)
  AVERAGE WIND SPEED     2.6


SKY COVER
  AVERAGE SKY COVER 1.0



RELATIVE HUMIDITY (PERCENT)
 HIGHEST    86           300 AM
 LOWEST     55           200 PM
 AVERAGE    71

..........................................................


THE AVOCA PA CLIMATE NORMALS FOR TODAY
                         NORMAL    RECORD    YEAR
 MAXIMUM TEMPERATURE (F)   65        88      1942
 MINIMUM TEMPERATURE (F)   43        29      1978


SUNRISE AND SUNSET
MAY  1 2016...........SUNRISE   600 AM EDT   SUNSET   801 PM EDT
MAY  2 2016...........SUNRISE   558 AM EDT   SUNSET   802 PM EDT


-  INDICATES NEGATIVE NUMBERS.
R  INDICATES RECORD WAS SET OR TIED.
MM INDICATES DATA IS MISSING.
T  INDICATES TRACE AMOUNT.

$$
