000
CDUS43 KGRR 222123
CLIAZO


CLIMATE REPORT
NATIONAL WEATHER SERVICE GRAND RAPIDS, MI
523 PM EDT SUN OCT 22 2017


...................................

...THE KALAMAZOO MI CLIMATE SUMMARY FOR OCTOBER 22 2017...
VALID TODAY AS OF 0500 PM LOCAL TIME.

CLIMATE NORMAL PERIOD 1981 TO 2010
CLIMATE RECORD PERIOD 1998 TO 2017


WEATHER ITEM   OBSERVED TIME   NORMAL DEPARTURE LAST
                VALUE   (LST)  VALUE  FROM      YEAR
                                      NORMAL
......................................................
TEMPERATURE (F)
 TODAY
  MAXIMUM         75    219 PM  58     17       56
  MINIMUM         60    659 AM  40     20       37
  AVERAGE         68            49     19       47

PRECIPITATION (IN)
  TODAY            T             0.11  -0.11     0.00
  MONTH TO DATE    9.60          2.37   7.23     2.18
  SINCE SEP 1     11.41          6.19   5.22     5.51
  SINCE JAN 1     32.44         29.78   2.66    33.22

DEGREE DAYS
 HEATING
  TODAY            0            16    -16       18
  MONTH TO DATE  101           286   -185      152
  SINCE SEP 1    183           419   -236      179
  SINCE JUL 1    201           435   -234      180

 COOLING
  TODAY            3             0      3        0
  MONTH TO DATE   20             7     13       17
  SINCE SEP 1    152            63     89      118
  SINCE JAN 1    768           674     94      912
......................................................


WIND (MPH)
  RESULTANT WIND SPEED  12   RESULTANT WIND DIRECTION   S (180)
  HIGHEST WIND SPEED    22   HIGHEST WIND DIRECTION     S (200)
  HIGHEST GUST SPEED    27   HIGHEST GUST DIRECTION     S (190)
  AVERAGE WIND SPEED    12.0


SKY COVER
  AVERAGE SKY COVER 0.2


WEATHER CONDITIONS
 THE FOLLOWING WEATHER WAS RECORDED TODAY.
  LIGHT RAIN


RELATIVE HUMIDITY (PERCENT)
 HIGHEST    60           300 AM
 LOWEST     52          1200 AM
 AVERAGE    56

..........................................................


THE KALAMAZOO MI CLIMATE NORMALS FOR TOMORROW
                         NORMAL
 MAXIMUM TEMPERATURE (F)   58
 MINIMUM TEMPERATURE (F)   40


SUNRISE AND SUNSET
OCTOBER 22 2017.......SUNRISE   803 AM EDT   SUNSET   649 PM EDT
OCTOBER 23 2017.......SUNRISE   805 AM EDT   SUNSET   648 PM EDT


-  INDICATES NEGATIVE NUMBERS.
R  INDICATES RECORD WAS SET OR TIED.
MM INDICATES DATA IS MISSING.
T  INDICATES TRACE AMOUNT.




$$
