000
CDUS43 KGRR 040524
CLIAZO


CLIMATE REPORT
NATIONAL WEATHER SERVICE GRAND RAPIDS, MI
1223 AM EST WED MAR 4 2015


...................................

...THE KALAMAZOO MI CLIMATE SUMMARY FOR MARCH 3 2015...

CLIMATE NORMAL PERIOD 1981 TO 2010
CLIMATE RECORD PERIOD 1998 TO 2015


WEATHER ITEM   OBSERVED TIME   NORMAL DEPARTURE LAST
                VALUE   (LST)  VALUE  FROM      YEAR
                                      NORMAL
......................................................
TEMPERATURE (F)
 YESTERDAY
  MAXIMUM         35    633 PM  39     -4       14
  MINIMUM         22    814 AM  23     -1       -6
  AVERAGE         29            31     -2        4

PRECIPITATION (IN)
  YESTERDAY        0.15          0.08   0.07     0.00
  MONTH TO DATE    0.15          0.23  -0.08     0.08
  SINCE MAR 1      0.15          0.23  -0.08     0.08
  SINCE JAN 1      1.68          3.47  -1.79     2.61

DEGREE DAYS
 HEATING
  YESTERDAY       36            34      2       61
  MONTH TO DATE  127           102     25      159
  SINCE MAR 1    127           102     25      159
  SINCE JUL 1   5413          4875    538     5327

 COOLING
  YESTERDAY        0             0      0        0
  MONTH TO DATE    0             0      0        0
  SINCE MAR 1      0             0      0        0
  SINCE JAN 1      0             0      0        0
......................................................


WIND (MPH)
  RESULTANT WIND SPEED   5   RESULTANT WIND DIRECTION   S (200)
  HIGHEST WIND SPEED    23   HIGHEST WIND DIRECTION     W (270)
  HIGHEST GUST SPEED    32   HIGHEST GUST DIRECTION     W (260)
  AVERAGE WIND SPEED    11.6


SKY COVER
  AVERAGE SKY COVER 1.0


WEATHER CONDITIONS
 THE FOLLOWING WEATHER WAS RECORDED YESTERDAY.
  LIGHT RAIN
  LT FREEZING RAIN
  HEAVY SNOW
  SNOW
  LIGHT SNOW
  FOG
  HAZE


RELATIVE HUMIDITY (PERCENT)
 HIGHEST    92           800 AM
 LOWEST     62           200 AM
 AVERAGE    77

..........................................................


THE KALAMAZOO MI CLIMATE NORMALS FOR TODAY
                         NORMAL
 MAXIMUM TEMPERATURE (F)   40
 MINIMUM TEMPERATURE (F)   24


SUNRISE AND SUNSET
MARCH  4 2015.........SUNRISE   713 AM EST   SUNSET   635 PM EST
MARCH  5 2015.........SUNRISE   711 AM EST   SUNSET   637 PM EST


-  INDICATES NEGATIVE NUMBERS.
R  INDICATES RECORD WAS SET OR TIED.
MM INDICATES DATA IS MISSING.
T  INDICATES TRACE AMOUNT.




$$

CAS
