000
CDUS43 KGRR 030536
CLIAZO


CLIMATE REPORT
NATIONAL WEATHER SERVICE GRAND RAPIDS, MI
136 AM EDT WED SEP 3 2014


...................................

...THE KALAMAZOO MI CLIMATE SUMMARY FOR SEPTEMBER 2 2014...

CLIMATE NORMAL PERIOD 1981 TO 2010
CLIMATE RECORD PERIOD 1998 TO 2014


WEATHER ITEM   OBSERVED TIME   NORMAL DEPARTURE LAST
                VALUE   (LST)  VALUE  FROM      YEAR
                                      NORMAL
......................................................
TEMPERATURE (F)
 YESTERDAY
  MAXIMUM         80    417 PM  78      2       77
  MINIMUM         61   1010 PM  57      4       59
  AVERAGE         71            68      3       68

PRECIPITATION (IN)
  YESTERDAY        0.00          0.17  -0.17     0.01
  MONTH TO DATE    0.41          0.34   0.07     0.01
  SINCE SEP 1      0.41          0.34   0.07     0.01
  SINCE JAN 1     17.20         23.93  -6.73    29.10

DEGREE DAYS
 HEATING
  YESTERDAY        0             1     -1        0
  MONTH TO DATE    0             2     -2        0
  SINCE SEP 1      0             2     -2        0
  SINCE JUL 1     32            18     14       37

 COOLING
  YESTERDAY        6             4      2        3
  MONTH TO DATE   17             8      9       14
  SINCE SEP 1     17             8      9       14
  SINCE JAN 1    568           619    -51      642
......................................................


WIND (MPH)
  RESULTANT WIND SPEED   4   RESULTANT WIND DIRECTION   W (270)
  HIGHEST WIND SPEED    16   HIGHEST WIND DIRECTION     W (290)
  HIGHEST GUST SPEED    19   HIGHEST GUST DIRECTION    NW (300)
  AVERAGE WIND SPEED     5.3


SKY COVER
  AVERAGE SKY COVER 0.4


WEATHER CONDITIONS
 THE FOLLOWING WEATHER WAS RECORDED YESTERDAY.
  NO SIGNIFICANT WEATHER WAS OBSERVED.


RELATIVE HUMIDITY (PERCENT)
 HIGHEST    93           700 AM
 LOWEST     48           400 PM
 AVERAGE    71

..........................................................


THE KALAMAZOO MI CLIMATE NORMALS FOR TODAY
                         NORMAL
 MAXIMUM TEMPERATURE (F)   78
 MINIMUM TEMPERATURE (F)   57


SUNRISE AND SUNSET
SEPTEMBER  3 2014.....SUNRISE   710 AM EDT   SUNSET   813 PM EDT
SEPTEMBER  4 2014.....SUNRISE   711 AM EDT   SUNSET   811 PM EDT


-  INDICATES NEGATIVE NUMBERS.
R  INDICATES RECORD WAS SET OR TIED.
MM INDICATES DATA IS MISSING.
T  INDICATES TRACE AMOUNT.




$$
