000
CDUS43 KGRR 192129
CLIAZO


CLIMATE REPORT
NATIONAL WEATHER SERVICE GRAND RAPIDS, MI
529 PM EDT TUE AUG 19 2014


...................................

...THE KALAMAZOO MI CLIMATE SUMMARY FOR AUGUST 19 2014...
VALID TODAY AS OF 0500 PM LOCAL TIME.

CLIMATE NORMAL PERIOD 1981 TO 2010
CLIMATE RECORD PERIOD 1998 TO 2014


WEATHER ITEM   OBSERVED TIME   RECORD YEAR NORMAL DEPARTURE LAST
                VALUE   (LST)  VALUE       VALUE  FROM      YEAR
                                                  NORMAL
..................................................................
TEMPERATURE (F)
 TODAY
  MAXIMUM         85   1253 PM  MM      MM  81      4       82
  MINIMUM         64    446 AM  MM      MM  60      4       57
  AVERAGE         75                        70      5       70

PRECIPITATION (IN)
  TODAY            0.40         MM      MM   0.13   0.27     0.00
  MONTH TO DATE    0.70                      2.25  -1.55     3.95
  SINCE JUN 1      7.52                      9.53  -2.01    13.78
  SINCE JAN 1     15.94                     21.97  -6.03    28.84

DEGREE DAYS
 HEATING
  TODAY            0                         0      0        0
  MONTH TO DATE    9                         0      9       20
  SINCE JUN 1     51                        53     -2       76
  SINCE JUL 1     32                         5     27       37

 COOLING
  TODAY           10                         6      4        5
  MONTH TO DATE   94                       126    -32       56
  SINCE JUN 1    385                       511   -126      436
  SINCE JAN 1    439                       552   -113      516
..................................................................


WIND (MPH)
  RESULTANT WIND SPEED   8   RESULTANT WIND DIRECTION   S (190)
  HIGHEST WIND SPEED    29   HIGHEST WIND DIRECTION     W (290)
  HIGHEST GUST SPEED    44   HIGHEST GUST DIRECTION     W (290)
  AVERAGE WIND SPEED     9.2



WEATHER CONDITIONS
 THE FOLLOWING WEATHER WAS RECORDED TODAY.
  THUNDERSTORM
  HEAVY RAIN
  LIGHT RAIN
  FOG
  HAZE


RELATIVE HUMIDITY (PERCENT)
 HIGHEST    87           500 AM
 LOWEST     58           200 PM
 AVERAGE    73

..........................................................




SUNRISE AND SUNSET
AUGUST 19 2014........SUNRISE   654 AM EDT   SUNSET   837 PM EDT
AUGUST 20 2014........SUNRISE   655 AM EDT   SUNSET   835 PM EDT


-  INDICATES NEGATIVE NUMBERS.
R  INDICATES RECORD WAS SET OR TIED.
MM INDICATES DATA IS MISSING.
T  INDICATES TRACE AMOUNT.




$$
