000
CDUS43 KGRR 240539
CLIAZO


CLIMATE REPORT
NATIONAL WEATHER SERVICE GRAND RAPIDS, MI
134 AM EDT THU APR 24 2014


...................................

...THE KALAMAZOO MI CLIMATE SUMMARY FOR APRIL 23 2014...

CLIMATE NORMAL PERIOD 1981 TO 2010
CLIMATE RECORD PERIOD 9999 TO 9999


WEATHER ITEM   OBSERVED TIME   NORMAL DEPARTURE LAST
                VALUE   (LST)  VALUE  FROM      YEAR
                                      NORMAL
......................................................
TEMPERATURE (F)
 YESTERDAY
  MAXIMUM         57    515 PM  63     -6       66
  MINIMUM         31    614 AM  41    -10       43
  AVERAGE         44            52     -8       55

PRECIPITATION (IN)
  YESTERDAY        0.00          0.09  -0.09     0.49
  MONTH TO DATE    1.36          2.22  -0.86     5.48
  SINCE MAR 1      2.61          4.47  -1.86     6.16
  SINCE JAN 1      5.14          7.71  -2.57    10.82

DEGREE DAYS
 HEATING
  YESTERDAY       21            13      8       10
  MONTH TO DATE  417           401     16      470
  SINCE MAR 1   1576          1285    291     1490
  SINCE JUL 1   6744          6058    686     6040

 COOLING
  YESTERDAY        0             0      0        0
  MONTH TO DATE    0             0      0        0
  SINCE MAR 1      0             0      0        0
  SINCE JAN 1      0             0      0        0
......................................................


WIND (MPH)
  RESULTANT WIND SPEED   8   RESULTANT WIND DIRECTION   N (350)
  HIGHEST WIND SPEED    23   HIGHEST WIND DIRECTION     N (350)
  HIGHEST GUST SPEED    28   HIGHEST GUST DIRECTION     N (350)
  AVERAGE WIND SPEED     8.4


SKY COVER
  AVERAGE SKY COVER 0.0


WEATHER CONDITIONS
 THE FOLLOWING WEATHER WAS RECORDED YESTERDAY.
  NO SIGNIFICANT WEATHER WAS OBSERVED.


RELATIVE HUMIDITY (PERCENT)
 HIGHEST    78           600 AM
 LOWEST     24           500 PM
 AVERAGE    51

..........................................................


THE KALAMAZOO MI CLIMATE NORMALS FOR TODAY
                         NORMAL
 MAXIMUM TEMPERATURE (F)   63
 MINIMUM TEMPERATURE (F)   41


SUNRISE AND SUNSET
APRIL 24 2014.........SUNRISE   648 AM EDT   SUNSET   834 PM EDT
APRIL 25 2014.........SUNRISE   646 AM EDT   SUNSET   835 PM EDT


-  INDICATES NEGATIVE NUMBERS.
R  INDICATES RECORD WAS SET OR TIED.
MM INDICATES DATA IS MISSING.
T  INDICATES TRACE AMOUNT.




$$
