000
CDUS43 KGRR 180522
CLIAZO


CLIMATE REPORT
NATIONAL WEATHER SERVICE GRAND RAPIDS, MI
1220 AM EST THU DEC 18 2014


...................................

...THE KALAMAZOO MI CLIMATE SUMMARY FOR DECEMBER 17 2014...

CLIMATE NORMAL PERIOD 1981 TO 2010
CLIMATE RECORD PERIOD 1998 TO 2014


WEATHER ITEM   OBSERVED TIME   NORMAL DEPARTURE LAST
                VALUE   (LST)  VALUE  FROM      YEAR
                                      NORMAL
......................................................
TEMPERATURE (F)
 YESTERDAY
  MAXIMUM         34    154 AM  34      0       28
  MINIMUM         28   1050 PM  22      6       17
  AVERAGE         31            28      3       23

PRECIPITATION (IN)
  YESTERDAY        T             0.06  -0.06     0.02
  MONTH TO DATE    0.17          1.20  -1.03     0.40
  SINCE DEC 1      0.17          1.20  -1.03     0.40
  SINCE JAN 1     27.24         34.96  -7.72    38.37

DEGREE DAYS
 HEATING
  YESTERDAY       34            37     -3       42
  MONTH TO DATE  524           582    -58      674
  SINCE DEC 1    524           582    -58      674
  SINCE JUL 1   2054          1909    145     2031

 COOLING
  YESTERDAY        0             0      0        0
  MONTH TO DATE    0             0      0        0
  SINCE DEC 1      0             0      0        0
  SINCE JAN 1    609           675    -66      725
......................................................


WIND (MPH)
  RESULTANT WIND SPEED  14   RESULTANT WIND DIRECTION   W (290)
  HIGHEST WIND SPEED    25   HIGHEST WIND DIRECTION    NW (300)
  HIGHEST GUST SPEED    33   HIGHEST GUST DIRECTION    NW (300)
  AVERAGE WIND SPEED    13.6


SKY COVER
  AVERAGE SKY COVER 1.0


WEATHER CONDITIONS
 THE FOLLOWING WEATHER WAS RECORDED YESTERDAY.
  LIGHT SNOW
  FOG


RELATIVE HUMIDITY (PERCENT)
 HIGHEST    89          1200 AM
 LOWEST     69           700 AM
 AVERAGE    79

..........................................................


THE KALAMAZOO MI CLIMATE NORMALS FOR TODAY
                         NORMAL
 MAXIMUM TEMPERATURE (F)   34
 MINIMUM TEMPERATURE (F)   22


SUNRISE AND SUNSET
DECEMBER 18 2014......SUNRISE   806 AM EST   SUNSET   512 PM EST
DECEMBER 19 2014......SUNRISE   807 AM EST   SUNSET   512 PM EST


-  INDICATES NEGATIVE NUMBERS.
R  INDICATES RECORD WAS SET OR TIED.
MM INDICATES DATA IS MISSING.
T  INDICATES TRACE AMOUNT.




$$

CAS
