853
CDUS43 KGRR 222129
CLIAZO


CLIMATE REPORT
NATIONAL WEATHER SERVICE GRAND RAPIDS, MI
529 PM EDT MON MAY 22 2017


...................................

...THE KALAMAZOO MI CLIMATE SUMMARY FOR MAY 22 2017...
VALID TODAY AS OF 0500 PM LOCAL TIME.

CLIMATE NORMAL PERIOD 1981 TO 2010
CLIMATE RECORD PERIOD 1998 TO 2017


WEATHER ITEM   OBSERVED TIME   NORMAL DEPARTURE LAST
                VALUE   (LST)  VALUE  FROM      YEAR
                                      NORMAL
......................................................
TEMPERATURE (F)
 TODAY
  MAXIMUM         71    359 PM  72     -1       75
  MINIMUM         51    735 AM  50      1       48
  AVERAGE         61            61      0       62

PRECIPITATION (IN)
  TODAY            0.00          0.13  -0.13     0.00
  MONTH TO DATE    3.05          2.80   0.25     2.84
  SINCE MAR 1      9.84          8.13   1.71     8.93
  SINCE JAN 1     14.56         11.37   3.19    10.49

DEGREE DAYS
 HEATING
  TODAY            4             6     -2        3
  MONTH TO DATE  214           182     32      225
  SINCE MAR 1   1452          1552   -100     1435
  SINCE JUL 1   5348          6325   -977     5483

 COOLING
  TODAY            0             2     -2        0
  MONTH TO DATE   23            18      5        0
  SINCE MAR 1     34            22     12        2
  SINCE JAN 1     34            22     12        2
......................................................


WIND (MPH)
  RESULTANT WIND SPEED  12   RESULTANT WIND DIRECTION   W (260)
  HIGHEST WIND SPEED    21   HIGHEST WIND DIRECTION     W (270)
  HIGHEST GUST SPEED    29   HIGHEST GUST DIRECTION     W (280)
  AVERAGE WIND SPEED    12.5


SKY COVER
  AVERAGE SKY COVER 0.5


WEATHER CONDITIONS
 THE FOLLOWING WEATHER WAS RECORDED TODAY.
  NO SIGNIFICANT WEATHER WAS OBSERVED.


RELATIVE HUMIDITY (PERCENT)
 HIGHEST    68           600 AM
 LOWEST     36           300 PM
 AVERAGE    52

..........................................................


THE KALAMAZOO MI CLIMATE NORMALS FOR TOMORROW
                         NORMAL
 MAXIMUM TEMPERATURE (F)   72
 MINIMUM TEMPERATURE (F)   50


SUNRISE AND SUNSET
MAY 22 2017...........SUNRISE   615 AM EDT   SUNSET   904 PM EDT
MAY 23 2017...........SUNRISE   614 AM EDT   SUNSET   905 PM EDT


-  INDICATES NEGATIVE NUMBERS.
R  INDICATES RECORD WAS SET OR TIED.
MM INDICATES DATA IS MISSING.
T  INDICATES TRACE AMOUNT.




$$
