000
CDUS41 KBOX 220544
CLIBDL


CLIMATE REPORT
NATIONAL WEATHER SERVICE TAUNTON MA
139 AM EDT MON MAY 22 2017


...................................

...THE HARTFORD CT CLIMATE SUMMARY FOR MAY 21 2017...

CLIMATE NORMAL PERIOD 1981 TO 2010
CLIMATE RECORD PERIOD 1904 TO 2017


WEATHER ITEM   OBSERVED TIME   RECORD YEAR NORMAL DEPARTURE LAST
                VALUE   (LST)  VALUE       VALUE  FROM      YEAR
                                                  NORMAL
..................................................................
TEMPERATURE (F)
 YESTERDAY
  MAXIMUM         72    413 PM  93    1996  73     -1       72
  MINIMUM         42    442 AM  34    2002  49     -7       46
  AVERAGE         57                        61     -4       59

PRECIPITATION (IN)
  YESTERDAY        0.00          2.35 1919   0.15  -0.15     0.00
  MONTH TO DATE    3.06                      2.74   0.32     1.77
  SINCE MAR 1     10.76                     10.08   0.68     6.41
  SINCE JAN 1     16.74                     16.20   0.54    13.24

SNOWFALL (IN)
  YESTERDAY        0.0           T    1989   0.0    0.0      0.0
  MONTH TO DATE    0.0                       0.0    0.0      0.0
  SINCE MAR 1     19.6                       7.8   11.8      9.8
  SINCE JUL 1     62.3                      40.5   21.8     26.9
  SNOW DEPTH       0

DEGREE DAYS
 HEATING
  YESTERDAY        8                         5      3        6
  MONTH TO DATE  182                       161     21      203
  SINCE MAR 1   1524                      1476     48     1363
  SINCE JUL 1   5417                      5914   -497     5039

 COOLING
  YESTERDAY        0                         1     -1        0
  MONTH TO DATE   37                        14     23        0
  SINCE MAR 1     60                        20     40        2
  SINCE JAN 1     60                        20     40        2
..................................................................


WIND (MPH)
  RESULTANT WIND SPEED   4   RESULTANT WIND DIRECTION   S (180)
  HIGHEST WIND SPEED    17   HIGHEST WIND DIRECTION     S (190)
  HIGHEST GUST SPEED    20   HIGHEST GUST DIRECTION     S (190)
  AVERAGE WIND SPEED     6.3


SKY COVER
  POSSIBLE SUNSHINE  MM
  AVERAGE SKY COVER 0.6


WEATHER CONDITIONS
 THE FOLLOWING WEATHER WAS RECORDED YESTERDAY.
  NO SIGNIFICANT WEATHER WAS OBSERVED.


RELATIVE HUMIDITY (PERCENT)
 HIGHEST    96           500 AM
 LOWEST     32           500 PM
 AVERAGE    64

..........................................................


THE HARTFORD CT CLIMATE NORMALS FOR TODAY
                         NORMAL    RECORD    YEAR
 MAXIMUM TEMPERATURE (F)   73        95      1992
 MINIMUM TEMPERATURE (F)   49        35      2002


SUNRISE AND SUNSET
MAY 22 2017...........SUNRISE   524 AM EDT   SUNSET   811 PM EDT
MAY 23 2017...........SUNRISE   523 AM EDT   SUNSET   812 PM EDT


-  INDICATES NEGATIVE NUMBERS.
R  INDICATES RECORD WAS SET OR TIED.
MM INDICATES DATA IS MISSING.
T  INDICATES TRACE AMOUNT.




$$
