000
CDUS41 KOKX 032038
CLIBDR


CLIMATE REPORT
NATIONAL WEATHER SERVICE NEW YORK NY
438 PM EDT FRI JUL 3 2015


...................................

...THE BRIDGEPORT CT CLIMATE SUMMARY FOR JULY 3 2015...
VALID TODAY AS OF 0400 PM LOCAL TIME.

CLIMATE NORMAL PERIOD 1981 TO 2010
CLIMATE RECORD PERIOD 1948 TO 2015


WEATHER ITEM   OBSERVED TIME   RECORD YEAR NORMAL DEPARTURE LAST
                VALUE   (LST)  VALUE       VALUE  FROM      YEAR
                                                  NORMAL
..................................................................
TEMPERATURE (F)
 TODAY
  MAXIMUM         78    256 PM  99    1966  81     -3       85
  MINIMUM         64    540 AM  52    1977  65     -1       70
  AVERAGE         71                        73     -2       78

PRECIPITATION (IN)
  TODAY            0.00          1.42 1981   0.08  -0.08     0.44
                                      1967
  MONTH TO DATE    0.65                      0.26   0.39     0.94
  SINCE JUN 1      5.38                      3.87   1.51     4.95
  SINCE JAN 1     19.68                     21.74  -2.06    26.61

SNOWFALL (IN)
  TODAY            0.0           0.0  2002   0.0    0.0      0.0
                                      2001
  MONTH TO DATE    0.0                       0.0    0.0      0.0
  SINCE OCT 1     59.7                      27.6   32.1     57.4
  SINCE JUL 1      0.0                       0.0    0.0      0.0
  SNOW DEPTH       0

DEGREE DAYS
 HEATING
  TODAY            0                         0      0        0
  MONTH TO DATE    0                         0      0        0
  SINCE JUN 1     52                        32     20        4
  SINCE JUL 1      0                         0      0        0

 COOLING
  TODAY            6                         8     -2       13
  MONTH TO DATE   25                        24      1       42
  SINCE JUN 1    186                       167     19      188
  SINCE JAN 1    240                       191     49      211
..................................................................


WIND (MPH)
  HIGHEST WIND SPEED    15   HIGHEST WIND DIRECTION     N (10)
  HIGHEST GUST SPEED    18   HIGHEST GUST DIRECTION     N (20)
  AVERAGE WIND SPEED     8.1


SKY COVER
  AVERAGE SKY COVER 0.1


WEATHER CONDITIONS
 THE FOLLOWING WEATHER WAS RECORDED TODAY.
  NO SIGNIFICANT WEATHER WAS OBSERVED.


RELATIVE HUMIDITY (PERCENT)
 HIGHEST    73          1200 AM
 LOWEST     40           200 PM
 AVERAGE    57

..........................................................


THE BRIDGEPORT CT CLIMATE NORMALS FOR TOMORROW
                         NORMAL    RECORD    YEAR
 MAXIMUM TEMPERATURE (F)   81        98      1949
 MINIMUM TEMPERATURE (F)   65        52      1986


SUNRISE AND SUNSET
JULY  3 2015..........SUNRISE   524 AM EDT   SUNSET   829 PM EDT
JULY  4 2015..........SUNRISE   525 AM EDT   SUNSET   829 PM EDT


-  INDICATES NEGATIVE NUMBERS.
R  INDICATES RECORD WAS SET OR TIED.
MM INDICATES DATA IS MISSING.
T  INDICATES TRACE AMOUNT.




$$
