000
CDAK48 PABE 301259
CLIBET


CLIMATE REPORT
NATIONAL WEATHER SERVICE ANCHORAGE, AK
458 AM AKDT THU MAR 30 2017


...................................

...THE BETHEL CLIMATE SUMMARY FOR MARCH 29 2017...

CLIMATE NORMAL PERIOD 1981 TO 2010
CLIMATE RECORD PERIOD 1948 TO 2017


WEATHER ITEM   OBSERVED TIME   RECORD YEAR NORMAL DEPARTURE LAST
                VALUE   (LST)  VALUE       VALUE  FROM      YEAR
                                                  NORMAL
..................................................................
TEMPERATURE (F)
 YESTERDAY
  MAXIMUM          9    612 PM  53    1934  25    -16       25
  MINIMUM         -4    820 AM -28    1944  11    -15       14
  AVERAGE          3                        18    -15       20

PRECIPITATION (IN)
  YESTERDAY        0.00          0.59 2008   0.02  -0.02     0.04
  MONTH TO DATE    0.01                      0.66  -0.65     0.25
  SINCE MAR 1      0.01                      0.66  -0.65     0.25
  SINCE JAN 1      1.90                      2.16  -0.26     0.64

SNOWFALL (IN)
  YESTERDAY        0.0           5.9  2008   0.3   -0.3      0.6
  MONTH TO DATE    T                         7.7   -7.7      2.1
  SINCE MAR 1      T                         7.7   -7.7      2.1
  SINCE JUL 1     27.4                      53.5  -26.1     29.1
  SNOW DEPTH       4

DEGREE DAYS
 HEATING
  YESTERDAY       62                        47     15       45
  MONTH TO DATE 1727                      1451    276     1235
  SINCE MAR 1   1727                      1451    276     1235
  SINCE JUL 1   9987                     10189   -202     8492

 COOLING
  YESTERDAY        0                         0      0        0
  MONTH TO DATE    0                         0      0        0
  SINCE MAR 1      0                         0      0        0
  SINCE JAN 1      0                         0      0        0
..................................................................


WIND (MPH)
  RESULTANT WIND SPEED   8   RESULTANT WIND DIRECTION  NW (320)
  HIGHEST WIND SPEED    14   HIGHEST WIND DIRECTION    NW (320)
  HIGHEST GUST SPEED    19   HIGHEST GUST DIRECTION    NW (310)
  AVERAGE WIND SPEED     8.5



WEATHER CONDITIONS
 THE FOLLOWING WEATHER WAS RECORDED YESTERDAY.
  FOG


RELATIVE HUMIDITY (PERCENT)
 HIGHEST    95
 LOWEST     80
 AVERAGE    88

..........................................................


THE BETHEL CLIMATE NORMALS FOR TODAY
                         NORMAL    RECORD    YEAR
 MAXIMUM TEMPERATURE (F)   26        51      1926
 MINIMUM TEMPERATURE (F)   11       -28      1944


SUNRISE AND SUNSET
MARCH 30 2017.........SUNRISE   816 AM AKDT  SUNSET   929 PM AKDT
MARCH 31 2017.........SUNRISE   813 AM AKDT  SUNSET   931 PM AKDT


-  INDICATES NEGATIVE NUMBERS.
R  INDICATES RECORD WAS SET OR TIED.
MM INDICATES DATA IS MISSING.
T  INDICATES TRACE AMOUNT.




$$
