000
CDAK48 PAFC 171244
CLIBET


CLIMATE REPORT
NATIONAL WEATHER SERVICE ANCHORAGE, AK
344 AM AKST FRI NOV 17 2017


...................................

...THE BETHEL CLIMATE SUMMARY FOR NOVEMBER 16 2017...

CLIMATE NORMAL PERIOD 1981 TO 2010
CLIMATE RECORD PERIOD 1948 TO 2017


WEATHER ITEM   OBSERVED TIME   RECORD YEAR NORMAL DEPARTURE LAST
                VALUE   (LST)  VALUE       VALUE  FROM      YEAR
                                                  NORMAL
..................................................................
TEMPERATURE (F)
 YESTERDAY
  MAXIMUM         37    345 PM  46    2014  23     14       16
  MINIMUM         32   1159 PM -22    1956  11     21        2
  AVERAGE         35                        17     18        9

PRECIPITATION (IN)
  YESTERDAY        0.11          0.74 1994   0.05   0.06     0.00
  MONTH TO DATE    0.93                      0.87   0.06     0.16
  SINCE SEP 1      7.70                      5.27   2.43     4.07
  SINCE JAN 1     22.63                     16.69   5.94    14.99

SNOWFALL (IN)
  YESTERDAY        0.3           5.2  1994   0.5   -0.2      0.0
  MONTH TO DATE    2.2                       6.4   -4.2       T
  SINCE SEP 1      3.4                      11.4   -8.0       T
  SINCE JUL 1      3.4                      11.4   -8.0       T
  SNOW DEPTH       T

DEGREE DAYS
 HEATING
  YESTERDAY       30                        48    -18       56
  MONTH TO DATE  539                       729   -190      677
  SINCE SEP 1   1979                      2388   -409     2003
  SINCE JUL 1   2530                      3024   -494     2365

 COOLING
  YESTERDAY        0                         0      0        0
  MONTH TO DATE    0                         0      0        0
  SINCE SEP 1      0                         0      0        0
  SINCE JAN 1      6                         4      2       13
..................................................................


WIND (MPH)
  RESULTANT WIND SPEED  14   RESULTANT WIND DIRECTION   W (270)
  HIGHEST WIND SPEED    35   HIGHEST WIND DIRECTION    NW (300)
  HIGHEST GUST SPEED    44   HIGHEST GUST DIRECTION    NW (300)
  AVERAGE WIND SPEED    18.3



WEATHER CONDITIONS
 THE FOLLOWING WEATHER WAS RECORDED YESTERDAY.
  RAIN
  LIGHT RAIN
  LIGHT SNOW
  FOG


RELATIVE HUMIDITY (PERCENT)
 HIGHEST   100
 LOWEST     72
 AVERAGE    86

..........................................................


THE BETHEL CLIMATE NORMALS FOR TODAY
                         NORMAL    RECORD    YEAR
 MAXIMUM TEMPERATURE (F)   23        41      1941
 MINIMUM TEMPERATURE (F)   11       -15      1999
                                             1975


SUNRISE AND SUNSET
NOVEMBER 17 2017......SUNRISE   957 AM AKST  SUNSET   507 PM AKST
NOVEMBER 18 2017......SUNRISE   959 AM AKST  SUNSET   505 PM AKST


-  INDICATES NEGATIVE NUMBERS.
R  INDICATES RECORD WAS SET OR TIED.
MM INDICATES DATA IS MISSING.
T  INDICATES TRACE AMOUNT.




$$
