000
CDAK48 PABE 070006
CLIBET

CLIMATE REPORT
NATIONAL WEATHER SERVICE BETHEL, AK
306 PM AKST FRI MAR 6 2015

...................................
...THE BETHEL AP CLIMATE SUMMARY FOR MARCH 6 2015...
VALID TODAY AS OF 2:00 PM LOCAL TIME

CLIMATE NORMAL PERIOD  1981 TO  2010
CLIMATE RECORD PERIOD  1923 TO  2015

WEATHER ITEM   OBSERVED TIME    RECORD YEAR NORMAL DEPARTURE LAST
               VALUE    (LST)   VALUE       VALUE  FROM      YEAR
                                                   NORMAL
...................................................................
TEMPERATURE
TODAY
 MAXIMUM            33  0159 PM    40  2001     21      12     15
 MINIMUM            28  0557 AM   -31  1971      6      22      2
 AVERAGE            31                          14      17      9

PRECIPITATION
(INCHES)
 TODAY            0.05           0.26  1952   0.03    0.02      T
 MONTH TO DATE    0.23                        0.14    0.09      T
 SINCE MAR 1      0.23                        0.14    0.09   0.00
 SINCE JAN 1      1.27                        1.64   -0.37   1.58

SNOWFALL
(INCHES)
 TODAY             1.9            2.8  1952    0.3     1.6    0.0
 MONTH TO DATE     3.5                         1.6     1.9      T
 SINCE MAR 1       3.5                         1.6     1.9    0.0
 SINCE JUL 1      29.0                        47.4   -18.4   22.1
 SNOW DEPTH (IN)     4                                          T

DEGREE DAYS
 HEATING
  TODAY             34                          51     -17     56
  MONTH TO DATE    217                         309     -92    275
  SINCE MAR 1      217                         309     -92    275
  SINCE JUL 1     7992                        9055   -1063   7750

 COOLING
  TODAY              0                           0       0      0
  MONTH TO DATE      0                           0       0      0
  SINCE MAR 1        0                           0       0      0
  SINCE JAN 1        0                           0       0      0
...................................................................

WIND (MPH)
 HIGHEST WIND SPEED    36     HIGHEST WIND DIRECTION    180
 HIGHEST GUST SPEED    46     HIGHEST GUST DIRECTION    170
 AVERAGE WIND SPEED    MM

SKY COVER
  POSSIBLE SUNSHINE  MM            AVERAGE SKY COVER MM

WEATHER CONDITIONS
 THE FOLLOWING WEATHER WAS RECORDED TODAY.
FOG
BLOWING SNOW
RAIN
SNOW


RELATIVE HUMIDITY
 HIGHEST RH     MM PERCENT       MM
 LOWEST  RH     MM PERCENT       MM
 AVERAGE RH     MM PERCENT       MM
...................................................................

THE BETHEL CLIMATE NORMALS FOR TOMORROW
                        NORMAL    RECORD   YEAR
 MAXIMUM TEMPERATURE      21        48     1938
 MINIMUM TEMPERATURE       6       -28     1971

SUNRISE AND SUNSET
 MAR 6 2015..........SUNRISE  8:32 AM      SUNSET  7:27 PM
 MAR 7 2015..........SUNRISE  8:29 AM      SUNSET  7:30 PM

-  INDICATES NEGATIVE NUMBERS.
R  INDICATES RECORD HAS BEEN SET OR TIED.
MM INDICATES DATA IS MISSING.
T  INDICATES TRACE OF PRECIPITATION.

&&
-------------------------------------------------------------------

AMOUNT OF DAYLIGHT TODAY  (HOUR:MIN)........10 HOURS 55 MINUTES
GAIN/LOSS SINCE YESTERDAY (HOUR:MIN:SEC)....+0:05:38

$$
*** MAR 15
