000
CDAK48 PAFC 240056
CLIBET


CLIMATE REPORT
NATIONAL WEATHER SERVICE ANCHORAGE, AK
355 PM AKST TUE JAN 23 2018


...................................

...THE BETHEL CLIMATE SUMMARY FOR JANUARY 23 2018...
VALID TODAY AS OF 0300 PM LOCAL TIME.

CLIMATE NORMAL PERIOD 1981 TO 2010
CLIMATE RECORD PERIOD 1948 TO 2018


WEATHER ITEM   OBSERVED TIME   RECORD YEAR NORMAL DEPARTURE LAST
                VALUE   (LST)  VALUE       VALUE  FROM      YEAR
                                                  NORMAL
..................................................................
TEMPERATURE (F)
 TODAY
  MAXIMUM         -6    257 PM  45    1963  12    -18       -1
  MINIMUM        -13   1004 AM -43    1947   1    -14      -17
  AVERAGE         -9                         7    -16       -9

PRECIPITATION (IN)
  TODAY            0.00          0.18 1937   0.03  -0.03      T
  MONTH TO DATE    0.29                      0.60  -0.31     0.64
  SINCE SEP 1     10.07                      7.72   2.35     5.78
  SINCE JAN 1      0.29                      0.60  -0.31     0.64

SNOWFALL (IN)
  TODAY            0.0           1.6  2011   0.3   -0.3       T
  MONTH TO DATE    1.2                       7.5   -6.3      4.3
  SINCE SEP 1     19.6                      36.8  -17.2     15.4
  SINCE JUL 1     19.6                      36.8  -17.2     15.4
  SNOW DEPTH       1

DEGREE DAYS
 HEATING
  TODAY           74                        58     16       74
  MONTH TO DATE 1133                      1351   -218     1415
  SINCE DEC 1   2369                      3045   -676     3004
  SINCE JUL 1   5535                      6768  -1233     6232

 COOLING
  TODAY            0                         0      0        0
  MONTH TO DATE    0                         0      0        0
  SINCE DEC 1      0                         0      0        0
  SINCE JAN 1      0                         0      0        0
..................................................................


WIND (MPH)
  RESULTANT WIND SPEED   5   RESULTANT WIND DIRECTION   N (20)
  HIGHEST WIND SPEED    16   HIGHEST WIND DIRECTION    NE (30)
  HIGHEST GUST SPEED    19   HIGHEST GUST DIRECTION     N (20)
  AVERAGE WIND SPEED     5.0



WEATHER CONDITIONS
 THE FOLLOWING WEATHER WAS RECORDED TODAY.
  NO SIGNIFICANT WEATHER WAS OBSERVED.


RELATIVE HUMIDITY (PERCENT)
 HIGHEST    86
 LOWEST     71
 AVERAGE    79

..........................................................


THE BETHEL CLIMATE NORMALS FOR TOMORROW
                         NORMAL    RECORD    YEAR
 MAXIMUM TEMPERATURE (F)   13        46      1963
 MINIMUM TEMPERATURE (F)    1       -45      1947


SUNRISE AND SUNSET
JANUARY 23 2018.......SUNRISE  1025 AM AKST  SUNSET   534 PM AKST
JANUARY 24 2018.......SUNRISE  1023 AM AKST  SUNSET   536 PM AKST


-  INDICATES NEGATIVE NUMBERS.
R  INDICATES RECORD WAS SET OR TIED.
MM INDICATES DATA IS MISSING.
T  INDICATES TRACE AMOUNT.




$$
