000
CDAK48 PABE 240000
CLIBET

CLIMATE REPORT
NATIONAL WEATHER SERVICE BETHEL, AK
400 PM AKDT MON MAY 23 2016

...................................
...THE BETHEL AP CLIMATE SUMMARY FOR MAY 23 2016...
VALID TODAY AS OF 2:00 PM LOCAL TIME

CLIMATE NORMAL PERIOD  1981 TO  2010
CLIMATE RECORD PERIOD  1948 TO  2016

WEATHER ITEM   OBSERVED TIME    RECORD YEAR NORMAL DEPARTURE LAST
               VALUE    (LST)   VALUE       VALUE  FROM      YEAR
                                                   NORMAL
...................................................................
TEMPERATURE
TODAY
 MAXIMUM            46  0159 PM    70  1991     54      -8     53
 MINIMUM            35  0358 AM    25  2000     36      -1     43
 AVERAGE            41                          45      -4     48

PRECIPITATION
(INCHES)
 TODAY            0.09           0.40  1962   0.04    0.05      T
 MONTH TO DATE    1.42                        0.82    0.60   1.61
 SINCE MAR 1      2.84                        2.27    0.57   3.17
 SINCE JAN 1      3.23                        3.77   -0.54   4.21

SNOWFALL
(INCHES)
 TODAY             0.0            1.0  1973    0.0     0.0    0.0
 MONTH TO DATE     0.0                         1.9    -1.9      T
 SINCE MAR 1       2.9                        15.8   -12.9   16.6
 SINCE JUL 1      29.4                        61.6   -32.2   42.1
 SNOW DEPTH (IN)     0                                          0

DEGREE DAYS
 HEATING
  TODAY             24                          20       4     17
  MONTH TO DATE    405                         566    -161    457
  SINCE MAR 1     2456                        3252    -796   2861
  SINCE JUL 1     9905                       11998   -2093  10647

 COOLING
  TODAY              0                           0       0      0
  MONTH TO DATE      0                           0       0      0
  SINCE MAR 1        0                           0       0      0
  SINCE JAN 1        0                           0       0      0
...................................................................

WIND (MPH)
 HIGHEST WIND SPEED    24     HIGHEST WIND DIRECTION    170
 HIGHEST GUST SPEED    30     HIGHEST GUST DIRECTION    160
 AVERAGE WIND SPEED    MM

SKY COVER
  POSSIBLE SUNSHINE  MM            AVERAGE SKY COVER MM

WEATHER CONDITIONS
 THE FOLLOWING WEATHER WAS RECORDED TODAY.
 FOG
 RAIN


RELATIVE HUMIDITY
 HIGHEST RH     MM PERCENT       MM
 LOWEST  RH     MM PERCENT       MM
 AVERAGE RH     MM PERCENT       MM
...................................................................

THE BETHEL CLIMATE NORMALS FOR TOMORROW
                        NORMAL    RECORD   YEAR
 MAXIMUM TEMPERATURE      54        72     1991
 MINIMUM TEMPERATURE      36        23     2000

SUNRISE AND SUNSET
 MAY 23 2016..........SUNRISE  5:44 AM      SUNSET 11:47 PM
 MAY 24 2016..........SUNRISE  5:42 AM      SUNSET 11:49 PM

-  INDICATES NEGATIVE NUMBERS.
R  INDICATES RECORD HAS BEEN SET OR TIED.
MM INDICATES DATA IS MISSING.
T  INDICATES TRACE OF PRECIPITATION.

&&
-------------------------------------------------------------------

AMOUNT OF DAYLIGHT TODAY  (HOUR:MIN)........18 HOURS 3 MINUTES
GAIN/LOSS SINCE YESTERDAY (HOUR:MIN:SEC)....+0:04:21

$$
JML MAY 16
