000
CDUS41 KCTP 182219
CLIBFD


CLIMATE REPORT
NATIONAL WEATHER SERVICE STATE COLLEGE PA
519 PM EST THU DEC 18 2014


...................................

...THE BRADFORD CLIMATE SUMMARY FOR DECEMBER 18 2014...
VALID TODAY AS OF 0500 PM LOCAL TIME.

CLIMATE NORMAL PERIOD 1981 TO 2010
CLIMATE RECORD PERIOD 1957 TO 2014


WEATHER ITEM   OBSERVED TIME   RECORD YEAR NORMAL DEPARTURE LAST
                VALUE   (LST)  VALUE       VALUE  FROM      YEAR
                                                  NORMAL
..................................................................
TEMPERATURE (F)
 TODAY
  MAXIMUM         27    459 PM  51    1967  32     -5       25
  MINIMUM         25    913 AM  -3    1989  17      8       21
  AVERAGE         26                        25      1       23

PRECIPITATION (IN)
  TODAY            T             1.47 1990   0.10  -0.10     0.01
  MONTH TO DATE    1.40                      2.06  -0.66     0.69
  SINCE DEC 1      1.40                      2.06  -0.66     0.69
  SINCE JAN 1     41.54                     43.12  -1.58    32.72

DEGREE DAYS
 HEATING
  TODAY           39                        35      4       42
  MONTH TO DATE  627                       587     40      736
  SINCE DEC 1    627                       587     40      736
  SINCE JUL 1   2445                      2422     23     2524

 COOLING
  TODAY            0                         0      0        0
  MONTH TO DATE    0                         0      0        0
  SINCE DEC 1      0                         0      0        0
  SINCE JAN 1    196                       193      3      334
..................................................................


WIND (MPH)
  HIGHEST WIND SPEED    21   HIGHEST WIND DIRECTION     W (290)
  HIGHEST GUST SPEED    28   HIGHEST GUST DIRECTION     W (280)
  AVERAGE WIND SPEED    12.6


SKY COVER
  POSSIBLE SUNSHINE  MM
  AVERAGE SKY COVER 1.0


WEATHER CONDITIONS
 THE FOLLOWING WEATHER WAS RECORDED TODAY.
  LT FREEZING RAIN
  LIGHT SNOW
  FOG
  HAZE


RELATIVE HUMIDITY (PERCENT)
 HIGHEST    88          1200 AM
 LOWEST     81           200 AM
 AVERAGE    85

..........................................................


THE BRADFORD CLIMATE NORMALS FOR TOMORROW
                         NORMAL    RECORD    YEAR
 MAXIMUM TEMPERATURE (F)   32        53      1957
 MINIMUM TEMPERATURE (F)   17        -6      1985


SUNRISE AND SUNSET
DECEMBER 18 2014......SUNRISE   737 AM EST   SUNSET   446 PM EST
DECEMBER 19 2014......SUNRISE   737 AM EST   SUNSET   446 PM EST


-  INDICATES NEGATIVE NUMBERS.
R  INDICATES RECORD WAS SET OR TIED.
MM INDICATES DATA IS MISSING.
T  INDICATES TRACE AMOUNT.




$$
