000
CDUS41 KCTP 290616
CLIBFD


CLIMATE REPORT
NATIONAL WEATHER SERVICE STATE COLLEGE PA
216 AM EDT FRI JUL 29 2016


...................................

...THE BRADFORD CLIMATE SUMMARY FOR JULY 28 2016...

CLIMATE NORMAL PERIOD 1981 TO 2010
CLIMATE RECORD PERIOD 1957 TO 2016


WEATHER ITEM   OBSERVED TIME   RECORD YEAR NORMAL DEPARTURE LAST
                VALUE   (LST)  VALUE       VALUE  FROM      YEAR
                                                  NORMAL
..................................................................
TEMPERATURE (F)
 YESTERDAY
  MAXIMUM         82    200 PM  86    2015  77      5       86
                                      1964
  MINIMUM         56    451 AM  37    1971  53      3       54
  AVERAGE         69                        65      4       70

PRECIPITATION (IN)
  YESTERDAY        0.21          2.50 1981   0.14   0.07     0.00
  MONTH TO DATE    4.07                      3.79   0.28     2.45
  SINCE JUN 1      7.09                      8.70  -1.61     9.92
  SINCE JAN 1     21.52                     25.44  -3.92    22.35

DEGREE DAYS
 HEATING
  YESTERDAY        0                         0      0        0
  MONTH TO DATE   31                         1     30       47
  SINCE JUN 1    123                       146    -23      154
  SINCE JUL 1     31                         1     30       47

 COOLING
  YESTERDAY        4                         2      2        5
  MONTH TO DATE  107                        64     43       63
  SINCE JUN 1    139                       104     35      101
  SINCE JAN 1    158                       114     44      145
..................................................................


WIND (MPH)
  HIGHEST WIND SPEED    10   HIGHEST WIND DIRECTION    SW (220)
  HIGHEST GUST SPEED    14   HIGHEST GUST DIRECTION    SW (220)
  AVERAGE WIND SPEED     1.4


SKY COVER
  POSSIBLE SUNSHINE  MM
  AVERAGE SKY COVER 0.3


WEATHER CONDITIONS
 THE FOLLOWING WEATHER WAS RECORDED YESTERDAY.
  RAIN
  LIGHT RAIN
  FOG
  FOG W/VISIBILITY <= 1/4 MILE


RELATIVE HUMIDITY (PERCENT)
 HIGHEST    93           100 AM
 LOWEST     45           200 PM
 AVERAGE    69

..........................................................


THE BRADFORD CLIMATE NORMALS FOR TODAY
                         NORMAL    RECORD    YEAR
 MAXIMUM TEMPERATURE (F)   77        87      1988
 MINIMUM TEMPERATURE (F)   53        43      1972


SUNRISE AND SUNSET
JULY 29 2016..........SUNRISE   606 AM EDT   SUNSET   835 PM EDT
JULY 30 2016..........SUNRISE   607 AM EDT   SUNSET   834 PM EDT


-  INDICATES NEGATIVE NUMBERS.
R  INDICATES RECORD WAS SET OR TIED.
MM INDICATES DATA IS MISSING.
T  INDICATES TRACE AMOUNT.




$$
