000
CDUS41 KCTP 240615
CLIBFD


CLIMATE REPORT
NATIONAL WEATHER SERVICE STATE COLLEGE PA
214 AM EDT WED AUG 24 2016


...................................

...THE BRADFORD CLIMATE SUMMARY FOR AUGUST 23 2016...

CLIMATE NORMAL PERIOD 1981 TO 2010
CLIMATE RECORD PERIOD 1957 TO 2016


WEATHER ITEM   OBSERVED TIME   RECORD YEAR NORMAL DEPARTURE LAST
                VALUE   (LST)  VALUE       VALUE  FROM      YEAR
                                                  NORMAL
..................................................................
TEMPERATURE (F)
 YESTERDAY
  MAXIMUM         77    319 PM  85    1968  75      2       76
  MINIMUM         43    556 AM  37    1973  52     -9       45
  AVERAGE         60                        63     -3       61

PRECIPITATION (IN)
  YESTERDAY        0.00          1.04 1990   0.13  -0.13     0.00
  MONTH TO DATE    6.66                      3.09   3.57     1.16
  SINCE JUN 1     14.19                     12.19   2.00    11.32
  SINCE JAN 1     28.62                     28.93  -0.31    23.75

DEGREE DAYS
 HEATING
  YESTERDAY        5                         1      4        4
  MONTH TO DATE   12                        15     -3       43
  SINCE JUN 1    135                       224    -89      197
  SINCE JUL 1     43                        79    -36       90

 COOLING
  YESTERDAY        0                         1     -1        0
  MONTH TO DATE  122                        44     78       46
  SINCE JUN 1    275                       158    117      156
  SINCE JAN 1    294                       168    126      200
..................................................................


WIND (MPH)
  HIGHEST WIND SPEED    12   HIGHEST WIND DIRECTION    SW (240)
  HIGHEST GUST SPEED    15   HIGHEST GUST DIRECTION    SW (230)
  AVERAGE WIND SPEED     1.9


SKY COVER
  POSSIBLE SUNSHINE  MM
  AVERAGE SKY COVER 0.0


WEATHER CONDITIONS
 THE FOLLOWING WEATHER WAS RECORDED YESTERDAY.
  FOG


RELATIVE HUMIDITY (PERCENT)
 HIGHEST   100           100 AM
 LOWEST     46           200 PM
 AVERAGE    73

..........................................................


THE BRADFORD CLIMATE NORMALS FOR TODAY
                         NORMAL    RECORD    YEAR
 MAXIMUM TEMPERATURE (F)   75        84      1972
 MINIMUM TEMPERATURE (F)   51        33      1971


SUNRISE AND SUNSET
AUGUST 24 2016........SUNRISE   633 AM EDT   SUNSET   800 PM EDT
AUGUST 25 2016........SUNRISE   634 AM EDT   SUNSET   758 PM EDT


-  INDICATES NEGATIVE NUMBERS.
R  INDICATES RECORD WAS SET OR TIED.
MM INDICATES DATA IS MISSING.
T  INDICATES TRACE AMOUNT.




$$
