000
CDUS41 KCTP 280607
CLIBFD


CLIMATE REPORT
NATIONAL WEATHER SERVICE STATE COLLEGE PA
207 AM EDT TUE MAR 28 2017


...................................

...THE BRADFORD CLIMATE SUMMARY FOR MARCH 27 2017...

CLIMATE NORMAL PERIOD 1981 TO 2010
CLIMATE RECORD PERIOD 1957 TO 2017


WEATHER ITEM   OBSERVED TIME   RECORD YEAR NORMAL DEPARTURE LAST
                VALUE   (LST)  VALUE       VALUE  FROM      YEAR
                                                  NORMAL
..................................................................
TEMPERATURE (F)
 YESTERDAY
  MAXIMUM         59    505 PM  77    1989  46     13       66
  MINIMUM         41    321 AM   5    2014  26     15       27
  AVERAGE         50                        36     14       47

PRECIPITATION (IN)
  YESTERDAY        0.18          0.73 1983   0.12   0.06     0.00
  MONTH TO DATE    2.11                      2.91  -0.80     2.32
  SINCE MAR 1      2.11                      2.91  -0.80     2.32
  SINCE JAN 1      9.19                      8.55   0.64     6.93

DEGREE DAYS
 HEATING
  YESTERDAY       15                        24     -9       18
  MONTH TO DATE  970                       769    201      655
  SINCE MAR 1    970                       769    201      655
  SINCE JUL 1   5553                      6339   -786     5355

 COOLING
  YESTERDAY        0                         0      0        0
  MONTH TO DATE    0                         0      0        0
  SINCE MAR 1      0                         0      0        0
  SINCE JAN 1      0                         0      0        0
..................................................................


WIND (MPH)
  HIGHEST WIND SPEED    14   HIGHEST WIND DIRECTION    SE (140)
  HIGHEST GUST SPEED    20   HIGHEST GUST DIRECTION     S (160)
  AVERAGE WIND SPEED     5.4


SKY COVER
  POSSIBLE SUNSHINE  MM
  AVERAGE SKY COVER 0.9


WEATHER CONDITIONS
 THE FOLLOWING WEATHER WAS RECORDED YESTERDAY.
  RAIN
  LIGHT RAIN
  FOG
  FOG W/VISIBILITY <= 1/4 MILE


RELATIVE HUMIDITY (PERCENT)
 HIGHEST   100           100 AM
 LOWEST     57           500 PM
 AVERAGE    79

..........................................................


THE BRADFORD CLIMATE NORMALS FOR TODAY
                         NORMAL    RECORD    YEAR
 MAXIMUM TEMPERATURE (F)   46        74      1998
 MINIMUM TEMPERATURE (F)   26         4      1982


SUNRISE AND SUNSET
MARCH 28 2017.........SUNRISE   704 AM EDT   SUNSET   736 PM EDT
MARCH 29 2017.........SUNRISE   702 AM EDT   SUNSET   737 PM EDT


-  INDICATES NEGATIVE NUMBERS.
R  INDICATES RECORD WAS SET OR TIED.
MM INDICATES DATA IS MISSING.
T  INDICATES TRACE AMOUNT.




$$
