000
CDUS41 KCTP 140636
CLIBFD


CLIMATE REPORT
NATIONAL WEATHER SERVICE STATE COLLEGE PA
236 AM EDT MON JUL 14 2014


...................................

...THE BRADFORD CLIMATE SUMMARY FOR JULY 13 2014...

CLIMATE NORMAL PERIOD 1981 TO 2010
CLIMATE RECORD PERIOD 1957 TO 2014


WEATHER ITEM   OBSERVED TIME   RECORD YEAR NORMAL DEPARTURE LAST
                VALUE   (LST)  VALUE       VALUE  FROM      YEAR
                                                  NORMAL
..................................................................
TEMPERATURE (F)
 YESTERDAY
  MAXIMUM         77    150 PM  86    1979  78     -1       74
  MINIMUM         63    931 PM  38    1980  53     10       59
  AVERAGE         70                        66      4       67

PRECIPITATION (IN)
  YESTERDAY        0.31          1.33 1964   0.13   0.18     0.00
  MONTH TO DATE    1.88                      1.76   0.12     1.34
  SINCE JUN 1      7.92                      6.67   1.25     5.95
  SINCE JAN 1     23.87                     23.41   0.46    16.98

DEGREE DAYS
 HEATING
  YESTERDAY        0                         0      0        0
  MONTH TO DATE   20                         1     19        5
  SINCE JUN 1    105                       146    -41      109
  SINCE JUL 1     20                         1     19        5

 COOLING
  YESTERDAY        5                         3      2        2
  MONTH TO DATE   36                        33      3       70
  SINCE JUN 1     92                        73     19      120
  SINCE JAN 1    110                        83     27      163
..................................................................


WIND (MPH)
  HIGHEST WIND SPEED    14   HIGHEST WIND DIRECTION    SW (240)
  HIGHEST GUST SPEED    21   HIGHEST GUST DIRECTION    SW (240)
  AVERAGE WIND SPEED     5.7


SKY COVER
  POSSIBLE SUNSHINE  MM
  AVERAGE SKY COVER 0.6


WEATHER CONDITIONS
 THE FOLLOWING WEATHER WAS RECORDED YESTERDAY.
  THUNDERSTORM
  HEAVY RAIN
  RAIN
  LIGHT RAIN
  FOG
  HAZE


RELATIVE HUMIDITY (PERCENT)
 HIGHEST   100          1000 PM
 LOWEST     66           100 AM
 AVERAGE    83

..........................................................


THE BRADFORD CLIMATE NORMALS FOR TODAY
                         NORMAL    RECORD    YEAR
 MAXIMUM TEMPERATURE (F)   78        89      1974
 MINIMUM TEMPERATURE (F)   53        39      2007


SUNRISE AND SUNSET
JULY 14 2014..........SUNRISE   552 AM EDT   SUNSET   848 PM EDT
JULY 15 2014..........SUNRISE   553 AM EDT   SUNSET   848 PM EDT


-  INDICATES NEGATIVE NUMBERS.
R  INDICATES RECORD WAS SET OR TIED.
MM INDICATES DATA IS MISSING.
T  INDICATES TRACE AMOUNT.




$$
