000
CDUS41 KCTP 252123
CLIBFD


CLIMATE REPORT
NATIONAL WEATHER SERVICE STATE COLLEGE PA
523 PM EDT MON SEP 25 2017


...................................

...THE BRADFORD CLIMATE SUMMARY FOR SEPTEMBER 25 2017...
VALID TODAY AS OF 0500 PM LOCAL TIME.

CLIMATE NORMAL PERIOD 1981 TO 2010
CLIMATE RECORD PERIOD 1957 TO 2017


WEATHER ITEM   OBSERVED TIME   RECORD YEAR NORMAL DEPARTURE LAST
                VALUE   (LST)  VALUE       VALUE  FROM      YEAR
                                                  NORMAL
..................................................................
TEMPERATURE (F)
 TODAY
  MAXIMUM         85R   358 PM  83    2007  65     20       66
  MINIMUM         55    623 AM  25    1976  42     13       32
  AVERAGE         70                        53     17       49

PRECIPITATION (IN)
  TODAY            0.00          0.57 1975   0.13  -0.13     0.00
  MONTH TO DATE    2.31                      3.27  -0.96     1.86
  SINCE SEP 1      2.31                      3.27  -0.96     1.86
  SINCE JAN 1     37.46                     33.22   4.24    30.86

DEGREE DAYS
 HEATING
  TODAY            0                         8     -8       16
  MONTH TO DATE  129                       104     25       91
  SINCE SEP 1    129                       104     25       91
  SINCE JUL 1    238                       257    -19      134

 COOLING
  TODAY            5                         0      5        0
  MONTH TO DATE   21                        13      8       42
  SINCE SEP 1     21                        13      8       42
  SINCE JAN 1    245                       190     55      367
..................................................................


WIND (MPH)
  HIGHEST WIND SPEED    12   HIGHEST WIND DIRECTION    SE (140)
  HIGHEST GUST SPEED    15   HIGHEST GUST DIRECTION    SE (150)
  AVERAGE WIND SPEED     2.2


SKY COVER
  POSSIBLE SUNSHINE  MM
  AVERAGE SKY COVER 0.1


WEATHER CONDITIONS
 THE FOLLOWING WEATHER WAS RECORDED TODAY.
  FOG
  FOG W/VISIBILITY <= 1/4 MILE


RELATIVE HUMIDITY (PERCENT)
 HIGHEST   100           100 AM
 LOWEST     44           400 PM
 AVERAGE    72

..........................................................


THE BRADFORD CLIMATE NORMALS FOR TOMORROW
                         NORMAL    RECORD    YEAR
 MAXIMUM TEMPERATURE (F)   64        79      1998
 MINIMUM TEMPERATURE (F)   42        27      1957


SUNRISE AND SUNSET
SEPTEMBER 25 2017.....SUNRISE   705 AM EDT   SUNSET   706 PM EDT
SEPTEMBER 26 2017.....SUNRISE   706 AM EDT   SUNSET   704 PM EDT


-  INDICATES NEGATIVE NUMBERS.
R  INDICATES RECORD WAS SET OR TIED.
MM INDICATES DATA IS MISSING.
T  INDICATES TRACE AMOUNT.




$$
