000
CDUS41 KCTP 250654
CLIBFD


CLIMATE REPORT
NATIONAL WEATHER SERVICE STATE COLLEGE PA
254 AM EDT SUN SEP 25 2016


...................................

...THE BRADFORD CLIMATE SUMMARY FOR SEPTEMBER 24 2016...

CLIMATE NORMAL PERIOD 1981 TO 2010
CLIMATE RECORD PERIOD 1957 TO 2016


WEATHER ITEM   OBSERVED TIME   RECORD YEAR NORMAL DEPARTURE LAST
                VALUE   (LST)  VALUE       VALUE  FROM      YEAR
                                                  NORMAL
..................................................................
TEMPERATURE (F)
 YESTERDAY
  MAXIMUM         65    322 PM  82    1961  65      0       75
  MINIMUM         41   1158 PM  24    1974  42     -1       40
  AVERAGE         53                        54     -1       58

PRECIPITATION (IN)
  YESTERDAY        0.00          1.37 1977   0.13  -0.13     0.00
  MONTH TO DATE    1.86                      3.14  -1.28     1.56
  SINCE SEP 1      1.86                      3.14  -1.28     1.56
  SINCE JAN 1     30.86                     33.09  -2.23    25.40

DEGREE DAYS
 HEATING
  YESTERDAY       12                         7      5        7
  MONTH TO DATE   75                        96    -21       98
  SINCE SEP 1     75                        96    -21       98
  SINCE JUL 1    118                       249   -131      224

 COOLING
  YESTERDAY        0                         0      0        0
  MONTH TO DATE   42                        13     29       52
  SINCE SEP 1     42                        13     29       52
  SINCE JAN 1    367                       190    177      260
..................................................................


WIND (MPH)
  HIGHEST WIND SPEED    14   HIGHEST WIND DIRECTION     N (340)
  HIGHEST GUST SPEED    17   HIGHEST GUST DIRECTION     N (20)
  AVERAGE WIND SPEED     5.2


SKY COVER
  POSSIBLE SUNSHINE  MM
  AVERAGE SKY COVER 0.3


WEATHER CONDITIONS
 THE FOLLOWING WEATHER WAS RECORDED YESTERDAY.
  FOG


RELATIVE HUMIDITY (PERCENT)
 HIGHEST   100          1200 AM
 LOWEST     44           200 PM
 AVERAGE    72

..........................................................


THE BRADFORD CLIMATE NORMALS FOR TODAY
                         NORMAL    RECORD    YEAR
 MAXIMUM TEMPERATURE (F)   65        83      2007
 MINIMUM TEMPERATURE (F)   42        25      1976


SUNRISE AND SUNSET
SEPTEMBER 25 2016.....SUNRISE   706 AM EDT   SUNSET   706 PM EDT
SEPTEMBER 26 2016.....SUNRISE   707 AM EDT   SUNSET   704 PM EDT


-  INDICATES NEGATIVE NUMBERS.
R  INDICATES RECORD WAS SET OR TIED.
MM INDICATES DATA IS MISSING.
T  INDICATES TRACE AMOUNT.




$$
