000
CDUS41 KCTP 240626
CLIBFD


CLIMATE REPORT
NATIONAL WEATHER SERVICE STATE COLLEGE PA
125 AM EST TUE JAN 24 2017


...................................

...THE BRADFORD CLIMATE SUMMARY FOR JANUARY 23 2017...

CLIMATE NORMAL PERIOD 1981 TO 2010
CLIMATE RECORD PERIOD 1957 TO 2017


WEATHER ITEM   OBSERVED TIME   RECORD YEAR NORMAL DEPARTURE LAST
                VALUE   (LST)  VALUE       VALUE  FROM      YEAR
                                                  NORMAL
..................................................................
TEMPERATURE (F)
 YESTERDAY
  MAXIMUM         48    209 AM  53    1967  29     19       22
  MINIMUM         32   1159 PM -18    1976  14     18        6
  AVERAGE         40                        21     19       14

PRECIPITATION (IN)
  YESTERDAY        0.37          0.88 1965   0.11   0.26      T
  MONTH TO DATE    3.90                      2.49   1.41     1.06
  SINCE DEC 1      7.14                      5.89   1.25     5.86
  SINCE JAN 1      3.90                      2.49   1.41     1.06

DEGREE DAYS
 HEATING
  YESTERDAY       25                        38    -13       51
  MONTH TO DATE  832                       874    -42     1029
  SINCE DEC 1   2000                      2095    -95     1826
  SINCE JUL 1   3388                      3930   -542     3306

 COOLING
  YESTERDAY        0                         0      0        0
  MONTH TO DATE    0                         0      0        0
  SINCE DEC 1      0                         0      0        0
  SINCE JAN 1      0                         0      0        0
..................................................................


WIND (MPH)
  HIGHEST WIND SPEED    21   HIGHEST WIND DIRECTION    SE (120)
  HIGHEST GUST SPEED    29   HIGHEST GUST DIRECTION     E (100)
  AVERAGE WIND SPEED    10.5


SKY COVER
  POSSIBLE SUNSHINE  MM
  AVERAGE SKY COVER 1.0


WEATHER CONDITIONS
 THE FOLLOWING WEATHER WAS RECORDED YESTERDAY.
  RAIN
  LIGHT RAIN
  LT FREEZING RAIN
  LIGHT SNOW
  FOG


RELATIVE HUMIDITY (PERCENT)
 HIGHEST   100           100 AM
 LOWEST     82           100 PM
 AVERAGE    91

..........................................................


THE BRADFORD CLIMATE NORMALS FOR TODAY
                         NORMAL    RECORD    YEAR
 MAXIMUM TEMPERATURE (F)   29        53      1967
 MINIMUM TEMPERATURE (F)   14       -21      1963


SUNRISE AND SUNSET
JANUARY 24 2017.......SUNRISE   734 AM EST   SUNSET   520 PM EST
JANUARY 25 2017.......SUNRISE   733 AM EST   SUNSET   521 PM EST


-  INDICATES NEGATIVE NUMBERS.
R  INDICATES RECORD WAS SET OR TIED.
MM INDICATES DATA IS MISSING.
T  INDICATES TRACE AMOUNT.




$$
