000
CDUS41 KCTP 280635
CLIBFD


CLIMATE REPORT
NATIONAL WEATHER SERVICE STATE COLLEGE PA
135 AM EST SAT FEB 28 2015


...................................

...THE BRADFORD CLIMATE SUMMARY FOR FEBRUARY 27 2015...

CLIMATE NORMAL PERIOD 1981 TO 2010
CLIMATE RECORD PERIOD 1957 TO 2015


WEATHER ITEM   OBSERVED TIME   RECORD YEAR NORMAL DEPARTURE LAST
                VALUE   (LST)  VALUE       VALUE  FROM      YEAR
                                                  NORMAL
..................................................................
TEMPERATURE (F)
 YESTERDAY
  MAXIMUM         12    312 PM  61    1997  35    -23       14
  MINIMUM        -11   1148 PM -20    1963  16    -27       -6
  AVERAGE          1                        26    -25        4

PRECIPITATION (IN)
  YESTERDAY        T             0.57 2009   0.10  -0.10      T
  MONTH TO DATE    1.00                      2.26  -1.26     1.59
  SINCE DEC 1      5.04                      8.95  -3.91     6.35
  SINCE JAN 1      2.84                      5.55  -2.71     3.53

DEGREE DAYS
 HEATING
  YESTERDAY       64                        33     31       61
  MONTH TO DATE 1457                       969    488     1222
  SINCE DEC 1   4019                      3545    474     3812
  SINCE JUL 1   5837                      5380    457     5600

 COOLING
  YESTERDAY        0                         0      0        0
  MONTH TO DATE    0                         0      0        0
  SINCE DEC 1      0                         0      0        0
  SINCE JAN 1      0                         0      0        0
..................................................................


WIND (MPH)
  HIGHEST WIND SPEED    16   HIGHEST WIND DIRECTION    NW (320)
  HIGHEST GUST SPEED    19   HIGHEST GUST DIRECTION    NW (320)
  AVERAGE WIND SPEED     5.0


SKY COVER
  POSSIBLE SUNSHINE  MM
  AVERAGE SKY COVER 0.4


WEATHER CONDITIONS
 THE FOLLOWING WEATHER WAS RECORDED YESTERDAY.
  LIGHT SNOW
  FOG
  HAZE
  BLOWING SNOW


RELATIVE HUMIDITY (PERCENT)
 HIGHEST    86           200 AM
 LOWEST     46           300 PM
 AVERAGE    66

..........................................................


THE BRADFORD CLIMATE NORMALS FOR TODAY
                         NORMAL    RECORD    YEAR
 MAXIMUM TEMPERATURE (F)   36        53      1983
 MINIMUM TEMPERATURE (F)   17       -19      2014


SUNRISE AND SUNSET
FEBRUARY 28 2015......SUNRISE   651 AM EST   SUNSET   603 PM EST
MARCH  1 2015.........SUNRISE   650 AM EST   SUNSET   605 PM EST


-  INDICATES NEGATIVE NUMBERS.
R  INDICATES RECORD WAS SET OR TIED.
MM INDICATES DATA IS MISSING.
T  INDICATES TRACE AMOUNT.




$$
