000
CDUS45 KCYS 290730
CLIBFF


CLIMATE REPORT
NATIONAL WEATHER SERVICE CHEYENNE WY
128 AM MDT FRI JUL 29 2016


...................................

...THE SCOTTSBLUFF NE AIRPORT CLIMATE SUMMARY FOR JULY 28 2016...

CLIMATE NORMAL PERIOD 1981 TO 2010
CLIMATE RECORD PERIOD 1871 TO 2016


WEATHER ITEM   OBSERVED TIME   RECORD YEAR NORMAL DEPARTURE LAST
                VALUE   (LST)  VALUE       VALUE  FROM      YEAR
                                                  NORMAL
..................................................................
TEMPERATURE (F)
 YESTERDAY
  MAXIMUM         82    441 PM 105    1933  90     -8       84
  MINIMUM         59    910 AM  46    1913  59      0       53
  AVERAGE         71                        75     -4       69

PRECIPITATION (IN)
  YESTERDAY        0.33          2.09 1982   0.05   0.28     0.00
  MONTH TO DATE    0.94                      1.67  -0.73     3.83
  SINCE JAN 1     11.14                     10.84   0.30    18.23

SNOWFALL (IN)
  YESTERDAY        0.0          MM      MM   0.0    0.0      0.0
  MONTH TO DATE    0.0                       0.0    0.0      0.0
  SINCE JUL 1      0.0                       0.0    0.0      0.0
  SNOW DEPTH       0

DEGREE DAYS
 HEATING
  YESTERDAY        0                         0      0        0
  MONTH TO DATE    0                         1     -1        6
  SINCE JUN 1      6                        61    -55        9
  SINCE JUL 1      0                         1     -1        6

 COOLING
  YESTERDAY        6                        10     -4        4
  MONTH TO DATE  308                       260     48      225
  SINCE JUN 1    578                       386    192      410
  SINCE JAN 1    582                       409    173      410
..................................................................


WIND (MPH)
  HIGHEST WIND SPEED    33   HIGHEST WIND DIRECTION    NE (40)
  HIGHEST GUST SPEED    46   HIGHEST GUST DIRECTION    NE (30)
  AVERAGE WIND SPEED     7.7


SKY COVER
  AVERAGE SKY COVER 0.4


WEATHER CONDITIONS
 THE FOLLOWING WEATHER WAS RECORDED YESTERDAY.
  THUNDERSTORM
  HEAVY RAIN
  LIGHT RAIN
  FOG
  HAZE


RELATIVE HUMIDITY (PERCENT)
 HIGHEST    93          1100 PM
 LOWEST     39           400 PM
 AVERAGE    66

..........................................................


THE SCOTTSBLUFF NE AIRPORT CLIMATE NORMALS FOR TODAY
                         NORMAL    RECORD    YEAR
 MAXIMUM TEMPERATURE (F)   90       106      1980
 MINIMUM TEMPERATURE (F)   59        47      2009


SUNRISE AND SUNSET
JULY 29 2016..........SUNRISE   546 AM MDT   SUNSET   815 PM MDT
JULY 30 2016..........SUNRISE   547 AM MDT   SUNSET   814 PM MDT


-  INDICATES NEGATIVE NUMBERS.
R  INDICATES RECORD WAS SET OR TIED.
MM INDICATES DATA IS MISSING.
T  INDICATES TRACE AMOUNT.




$$
