000
CDUS45 KCYS 200342
CLIBFF


CLIMATE REPORT
NATIONAL WEATHER SERVICE CHEYENNE WY
940 PM MDT SUN OCT 19 2014


...................................

...THE SCOTTSBLUFF NEBRASKA AIRPORT CLIMATE SUMMARY FOR OCTOBER 19 2014...
VALID TODAY AS OF 0900 PM LOCAL TIME.

CLIMATE NORMAL PERIOD 1981 TO 2010
CLIMATE RECORD PERIOD 1871 TO 2014


WEATHER ITEM   OBSERVED TIME   RECORD YEAR NORMAL DEPARTURE LAST
                VALUE   (LST)  VALUE       VALUE  FROM      YEAR
                                                  NORMAL
..................................................................
TEMPERATURE (F)
 TODAY
  MAXIMUM         76    222 PM  86    2003  63     13       63
                                      1927
  MINIMUM         38    332 AM  15    1925  32      6       29
  AVERAGE         57                        47     10       46

PRECIPITATION (IN)
  TODAY            0.00          2.08 1908   0.04  -0.04     0.00
  MONTH TO DATE    0.05                      0.76  -0.71     1.56
  SINCE SEP 1      4.31                      1.94   2.37     3.93
  SINCE JAN 1     16.35                     14.24   2.11    11.78

SNOWFALL (IN)
  TODAY            0.0           4.0  1908   0.1   -0.1      0.0
  MONTH TO DATE    0.0                       1.3   -1.3      6.3
  SINCE JUL 1      T                         1.8   -1.8      6.3
  SNOW DEPTH       0

DEGREE DAYS
 HEATING
  TODAY            8                        18    -10       19
  MONTH TO DATE  202                       273    -71      332
  SINCE SEP 1    313                       432   -119      418
  SINCE JUL 1    326                       452   -126      420

 COOLING
  TODAY            0                         0      0        0
  MONTH TO DATE    0                         0      0        0
  SINCE SEP 1     76                        58     18      155
  SINCE JAN 1    719                       723     -4     1047
..................................................................


WIND (MPH)
  HIGHEST WIND SPEED    15   HIGHEST WIND DIRECTION    NW (310)
  HIGHEST GUST SPEED    17   HIGHEST GUST DIRECTION    NW (310)
  AVERAGE WIND SPEED     6.4


SKY COVER
  AVERAGE SKY COVER 0.0


WEATHER CONDITIONS
 THE FOLLOWING WEATHER WAS RECORDED TODAY.
  NO SIGNIFICANT WEATHER WAS OBSERVED.


RELATIVE HUMIDITY (PERCENT)
 HIGHEST    92           400 AM
 LOWEST     33           400 PM
 AVERAGE    63

..........................................................


THE SCOTTSBLUFF NEBRASKA AIRPORT CLIMATE NORMALS FOR TOMORROW
                         NORMAL    RECORD    YEAR
 MAXIMUM TEMPERATURE (F)   63        86      1921
 MINIMUM TEMPERATURE (F)   32        15      1982
                                             1932
                                             1905


SUNRISE AND SUNSET
OCTOBER 19 2014.......SUNRISE   711 AM MDT   SUNSET   607 PM MDT
OCTOBER 20 2014.......SUNRISE   712 AM MDT   SUNSET   605 PM MDT


-  INDICATES NEGATIVE NUMBERS.
R  INDICATES RECORD WAS SET OR TIED.
MM INDICATES DATA IS MISSING.
T  INDICATES TRACE AMOUNT.




$$
