000
CDUS45 KCYS 280338
CLIBFF


CLIMATE REPORT
NATIONAL WEATHER SERVICE CHEYENNE WY
938 PM MDT THU AUG 27 2015


...................................

...THE SCOTTSBLUFF NE AIRPORT CLIMATE SUMMARY FOR AUGUST 27 2015...
VALID TODAY AS OF 0900 PM LOCAL TIME.

CLIMATE NORMAL PERIOD 1981 TO 2010
CLIMATE RECORD PERIOD 1871 TO 2015


WEATHER ITEM   OBSERVED TIME   RECORD YEAR NORMAL DEPARTURE LAST
                VALUE   (LST)  VALUE       VALUE  FROM      YEAR
                                                  NORMAL
..................................................................
TEMPERATURE (F)
 TODAY
  MAXIMUM         87   1145 AM 106    1898  86      1       71
  MINIMUM         62    156 AM  40    1992  54      8       60
  AVERAGE         75                        70      5       66

PRECIPITATION (IN)
  TODAY            0.00          1.70 1920   0.03  -0.03     0.64
  MONTH TO DATE    1.24                      1.15   0.09     1.40
  SINCE JUN 1      7.31                      5.83   1.48     4.63
  SINCE JAN 1     19.47                     12.15   7.32    11.78

SNOWFALL (IN)
  TODAY            0.0          MM      MM   0.0    0.0      0.0
  MONTH TO DATE    0.0                       0.0    0.0      0.0
  SINCE JUL 1      0.0                       0.0    0.0      0.0
  SNOW DEPTH       0

DEGREE DAYS
 HEATING
  TODAY            0                         1     -1        0
  MONTH TO DATE   27                         6     21        1
  SINCE JUN 1     36                        72    -36       61
  SINCE JUL 1     33                        12     21        8

 COOLING
  TODAY           10                         6      4        1
  MONTH TO DATE  213                       209      4      230
  SINCE JUN 1    645                       622     23      607
  SINCE JAN 1    645                       645      0      634
..................................................................


WIND (MPH)
  HIGHEST WIND SPEED    22   HIGHEST WIND DIRECTION     N (340)
  HIGHEST GUST SPEED    27   HIGHEST GUST DIRECTION    NW (330)
  AVERAGE WIND SPEED    10.8


SKY COVER
  AVERAGE SKY COVER 0.1


WEATHER CONDITIONS
 THE FOLLOWING WEATHER WAS RECORDED TODAY.
  NO SIGNIFICANT WEATHER WAS OBSERVED.


RELATIVE HUMIDITY (PERCENT)
 HIGHEST    93           600 AM
 LOWEST     35           100 PM
 AVERAGE    64

..........................................................


THE SCOTTSBLUFF NE AIRPORT CLIMATE NORMALS FOR TOMORROW
                         NORMAL    RECORD    YEAR
 MAXIMUM TEMPERATURE (F)   86       101      2012
 MINIMUM TEMPERATURE (F)   53        39      2004
                                             1964


SUNRISE AND SUNSET
AUGUST 27 2015........SUNRISE   615 AM MDT   SUNSET   736 PM MDT
AUGUST 28 2015........SUNRISE   616 AM MDT   SUNSET   735 PM MDT


-  INDICATES NEGATIVE NUMBERS.
R  INDICATES RECORD WAS SET OR TIED.
MM INDICATES DATA IS MISSING.
T  INDICATES TRACE AMOUNT.




$$
