000
CDUS45 KCYS 240727
CLIBFF


CLIMATE REPORT
NATIONAL WEATHER SERVICE CHEYENNE WY
126 AM MDT WED AUG 24 2016


...................................

...THE SCOTTSBLUFF NE AIRPORT CLIMATE SUMMARY FOR AUGUST 23 2016...

CLIMATE NORMAL PERIOD 1981 TO 2010
CLIMATE RECORD PERIOD 1871 TO 2016


WEATHER ITEM   OBSERVED TIME   RECORD YEAR NORMAL DEPARTURE LAST
                VALUE   (LST)  VALUE       VALUE  FROM      YEAR
                                                  NORMAL
..................................................................
TEMPERATURE (F)
 YESTERDAY
  MAXIMUM         88    309 PM 104    1938  87      1       76
  MINIMUM         53    543 AM  37    2015  55     -2       37
  AVERAGE         71                        71      0       57

PRECIPITATION (IN)
  YESTERDAY        0.00          1.24 1921   0.03  -0.03     0.00
  MONTH TO DATE    1.85                      1.00   0.85     1.24
  SINCE JAN 1     13.31                     12.00   1.31    19.47

SNOWFALL (IN)
  YESTERDAY        0.0          MM      MM   0.0    0.0      0.0
  MONTH TO DATE    0.0                       0.0    0.0      0.0
  SINCE JUL 1      0.0                       0.0    0.0      0.0
  SNOW DEPTH       0

DEGREE DAYS
 HEATING
  YESTERDAY        0                         1     -1        8
  MONTH TO DATE   10                         2      8       27
  SINCE JUN 1     16                        68    -52       36
  SINCE JUL 1     10                         8      2       33

 COOLING
  YESTERDAY        6                         6      0        0
  MONTH TO DATE  180                       185     -5      184
  SINCE JUN 1    792                       598    194      616
  SINCE JAN 1    796                       621    175      616
..................................................................


WIND (MPH)
  HIGHEST WIND SPEED    22   HIGHEST WIND DIRECTION    NW (320)
  HIGHEST GUST SPEED    28   HIGHEST GUST DIRECTION    NW (330)
  AVERAGE WIND SPEED     9.0


SKY COVER
  AVERAGE SKY COVER 0.0


WEATHER CONDITIONS
 THE FOLLOWING WEATHER WAS RECORDED YESTERDAY.
  FOG


RELATIVE HUMIDITY (PERCENT)
 HIGHEST   100           500 AM
 LOWEST     14           300 PM
 AVERAGE    57

..........................................................


THE SCOTTSBLUFF NE AIRPORT CLIMATE NORMALS FOR TODAY
                         NORMAL    RECORD    YEAR
 MAXIMUM TEMPERATURE (F)   87       103      1936
 MINIMUM TEMPERATURE (F)   55        41      1928
                                             1917


SUNRISE AND SUNSET
AUGUST 24 2016........SUNRISE   612 AM MDT   SUNSET   740 PM MDT
AUGUST 25 2016........SUNRISE   613 AM MDT   SUNSET   738 PM MDT


-  INDICATES NEGATIVE NUMBERS.
R  INDICATES RECORD WAS SET OR TIED.
MM INDICATES DATA IS MISSING.
T  INDICATES TRACE AMOUNT.




$$
