000
CDUS45 KCYS 070327
CLIBFF


CLIMATE REPORT
NATIONAL WEATHER SERVICE CHEYENNE WY
927 PM MDT MON JUL 6 2015


...................................

...THE SCOTTSBLUFF NE AIRPORT CLIMATE SUMMARY FOR JULY 6 2015...
VALID TODAY AS OF 0900 PM LOCAL TIME.

CLIMATE NORMAL PERIOD 1981 TO 2010
CLIMATE RECORD PERIOD 1871 TO 2015


WEATHER ITEM   OBSERVED TIME   RECORD YEAR NORMAL DEPARTURE LAST
                VALUE   (LST)  VALUE       VALUE  FROM      YEAR
                                                  NORMAL
..................................................................
TEMPERATURE (F)
 TODAY
  MAXIMUM         70    326 PM 109    1973  89    -19       93
  MINIMUM         59    637 AM  41    1904  57      2       57
  AVERAGE         65                        73     -8       75

PRECIPITATION (IN)
  TODAY            0.10          0.69 1945   0.06   0.04     0.00
  MONTH TO DATE    1.40                      0.37   1.03      T
  SINCE JUN 1      3.64                      3.22   0.42     1.73
  SINCE JAN 1     15.80                      9.54   6.26     8.88

SNOWFALL (IN)
  TODAY            0.0          MM      MM   0.0    0.0      0.0
  MONTH TO DATE    0.0                       0.0    0.0      0.0
  SINCE JUL 1      0.0                       0.0    0.0      0.0
  SNOW DEPTH       0

DEGREE DAYS
 HEATING
  TODAY            0                         0      0        0
  MONTH TO DATE    0                         1     -1        3
  SINCE JUN 1      3                        61    -58       56
  SINCE JUL 1      0                         1     -1        3

 COOLING
  TODAY            0                         8     -8       10
  MONTH TO DATE   61                        48     13       46
  SINCE JUN 1    247                       174     73      141
  SINCE JAN 1    247                       197     50      168
..................................................................


WIND (MPH)
  HIGHEST WIND SPEED    16   HIGHEST WIND DIRECTION     N (20)
  HIGHEST GUST SPEED    21   HIGHEST GUST DIRECTION     N (20)
  AVERAGE WIND SPEED     6.8


SKY COVER
  AVERAGE SKY COVER 1.0


WEATHER CONDITIONS
 THE FOLLOWING WEATHER WAS RECORDED TODAY.
  RAIN
  LIGHT RAIN
  FOG
  HAZE


RELATIVE HUMIDITY (PERCENT)
 HIGHEST    93          1200 AM
 LOWEST     53           200 PM
 AVERAGE    73

..........................................................


THE SCOTTSBLUFF NE AIRPORT CLIMATE NORMALS FOR TOMORROW
                         NORMAL    RECORD    YEAR
 MAXIMUM TEMPERATURE (F)   89       109      1989
 MINIMUM TEMPERATURE (F)   58        42      1904


SUNRISE AND SUNSET
JULY  6 2015..........SUNRISE   526 AM MDT   SUNSET   832 PM MDT
JULY  7 2015..........SUNRISE   526 AM MDT   SUNSET   832 PM MDT


-  INDICATES NEGATIVE NUMBERS.
R  INDICATES RECORD WAS SET OR TIED.
MM INDICATES DATA IS MISSING.
T  INDICATES TRACE AMOUNT.




$$
