000
CDUS45 KCYS 032126
CLIBFF


CLIMATE REPORT
NATIONAL WEATHER SERVICE CHEYENNE WY
326 PM MDT WED JUN 3 2015


...................................

...THE SCOTTSBLUFF NE AIRPORT CLIMATE SUMMARY FOR JUNE 3 2015...
VALID AS OF 0300 PM LOCAL TIME.

CLIMATE NORMAL PERIOD 1981 TO 2010
CLIMATE RECORD PERIOD 1871 TO 2015


WEATHER ITEM   OBSERVED TIME   RECORD YEAR NORMAL DEPARTURE LAST
                VALUE   (LST)  VALUE       VALUE  FROM      YEAR
                                                  NORMAL
..................................................................
TEMPERATURE (F)
 TODAY
  MAXIMUM         77    159 PM  96    2000  77      0       89
  MINIMUM         52    455 AM  31    1919  49      3       56
  AVERAGE         65                        63      2       73

PRECIPITATION (IN)
  TODAY            0.00          1.95 1934   0.11  -0.11     0.02
  MONTH TO DATE    0.05                      0.34  -0.29     0.12
  SINCE JUN 1      0.05                      0.34  -0.29     0.12
  SINCE JAN 1     12.21                      6.66   5.55     7.27

SNOWFALL (IN)
  TODAY            0.0          MM      MM   0.0    0.0      0.0
  MONTH TO DATE    0.0                       0.0    0.0      0.0
  SINCE JUL 1     51.7                      42.1    9.6     66.5
  SNOW DEPTH       0

DEGREE DAYS
 HEATING
  TODAY            0                         4     -4        0
  MONTH TO DATE    0                        12    -12        4
  SINCE JUN 1      0                        12    -12        4
  SINCE JUL 1   6156                      6567   -411     6623

 COOLING
  TODAY            0                         2     -2        8
  MONTH TO DATE   15                         6      9        8
  SINCE JUN 1     15                         6      9        8
  SINCE JAN 1     15                        29    -14       35
..................................................................


WIND (MPH)
  HIGHEST WIND SPEED    17   HIGHEST WIND DIRECTION    SE (140)
  HIGHEST GUST SPEED    22   HIGHEST GUST DIRECTION    SE (130)
  AVERAGE WIND SPEED     6.9


SKY COVER
  AVERAGE SKY COVER 0.0


WEATHER CONDITIONS
 THE FOLLOWING WEATHER WAS RECORDED TODAY.
  NO SIGNIFICANT WEATHER WAS OBSERVED.


RELATIVE HUMIDITY (PERCENT)
 HIGHEST    96           500 AM
 LOWEST     46          1100 AM
 AVERAGE    71

..........................................................


THE SCOTTSBLUFF NE AIRPORT CLIMATE NORMALS FOR TOMORROW
                         NORMAL    RECORD    YEAR
 MAXIMUM TEMPERATURE (F)   78       101      1977
 MINIMUM TEMPERATURE (F)   49        33      1943
                                             1937


SUNRISE AND SUNSET
JUNE  3 2015..........SUNRISE   521 AM MDT   SUNSET   824 PM MDT
JUNE  4 2015..........SUNRISE   521 AM MDT   SUNSET   825 PM MDT


-  INDICATES NEGATIVE NUMBERS.
R  INDICATES RECORD WAS SET OR TIED.
MM INDICATES DATA IS MISSING.
T  INDICATES TRACE AMOUNT.




$$
