000
CDUS45 KCYS 220735
CLIBFF


CLIMATE REPORT
NATIONAL WEATHER SERVICE CHEYENNE WY
135 AM MDT FRI AUG 22 2014


...................................

...THE SCOTTSBLUFF NEBRASKA AIRPORT CLIMATE SUMMARY FOR AUGUST 21 2014...

CLIMATE NORMAL PERIOD 1981 TO 2010
CLIMATE RECORD PERIOD 1871 TO 2014


WEATHER ITEM   OBSERVED TIME   RECORD YEAR NORMAL DEPARTURE LAST
                VALUE   (LST)  VALUE       VALUE  FROM      YEAR
                                                  NORMAL
..................................................................
TEMPERATURE (F)
 YESTERDAY
  MAXIMUM         90    329 PM 101    1960  87      3       93
  MINIMUM         57    539 AM  43    2009  55      2       65
  AVERAGE         74                        71      3       79

PRECIPITATION (IN)
  YESTERDAY        T             0.50 1993   0.03  -0.03      T
                                      1896
  MONTH TO DATE    0.47                      0.93  -0.46     0.62
  SINCE JAN 1     10.85                     11.93  -1.08     7.68

SNOWFALL (IN)
  YESTERDAY        0.0          MM      MM   0.0    0.0      0.0
  MONTH TO DATE    0.0                       0.0    0.0      0.0
  SINCE JUL 1      0.0                       0.0    0.0      0.0
  SNOW DEPTH       0

DEGREE DAYS
 HEATING
  YESTERDAY        0                         0      0        0
  MONTH TO DATE    0                         0      0        0
  SINCE JUN 1     60                        66     -6       23
  SINCE JUL 1      7                         6      1        2

 COOLING
  YESTERDAY        9                         7      2       14
  MONTH TO DATE  209                       172     37      183
  SINCE JUN 1    586                       585      1      695
  SINCE JAN 1    613                       608      5      749
..................................................................


WIND (MPH)
  HIGHEST WIND SPEED    14   HIGHEST WIND DIRECTION     W (280)
  HIGHEST GUST SPEED    28   HIGHEST GUST DIRECTION     W (270)
  AVERAGE WIND SPEED     5.5


SKY COVER
  AVERAGE SKY COVER 0.1


WEATHER CONDITIONS
 THE FOLLOWING WEATHER WAS RECORDED YESTERDAY.
  NO SIGNIFICANT WEATHER WAS OBSERVED.


RELATIVE HUMIDITY (PERCENT)
 HIGHEST    77           500 AM
 LOWEST     19           400 PM
 AVERAGE    48

..........................................................


THE SCOTTSBLUFF NEBRASKA AIRPORT CLIMATE NORMALS FOR TODAY
                         NORMAL    RECORD    YEAR
 MAXIMUM TEMPERATURE (F)   87       101      2003
 MINIMUM TEMPERATURE (F)   55        41      1916


SUNRISE AND SUNSET
AUGUST 22 2014........SUNRISE   610 AM MDT   SUNSET   744 PM MDT
AUGUST 23 2014........SUNRISE   611 AM MDT   SUNSET   742 PM MDT


-  INDICATES NEGATIVE NUMBERS.
R  INDICATES RECORD WAS SET OR TIED.
MM INDICATES DATA IS MISSING.
T  INDICATES TRACE AMOUNT.




$$
