000
CDUS45 KCYS 290735
CLIBFF


CLIMATE REPORT
NATIONAL WEATHER SERVICE CHEYENNE WY
134 AM MDT FRI APR 29 2016


...................................

...THE SCOTTSBLUFF NE AIRPORT CLIMATE SUMMARY FOR APRIL 28 2016...

CLIMATE NORMAL PERIOD 1981 TO 2010
CLIMATE RECORD PERIOD 1871 TO 2016


WEATHER ITEM   OBSERVED TIME   RECORD YEAR NORMAL DEPARTURE LAST
                VALUE   (LST)  VALUE       VALUE  FROM      YEAR
                                                  NORMAL
..................................................................
TEMPERATURE (F)
 YESTERDAY
  MAXIMUM         45    214 PM  93    1910  66    -21       62
  MINIMUM         30    159 AM  20    1984  36     -6       43
  AVERAGE         38                        51    -13       53

PRECIPITATION (IN)
  YESTERDAY        0.07          1.04 1940   0.07   0.00     0.00
  MONTH TO DATE    3.17                      1.69   1.48     3.09
  SINCE JAN 1      6.54                      3.70   2.84     4.20

SNOWFALL (IN)
  YESTERDAY        0.0           5.4  2005   0.1   -0.1      0.0
  MONTH TO DATE    T                         5.2   -5.2      0.5
  SINCE JUL 1     31.4                      41.4  -10.0     43.7
  SNOW DEPTH       0

DEGREE DAYS
 HEATING
  YESTERDAY       27                        14     13       12
  MONTH TO DATE  443                       524    -81      457
  SINCE MAR 1   1138                      1353   -215     1077
  SINCE JUL 1   5568                      6265   -697     5792

 COOLING
  YESTERDAY        0                         0      0        0
  MONTH TO DATE    0                         0      0        0
  SINCE MAR 1      0                         0      0        0
  SINCE JAN 1      0                         0      0        0
..................................................................


WIND (MPH)
  HIGHEST WIND SPEED    14   HIGHEST WIND DIRECTION    NE (30)
  HIGHEST GUST SPEED    17   HIGHEST GUST DIRECTION    NE (40)
  AVERAGE WIND SPEED     4.6


SKY COVER
  AVERAGE SKY COVER 0.9


WEATHER CONDITIONS
 THE FOLLOWING WEATHER WAS RECORDED YESTERDAY.
  RAIN
  LIGHT RAIN
  FOG


RELATIVE HUMIDITY (PERCENT)
 HIGHEST    89          1000 PM
 LOWEST     53           100 PM
 AVERAGE    71

..........................................................


THE SCOTTSBLUFF NE AIRPORT CLIMATE NORMALS FOR TODAY
                         NORMAL    RECORD    YEAR
 MAXIMUM TEMPERATURE (F)   66        86      1934
                                             1926
 MINIMUM TEMPERATURE (F)   36        19      1925
                                             1904


SUNRISE AND SUNSET
APRIL 29 2016.........SUNRISE   553 AM MDT   SUNSET   751 PM MDT
APRIL 30 2016.........SUNRISE   551 AM MDT   SUNSET   752 PM MDT


-  INDICATES NEGATIVE NUMBERS.
R  INDICATES RECORD WAS SET OR TIED.
MM INDICATES DATA IS MISSING.
T  INDICATES TRACE AMOUNT.




$$
