000
CDUS45 KCYS 280736
CLIBFF


CLIMATE REPORT
NATIONAL WEATHER SERVICE CHEYENNE WY
136 AM MDT MON JUL 28 2014


...................................

...THE SCOTTSBLUFF NEBRASKA AIRPORT CLIMATE SUMMARY FOR JULY 27 2014...

CLIMATE NORMAL PERIOD 1981 TO 2010
CLIMATE RECORD PERIOD 1871 TO 2014


WEATHER ITEM   OBSERVED TIME   RECORD YEAR NORMAL DEPARTURE LAST
                VALUE   (LST)  VALUE       VALUE  FROM      YEAR
                                                  NORMAL
..................................................................
TEMPERATURE (F)
 YESTERDAY
  MAXIMUM         87    340 PM 102    1975  90     -3       70
                                      1933
  MINIMUM         57    429 AM  46    2005  59     -2       55
  AVERAGE         72                        75     -3       63

PRECIPITATION (IN)
  YESTERDAY        0.00          1.53 1905   0.06  -0.06      T
  MONTH TO DATE    1.45                      1.62  -0.17     0.75
  SINCE JAN 1     10.33                     10.79  -0.46     6.93

SNOWFALL (IN)
  YESTERDAY        0.0          MM      MM   0.0    0.0      0.0
  MONTH TO DATE    0.0                       0.0    0.0      0.0
  SINCE JUL 1      0.0                       0.0    0.0      0.0
  SNOW DEPTH       0

DEGREE DAYS
 HEATING
  YESTERDAY        0                         0      0        2
  MONTH TO DATE    7                         1      6        2
  SINCE JUN 1     60                        61     -1       23
  SINCE JUL 1      7                         1      6        2

 COOLING
  YESTERDAY        7                        10     -3        0
  MONTH TO DATE  256                       250      6      290
  SINCE JUN 1    351                       376    -25      485
  SINCE JAN 1    378                       399    -21      539
..................................................................


WIND (MPH)
  HIGHEST WIND SPEED    14   HIGHEST WIND DIRECTION     E (90)
  HIGHEST GUST SPEED    17   HIGHEST GUST DIRECTION     E (80)
  AVERAGE WIND SPEED     5.9


SKY COVER
  AVERAGE SKY COVER 0.2


WEATHER CONDITIONS
 THE FOLLOWING WEATHER WAS RECORDED YESTERDAY.
  NO SIGNIFICANT WEATHER WAS OBSERVED.


RELATIVE HUMIDITY (PERCENT)
 HIGHEST    72           500 AM
 LOWEST     30          1200 PM
 AVERAGE    51

..........................................................


THE SCOTTSBLUFF NEBRASKA AIRPORT CLIMATE NORMALS FOR TODAY
                         NORMAL    RECORD    YEAR
 MAXIMUM TEMPERATURE (F)   90       105      1933
 MINIMUM TEMPERATURE (F)   59        46      1913


SUNRISE AND SUNSET
JULY 28 2014..........SUNRISE   544 AM MDT   SUNSET   817 PM MDT
JULY 29 2014..........SUNRISE   545 AM MDT   SUNSET   816 PM MDT


-  INDICATES NEGATIVE NUMBERS.
R  INDICATES RECORD WAS SET OR TIED.
MM INDICATES DATA IS MISSING.
T  INDICATES TRACE AMOUNT.




$$
