000
CDUS46 KHNX 010023
CLIBFL


CLIMATE REPORT
NATIONAL WEATHER SERVICE SAN JOAQUIN VALLEY, CA
522 PM PDT WED AUG 31 2016


...................................

...THE BAKERSFIELD CLIMATE SUMMARY FOR AUGUST 31 2016...
VALID AS OF 0400 PM LOCAL TIME.

CLIMATE NORMAL PERIOD 1981 TO 2010
CLIMATE RECORD PERIOD 1889 TO 2016


WEATHER ITEM   OBSERVED TIME   RECORD YEAR NORMAL DEPARTURE LAST
                VALUE   (LST)  VALUE       VALUE  FROM      YEAR
                                                  NORMAL
..................................................................
TEMPERATURE (F)
 TODAY
  MAXIMUM         94    359 PM 111    1967  93      1       91
  MINIMUM         71    609 AM  45    1912  67      4       65
  AVERAGE         83                        80      3       78

PRECIPITATION (IN)
  TODAY            0.00          0.16 1964   0.00   0.00     0.00
                                      1913
  MONTH TO DATE    0.00                      0.04  -0.04     0.00
  SINCE OCT 1      5.43                      6.39  -0.96     5.33
  SINCE JAN 1      4.10                      4.43  -0.33     2.66

SNOWFALL (IN)
  TODAY            0.0
  MONTH TO DATE    0.0
  SINCE JUN 1      0.0
  SINCE JUL 1      0.0
  SNOW DEPTH       0

DEGREE DAYS
 HEATING
  TODAY            0                         0      0        0
  MONTH TO DATE    0                         0      0        0
  SINCE JUN 1      0                         2     -2        0
  SINCE JUL 1      0                         0      0        0

 COOLING
  TODAY           18                        15      3       13
  MONTH TO DATE  637                       539     98      599
  SINCE JUN 1   1836                      1501    335     1762
  SINCE JAN 1   2193                      1768    425     2107
..................................................................


WIND (MPH)
  HIGHEST WIND SPEED    13   HIGHEST WIND DIRECTION     W (280)
  HIGHEST GUST SPEED    17   HIGHEST GUST DIRECTION    NW (300)
  AVERAGE WIND SPEED     4.8




RELATIVE HUMIDITY (PERCENT)
 HIGHEST    49
 LOWEST     22
 AVERAGE    36

..........................................................


THE BAKERSFIELD CLIMATE NORMALS FOR TOMORROW
                         NORMAL    RECORD    YEAR
 MAXIMUM TEMPERATURE (F)   93       107      1902
 MINIMUM TEMPERATURE (F)   67        53      1901


SUNRISE AND SUNSET
AUGUST 31 2016........SUNRISE   628 AM PDT   SUNSET   724 PM PDT
SEPTEMBER  1 2016.....SUNRISE   629 AM PDT   SUNSET   722 PM PDT


-  INDICATES NEGATIVE NUMBERS.
R  INDICATES RECORD WAS SET OR TIED.
MM INDICATES DATA IS MISSING.
T  INDICATES TRACE AMOUNT.




$$
