000
CDUS46 KHNX 010023
CLIBFL


CLIMATE REPORT
NATIONAL WEATHER SERVICE SAN JOAQUIN VALLEY, CA
522 PM PDT FRI SEP 30 2016


...................................

...THE BAKERSFIELD CLIMATE SUMMARY FOR SEPTEMBER 30 2016...
VALID AS OF 0400 PM LOCAL TIME.

CLIMATE NORMAL PERIOD 1981 TO 2010
CLIMATE RECORD PERIOD 1889 TO 2016


WEATHER ITEM   OBSERVED TIME   RECORD YEAR NORMAL DEPARTURE LAST
                VALUE   (LST)  VALUE       VALUE  FROM      YEAR
                                                  NORMAL
..................................................................
TEMPERATURE (F)
 TODAY
  MAXIMUM         92    343 PM 102    1978  86      6       86
                                      1907
  MINIMUM         66    532 AM  40    1908  60      6       63
  AVERAGE         79                        73      6       75

PRECIPITATION (IN)
  TODAY            0.00          0.37 1932   0.00   0.00     0.00
  MONTH TO DATE    0.00                      0.08  -0.08      T
  SINCE OCT 1      5.43                      6.47  -1.04     5.33
  SINCE JAN 1      4.10                      4.51  -0.41     2.66

SNOWFALL (IN)
  TODAY            0.0
  MONTH TO DATE    0.0
  SINCE SEP 1      0.0
  SINCE JUL 1      0.0
  SNOW DEPTH       0

DEGREE DAYS
 HEATING
  TODAY            0                         0      0        0
  MONTH TO DATE    0                         0      0        0
  SINCE SEP 1      0                         2     -2        0
  SINCE JUL 1      0                         2     -2        0

 COOLING
  TODAY           14                         8      6       10
  MONTH TO DATE  412                       362     50      467
  SINCE SEP 1    412                       362     50      467
  SINCE JAN 1   2605                      2130    475     2574
..................................................................


WIND (MPH)
  HIGHEST WIND SPEED    15   HIGHEST WIND DIRECTION    NW (300)
  HIGHEST GUST SPEED    18   HIGHEST GUST DIRECTION    NW (300)
  AVERAGE WIND SPEED     4.2




RELATIVE HUMIDITY (PERCENT)
 HIGHEST    45
 LOWEST     18
 AVERAGE    32

..........................................................


THE BAKERSFIELD CLIMATE NORMALS FOR TOMORROW
                         NORMAL    RECORD    YEAR
 MAXIMUM TEMPERATURE (F)   86       103      1980
 MINIMUM TEMPERATURE (F)   60        37      1908


SUNRISE AND SUNSET
SEPTEMBER 30 2016.....SUNRISE   651 AM PDT   SUNSET   641 PM PDT
OCTOBER  1 2016.......SUNRISE   651 AM PDT   SUNSET   639 PM PDT


-  INDICATES NEGATIVE NUMBERS.
R  INDICATES RECORD WAS SET OR TIED.
MM INDICATES DATA IS MISSING.
T  INDICATES TRACE AMOUNT.




$$
