000
CDUS46 KHNX 200823
CLIBFL


CLIMATE REPORT
NATIONAL WEATHER SERVICE SAN JOAQUIN VALLEY, CA
1223 AM PST SAT DEC 20 2014


...................................

...THE BAKERSFIELD CLIMATE SUMMARY FOR DECEMBER 19 2014...

CLIMATE NORMAL PERIOD 1981 TO 2010
CLIMATE RECORD PERIOD 1889 TO 2014


WEATHER ITEM   OBSERVED TIME   RECORD YEAR NORMAL DEPARTURE
                VALUE   (LST)  VALUE       VALUE  FROM
                                                  NORMAL
...............................................................
TEMPERATURE (F)
 YESTERDAY
  MAXIMUM         60    317 PM  80    1981  56      4
  MINIMUM         44    446 AM  23    1924  39      5
                                      1901
  AVERAGE         52                        47      5

PRECIPITATION (IN)
  YESTERDAY        0.00          1.53 2010   0.04  -0.04
  MONTH TO DATE    1.87                      0.57   1.30
  SINCE JUL 1      2.53                      1.63   0.90
  SINCE JAN 1      3.87                      6.02  -2.15

SNOWFALL (IN)
  YESTERDAY        0.0
  MONTH TO DATE    0.0
  SINCE DEC 1      0.0
  SINCE JUL 1      0.0
  SNOW DEPTH       0

DEGREE DAYS
 HEATING
  YESTERDAY       13                               -5
  MONTH TO DATE  151                             -165
  SINCE DEC 1    151                             -165
  SINCE JUL 1    325                             -349

 COOLING
  YESTERDAY        0                                0
  MONTH TO DATE    0                                0
  SINCE DEC 1      0                                0
  SINCE JAN 1   2983                              725
...............................................................


WIND (MPH)
  HIGHEST WIND SPEED     9   HIGHEST WIND DIRECTION    SE (150)
  HIGHEST GUST SPEED    13   HIGHEST GUST DIRECTION     E (100)
  AVERAGE WIND SPEED     4.3




RELATIVE HUMIDITY (PERCENT)
 HIGHEST    92
 LOWEST     55
 AVERAGE    74

..........................................................


THE BAKERSFIELD CLIMATE NORMALS FOR TODAY
                         NORMAL    RECORD    YEAR
 MAXIMUM TEMPERATURE (F)   56        76      1944
 MINIMUM TEMPERATURE (F)   39        26      1928


SUNRISE AND SUNSET
DECEMBER 20 2014......SUNRISE   701 AM PST   SUNSET   447 PM PST
DECEMBER 21 2014......SUNRISE   701 AM PST   SUNSET   447 PM PST


-  INDICATES NEGATIVE NUMBERS.
R  INDICATES RECORD WAS SET OR TIED.
MM INDICATES DATA IS MISSING.
T  INDICATES TRACE AMOUNT.




$$
