000
CDUS46 KHNX 160823
CLIBFL


CLIMATE REPORT
NATIONAL WEATHER SERVICE SAN JOAQUIN VALLEY, CA
1223 AM PST SAT DEC 16 2017


...................................

...THE BAKERSFIELD CLIMATE SUMMARY FOR DECEMBER 15 2017...

CLIMATE NORMAL PERIOD 1981 TO 2010
CLIMATE RECORD PERIOD 1889 TO 2017


WEATHER ITEM   OBSERVED TIME   RECORD YEAR NORMAL DEPARTURE
                VALUE   (LST)  VALUE       VALUE  FROM
                                                  NORMAL
...............................................................
TEMPERATURE (F)
 YESTERDAY
  MAXIMUM         68    300 PM  79    1958  56     12
  MINIMUM         35    549 AM  19    1901  39     -4
  AVERAGE         52                        48      4

PRECIPITATION (IN)
  YESTERDAY        0.00          0.58 1934   0.04  -0.04
  MONTH TO DATE    0.00                      0.44  -0.44
  SINCE OCT 1      0.03                      1.38  -1.35
  SINCE JAN 1      5.34                      5.89  -0.55

SNOWFALL (IN)
  YESTERDAY        0.0
  MONTH TO DATE    0.0
  SINCE DEC 1      0.0
  SINCE JUL 1      0.0
  SNOW DEPTH       0

DEGREE DAYS
 HEATING
  YESTERDAY       13                               -4
  MONTH TO DATE  214                              -30
  SINCE DEC 1    214                              -30
  SINCE JUL 1    391                             -211

 COOLING
  YESTERDAY        0                                0
  MONTH TO DATE    0                                0
  SINCE DEC 1      0                                0
  SINCE JAN 1   2948                              690
...............................................................


WIND (MPH)
  HIGHEST WIND SPEED    14   HIGHEST WIND DIRECTION     W (290)
  HIGHEST GUST SPEED    14   HIGHEST GUST DIRECTION     W (290)
  AVERAGE WIND SPEED     3.1




RELATIVE HUMIDITY (PERCENT)
 HIGHEST    70
 LOWEST     26
 AVERAGE    48

..........................................................


THE BAKERSFIELD CLIMATE NORMALS FOR TODAY
                         NORMAL    RECORD    YEAR
 MAXIMUM TEMPERATURE (F)   56        77      1976
 MINIMUM TEMPERATURE (F)   39        22      1901


SUNRISE AND SUNSET
DECEMBER 16 2017......SUNRISE   659 AM PST   SUNSET   445 PM PST
DECEMBER 17 2017......SUNRISE   659 AM PST   SUNSET   446 PM PST


-  INDICATES NEGATIVE NUMBERS.
R  INDICATES RECORD WAS SET OR TIED.
MM INDICATES DATA IS MISSING.
T  INDICATES TRACE AMOUNT.




$$
