000
CDUS46 KHNX 230825
CLIBFL


CLIMATE REPORT
NATIONAL WEATHER SERVICE SAN JOAQUIN VALLEY, CA
124 AM PDT FRI JUN 23 2017


...................................

...THE BAKERSFIELD CLIMATE SUMMARY FOR JUNE 22 2017...

CLIMATE NORMAL PERIOD 1981 TO 2010
CLIMATE RECORD PERIOD 1889 TO 2017


WEATHER ITEM   OBSERVED TIME   RECORD YEAR NORMAL DEPARTURE
                VALUE   (LST)  VALUE       VALUE  FROM
                                                  NORMAL
...............................................................
TEMPERATURE (F)
 YESTERDAY
  MAXIMUM        110R       MM 109    1970  93     17
                                      1954
                                      1921
  MINIMUM         81        MM  48    1923  66     15
                                      1893
  AVERAGE         96                        79     17

PRECIPITATION (IN)
  YESTERDAY        0.00          T    1949   0.00   0.00
  MONTH TO DATE    0.00                      0.07  -0.07
  SINCE OCT 1      7.82                      6.34   1.48
  SINCE JAN 1      4.79                      4.38   0.41

SNOWFALL (IN)
  YESTERDAY        0.0
  MONTH TO DATE    0.0
  SINCE JUN 1      0.0
  SINCE JUL 1      0.0
  SNOW DEPTH       0

DEGREE DAYS
 HEATING
  YESTERDAY        0                                0
  MONTH TO DATE    1                                1
  SINCE JUN 1      1                                1
  SINCE JUL 1   1616                             -557

 COOLING
  YESTERDAY       31                               17
  MONTH TO DATE  362                              108
  SINCE JUN 1    362                              108
  SINCE JAN 1    711                              190
...............................................................


WIND (MPH)
  HIGHEST WIND SPEED    16   HIGHEST WIND DIRECTION    NW (310)
  HIGHEST GUST SPEED    21   HIGHEST GUST DIRECTION    NW (300)
  AVERAGE WIND SPEED     7.2




RELATIVE HUMIDITY (PERCENT)
 HIGHEST    48
 LOWEST     17
 AVERAGE    33

..........................................................


THE BAKERSFIELD CLIMATE NORMALS FOR TODAY
                         NORMAL    RECORD    YEAR
 MAXIMUM TEMPERATURE (F)   93       110      1977
 MINIMUM TEMPERATURE (F)   66        44      1943


SUNRISE AND SUNSET
JUNE 23 2017..........SUNRISE   542 AM PDT   SUNSET   815 PM PDT
JUNE 24 2017..........SUNRISE   542 AM PDT   SUNSET   815 PM PDT


-  INDICATES NEGATIVE NUMBERS.
R  INDICATES RECORD WAS SET OR TIED.
MM INDICATES DATA IS MISSING.
T  INDICATES TRACE AMOUNT.




$$
