000
CDUS46 KHNX 020822
CLIBFL


CLIMATE REPORT
NATIONAL WEATHER SERVICE SAN JOAQUIN VALLEY, CA
121 AM PDT TUE JUN 2 2015


...................................

...THE BAKERSFIELD CLIMATE SUMMARY FOR JUNE 1 2015...

CLIMATE NORMAL PERIOD 1981 TO 2010
CLIMATE RECORD PERIOD 1889 TO 2015


WEATHER ITEM   OBSERVED TIME   RECORD YEAR NORMAL DEPARTURE
                VALUE   (LST)  VALUE       VALUE  FROM
                                                  NORMAL
...............................................................
TEMPERATURE (F)
 YESTERDAY
  MAXIMUM         88    326 PM 110    1970  87      1
  MINIMUM         58    445 AM  39    1908  61     -3
  AVERAGE         73                        74     -1

PRECIPITATION (IN)
  YESTERDAY        0.00          0.60 1948   0.00   0.00
  MONTH TO DATE    0.00                      0.00   0.00
  SINCE OCT 1      5.29                      6.27  -0.98
  SINCE JAN 1      2.62                      4.31  -1.69

SNOWFALL (IN)
  YESTERDAY        0.0
  MONTH TO DATE    0.0
  SINCE JUN 1      0.0
  SINCE JUL 1      0.0
  SNOW DEPTH       0

DEGREE DAYS
 HEATING
  YESTERDAY        0                                0
  MONTH TO DATE    0                                0
  SINCE JUN 1      0                                0
  SINCE JUL 1   1307                             -866

 COOLING
  YESTERDAY        8                               -1
  MONTH TO DATE    8                               -1
  SINCE JUN 1      8                               -1
  SINCE JAN 1    353                               77
...............................................................


WIND (MPH)
  HIGHEST WIND SPEED    15   HIGHEST WIND DIRECTION     W (280)
  HIGHEST GUST SPEED    23   HIGHEST GUST DIRECTION    NW (300)
  AVERAGE WIND SPEED     7.7




RELATIVE HUMIDITY (PERCENT)
 HIGHEST    48
 LOWEST     13
 AVERAGE    31

..........................................................


THE BAKERSFIELD CLIMATE NORMALS FOR TODAY
                         NORMAL    RECORD    YEAR
 MAXIMUM TEMPERATURE (F)   88       109      1970
 MINIMUM TEMPERATURE (F)   61        38      1908


SUNRISE AND SUNSET
JUNE  2 2015..........SUNRISE   542 AM PDT   SUNSET   807 PM PDT
JUNE  3 2015..........SUNRISE   542 AM PDT   SUNSET   807 PM PDT


-  INDICATES NEGATIVE NUMBERS.
R  INDICATES RECORD WAS SET OR TIED.
MM INDICATES DATA IS MISSING.
T  INDICATES TRACE AMOUNT.




$$
