000
CDUS46 KHNX 050832
CLIBFL


CLIMATE REPORT
NATIONAL WEATHER SERVICE SAN JOAQUIN VALLEY, CA
1226 AM PST FRI FEB 5 2016


...................................

...THE BAKERSFIELD CLIMATE SUMMARY FOR FEBRUARY 4 2016...

CLIMATE NORMAL PERIOD 1981 TO 2010
CLIMATE RECORD PERIOD 1889 TO 2016


WEATHER ITEM   OBSERVED TIME   RECORD YEAR NORMAL DEPARTURE
                VALUE   (LST)  VALUE       VALUE  FROM
                                                  NORMAL
...............................................................
TEMPERATURE (F)
 YESTERDAY
  MAXIMUM         59    139 PM  85    2009  60     -1
  MINIMUM         36    520 AM  26    1923  41     -5
  AVERAGE         48                        50     -2

PRECIPITATION (IN)
  YESTERDAY        0.00          0.72 1927   0.04  -0.04
  MONTH TO DATE    T                         0.17  -0.17
  SINCE OCT 1      3.28                      3.29  -0.01
  SINCE JAN 1      1.95                      1.33   0.62

SNOWFALL (IN)
  YESTERDAY        0.0
  MONTH TO DATE    0.0
  SINCE DEC 1      0.0
  SINCE JUL 1      0.0
  SNOW DEPTH       0

DEGREE DAYS
 HEATING
  YESTERDAY       17                                2
  MONTH TO DATE   79                               19
  SINCE DEC 1   1004                             -124
  SINCE JUL 1   1347                             -139

 COOLING
  YESTERDAY        0                                0
  MONTH TO DATE    0                                0
  SINCE DEC 1      0                                0
  SINCE JAN 1      0                                0
...............................................................


WIND (MPH)
  HIGHEST WIND SPEED    20   HIGHEST WIND DIRECTION    NW (330)
  HIGHEST GUST SPEED    24   HIGHEST GUST DIRECTION    NW (330)
  AVERAGE WIND SPEED     5.5




RELATIVE HUMIDITY (PERCENT)
 HIGHEST    85
 LOWEST     43
 AVERAGE    64

..........................................................


THE BAKERSFIELD CLIMATE NORMALS FOR TODAY
                         NORMAL    RECORD    YEAR
 MAXIMUM TEMPERATURE (F)   60        87      1912
 MINIMUM TEMPERATURE (F)   41        28      1989
                                             1923


SUNRISE AND SUNSET
FEBRUARY  5 2016......SUNRISE   653 AM PST   SUNSET   528 PM PST
FEBRUARY  6 2016......SUNRISE   652 AM PST   SUNSET   529 PM PST


-  INDICATES NEGATIVE NUMBERS.
R  INDICATES RECORD WAS SET OR TIED.
MM INDICATES DATA IS MISSING.
T  INDICATES TRACE AMOUNT.




$$
