278
CDUS46 KHNX 030822
CLIBFL


CLIMATE REPORT
NATIONAL WEATHER SERVICE SAN JOAQUIN VALLEY, CA
122 AM PDT TUE MAY 3 2016


...................................

...THE BAKERSFIELD CLIMATE SUMMARY FOR MAY 2 2016...

CLIMATE NORMAL PERIOD 1981 TO 2010
CLIMATE RECORD PERIOD 1889 TO 2016


WEATHER ITEM   OBSERVED TIME   RECORD YEAR NORMAL DEPARTURE
                VALUE   (LST)  VALUE       VALUE  FROM
                                                  NORMAL
...............................................................
TEMPERATURE (F)
 YESTERDAY
  MAXIMUM         90    419 PM 101    1947  80     10
  MINIMUM         62    345 AM  38    1915  54      8
                                      1913
  AVERAGE         76                        67      9

PRECIPITATION (IN)
  YESTERDAY        0.00          0.81 1901   0.01  -0.01
  MONTH TO DATE    0.00                      0.02  -0.02
  SINCE OCT 1      4.88                      6.11  -1.23
  SINCE JAN 1      3.55                      4.15  -0.60

SNOWFALL (IN)
  YESTERDAY        0.0
  MONTH TO DATE    0.0
  SINCE MAR 1      0.0
  SINCE JUL 1      0.0
  SNOW DEPTH       0

DEGREE DAYS
 HEATING
  YESTERDAY        0                               -2
  MONTH TO DATE    0                               -4
  SINCE MAR 1    168                             -204
  SINCE JUL 1   1686                             -460

 COOLING
  YESTERDAY       11                                7
  MONTH TO DATE   18                               10
  SINCE MAR 1    120                               46
  SINCE JAN 1    120                               46
...............................................................


WIND (MPH)
  HIGHEST WIND SPEED    20   HIGHEST WIND DIRECTION    NW (320)
  HIGHEST GUST SPEED    25   HIGHEST GUST DIRECTION    NE (40)
  AVERAGE WIND SPEED     6.1




RELATIVE HUMIDITY (PERCENT)
 HIGHEST    52
 LOWEST     15
 AVERAGE    34

..........................................................


THE BAKERSFIELD CLIMATE NORMALS FOR TODAY
                         NORMAL    RECORD    YEAR
 MAXIMUM TEMPERATURE (F)   80       102      1966
 MINIMUM TEMPERATURE (F)   55        40      1938
                                             1933
                                             1913


SUNRISE AND SUNSET
MAY  3 2016...........SUNRISE   602 AM PDT   SUNSET   745 PM PDT
MAY  4 2016...........SUNRISE   601 AM PDT   SUNSET   745 PM PDT


-  INDICATES NEGATIVE NUMBERS.
R  INDICATES RECORD WAS SET OR TIED.
MM INDICATES DATA IS MISSING.
T  INDICATES TRACE AMOUNT.




$$
