000
CDUS46 KHNX 210825
CLIBFL


CLIMATE REPORT
NATIONAL WEATHER SERVICE SAN JOAQUIN VALLEY, CA
124 AM PDT MON AUG 21 2017


...................................

...THE BAKERSFIELD CLIMATE SUMMARY FOR AUGUST 20 2017...

CLIMATE NORMAL PERIOD 1981 TO 2010
CLIMATE RECORD PERIOD 1889 TO 2017


WEATHER ITEM   OBSERVED TIME   RECORD YEAR NORMAL DEPARTURE
                VALUE   (LST)  VALUE       VALUE  FROM
                                                  NORMAL
...............................................................
TEMPERATURE (F)
 YESTERDAY
  MAXIMUM         98        MM 112    1950  95      3
  MINIMUM         74        MM  52    1912  69      5
  AVERAGE         86                        82      4

PRECIPITATION (IN)
  YESTERDAY        0.00          0.00 2016   0.00   0.00
                                      2015
                                      2014
  MONTH TO DATE    T                         0.02  -0.02
  SINCE OCT 1      7.82                      6.37   1.45
  SINCE JAN 1      4.79                      4.41   0.38

SNOWFALL (IN)
  YESTERDAY        0.0
  MONTH TO DATE    0.0
  SINCE JUN 1      0.0
  SINCE JUL 1      0.0
  SNOW DEPTH       0

DEGREE DAYS
 HEATING
  YESTERDAY        0                                0
  MONTH TO DATE    0                                0
  SINCE JUN 1      1                               -1
  SINCE JUL 1      0                                0

 COOLING
  YESTERDAY       21                                4
  MONTH TO DATE  448                               85
  SINCE JUN 1   1748                              423
  SINCE JAN 1   2097                              505
...............................................................


WIND (MPH)
  HIGHEST WIND SPEED    15   HIGHEST WIND DIRECTION    NW (310)
  HIGHEST GUST SPEED    20   HIGHEST GUST DIRECTION     W (290)
  AVERAGE WIND SPEED     8.5




RELATIVE HUMIDITY (PERCENT)
 HIGHEST    49
 LOWEST     27
 AVERAGE    38

..........................................................


THE BAKERSFIELD CLIMATE NORMALS FOR TODAY
                         NORMAL    RECORD    YEAR
 MAXIMUM TEMPERATURE (F)   95       110      1919
                                             1913
 MINIMUM TEMPERATURE (F)   68        51      1918
                                             1912


SUNRISE AND SUNSET
AUGUST 21 2017........SUNRISE   620 AM PDT   SUNSET   737 PM PDT
AUGUST 22 2017........SUNRISE   621 AM PDT   SUNSET   736 PM PDT


-  INDICATES NEGATIVE NUMBERS.
R  INDICATES RECORD WAS SET OR TIED.
MM INDICATES DATA IS MISSING.
T  INDICATES TRACE AMOUNT.




$$
