000
CDUS44 KAMA 010818
CLIBGD


CLIMATE REPORT
NATIONAL WEATHER SERVICE AMARILLO TX
218 AM CST SUN FEB 1 2015


...................................

...THE BORGER CLIMATE SUMMARY FOR JANUARY 31 2015...

CLIMATE NORMAL PERIOD 1981 TO 2013
CLIMATE RECORD PERIOD 1949 TO 2015


WEATHER ITEM   OBSERVED TIME   RECORD YEAR NORMAL DEPARTURE LAST
                VALUE   (LST)  VALUE       VALUE  FROM      YEAR
                                                  NORMAL
..................................................................
TEMPERATURE (F)
 YESTERDAY
  MAXIMUM         44   1123 PM  78    1963  53     -9       39
  MINIMUM         35    901 AM   0    1985  27      8       26
  AVERAGE         40                        40      0       33

PRECIPITATION (IN)
  YESTERDAY        0.33          0.45 1983   0.02   0.31     0.00
  MONTH TO DATE    1.23                      0.59   0.64     0.07
  SINCE DEC 1      1.37                      1.36   0.01     0.34
  SINCE JAN 1      1.23                      0.59   0.64     0.07

SNOWFALL (IN)
  YESTERDAY        0.0           7.3  2002                   0.0
  MONTH TO DATE    7.6                                       1.3
  SINCE DEC 1      8.0                                       4.7
  SINCE JUL 1      9.9                                       8.5
  SNOW DEPTH       0

DEGREE DAYS
 HEATING
  YESTERDAY       25                        25      0       32
  MONTH TO DATE  805                       816    -11      794
  SINCE DEC 1   1536                      1635    -99     1637
  SINCE JUL 1   2221                      2352   -131     2351

 COOLING
  YESTERDAY        0                         0      0        0
  MONTH TO DATE    0                         0      0        0
  SINCE DEC 1      0                         0      0        0
  SINCE JAN 1      0                         0      0        0
..................................................................


WIND (MPH)
  RESULTANT WIND SPEED   7   RESULTANT WIND DIRECTION   S (190)
  HIGHEST WIND SPEED    14   HIGHEST WIND DIRECTION    SW (230)
  HIGHEST GUST SPEED    20   HIGHEST GUST DIRECTION     S (180)
  AVERAGE WIND SPEED     7.7


SKY COVER
  AVERAGE SKY COVER 1.0


WEATHER CONDITIONS
 THE FOLLOWING WEATHER WAS RECORDED YESTERDAY.
  LIGHT RAIN
  FOG


RELATIVE HUMIDITY (PERCENT)
 HIGHEST    92          1200 AM
 LOWEST     76           400 PM
 AVERAGE    84

..........................................................


THE BORGER CLIMATE NORMALS FOR TODAY
                         NORMAL    RECORD    YEAR
 MAXIMUM TEMPERATURE (F)   53        89      1963
 MINIMUM TEMPERATURE (F)   27       -12      1951


SUNRISE AND SUNSET
FEBRUARY  1 2015......SUNRISE   746 AM CST   SUNSET   613 PM CST
FEBRUARY  2 2015......SUNRISE   745 AM CST   SUNSET   614 PM CST


-  INDICATES NEGATIVE NUMBERS.
R  INDICATES RECORD WAS SET OR TIED.
MM INDICATES DATA IS MISSING.
T  INDICATES TRACE AMOUNT.




$$
