000
CDUS44 KAMA 010634
CLIBGD


CLIMATE REPORT
NATIONAL WEATHER SERVICE AMARILLO TX
131 AM CDT WED JUN 1 2016


...................................

...THE BORGER CLIMATE SUMMARY FOR MAY 31 2016...

CLIMATE NORMAL PERIOD 1981 TO 2010
CLIMATE RECORD PERIOD 1949 TO 2016


WEATHER ITEM   OBSERVED TIME   RECORD YEAR NORMAL DEPARTURE LAST
                VALUE   (LST)  VALUE       VALUE  FROM      YEAR
                                                  NORMAL
..................................................................
TEMPERATURE (F)
 YESTERDAY
  MAXIMUM         79    359 PM 100    1953  85     -6       81
  MINIMUM         58    633 AM  46    1983  60     -2       53
  AVERAGE         69                        73     -4       67

PRECIPITATION (IN)
  YESTERDAY        0.50          2.90 1988   0.14   0.36     0.00
  MONTH TO DATE    3.71                      2.89   0.82     9.00
  SINCE MAR 1      7.24                      5.84   1.40    13.67
  SINCE JAN 1      7.96                      7.05   0.91    15.52

SNOWFALL (IN)
  YESTERDAY        0.0           T    1951                   0.0
  MONTH TO DATE    0.0                                       0.0
  SINCE MAR 1      0.0                                        T
  SINCE JUL 1      6.2                                      17.5
  SNOW DEPTH       0

DEGREE DAYS
 HEATING
  YESTERDAY        0                         0      0        0
  MONTH TO DATE  106                        60     46       79
  SINCE MAR 1    553                       770   -217      580
  SINCE JUL 1   3048                      3763   -715     3452

 COOLING
  YESTERDAY        4                         8     -4        2
  MONTH TO DATE  136                       153    -17       68
  SINCE MAR 1    181                       197    -16      124
  SINCE JAN 1    187                       197    -10      124
..................................................................


WIND (MPH)
  RESULTANT WIND SPEED   8   RESULTANT WIND DIRECTION   E (80)
  HIGHEST WIND SPEED    33   HIGHEST WIND DIRECTION     S (190)
  HIGHEST GUST SPEED    48   HIGHEST GUST DIRECTION     S (190)
  AVERAGE WIND SPEED     9.7


SKY COVER
  AVERAGE SKY COVER 0.2


WEATHER CONDITIONS
 THE FOLLOWING WEATHER WAS RECORDED YESTERDAY.
  THUNDERSTORM
  HEAVY RAIN
  RAIN
  LIGHT RAIN
  FOG


RELATIVE HUMIDITY (PERCENT)
 HIGHEST    81           100 AM
 LOWEST     39           300 PM
 AVERAGE    60

..........................................................


THE BORGER CLIMATE NORMALS FOR TODAY
                         NORMAL    RECORD    YEAR
 MAXIMUM TEMPERATURE (F)   86       103      1998
 MINIMUM TEMPERATURE (F)   60        46      1983


SUNRISE AND SUNSET
JUNE  1 2016..........SUNRISE   631 AM CDT   SUNSET   856 PM CDT
JUNE  2 2016..........SUNRISE   631 AM CDT   SUNSET   857 PM CDT


-  INDICATES NEGATIVE NUMBERS.
R  INDICATES RECORD WAS SET OR TIED.
MM INDICATES DATA IS MISSING.
T  INDICATES TRACE AMOUNT.




$$
