992
CDUS44 KAMA 020628
CLIBGD


CLIMATE REPORT
NATIONAL WEATHER SERVICE AMARILLO TX
127 AM CDT MON MAY 2 2016


...................................

...THE BORGER CLIMATE SUMMARY FOR MAY 1 2016...

CLIMATE NORMAL PERIOD 1981 TO 2010
CLIMATE RECORD PERIOD 1949 TO 2016


WEATHER ITEM   OBSERVED TIME   RECORD YEAR NORMAL DEPARTURE LAST
                VALUE   (LST)  VALUE       VALUE  FROM      YEAR
                                                  NORMAL
..................................................................
TEMPERATURE (F)
 YESTERDAY
  MAXIMUM         50   1000 AM  94    2012  77    -27       82
                                      1992
  MINIMUM         40    110 AM  33    1991  50    -10       51
  AVERAGE         45                        63    -18       67

PRECIPITATION (IN)
  YESTERDAY        0.05          1.94 1999   0.05   0.00     0.00
  MONTH TO DATE    0.05                      0.05   0.00     0.00
  SINCE MAR 1      3.58                      3.00   0.58     4.67
  SINCE JAN 1      4.30                      4.21   0.09     6.52

SNOWFALL (IN)
  YESTERDAY        0.0           T    2013                   0.0
  MONTH TO DATE    0.0                                       0.0
  SINCE MAR 1      0.0                                        T
  SINCE JUL 1      6.2                                      17.5
  SNOW DEPTH       0

DEGREE DAYS
 HEATING
  YESTERDAY       20                         4     16        0
  MONTH TO DATE   20                         4     16        0
  SINCE MAR 1    467                       714   -247      501
  SINCE JUL 1   2962                      3707   -745     3373

 COOLING
  YESTERDAY        0                         2     -2        2
  MONTH TO DATE    0                         2     -2        2
  SINCE MAR 1     45                        46     -1       58
  SINCE JAN 1     51                        46      5       58
..................................................................


WIND (MPH)
  RESULTANT WIND SPEED  14   RESULTANT WIND DIRECTION   N (360)
  HIGHEST WIND SPEED    25   HIGHEST WIND DIRECTION     N (360)
  HIGHEST GUST SPEED    35   HIGHEST GUST DIRECTION     N (350)
  AVERAGE WIND SPEED    13.9


SKY COVER
  AVERAGE SKY COVER 0.9


WEATHER CONDITIONS
 THE FOLLOWING WEATHER WAS RECORDED YESTERDAY.
  LIGHT RAIN


RELATIVE HUMIDITY (PERCENT)
 HIGHEST    83           100 PM
 LOWEST     56          1000 AM
 AVERAGE    70

..........................................................


THE BORGER CLIMATE NORMALS FOR TODAY
                         NORMAL    RECORD    YEAR
 MAXIMUM TEMPERATURE (F)   77        96      1965
 MINIMUM TEMPERATURE (F)   50        32      2005
                                             1954


SUNRISE AND SUNSET
MAY  2 2016...........SUNRISE   652 AM CDT   SUNSET   834 PM CDT
MAY  3 2016...........SUNRISE   651 AM CDT   SUNSET   834 PM CDT


-  INDICATES NEGATIVE NUMBERS.
R  INDICATES RECORD WAS SET OR TIED.
MM INDICATES DATA IS MISSING.
T  INDICATES TRACE AMOUNT.




$$
