000
CDUS44 KAMA 250628
CLIBGD


CLIMATE REPORT
NATIONAL WEATHER SERVICE AMARILLO TX
126 AM CDT TUE APR 25 2017


...................................

...THE BORGER CLIMATE SUMMARY FOR APRIL 24 2017...

CLIMATE NORMAL PERIOD 1981 TO 2010
CLIMATE RECORD PERIOD 1949 TO 2017


WEATHER ITEM   OBSERVED TIME   RECORD YEAR NORMAL DEPARTURE LAST
                VALUE   (LST)  VALUE       VALUE  FROM      YEAR
                                                  NORMAL
..................................................................
TEMPERATURE (F)
 YESTERDAY
  MAXIMUM         90    432 PM  97    2012  75     15       85
  MINIMUM         52    252 AM  24    2013  48      4       60
  AVERAGE         71                        61     10       73

PRECIPITATION (IN)
  YESTERDAY        0.00          1.12 1997   0.03  -0.03     0.00
  MONTH TO DATE    0.85                      1.31  -0.46     1.60
  SINCE MAR 1      3.55                      2.72   0.83     2.31
  SINCE JAN 1      7.03                      3.93   3.10     3.23

SNOWFALL (IN)
  YESTERDAY        0.0           T    1989                   0.0
  MONTH TO DATE    0.0                                       0.0
  SINCE MAR 1      0.0                                       2.7
  SINCE JUL 1      0.1                                       8.9
  SNOW DEPTH       0

DEGREE DAYS
 HEATING
  YESTERDAY        0                         6     -6        0
  MONTH TO DATE  137                       198    -61      133
  SINCE MAR 1    435                       682   -247      443
  SINCE JUL 1   2770                      3675   -905     2938

 COOLING
  YESTERDAY        6                         2      4        8
  MONTH TO DATE   68                        25     43       30
  SINCE MAR 1    101                        32     69       41
  SINCE JAN 1    115                        32     83       47
..................................................................


WIND (MPH)
  RESULTANT WIND SPEED  11   RESULTANT WIND DIRECTION  SW (210)
  HIGHEST WIND SPEED    23   HIGHEST WIND DIRECTION    SW (230)
  HIGHEST GUST SPEED    33   HIGHEST GUST DIRECTION    SW (220)
  AVERAGE WIND SPEED    12.1


SKY COVER
  AVERAGE SKY COVER 0.0


WEATHER CONDITIONS
 THE FOLLOWING WEATHER WAS RECORDED YESTERDAY.
  NO SIGNIFICANT WEATHER WAS OBSERVED.


RELATIVE HUMIDITY (PERCENT)
 HIGHEST    50           300 AM
 LOWEST      9           600 PM
 AVERAGE    30

..........................................................


THE BORGER CLIMATE NORMALS FOR TODAY
                         NORMAL    RECORD    YEAR
 MAXIMUM TEMPERATURE (F)   75        99      2012
 MINIMUM TEMPERATURE (F)   48        35      1997


SUNRISE AND SUNSET
APRIL 25 2017.........SUNRISE   700 AM CDT   SUNSET   828 PM CDT
APRIL 26 2017.........SUNRISE   659 AM CDT   SUNSET   828 PM CDT


-  INDICATES NEGATIVE NUMBERS.
R  INDICATES RECORD WAS SET OR TIED.
MM INDICATES DATA IS MISSING.
T  INDICATES TRACE AMOUNT.




$$
