000
CDUS44 KAMA 232129
CLIBGD


CLIMATE REPORT
NATIONAL WEATHER SERVICE AMARILLO TX
429 PM CDT WED AUG 23 2017


...................................

...THE BORGER CLIMATE SUMMARY FOR AUGUST 23 2017...
VALID TODAY AS OF 0400 PM LOCAL TIME.

CLIMATE NORMAL PERIOD 1981 TO 2010
CLIMATE RECORD PERIOD 1949 TO 2017


WEATHER ITEM   OBSERVED TIME   RECORD YEAR NORMAL DEPARTURE LAST
                VALUE   (LST)  VALUE       VALUE  FROM      YEAR
                                                  NORMAL
..................................................................
TEMPERATURE (F)
 TODAY
  MAXIMUM         83    255 PM 102    2011  91     -8       99
                                      2010
  MINIMUM         66    618 AM  50    1961  67     -1       71
  AVERAGE         75                        79     -4       85

PRECIPITATION (IN)
  TODAY            0.00          1.99 1987   0.11  -0.11      T
  MONTH TO DATE    6.00                      2.31   3.69     1.18
  SINCE JUN 1      9.85                      8.10   1.75     3.86
  SINCE JAN 1     21.00                     15.15   5.85    12.73

SNOWFALL (IN)
  TODAY            0.0           0.0  2013                   0.0
                                      2012
                                      2011
  MONTH TO DATE    0.0                                       0.0
  SINCE JUN 1      0.0                                       0.0
  SINCE JUL 1      0.0                                       0.0
  SNOW DEPTH       0

DEGREE DAYS
 HEATING
  TODAY            0                         0      0        0
  MONTH TO DATE    0                         0      0        0
  SINCE JUN 1      0                         3     -3        0
  SINCE JUL 1      0                         0      0        0

 COOLING
  TODAY           10                        14     -4       20
  MONTH TO DATE  275                       365    -90      369
  SINCE JUN 1   1343                      1249     94     1456
  SINCE JAN 1   1583                      1446    137     1643
..................................................................


WIND (MPH)
  RESULTANT WIND SPEED   6   RESULTANT WIND DIRECTION   E (100)
  HIGHEST WIND SPEED    13   HIGHEST WIND DIRECTION    NE (40)
  HIGHEST GUST SPEED    18   HIGHEST GUST DIRECTION    NE (50)
  AVERAGE WIND SPEED     6.2


SKY COVER
  AVERAGE SKY COVER 0.8


WEATHER CONDITIONS
 THE FOLLOWING WEATHER WAS RECORDED TODAY.
  FOG


RELATIVE HUMIDITY (PERCENT)
 HIGHEST    97           200 AM
 LOWEST     51           300 PM
 AVERAGE    74

..........................................................


THE BORGER CLIMATE NORMALS FOR TOMORROW
                         NORMAL    RECORD    YEAR
 MAXIMUM TEMPERATURE (F)   91       106      2011
 MINIMUM TEMPERATURE (F)   67        54      1966


SUNRISE AND SUNSET
AUGUST 23 2017........SUNRISE   711 AM CDT   SUNSET   825 PM CDT
AUGUST 24 2017........SUNRISE   712 AM CDT   SUNSET   823 PM CDT


-  INDICATES NEGATIVE NUMBERS.
R  INDICATES RECORD WAS SET OR TIED.
MM INDICATES DATA IS MISSING.
T  INDICATES TRACE AMOUNT.




$$
