000
CDUS44 KAMA 082241
CLIBGD


CLIMATE REPORT
NATIONAL WEATHER SERVICE AMARILLO TX
441 PM CST THU DEC 8 2016


...................................

...THE BORGER CLIMATE SUMMARY FOR DECEMBER 8 2016...
VALID TODAY AS OF 0400 PM LOCAL TIME.

CLIMATE NORMAL PERIOD 1981 TO 2010
CLIMATE RECORD PERIOD 1949 TO 2016


WEATHER ITEM   OBSERVED TIME   RECORD YEAR NORMAL DEPARTURE LAST
                VALUE   (LST)  VALUE       VALUE  FROM      YEAR
                                                  NORMAL
..................................................................
TEMPERATURE (F)
 TODAY
  MAXIMUM         26    259 PM  78    1970  52    -26       73
  MINIMUM         13    825 AM   0    2005  28    -15       37
  AVERAGE         20                        40    -20       55

PRECIPITATION (IN)
  TODAY            0.00          0.67 1951   0.01  -0.01     0.00
  MONTH TO DATE    0.11                      0.15  -0.04     0.00
  SINCE DEC 1      0.11                      0.15  -0.04     0.00
  SINCE JAN 1     15.67                     21.10  -5.43    42.00

SNOWFALL (IN)
  TODAY            0.0          MM      MM                   0.0
  MONTH TO DATE    0.0                                       0.0
  SINCE DEC 1      0.0                                       0.0
  SINCE JUL 1      0.0                                       0.8
  SNOW DEPTH       0

DEGREE DAYS
 HEATING
  TODAY           45                        25     20       10
  MONTH TO DATE  230                       193     37      141
  SINCE DEC 1    230                       193     37      141
  SINCE JUL 1    603                       910   -307      713

 COOLING
  TODAY            0                         0      0        0
  MONTH TO DATE    0                         0      0        0
  SINCE DEC 1      0                         0      0        0
  SINCE JAN 1   2180                      1839    341     1960
..................................................................


WIND (MPH)
  RESULTANT WIND SPEED   8   RESULTANT WIND DIRECTION   N (20)
  HIGHEST WIND SPEED    17   HIGHEST WIND DIRECTION     N (10)
  HIGHEST GUST SPEED    21   HIGHEST GUST DIRECTION     N (10)
  AVERAGE WIND SPEED     8.4


SKY COVER
  AVERAGE SKY COVER 0.6


WEATHER CONDITIONS
 THE FOLLOWING WEATHER WAS RECORDED TODAY.
  NO SIGNIFICANT WEATHER WAS OBSERVED.


RELATIVE HUMIDITY (PERCENT)
 HIGHEST    80           600 AM
 LOWEST     37           200 PM
 AVERAGE    59

..........................................................


THE BORGER CLIMATE NORMALS FOR TOMORROW
                         NORMAL    RECORD    YEAR
 MAXIMUM TEMPERATURE (F)   51        79      1996
 MINIMUM TEMPERATURE (F)   28        -1      1978


SUNRISE AND SUNSET
DECEMBER  8 2016......SUNRISE   743 AM CST   SUNSET   532 PM CST
DECEMBER  9 2016......SUNRISE   744 AM CST   SUNSET   532 PM CST


-  INDICATES NEGATIVE NUMBERS.
R  INDICATES RECORD WAS SET OR TIED.
MM INDICATES DATA IS MISSING.
T  INDICATES TRACE AMOUNT.




$$
