000
CDUS44 KAMA 211417
CLIBGD


CLIMATE REPORT
NATIONAL WEATHER SERVICE AMARILLO TX
916 AM CDT SAT OCT 21 2017


...................................

...THE BORGER CLIMATE SUMMARY FOR OCTOBER 21 2017...
VALID AS OF 0900 AM LOCAL TIME.

CLIMATE NORMAL PERIOD 1981 TO 2010
CLIMATE RECORD PERIOD 1949 TO 2017


WEATHER ITEM   OBSERVED TIME   RECORD YEAR NORMAL DEPARTURE LAST
                VALUE   (LST)  VALUE       VALUE  FROM      YEAR
                                                  NORMAL
..................................................................
TEMPERATURE (F)
 TODAY
  MINIMUM         60    638 AM  31    1996  46     14       41

PRECIPITATION (IN)
  TODAY            0.00          2.32 2015   0.05  -0.05     0.00
  MONTH TO DATE    2.13                      1.29   0.84     0.05
  SINCE SEP 1      5.04                      3.67   1.37     1.07
  SINCE JAN 1     26.04                     19.68   6.36    15.41

SNOWFALL (IN)
  TODAY            0.0           1.0  1996                   0.0
  MONTH TO DATE    0.0                                       0.0
  SINCE SEP 1      0.0                                       0.0
  SINCE JUL 1      0.0                                       0.0
  SNOW DEPTH       0

..................................................................


WIND (MPH)
  RESULTANT WIND SPEED  15   RESULTANT WIND DIRECTION   S (200)
  HIGHEST WIND SPEED    25   HIGHEST WIND DIRECTION     S (180)
  HIGHEST GUST SPEED    36   HIGHEST GUST DIRECTION     S (180)
  AVERAGE WIND SPEED    15.5


SKY COVER
  AVERAGE SKY COVER 0.0


WEATHER CONDITIONS
 THE FOLLOWING WEATHER WAS RECORDED TODAY.
  NO SIGNIFICANT WEATHER WAS OBSERVED.


RELATIVE HUMIDITY (PERCENT)
 HIGHEST    90           600 AM
 LOWEST     68          1200 AM
 AVERAGE    79

..........................................................


THE BORGER CLIMATE NORMALS FOR TOMORROW
                         NORMAL    RECORD    YEAR
 MAXIMUM TEMPERATURE (F)   71        91      1961
 MINIMUM TEMPERATURE (F)   45        30      1996


SUNRISE AND SUNSET
OCTOBER 21 2017.......SUNRISE   758 AM CDT   SUNSET   702 PM CDT
OCTOBER 22 2017.......SUNRISE   759 AM CDT   SUNSET   701 PM CDT


-  INDICATES NEGATIVE NUMBERS.
R  INDICATES RECORD WAS SET OR TIED.
MM INDICATES DATA IS MISSING.
T  INDICATES TRACE AMOUNT.




$$
