000
CDUS44 KAMA 160636
CLIBGD


CLIMATE REPORT
NATIONAL WEATHER SERVICE AMARILLO TX
131 AM CDT WED APR 16 2014


...................................

...THE BORGER CLIMATE SUMMARY FOR APRIL 15 2014...

CLIMATE NORMAL PERIOD 1981 TO 2013
CLIMATE RECORD PERIOD 1949 TO 2014


WEATHER ITEM   OBSERVED TIME   RECORD YEAR NORMAL DEPARTURE LAST
                VALUE   (LST)  VALUE       VALUE  FROM      YEAR
                                                  NORMAL
..................................................................
TEMPERATURE (F)
 YESTERDAY
  MAXIMUM         70    423 PM  94    1963  72     -2       78
  MINIMUM         29    445 AM  26    1983  45    -16       43
  AVERAGE         50                        58     -8       61

PRECIPITATION (IN)
  YESTERDAY        0.00          0.78 1973   0.05  -0.05     0.00
  MONTH TO DATE    0.10                      0.83  -0.73     0.01
  SINCE MAR 1      0.17                      2.24  -2.07     0.30
  SINCE JAN 1      0.55                      3.45  -2.90     3.35

SNOWFALL (IN)
  YESTERDAY        0.0           T    1976                   0.0
  MONTH TO DATE    1.1                                        T
  SINCE MAR 1      2.1                                       0.3
  SINCE JUL 1     14.7                                      27.5
  SNOW DEPTH       0

DEGREE DAYS
 HEATING
  YESTERDAY       15                         8      7        4
  MONTH TO DATE  138                       139     -1      178
  SINCE MAR 1    640                       623     17      636
  SINCE JUL 1   3718                      3616    102     3358

 COOLING
  YESTERDAY        0                         1     -1        0
  MONTH TO DATE   20                        12      8        7
  SINCE MAR 1     22                        19      3        7
  SINCE JAN 1     22                        19      3        7
..................................................................


WIND (MPH)
  RESULTANT WIND SPEED  12   RESULTANT WIND DIRECTION  SW (210)
  HIGHEST WIND SPEED    26   HIGHEST WIND DIRECTION    SW (210)
  HIGHEST GUST SPEED    38   HIGHEST GUST DIRECTION    SW (210)
  AVERAGE WIND SPEED    14.3


SKY COVER
  AVERAGE SKY COVER 0.0


WEATHER CONDITIONS
 THE FOLLOWING WEATHER WAS RECORDED YESTERDAY.
  NO SIGNIFICANT WEATHER WAS OBSERVED.


RELATIVE HUMIDITY (PERCENT)
 HIGHEST    63           300 AM
 LOWEST      9           500 PM
 AVERAGE    36

..........................................................


THE BORGER CLIMATE NORMALS FOR TODAY
                         NORMAL    RECORD    YEAR
 MAXIMUM TEMPERATURE (F)   73        88      2006
                                             1964
 MINIMUM TEMPERATURE (F)   45        28      2000


SUNRISE AND SUNSET
APRIL 16 2014.........SUNRISE   712 AM CDT   SUNSET   820 PM CDT
APRIL 17 2014.........SUNRISE   710 AM CDT   SUNSET   821 PM CDT


-  INDICATES NEGATIVE NUMBERS.
R  INDICATES RECORD WAS SET OR TIED.
MM INDICATES DATA IS MISSING.
T  INDICATES TRACE AMOUNT.




$$
