000
CDUS41 KCAR 310529
CLIBGR


CLIMATE REPORT
NATIONAL WEATHER SERVICE CARIBOU, ME
129 AM EDT TUE MAY 31 2016


...................................

...THE BANGOR ME CLIMATE SUMMARY FOR MAY 30 2016...

CLIMATE NORMAL PERIOD 1981 TO 2010
CLIMATE RECORD PERIOD 1925 TO 2016


WEATHER ITEM   OBSERVED TIME   RECORD YEAR NORMAL DEPARTURE LAST
                VALUE   (LST)  VALUE       VALUE  FROM      YEAR
                                                  NORMAL
..................................................................
TEMPERATURE (F)
 YESTERDAY
  MAXIMUM         75    324 PM  93    1929  70      5       77
  MINIMUM         51    235 AM  34    1941  47      4       59
                                      1940
  AVERAGE         63                        58      5       68

PRECIPITATION (IN)
  YESTERDAY        0.04          2.80 1929   0.12  -0.08     0.00
  MONTH TO DATE    2.01                      3.52  -1.51     2.03
  SINCE MAR 1      7.86                     10.52  -2.66     5.87
  SINCE JAN 1     14.13                     15.93  -1.80    10.76

SNOWFALL (IN)
  YESTERDAY        0.0           0.0  2002   0.0             0.0
                                      2001
  MONTH TO DATE    T                         0.1             0.0
  SINCE MAR 1      6.0                      15.5            21.9
  SINCE JUL 1     44.6                      66.2           139.0
  SNOW DEPTH       0

DEGREE DAYS
 HEATING
  YESTERDAY        2                         7     -5        0
  MONTH TO DATE  229                       348   -119      244
  SINCE MAR 1   1942                      2100   -158     2219
  SINCE JUL 1   6857                      7746   -889     8109

 COOLING
  YESTERDAY        0                         0      0        3
  MONTH TO DATE   16                         0     16       23
  SINCE MAR 1     16                         0     16       23
  SINCE JAN 1     16                         0     16       23
..................................................................


WIND (MPH)
  RESULTANT WIND SPEED   7   RESULTANT WIND DIRECTION   S (180)
  HIGHEST WIND SPEED    16   HIGHEST WIND DIRECTION     S (190)
  HIGHEST GUST SPEED    22   HIGHEST GUST DIRECTION     S (190)


SKY COVER
  POSSIBLE SUNSHINE  MM
  AVERAGE SKY COVER 0.8


WEATHER CONDITIONS
 THE FOLLOWING WEATHER WAS RECORDED YESTERDAY.
  LIGHT RAIN
  FOG


RELATIVE HUMIDITY (PERCENT)
 HIGHEST    90
 LOWEST     64
 AVERAGE    77

..........................................................


THE BANGOR ME CLIMATE NORMALS FOR TODAY
                         NORMAL    RECORD    YEAR
 MAXIMUM TEMPERATURE (F)   70        93      1937
 MINIMUM TEMPERATURE (F)   47        34      1941


SUNRISE AND SUNSET
MAY 31 2016...........SUNRISE   453 AM EDT   SUNSET   814 PM EDT
JUNE  1 2016..........SUNRISE   452 AM EDT   SUNSET   814 PM EDT


-  INDICATES NEGATIVE NUMBERS.
R  INDICATES RECORD WAS SET OR TIED.
MM INDICATES DATA IS MISSING.
T  INDICATES TRACE AMOUNT.




$$
