000
CDUS41 KCAR 060528
CLIBGR


CLIMATE REPORT
NATIONAL WEATHER SERVICE CARIBOU, ME
1226 AM EST TUE DEC 6 2016


...................................

...THE BANGOR ME CLIMATE SUMMARY FOR DECEMBER 5 2016...

CLIMATE NORMAL PERIOD 1981 TO 2010
CLIMATE RECORD PERIOD 1925 TO 2016


WEATHER ITEM   OBSERVED TIME   RECORD YEAR NORMAL DEPARTURE LAST
                VALUE   (LST)  VALUE       VALUE  FROM      YEAR
                                                  NORMAL
..................................................................
TEMPERATURE (F)
 YESTERDAY
  MAXIMUM         26   1022 PM  55    1973  38    -12       49
                                      1948
  MINIMUM         15    331 AM  -8    1926  21     -6       26
  AVERAGE         21                        29     -8       38

PRECIPITATION (IN)
  YESTERDAY        0.09          0.96 1994   0.13  -0.04     0.00
  MONTH TO DATE    0.95                      0.66   0.29     0.80
  SINCE DEC 1      0.95                      0.66   0.29     0.80
  SINCE JAN 1     31.53                     39.11  -7.58    32.27

SNOWFALL (IN)
  YESTERDAY        1.8           4.0  1977   0.4             0.0
  MONTH TO DATE    1.8                       1.8              T
  SINCE DEC 1      1.8                       1.8              T
  SINCE JUL 1      3.3                       4.2             2.5
  SNOW DEPTH       0

DEGREE DAYS
 HEATING
  YESTERDAY       44                        36      8       27
  MONTH TO DATE  172                       174     -2      153
  SINCE DEC 1    172                       174     -2      153
  SINCE JUL 1   1591                      1843   -252     1654

 COOLING
  YESTERDAY        0                         0      0        0
  MONTH TO DATE    0                         0      0        0
  SINCE DEC 1      0                         0      0        0
  SINCE JAN 1    448                       318    130      406
..................................................................


WIND (MPH)
  RESULTANT WIND SPEED   1   RESULTANT WIND DIRECTION  NE (40)
  HIGHEST WIND SPEED    12   HIGHEST WIND DIRECTION    NE (50)
  HIGHEST GUST SPEED    14   HIGHEST GUST DIRECTION    NE (50)


SKY COVER
  POSSIBLE SUNSHINE  MM
  AVERAGE SKY COVER 0.7


WEATHER CONDITIONS
 THE FOLLOWING WEATHER WAS RECORDED YESTERDAY.
  LIGHT SNOW
  FOG


RELATIVE HUMIDITY (PERCENT)
 HIGHEST    92
 LOWEST     81
 AVERAGE    87

..........................................................


THE BANGOR ME CLIMATE NORMALS FOR TODAY
                         NORMAL    RECORD    YEAR
 MAXIMUM TEMPERATURE (F)   37        63      2001
 MINIMUM TEMPERATURE (F)   20       -10      1963


SUNRISE AND SUNSET
DECEMBER  6 2016......SUNRISE   658 AM EST   SUNSET   354 PM EST
DECEMBER  7 2016......SUNRISE   659 AM EST   SUNSET   354 PM EST


-  INDICATES NEGATIVE NUMBERS.
R  INDICATES RECORD WAS SET OR TIED.
MM INDICATES DATA IS MISSING.
T  INDICATES TRACE AMOUNT.




$$
