000
CDUS41 KCAR 262029
CLIBGR


CLIMATE REPORT
NATIONAL WEATHER SERVICE CARIBOU, ME
428 PM EDT TUE SEP 26 2017


...................................

...THE BANGOR ME CLIMATE SUMMARY FOR SEPTEMBER 26 2017...
VALID TODAY AS OF 0400 PM LOCAL TIME.

CLIMATE NORMAL PERIOD 1981 TO 2010
CLIMATE RECORD PERIOD 1925 TO 2017


WEATHER ITEM   OBSERVED TIME   RECORD YEAR NORMAL DEPARTURE LAST
                VALUE   (LST)  VALUE       VALUE  FROM      YEAR
                                                  NORMAL
..................................................................
TEMPERATURE (F)
 TODAY
  MAXIMUM         89    119 PM  91    2007  66     23       64
  MINIMUM         61    521 AM  29    2009  44     17       34
  AVERAGE         75                        55     20       49

PRECIPITATION (IN)
  TODAY            0.00          2.28 1977   0.14  -0.14     0.00
  MONTH TO DATE    2.69                      3.23  -0.54     1.14
  SINCE SEP 1      2.69                      3.23  -0.54     1.14
  SINCE JAN 1     28.86                     29.48  -0.62    23.13

SNOWFALL (IN)
  TODAY            0.0           0.0  2002   0.0    0.0      0.0
                                      2001
  MONTH TO DATE    T                         0.0    0.0      0.0
  SINCE SEP 1      T                         0.0    0.0      0.0
  SINCE JUL 1      T                         0.0    0.0      0.0
  SNOW DEPTH       0

DEGREE DAYS
 HEATING
  TODAY            0                        10    -10       16
  MONTH TO DATE   37                       163   -126      101
  SINCE SEP 1     37                       163   -126      101
  SINCE JUL 1     84                       226   -142      128

 COOLING
  TODAY           10                         0     10        0
  MONTH TO DATE   73                        21     52       59
  SINCE SEP 1     73                        21     52       59
  SINCE JAN 1    355                       315     40      448
..................................................................


WIND (MPH)
  HIGHEST WIND SPEED    10   HIGHEST WIND DIRECTION     S (170)
  HIGHEST GUST SPEED    13   HIGHEST GUST DIRECTION    SE (150)
  AVERAGE WIND SPEED     6.5


SKY COVER
  POSSIBLE SUNSHINE  MM
  AVERAGE SKY COVER 0.4


WEATHER CONDITIONS
 THE FOLLOWING WEATHER WAS RECORDED TODAY.
  NO SIGNIFICANT WEATHER WAS OBSERVED.


RELATIVE HUMIDITY (PERCENT)
 HIGHEST    93           100 AM
 LOWEST     53           200 PM
 AVERAGE    73

..........................................................


THE BANGOR ME CLIMATE NORMALS FOR TOMORROW
                         NORMAL    RECORD    YEAR
 MAXIMUM TEMPERATURE (F)   65        91      1948
 MINIMUM TEMPERATURE (F)   43        24      1947
                                             1940


SUNRISE AND SUNSET
SEPTEMBER 26 2017.....SUNRISE   627 AM EDT   SUNSET   625 PM EDT
SEPTEMBER 27 2017.....SUNRISE   629 AM EDT   SUNSET   623 PM EDT


-  INDICATES NEGATIVE NUMBERS.
R  INDICATES RECORD WAS SET OR TIED.
MM INDICATES DATA IS MISSING.
T  INDICATES TRACE AMOUNT.




$$
