000
CDUS44 KBMX 242147
CLIBHM


CLIMATE REPORT
NATIONAL WEATHER SERVICE BIRMINGHAM, AL
447 PM CDT SAT JUN 24 2017


...................................

...THE BIRMINGHAM CLIMATE SUMMARY FOR JUNE 24 2017...
VALID TODAY AS OF 0400 PM LOCAL TIME.

CLIMATE NORMAL PERIOD 1981 TO 2010
CLIMATE RECORD PERIOD 1895 TO 2017


WEATHER ITEM   OBSERVED TIME   RECORD YEAR NORMAL DEPARTURE LAST
                VALUE   (LST)  VALUE       VALUE  FROM      YEAR
                                                  NORMAL
..................................................................
TEMPERATURE (F)
 TODAY
  MAXIMUM         87    243 PM  99    1981  89     -2       95
  MINIMUM         73    611 AM  54    1972  70      3       76
  AVERAGE         80                        79      1       86

PRECIPITATION (IN)
  TODAY            0.61          2.28 1987   0.15   0.46     0.00
  MONTH TO DATE    8.22                      3.44   4.78     2.62
  SINCE JUN 1      8.22                      3.44   4.78     2.62
  SINCE JAN 1     35.88                     27.41   8.47    24.23

DEGREE DAYS
 COOLING
  TODAY           15                        14      1       21
  MONTH TO DATE  295                       293      2      370
  SINCE JUN 1    295                       293      2      370
  SINCE JAN 1    757                       575    182      693
..................................................................


WIND (MPH)
  HIGHEST WIND SPEED    23   HIGHEST WIND DIRECTION     N (340)
  HIGHEST GUST SPEED    28   HIGHEST GUST DIRECTION     N (340)
  AVERAGE WIND SPEED     5.4


SKY COVER
  AVERAGE SKY COVER 0.9


WEATHER CONDITIONS
 THE FOLLOWING WEATHER WAS RECORDED TODAY.
  THUNDERSTORM
  RAIN
  LIGHT RAIN
  FOG
  HAZE


RELATIVE HUMIDITY (PERCENT)
 HIGHEST   100           200 AM
 LOWEST     74           100 PM
 AVERAGE    87

..........................................................


THE BIRMINGHAM CLIMATE NORMALS FOR TOMORROW
                         NORMAL    RECORD    YEAR
 MAXIMUM TEMPERATURE (F)   89       101      1931
 MINIMUM TEMPERATURE (F)   70        49      1974


SUNRISE AND SUNSET
JUNE 24 2017..........SUNRISE   538 AM CDT   SUNSET   801 PM CDT
JUNE 25 2017..........SUNRISE   538 AM CDT   SUNSET   801 PM CDT


-  INDICATES NEGATIVE NUMBERS.
R  INDICATES RECORD WAS SET OR TIED.
MM INDICATES DATA IS MISSING.
T  INDICATES TRACE AMOUNT.




$$
