000
CDUS44 KBMX 140857
CLIBHM


CLIMATE REPORT
NATIONAL WEATHER SERVICE BIRMINGHAM, AL
256 AM CST THU DEC 14 2017


...................................

...THE BIRMINGHAM CLIMATE SUMMARY FOR DECEMBER 13 2017...

CLIMATE NORMAL PERIOD 1981 TO 2010
CLIMATE RECORD PERIOD 1895 TO 2017


WEATHER ITEM   OBSERVED TIME   RECORD YEAR NORMAL DEPARTURE LAST
                VALUE   (LST)  VALUE       VALUE  FROM      YEAR
                                                  NORMAL
..................................................................
TEMPERATURE (F)
 YESTERDAY
  MAXIMUM         53    325 PM  79    1931  56     -3       63
  MINIMUM         26    636 AM   1    1962  37    -11       47
  AVERAGE         40                        46     -6       55

PRECIPITATION (IN)
  YESTERDAY        0.00          4.50 1920   0.14  -0.14     0.01
  MONTH TO DATE    0.99                      2.06  -1.07     1.56
  SINCE DEC 1      0.99                      2.06  -1.07     1.56
  SINCE JAN 1     66.02                     51.33  14.69    39.48

SNOWFALL (IN)
  YESTERDAY        0.0                       0.0    0.0     MM
  MONTH TO DATE    4.0                       0.0    4.0      0.0
  SINCE DEC 1      4.0                       0.0    4.0      0.0
  SINCE JUL 1      4.0                       0.0    4.0      0.0
  SNOW DEPTH       0

DEGREE DAYS
 HEATING
  YESTERDAY       25                        19      6       10
  MONTH TO DATE  236                       226     10      234
  SINCE DEC 1    236                       226     10      234
  SINCE JUL 1    638                       684    -46      466
..................................................................


WIND (MPH)
  HIGHEST WIND SPEED    17   HIGHEST WIND DIRECTION     S (200)
  HIGHEST GUST SPEED    23   HIGHEST GUST DIRECTION    SW (210)
  AVERAGE WIND SPEED     7.1


SKY COVER
  AVERAGE SKY COVER 0.0


WEATHER CONDITIONS
 THE FOLLOWING WEATHER WAS RECORDED YESTERDAY.
  NO SIGNIFICANT WEATHER WAS OBSERVED.


RELATIVE HUMIDITY (PERCENT)
 HIGHEST    81           700 AM
 LOWEST     21           100 PM
 AVERAGE    51

..........................................................


THE BIRMINGHAM CLIMATE NORMALS FOR TODAY
                         NORMAL    RECORD    YEAR
 MAXIMUM TEMPERATURE (F)   56        77      1971
 MINIMUM TEMPERATURE (F)   36        14      2010
                                             1917


SUNRISE AND SUNSET
DECEMBER 14 2017......SUNRISE   643 AM CST   SUNSET   440 PM CST
DECEMBER 15 2017......SUNRISE   644 AM CST   SUNSET   441 PM CST


-  INDICATES NEGATIVE NUMBERS.
R  INDICATES RECORD WAS SET OR TIED.
MM INDICATES DATA IS MISSING.
T  INDICATES TRACE AMOUNT.




$$
