821
CDUS44 KBMX 180933
CLIBHM


CLIMATE REPORT
NATIONAL WEATHER SERVICE BIRMINGHAM, AL
333 AM CST WED JAN 18 2017


...................................

...THE BIRMINGHAM CLIMATE SUMMARY FOR JANUARY 17 2017...

CLIMATE NORMAL PERIOD 1981 TO 2010
CLIMATE RECORD PERIOD 1895 TO 2017


WEATHER ITEM   OBSERVED TIME   RECORD YEAR NORMAL DEPARTURE LAST
                VALUE   (LST)  VALUE       VALUE  FROM      YEAR
                                                  NORMAL
..................................................................
TEMPERATURE (F)
 YESTERDAY
  MAXIMUM         77    238 PM  79    1943  54     23       48
  MINIMUM         62    627 AM   0    1982  34     28       31
  AVERAGE         70                        44     26       40

PRECIPITATION (IN)
  YESTERDAY        0.00          2.67 1925   0.16  -0.16     0.00
  MONTH TO DATE    2.56                      2.53   0.03     0.86
  SINCE DEC 1      4.95                      6.98  -2.03    11.39
  SINCE JAN 1      2.56                      2.53   0.03     0.86

SNOWFALL (IN)
  YESTERDAY        0.0                       0.0    0.0      0.0
  MONTH TO DATE    0.3                       0.3    0.0      0.0
  SINCE DEC 1      0.3                       0.4   -0.1      0.0
  SINCE JUL 1      0.3                       0.4   -0.1      0.0
  SNOW DEPTH       0

DEGREE DAYS
 HEATING
  YESTERDAY        0                        21    -21       25
  MONTH TO DATE  232                       366   -134      377
  SINCE DEC 1    716                       955   -239      660
  SINCE JUL 1    948                      1413   -465      931
..................................................................


WIND (MPH)
  HIGHEST WIND SPEED    22   HIGHEST WIND DIRECTION     S (200)
  HIGHEST GUST SPEED    27   HIGHEST GUST DIRECTION    SW (210)
  AVERAGE WIND SPEED    10.3


SKY COVER
  AVERAGE SKY COVER 0.9


WEATHER CONDITIONS
 THE FOLLOWING WEATHER WAS RECORDED YESTERDAY.
  NO SIGNIFICANT WEATHER WAS OBSERVED.


RELATIVE HUMIDITY (PERCENT)
 HIGHEST    93           700 AM
 LOWEST     54           200 PM
 AVERAGE    74

..........................................................


THE BIRMINGHAM CLIMATE NORMALS FOR TODAY
                         NORMAL    RECORD    YEAR
 MAXIMUM TEMPERATURE (F)   54        76      1929
 MINIMUM TEMPERATURE (F)   34         6      1977


SUNRISE AND SUNSET
JANUARY 18 2017.......SUNRISE   650 AM CST   SUNSET   505 PM CST
JANUARY 19 2017.......SUNRISE   650 AM CST   SUNSET   506 PM CST


-  INDICATES NEGATIVE NUMBERS.
R  INDICATES RECORD WAS SET OR TIED.
MM INDICATES DATA IS MISSING.
T  INDICATES TRACE AMOUNT.




$$
