986
CDUS44 KBMX 110711
CLIBHM


CLIMATE REPORT
NATIONAL WEATHER SERVICE BIRMINGHAM, AL
109 AM CST THU FEB 11 2016


...................................

...THE BIRMINGHAM CLIMATE SUMMARY FOR FEBRUARY 10 2016...

CLIMATE NORMAL PERIOD 1981 TO 2010
CLIMATE RECORD PERIOD 1895 TO 2016


WEATHER ITEM   OBSERVED TIME   RECORD YEAR NORMAL DEPARTURE LAST
                VALUE   (LST)  VALUE       VALUE  FROM      YEAR
                                                  NORMAL
..................................................................
TEMPERATURE (F)
 YESTERDAY
  MAXIMUM         42    514 PM  80    1932  57    -15       48
  MINIMUM         23    701 AM  10    1971  36    -13       30
  AVERAGE         33                        46    -13       39

PRECIPITATION (IN)
  YESTERDAY        0.00          2.50 1981   0.15  -0.15     0.00
  MONTH TO DATE    3.05                      1.58   1.47     0.35
  SINCE DEC 1     16.86                     10.87   5.99    11.88
  SINCE JAN 1      6.33                      6.42  -0.09     4.73

SNOWFALL (IN)
  YESTERDAY        0.0                       0.0    0.0      0.0
  MONTH TO DATE    T                         0.0    0.0      0.0
  SINCE DEC 1      T                         0.7   -0.7       T
  SINCE JUL 1      T                         0.7   -0.7       T
  SNOW DEPTH       0

DEGREE DAYS
 HEATING
  YESTERDAY       32                        19     13       26
  MONTH TO DATE  188                       195     -7      208
  SINCE DEC 1   1158                      1442   -284     1403
  SINCE JUL 1   1429                      1900   -471     1965
..................................................................


WIND (MPH)
  HIGHEST WIND SPEED    22   HIGHEST WIND DIRECTION     W (270)
  HIGHEST GUST SPEED    26   HIGHEST GUST DIRECTION     W (270)
  AVERAGE WIND SPEED     7.4


SKY COVER
  AVERAGE SKY COVER 0.1


WEATHER CONDITIONS
 THE FOLLOWING WEATHER WAS RECORDED YESTERDAY.
  NO SIGNIFICANT WEATHER WAS OBSERVED.


RELATIVE HUMIDITY (PERCENT)
 HIGHEST    74           400 AM
 LOWEST     19           500 PM
 AVERAGE    47

..........................................................


THE BIRMINGHAM CLIMATE NORMALS FOR TODAY
                         NORMAL    RECORD    YEAR
 MAXIMUM TEMPERATURE (F)   57        79      1999
                                             1932
 MINIMUM TEMPERATURE (F)   36        14      1981


SUNRISE AND SUNSET
FEBRUARY 11 2016......SUNRISE   635 AM CST   SUNSET   527 PM CST
FEBRUARY 12 2016......SUNRISE   634 AM CST   SUNSET   528 PM CST


-  INDICATES NEGATIVE NUMBERS.
R  INDICATES RECORD WAS SET OR TIED.
MM INDICATES DATA IS MISSING.
T  INDICATES TRACE AMOUNT.




$$
