000
CDUS44 KBMX 120951
CLIBHM


CLIMATE REPORT
NATIONAL WEATHER SERVICE BIRMINGHAM, AL
451 AM CDT SAT JUL 12 2014


...................................

...THE BIRMINGHAM CLIMATE SUMMARY FOR JULY 11 2014...

CLIMATE NORMAL PERIOD 1981 TO 2010
CLIMATE RECORD PERIOD 1895 TO 2014


WEATHER ITEM   OBSERVED TIME   RECORD YEAR NORMAL DEPARTURE LAST
                VALUE   (LST)  VALUE       VALUE  FROM      YEAR
                                                  NORMAL
..................................................................
TEMPERATURE (F)
 YESTERDAY
  MAXIMUM         93    252 PM 103    1901  91      2       86
  MINIMUM         71    518 AM  58    1963  71      0       70
                                      1956
  AVERAGE         82                        81      1       78

PRECIPITATION (IN)
  YESTERDAY        0.00          2.84 1903   0.15  -0.15     0.17
  MONTH TO DATE    T                         1.73  -1.73     2.21
  SINCE JUN 1      4.81                      6.11  -1.30    10.87
  SINCE JAN 1     27.67                     30.08  -2.41    41.38

DEGREE DAYS
 COOLING
  YESTERDAY       17                        16      1       13
  MONTH TO DATE  165                       173     -8      134
  SINCE JUN 1    571                       555     16      555
  SINCE JAN 1    864                       837     27      820
..................................................................


WIND (MPH)
  HIGHEST WIND SPEED    12   HIGHEST WIND DIRECTION     N (350)
  HIGHEST GUST SPEED    16   HIGHEST GUST DIRECTION     N (340)
  AVERAGE WIND SPEED     3.4


SKY COVER
  AVERAGE SKY COVER 0.7


WEATHER CONDITIONS
 THE FOLLOWING WEATHER WAS RECORDED YESTERDAY.
  FOG


RELATIVE HUMIDITY (PERCENT)
 HIGHEST    93           400 AM
 LOWEST     39           200 PM
 AVERAGE    66

..........................................................


THE BIRMINGHAM CLIMATE NORMALS FOR TODAY
                         NORMAL    RECORD    YEAR
 MAXIMUM TEMPERATURE (F)   91       106      1930
 MINIMUM TEMPERATURE (F)   71        58      1975


SUNRISE AND SUNSET
JULY 12 2014..........SUNRISE   546 AM CDT   SUNSET   759 PM CDT
JULY 13 2014..........SUNRISE   547 AM CDT   SUNSET   759 PM CDT


-  INDICATES NEGATIVE NUMBERS.
R  INDICATES RECORD WAS SET OR TIED.
MM INDICATES DATA IS MISSING.
T  INDICATES TRACE AMOUNT.




$$
