000
CDUS44 KBMX 010725
CLIBHM


CLIMATE REPORT
NATIONAL WEATHER SERVICE BIRMINGHAM, AL
222 AM CDT SAT AUG 1 2015


...................................

...THE BIRMINGHAM CLIMATE SUMMARY FOR JULY 31 2015...

CLIMATE NORMAL PERIOD 1981 TO 2010
CLIMATE RECORD PERIOD 2014 TO 2015


WEATHER ITEM   OBSERVED TIME   RECORD YEAR NORMAL DEPARTURE LAST
                VALUE   (LST)  VALUE       VALUE  FROM      YEAR
                                                  NORMAL
..................................................................
TEMPERATURE (F)
 YESTERDAY
  MAXIMUM         93    309 PM 101    1987  91      2       84
                                      1986
                                      1896
  MINIMUM         69    526 AM  59    1965  72     -3       67
  AVERAGE         81                        81      0       76

PRECIPITATION (IN)
  YESTERDAY        0.00          4.31 2012   0.15  -0.15      T
  MONTH TO DATE    7.41                      4.80   2.61     0.92
  SINCE JUN 1      9.11                      9.18  -0.07     5.73
  SINCE JAN 1     34.84                     33.15   1.69    28.59

DEGREE DAYS
 COOLING
  YESTERDAY       16                        16      0       11
  MONTH TO DATE  558                       499     59      432
  SINCE JUN 1   1024                       881    143      838
  SINCE JAN 1   1359                      1163    196     1131
..................................................................


WIND (MPH)
  HIGHEST WIND SPEED    20   HIGHEST WIND DIRECTION     N (360)
  HIGHEST GUST SPEED    26   HIGHEST GUST DIRECTION     N (360)
  AVERAGE WIND SPEED     9.5


SKY COVER
  AVERAGE SKY COVER 0.1


WEATHER CONDITIONS
 THE FOLLOWING WEATHER WAS RECORDED YESTERDAY.
  NO SIGNIFICANT WEATHER WAS OBSERVED.


RELATIVE HUMIDITY (PERCENT)
 HIGHEST    84           300 AM
 LOWEST     28           200 PM
 AVERAGE    56

..........................................................


THE BIRMINGHAM CLIMATE NORMALS FOR TODAY
                         NORMAL    RECORD    YEAR
 MAXIMUM TEMPERATURE (F)   91       101      2010
                                             1987
                                             1921
 MINIMUM TEMPERATURE (F)   72        59      1925


SUNRISE AND SUNSET
AUGUST  1 2015........SUNRISE   559 AM CDT   SUNSET   747 PM CDT
AUGUST  2 2015........SUNRISE   600 AM CDT   SUNSET   746 PM CDT


-  INDICATES NEGATIVE NUMBERS.
R  INDICATES RECORD WAS SET OR TIED.
MM INDICATES DATA IS MISSING.
T  INDICATES TRACE AMOUNT.




$$
