000
CDUS44 KBMX 310938
CLIBHM


CLIMATE REPORT
NATIONAL WEATHER SERVICE BIRMINGHAM, AL
437 AM CDT THU JUL 31 2014


...................................

...THE BIRMINGHAM CLIMATE SUMMARY FOR JULY 30 2014...

CLIMATE NORMAL PERIOD 1981 TO 2010
CLIMATE RECORD PERIOD 1895 TO 2014


WEATHER ITEM   OBSERVED TIME   RECORD YEAR NORMAL DEPARTURE LAST
                VALUE   (LST)  VALUE       VALUE  FROM      YEAR
                                                  NORMAL
..................................................................
TEMPERATURE (F)
 YESTERDAY
  MAXIMUM         87    204 PM 101    1986  91     -4       91
  MINIMUM         57R   515 AM  61    1994  72    -15       68
  AVERAGE         72                        81     -9       80

PRECIPITATION (IN)
  YESTERDAY        0.00          2.33 1984   0.14  -0.14     0.05
  MONTH TO DATE    0.92                      4.65  -3.73     7.89
  SINCE JUN 1      5.73                      9.03  -3.30    16.55
  SINCE JAN 1     28.59                     33.00  -4.41    47.06

DEGREE DAYS
 COOLING
  YESTERDAY        7                        16     -9       15
  MONTH TO DATE  421                       477    -56      401
  SINCE JUN 1    827                       859    -32      822
  SINCE JAN 1   1120                      1141    -21     1087
..................................................................


WIND (MPH)
  HIGHEST WIND SPEED    15   HIGHEST WIND DIRECTION     N (350)
  HIGHEST GUST SPEED    23   HIGHEST GUST DIRECTION    NW (320)
  AVERAGE WIND SPEED     4.1


SKY COVER
  AVERAGE SKY COVER 0.5


WEATHER CONDITIONS
 THE FOLLOWING WEATHER WAS RECORDED YESTERDAY.
  NO SIGNIFICANT WEATHER WAS OBSERVED.


RELATIVE HUMIDITY (PERCENT)
 HIGHEST    87           200 AM
 LOWEST     27           200 PM
 AVERAGE    57

..........................................................


THE BIRMINGHAM CLIMATE NORMALS FOR TODAY
                         NORMAL    RECORD    YEAR
 MAXIMUM TEMPERATURE (F)   91       101      1987
                                             1986
                                             1896
 MINIMUM TEMPERATURE (F)   72        59      1965


SUNRISE AND SUNSET
JULY 31 2014..........SUNRISE   559 AM CDT   SUNSET   748 PM CDT
AUGUST  1 2014........SUNRISE   559 AM CDT   SUNSET   747 PM CDT


-  INDICATES NEGATIVE NUMBERS.
R  INDICATES RECORD WAS SET OR TIED.
MM INDICATES DATA IS MISSING.
T  INDICATES TRACE AMOUNT.




$$
