000
CDUS44 KBMX 310751
CLIBHM


CLIMATE REPORT
NATIONAL WEATHER SERVICE BIRMINGHAM, AL
251 AM CDT WED AUG 31 2016


...................................

...THE BIRMINGHAM CLIMATE SUMMARY FOR AUGUST 30 2016...

CLIMATE NORMAL PERIOD 1981 TO 2010
CLIMATE RECORD PERIOD 1895 TO 2016


WEATHER ITEM   OBSERVED TIME   RECORD YEAR NORMAL DEPARTURE LAST
                VALUE   (LST)  VALUE       VALUE  FROM      YEAR
                                                  NORMAL
..................................................................
TEMPERATURE (F)
 YESTERDAY
  MAXIMUM         95    336 PM 100    1995  89      6       74
                                      1951
  MINIMUM         76    558 AM  54    1992  69      7       69
  AVERAGE         86                        79      7       72

PRECIPITATION (IN)
  YESTERDAY        0.00          1.40 1956   0.12  -0.12     0.19
  MONTH TO DATE    2.52                      3.81  -1.29     7.23
  SINCE JUN 1     13.56                     12.99   0.57    16.34
  SINCE JAN 1     35.17                     36.96  -1.79    42.07

DEGREE DAYS
 COOLING
  YESTERDAY       21                        14      7        7
  MONTH TO DATE  554                       470     84      443
  SINCE JUN 1   1623                      1351    272     1467
  SINCE JAN 1   1946                      1633    313     1802
..................................................................


WIND (MPH)
  HIGHEST WIND SPEED    13   HIGHEST WIND DIRECTION    NE (50)
  HIGHEST GUST SPEED    17   HIGHEST GUST DIRECTION    NE (40)
  AVERAGE WIND SPEED     5.5


SKY COVER
  AVERAGE SKY COVER 0.1


WEATHER CONDITIONS
 THE FOLLOWING WEATHER WAS RECORDED YESTERDAY.
  NO SIGNIFICANT WEATHER WAS OBSERVED.


RELATIVE HUMIDITY (PERCENT)
 HIGHEST    74           600 AM
 LOWEST     33           300 PM
 AVERAGE    54

..........................................................


THE BIRMINGHAM CLIMATE NORMALS FOR TODAY
                         NORMAL    RECORD    YEAR
 MAXIMUM TEMPERATURE (F)   89       100      1951
 MINIMUM TEMPERATURE (F)   69        51      1946


SUNRISE AND SUNSET
AUGUST 31 2016........SUNRISE   621 AM CDT   SUNSET   713 PM CDT
SEPTEMBER  1 2016.....SUNRISE   621 AM CDT   SUNSET   712 PM CDT


-  INDICATES NEGATIVE NUMBERS.
R  INDICATES RECORD WAS SET OR TIED.
MM INDICATES DATA IS MISSING.
T  INDICATES TRACE AMOUNT.




$$
