000
CDUS45 KVEF 170828
CLIBIH


CLIMATE REPORT
NATIONAL WEATHER SERVICE LAS VEGAS, NV
127 AM PDT WED SEP 17 2014


...................................

...THE BISHOP CA CLIMATE SUMMARY FOR SEPTEMBER 16 2014...

CLIMATE NORMAL PERIOD 1981 TO 2010
CLIMATE RECORD PERIOD 1943 TO 2014


WEATHER ITEM   OBSERVED TIME   RECORD YEAR NORMAL DEPARTURE LAST
                VALUE   (LST)  VALUE       VALUE  FROM      YEAR
                                                  NORMAL
..................................................................
TEMPERATURE (F)
 YESTERDAY
  MAXIMUM         98    211 PM  99    2000  88     10       94
  MINIMUM         55    524 AM  36    1986  47      8       49
                                      1970
                                      1954
  AVERAGE         77                        68      9       72

PRECIPITATION (IN)
  YESTERDAY        0.00          0.01 1959   0.01  -0.01     0.00
  MONTH TO DATE    T                         0.08  -0.08      T
  SINCE OCT 1      2.83                      5.07  -2.24     2.34
  SINCE JAN 1      2.61                      3.45  -0.84     1.11

SNOWFALL (IN)
  YESTERDAY        0.0          MM      MM   0.0    0.0      0.0
  MONTH TO DATE    0.0                       0.0    0.0      0.0
  SINCE SEP 1      0.0                       0.0    0.0      0.0
  SINCE JUL 1      0.0                       0.0    0.0      0.0
  SNOW DEPTH       0

DEGREE DAYS
 HEATING
  YESTERDAY        0                         1     -1        0
  MONTH TO DATE    0                         9     -9        0
  SINCE SEP 1      0                         9     -9        0
  SINCE JUL 1      0                        11    -11        0

 COOLING
  YESTERDAY       12                         4      8        7
  MONTH TO DATE  151                        87     64      160
  SINCE SEP 1    151                        87     64      160
  SINCE JAN 1   1298                      1064    234     1325
..................................................................


WIND (MPH)
  RESULTANT WIND SPEED   1   RESULTANT WIND DIRECTION  NW (310)
  HIGHEST WIND SPEED    15   HIGHEST WIND DIRECTION     W (270)
  HIGHEST GUST SPEED    20   HIGHEST GUST DIRECTION     W (260)
  AVERAGE WIND SPEED     6.2


SKY COVER
  POSSIBLE SUNSHINE  MM
  AVERAGE SKY COVER 0.1


WEATHER CONDITIONS
 THE FOLLOWING WEATHER WAS RECORDED YESTERDAY.
  NO SIGNIFICANT WEATHER WAS OBSERVED.


RELATIVE HUMIDITY (PERCENT)
 HIGHEST    55           600 AM
 LOWEST     13          1200 PM
 AVERAGE    34

..........................................................


THE BISHOP CA CLIMATE NORMALS FOR TODAY
                         NORMAL    RECORD    YEAR
 MAXIMUM TEMPERATURE (F)   88        97      2000
                                             1983
                                             1943
 MINIMUM TEMPERATURE (F)   47        36      2006
                                             1996
                                             1977


SUNRISE AND SUNSET
SEPTEMBER 17 2014.....SUNRISE   637 AM PDT   SUNSET   658 PM PDT
SEPTEMBER 18 2014.....SUNRISE   638 AM PDT   SUNSET   656 PM PDT


-  INDICATES NEGATIVE NUMBERS.
R  INDICATES RECORD WAS SET OR TIED.
MM INDICATES DATA IS MISSING.
T  INDICATES TRACE AMOUNT.




$$
