000
CDUS45 KVEF 240826
CLIBIH


CLIMATE REPORT
NATIONAL WEATHER SERVICE LAS VEGAS, NV
125 AM PDT THU APR 24 2014


...................................

...THE BISHOP CA CLIMATE SUMMARY FOR APRIL 23 2014...

CLIMATE NORMAL PERIOD 1981 TO 2010
CLIMATE RECORD PERIOD 1943 TO 2014


WEATHER ITEM   OBSERVED TIME   RECORD YEAR NORMAL DEPARTURE LAST
                VALUE   (LST)  VALUE       VALUE  FROM      YEAR
                                                  NORMAL
..................................................................
TEMPERATURE (F)
 YESTERDAY
  MAXIMUM         73    353 PM  90    2012  75     -2       76
  MINIMUM         39    521 AM  25    1968  38      1       45
                                      1967
                                      1960
  AVERAGE         56                        56      0       61

PRECIPITATION (IN)
  YESTERDAY        0.00          0.11 1980   0.01  -0.01     0.00
  MONTH TO DATE    0.07                      0.22  -0.15      T
  SINCE OCT 1      2.24                      4.27  -2.03     1.23
  SINCE JAN 1      2.02                      2.65  -0.63      T

SNOWFALL (IN)
  YESTERDAY        0.0           T    1961   0.0    0.0      0.0
  MONTH TO DATE    0.1                       0.0    0.1      0.0
  SINCE MAR 1      0.1                       0.9   -0.8      0.0
  SINCE JUL 1      0.6                       6.8   -6.2      2.8
  SNOW DEPTH       0

DEGREE DAYS
 HEATING
  YESTERDAY        9                         9      0        4
  MONTH TO DATE  155                       265   -110      193
  SINCE MAR 1    590                       781   -191      559
  SINCE JUL 1   3540                      3988   -448     3766

 COOLING
  YESTERDAY        0                         0      0        0
  MONTH TO DATE    4                         0      4        6
  SINCE MAR 1      4                         0      4        6
  SINCE JAN 1      4                         0      4        6
..................................................................


WIND (MPH)
  RESULTANT WIND SPEED   1   RESULTANT WIND DIRECTION   N (20)
  HIGHEST WIND SPEED    25   HIGHEST WIND DIRECTION     N (340)
  HIGHEST GUST SPEED    31   HIGHEST GUST DIRECTION    NW (330)
  AVERAGE WIND SPEED    11.1


SKY COVER
  POSSIBLE SUNSHINE  MM
  AVERAGE SKY COVER 0.1


WEATHER CONDITIONS
 THE FOLLOWING WEATHER WAS RECORDED YESTERDAY.
  NO SIGNIFICANT WEATHER WAS OBSERVED.


RELATIVE HUMIDITY (PERCENT)
 HIGHEST    36           500 AM
 LOWEST      9           300 PM
 AVERAGE    23

..........................................................


THE BISHOP CA CLIMATE NORMALS FOR TODAY
                         NORMAL    RECORD    YEAR
 MAXIMUM TEMPERATURE (F)   75        87      1996
                                             1953
 MINIMUM TEMPERATURE (F)   38        27      1964


SUNRISE AND SUNSET
APRIL 24 2014.........SUNRISE   607 AM PDT   SUNSET   737 PM PDT
APRIL 25 2014.........SUNRISE   606 AM PDT   SUNSET   738 PM PDT


-  INDICATES NEGATIVE NUMBERS.
R  INDICATES RECORD WAS SET OR TIED.
MM INDICATES DATA IS MISSING.
T  INDICATES TRACE AMOUNT.




$$
