000
CDUS45 KVEF 220829
CLIBIH


CLIMATE REPORT
NATIONAL WEATHER SERVICE LAS VEGAS, NV
128 AM PDT FRI MAY 22 2015


...................................

...THE BISHOP CA CLIMATE SUMMARY FOR MAY 21 2015...

CLIMATE NORMAL PERIOD 1981 TO 2010
CLIMATE RECORD PERIOD 1943 TO 2015


WEATHER ITEM   OBSERVED TIME   RECORD YEAR NORMAL DEPARTURE LAST
                VALUE   (LST)  VALUE       VALUE  FROM      YEAR
                                                  NORMAL
..................................................................
TEMPERATURE (F)
 YESTERDAY
  MAXIMUM         74    237 PM  95    2012  84    -10       72
                                      2000
                                      1979
  MINIMUM         43    405 AM  34    2002  46     -3       45
                                      1987
  AVERAGE         59                        65     -6       59

PRECIPITATION (IN)
  YESTERDAY        0.01          0.18 1959   0.01   0.00     0.08
  MONTH TO DATE    0.82                      0.12   0.70     0.15
  SINCE OCT 1      1.56                      4.43  -2.87     2.39
  SINCE JAN 1      1.10                      2.81  -1.71     2.17

SNOWFALL (IN)
  YESTERDAY       MM            MM      MM   0.0   MM        0.0
  MONTH TO DATE    T                         0.0    0.0      0.0
  SINCE MAR 1      T                         0.9   -0.9      0.1
  SINCE JUL 1      T                         6.8   -6.8      0.6
  SNOW DEPTH       0

DEGREE DAYS
 HEATING
  YESTERDAY        6                         3      3        6
  MONTH TO DATE  122                        95     27       81
  SINCE MAR 1    672                       930   -258      725
  SINCE JUL 1   3113                      4137  -1024     3675

 COOLING
  YESTERDAY        0                         3     -3        0
  MONTH TO DATE    1                        29    -28       25
  SINCE MAR 1      5                        33    -28       29
  SINCE JAN 1      5                        33    -28       29
..................................................................


WIND (MPH)
  RESULTANT WIND SPEED   2   RESULTANT WIND DIRECTION   W (290)
  HIGHEST WIND SPEED    28   HIGHEST WIND DIRECTION    SE (140)
  HIGHEST GUST SPEED    38   HIGHEST GUST DIRECTION     S (180)
  AVERAGE WIND SPEED    10.5


SKY COVER
  POSSIBLE SUNSHINE  MM
  AVERAGE SKY COVER 0.5


WEATHER CONDITIONS
 THE FOLLOWING WEATHER WAS RECORDED YESTERDAY.
  NO SIGNIFICANT WEATHER WAS OBSERVED.


RELATIVE HUMIDITY (PERCENT)
 HIGHEST    66           800 PM
 LOWEST     20           200 PM
 AVERAGE    43

..........................................................


THE BISHOP CA CLIMATE NORMALS FOR TODAY
                         NORMAL    RECORD    YEAR
 MAXIMUM TEMPERATURE (F)   84        99      1984
 MINIMUM TEMPERATURE (F)   46        25      2010


SUNRISE AND SUNSET
MAY 22 2015...........SUNRISE   540 AM PDT   SUNSET   801 PM PDT
MAY 23 2015...........SUNRISE   539 AM PDT   SUNSET   802 PM PDT


-  INDICATES NEGATIVE NUMBERS.
R  INDICATES RECORD WAS SET OR TIED.
MM INDICATES DATA IS MISSING.
T  INDICATES TRACE AMOUNT.




$$
