135
CDUS45 KVEF 220826
CLIBIH


CLIMATE REPORT
NATIONAL WEATHER SERVICE LAS VEGAS, NV
126 AM PDT SAT JUL 22 2017


...................................

...THE BISHOP CA CLIMATE SUMMARY FOR JULY 21 2017...

CLIMATE NORMAL PERIOD 1981 TO 2010
CLIMATE RECORD PERIOD 1943 TO 2017


WEATHER ITEM   OBSERVED TIME   RECORD YEAR NORMAL DEPARTURE LAST
                VALUE   (LST)  VALUE       VALUE  FROM      YEAR
                                                  NORMAL
..................................................................
TEMPERATURE (F)
 YESTERDAY
  MAXIMUM        102    228 PM 106    1981  99      3      103
  MINIMUM         58    408 AM  44    1999  57      1       59
  AVERAGE         80                        78      2       81

PRECIPITATION (IN)
  YESTERDAY        0.00          0.38 1984   0.01  -0.01     0.00
  MONTH TO DATE    T                         0.11  -0.11      T
  SINCE OCT 1      9.16                      4.80   4.36     3.88
  SINCE JAN 1      8.80                      3.18   5.62     3.07

SNOWFALL (IN)
  YESTERDAY        0.0          MM      MM   0.0    0.0      0.0
  MONTH TO DATE    0.0                       0.0    0.0      0.0
  SINCE JUN 1      0.0                       0.0    0.0      0.0
  SINCE JUL 1      0.0                       0.0    0.0      0.0
  SNOW DEPTH       0

DEGREE DAYS
 HEATING
  YESTERDAY        0                         0      0        0
  MONTH TO DATE    0                         0      0        0
  SINCE JUN 1     14                        19     -5        3
  SINCE JUL 1      0                         0      0        0

 COOLING
  YESTERDAY       15                        13      2       16
  MONTH TO DATE  345                       256     89      273
  SINCE JUN 1    678                       470    208      633
  SINCE JAN 1    735                       538    197      680
..................................................................


WIND (MPH)
  RESULTANT WIND SPEED   6   RESULTANT WIND DIRECTION   S (160)
  HIGHEST WIND SPEED    22   HIGHEST WIND DIRECTION     S (160)
  HIGHEST GUST SPEED    28   HIGHEST GUST DIRECTION     S (170)
  AVERAGE WIND SPEED     9.5


SKY COVER
  POSSIBLE SUNSHINE  MM
  AVERAGE SKY COVER 0.0


WEATHER CONDITIONS
 THE FOLLOWING WEATHER WAS RECORDED YESTERDAY.
  NO SIGNIFICANT WEATHER WAS OBSERVED.


RELATIVE HUMIDITY (PERCENT)
 HIGHEST    39           300 AM
 LOWEST      7          1200 PM
 AVERAGE    23

..........................................................


THE BISHOP CA CLIMATE NORMALS FOR TODAY
                         NORMAL    RECORD    YEAR
 MAXIMUM TEMPERATURE (F)   99       109      2003
 MINIMUM TEMPERATURE (F)   57        39      1987


SUNRISE AND SUNSET
JULY 22 2017..........SUNRISE   550 AM PDT   SUNSET   809 PM PDT
JULY 23 2017..........SUNRISE   551 AM PDT   SUNSET   809 PM PDT


-  INDICATES NEGATIVE NUMBERS.
R  INDICATES RECORD WAS SET OR TIED.
MM INDICATES DATA IS MISSING.
T  INDICATES TRACE AMOUNT.




$$
