000
CDUS45 KVEF 290833
CLIBIH


CLIMATE REPORT
NATIONAL WEATHER SERVICE LAS VEGAS, NV
133 AM PDT SAT AUG 29 2015


...................................

...THE BISHOP CA CLIMATE SUMMARY FOR AUGUST 28 2015...

CLIMATE NORMAL PERIOD 1981 TO 2010
CLIMATE RECORD PERIOD 1943 TO 2015


WEATHER ITEM   OBSERVED TIME   RECORD YEAR NORMAL DEPARTURE LAST
                VALUE   (LST)  VALUE       VALUE  FROM      YEAR
                                                  NORMAL
..................................................................
TEMPERATURE (F)
 YESTERDAY
  MAXIMUM         99    123 PM 103    2001  94      5       98
                                      1950
  MINIMUM         56    517 AM  40    1991  52      4       54
  AVERAGE         78                        73      5       76

PRECIPITATION (IN)
  YESTERDAY        0.00          0.08 1972   0.00   0.00     0.00
  MONTH TO DATE    0.02                      0.12  -0.10     0.20
  SINCE OCT 1      3.01                      4.97  -1.96     2.83
  SINCE JAN 1      2.55                      3.35  -0.80     2.61

SNOWFALL (IN)
  YESTERDAY        0.0          MM      MM   0.0    0.0      0.0
  MONTH TO DATE    0.0                       0.0    0.0      0.0
  SINCE JUN 1      0.0                       0.0    0.0      0.0
  SINCE JUL 1      0.0                       0.0    0.0      0.0
  SNOW DEPTH       0

DEGREE DAYS
 HEATING
  YESTERDAY        0                         0      0        0
  MONTH TO DATE    0                         0      0        0
  SINCE JUN 1      0                        20    -20        0
  SINCE JUL 1      0                         1     -1        0

 COOLING
  YESTERDAY       13                         8      5       11
  MONTH TO DATE  369                       290     79      262
  SINCE JUN 1   1065                       886    179     1022
  SINCE JAN 1   1116                       954    162     1107
..................................................................


WIND (MPH)
  RESULTANT WIND SPEED   0   RESULTANT WIND DIRECTION  SE (120)
  HIGHEST WIND SPEED    20   HIGHEST WIND DIRECTION     S (160)
  HIGHEST GUST SPEED    26   HIGHEST GUST DIRECTION    SE (150)
  AVERAGE WIND SPEED     6.9


SKY COVER
  POSSIBLE SUNSHINE  MM
  AVERAGE SKY COVER 0.2


WEATHER CONDITIONS
 THE FOLLOWING WEATHER WAS RECORDED YESTERDAY.
  HAZE


RELATIVE HUMIDITY (PERCENT)
 HIGHEST    47           500 AM
 LOWEST     13          1200 PM
 AVERAGE    30

..........................................................


THE BISHOP CA CLIMATE NORMALS FOR TODAY
                         NORMAL    RECORD    YEAR
 MAXIMUM TEMPERATURE (F)   94       105      1950
 MINIMUM TEMPERATURE (F)   51        40      1946


SUNRISE AND SUNSET
AUGUST 29 2015........SUNRISE   621 AM PDT   SUNSET   727 PM PDT
AUGUST 30 2015........SUNRISE   622 AM PDT   SUNSET   725 PM PDT


-  INDICATES NEGATIVE NUMBERS.
R  INDICATES RECORD WAS SET OR TIED.
MM INDICATES DATA IS MISSING.
T  INDICATES TRACE AMOUNT.




$$
