238
CDUS45 KVEF 230826
CLIBIH


CLIMATE REPORT
NATIONAL WEATHER SERVICE LAS VEGAS, NV
126 AM PDT THU MAR 23 2017


...................................

...THE BISHOP CA CLIMATE SUMMARY FOR MARCH 22 2017...

CLIMATE NORMAL PERIOD 1981 TO 2010
CLIMATE RECORD PERIOD 1943 TO 2017


WEATHER ITEM   OBSERVED TIME   RECORD YEAR NORMAL DEPARTURE LAST
                VALUE   (LST)  VALUE       VALUE  FROM      YEAR
                                                  NORMAL
..................................................................
TEMPERATURE (F)
 YESTERDAY
  MAXIMUM         63   1102 AM  83    2004  67     -4       61
  MINIMUM         32    617 AM  20    1948  32      0       37
  AVERAGE         48                        50     -2       49

PRECIPITATION (IN)
  YESTERDAY        0.00          1.18 2005   0.01  -0.01     0.00
  MONTH TO DATE    0.09                      0.41  -0.32     0.07
  SINCE OCT 1      7.89                      3.93   3.96     2.00
  SINCE JAN 1      7.53                      2.31   5.22     1.19

SNOWFALL (IN)
  YESTERDAY        0.0           0.6  1964   0.1   -0.1      0.0
  MONTH TO DATE    T                         0.4   -0.4      0.0
  SINCE MAR 1      T                         0.4   -0.4      0.0
  SINCE JUL 1      8.6                       7.8    0.8      2.0
  SNOW DEPTH       0

DEGREE DAYS
 HEATING
  YESTERDAY       17                        15      2       16
  MONTH TO DATE  295                       384    -89      274
  SINCE MAR 1    295                       384    -89      274
  SINCE JUL 1   3295                      3591   -296     3330

 COOLING
  YESTERDAY        0                         0      0        0
  MONTH TO DATE    0                         0      0        0
  SINCE MAR 1      0                         0      0        0
  SINCE JAN 1      0                         0      0        0
..................................................................


WIND (MPH)
  RESULTANT WIND SPEED   4   RESULTANT WIND DIRECTION  NW (330)
  HIGHEST WIND SPEED    29   HIGHEST WIND DIRECTION     W (250)
  HIGHEST GUST SPEED    35   HIGHEST GUST DIRECTION     W (250)
  AVERAGE WIND SPEED     9.9


SKY COVER
  POSSIBLE SUNSHINE  MM
  AVERAGE SKY COVER 0.2


WEATHER CONDITIONS
 THE FOLLOWING WEATHER WAS RECORDED YESTERDAY.
  NO SIGNIFICANT WEATHER WAS OBSERVED.


RELATIVE HUMIDITY (PERCENT)
 HIGHEST    89           600 AM
 LOWEST     17          1100 AM
 AVERAGE    53

..........................................................


THE BISHOP CA CLIMATE NORMALS FOR TODAY
                         NORMAL    RECORD    YEAR
 MAXIMUM TEMPERATURE (F)   67        82      2004
 MINIMUM TEMPERATURE (F)   32        18      1964


SUNRISE AND SUNSET
MARCH 23 2017.........SUNRISE   652 AM PDT   SUNSET   708 PM PDT
MARCH 24 2017.........SUNRISE   651 AM PDT   SUNSET   709 PM PDT


-  INDICATES NEGATIVE NUMBERS.
R  INDICATES RECORD WAS SET OR TIED.
MM INDICATES DATA IS MISSING.
T  INDICATES TRACE AMOUNT.




$$
