114
CDUS45 KVEF 200845
CLIBIH


CLIMATE REPORT
NATIONAL WEATHER SERVICE LAS VEGAS, NV
1245 AM PST FRI JAN 20 2017


...................................

...THE BISHOP CA CLIMATE SUMMARY FOR JANUARY 19 2017...

CLIMATE NORMAL PERIOD 1981 TO 2010
CLIMATE RECORD PERIOD 1943 TO 2017


WEATHER ITEM   OBSERVED TIME   RECORD YEAR NORMAL DEPARTURE LAST
                VALUE   (LST)  VALUE       VALUE  FROM      YEAR
                                                  NORMAL
..................................................................
TEMPERATURE (F)
 YESTERDAY
  MAXIMUM         48    343 PM  72    1971  54     -6       47
  MINIMUM         29   1107 PM   1    1955  23      6       27
  AVERAGE         39                        39      0       37

PRECIPITATION (IN)
  YESTERDAY        0.09          2.24 1969   0.03   0.06     0.19
  MONTH TO DATE    3.79                      0.75   3.04     0.35
  SINCE OCT 1      4.15                      2.37   1.78     1.16
  SINCE JAN 1      3.79                      0.75   3.04     0.35

SNOWFALL (IN)
  YESTERDAY       MM             1.6  1949   0.2   MM        0.0
  MONTH TO DATE    0.0                       3.9   -3.9      0.0
  SINCE DEC 1      T                         5.1   -5.1       T
  SINCE JUL 1      T                         5.4   -5.4       T
  SNOW DEPTH       0

DEGREE DAYS
 HEATING
  YESTERDAY       26                        26      0       28
  MONTH TO DATE  490                       512    -22      548
  SINCE DEC 1   1279                      1358    -79     1459
  SINCE JUL 1   2022                      2259   -237     2273

 COOLING
  YESTERDAY        0                         0      0        0
  MONTH TO DATE    0                         0      0        0
  SINCE DEC 1      0                         0      0        0
  SINCE JAN 1      0                         0      0        0
..................................................................


WIND (MPH)
  RESULTANT WIND SPEED   0   RESULTANT WIND DIRECTION   E (90)
  HIGHEST WIND SPEED     9   HIGHEST WIND DIRECTION     W (250)
  HIGHEST GUST SPEED    11   HIGHEST GUST DIRECTION     W (250)
  AVERAGE WIND SPEED     3.6


SKY COVER
  POSSIBLE SUNSHINE  MM
  AVERAGE SKY COVER 0.6


WEATHER CONDITIONS
 THE FOLLOWING WEATHER WAS RECORDED YESTERDAY.
  LIGHT RAIN
  LIGHT SNOW
  FOG


RELATIVE HUMIDITY (PERCENT)
 HIGHEST    92           200 AM
 LOWEST     56           300 PM
 AVERAGE    74

..........................................................


THE BISHOP CA CLIMATE NORMALS FOR TODAY
                         NORMAL    RECORD    YEAR
 MAXIMUM TEMPERATURE (F)   54        74      1971
 MINIMUM TEMPERATURE (F)   23        -6      1955


SUNRISE AND SUNSET
JANUARY 20 2017.......SUNRISE   704 AM PST   SUNSET   505 PM PST
JANUARY 21 2017.......SUNRISE   704 AM PST   SUNSET   506 PM PST


-  INDICATES NEGATIVE NUMBERS.
R  INDICATES RECORD WAS SET OR TIED.
MM INDICATES DATA IS MISSING.
T  INDICATES TRACE AMOUNT.




$$
