000
CDUS45 KBYZ 212323
CLIBIL


CLIMATE REPORT
NATIONAL WEATHER SERVICE BILLINGS MT
423 PM MST SUN JAN 21 2018


...................................

...THE BILLINGS MT CLIMATE SUMMARY FOR JANUARY 21 2018...
VALID TODAY AS OF 0400 PM LOCAL TIME.

CLIMATE NORMAL PERIOD 1981 TO 2010
CLIMATE RECORD PERIOD 1934 TO 2018


WEATHER ITEM   OBSERVED TIME   RECORD YEAR NORMAL DEPARTURE LAST
                VALUE   (LST)  VALUE       VALUE  FROM      YEAR
                                                  NORMAL
..................................................................
TEMPERATURE (F)
 TODAY
  MAXIMUM         36    338 PM  57    1981  37     -1       35
  MINIMUM         20    748 AM -25    1962  18      2       18
                                      1954
  AVERAGE         28                        28      0       27

PRECIPITATION (IN)
  TODAY            0.00          0.20 1963   0.02  -0.02     0.00
                                      1952
  MONTH TO DATE    0.58                      0.33   0.25     0.34
  SINCE OCT 1      4.23                      2.64   1.59     5.90
  SINCE JAN 1      0.58                      0.33   0.25     0.34

DEGREE DAYS
 HEATING
  TODAY           37                        38     -1       38
  MONTH TO DATE  843                       805     38     1055
  SINCE DEC 1   2094                      1998     96     2482
  SINCE JUL 1   3696                      3626     70     3741

 COOLING
  TODAY            0                         0      0        0
  MONTH TO DATE    0                         0      0        0
  SINCE DEC 1      0                         0      0        0
  SINCE JAN 1      0                         0      0        0
..................................................................


WIND (MPH)
  HIGHEST WIND SPEED    16   HIGHEST WIND DIRECTION     W (250)
  HIGHEST GUST SPEED    20   HIGHEST GUST DIRECTION    SW (220)
  AVERAGE WIND SPEED    12.4


SKY COVER
  POSSIBLE SUNSHINE  MM
  AVERAGE SKY COVER 0.2


WEATHER CONDITIONS
 THE FOLLOWING WEATHER WAS RECORDED TODAY.
  NO SIGNIFICANT WEATHER WAS OBSERVED.


RELATIVE HUMIDITY (PERCENT)
 HIGHEST    74           100 AM
 LOWEST     44           400 PM
 AVERAGE    59

..........................................................


THE BILLINGS MT CLIMATE NORMALS FOR TOMORROW
                         NORMAL    RECORD    YEAR
 MAXIMUM TEMPERATURE (F)   37        64      1981
 MINIMUM TEMPERATURE (F)   18       -22      1943


SUNRISE AND SUNSET
JANUARY 21 2018.......SUNRISE   747 AM MST   SUNSET   504 PM MST
JANUARY 22 2018.......SUNRISE   746 AM MST   SUNSET   506 PM MST


-  INDICATES NEGATIVE NUMBERS.
R  INDICATES RECORD WAS SET OR TIED.
MM INDICATES DATA IS MISSING.
T  INDICATES TRACE AMOUNT.




$$
