000
CDUS45 KBYZ 222223
CLIBIL


CLIMATE REPORT
NATIONAL WEATHER SERVICE BILLINGS MT
423 PM MDT SAT JUL 22 2017


...................................

...THE BILLINGS MT CLIMATE SUMMARY FOR JULY 22 2017...
VALID TODAY AS OF 0400 PM LOCAL TIME.

CLIMATE NORMAL PERIOD 1981 TO 2010
CLIMATE RECORD PERIOD 1934 TO 2017


WEATHER ITEM   OBSERVED TIME   RECORD YEAR NORMAL DEPARTURE LAST
                VALUE   (LST)  VALUE       VALUE  FROM      YEAR
                                                  NORMAL
..................................................................
TEMPERATURE (F)
 TODAY
  MAXIMUM         88    247 PM 103    1936  88      0       95
  MINIMUM         59    433 AM  45    1939  60     -1       66
  AVERAGE         74                        74      0       81

PRECIPITATION (IN)
  TODAY            0.00          0.42 1944   0.04  -0.04      T
  MONTH TO DATE    0.09                      0.99  -0.90     0.16
  SINCE OCT 1     16.59                     11.28   5.31     8.64
  SINCE JAN 1     11.03                      8.97   2.06     5.79

DEGREE DAYS
 HEATING
  TODAY            0                         0      0        0
  MONTH TO DATE    0                        12    -12        4
  SINCE JUN 1     38                       108    -70       15
  SINCE JUL 1      0                        12    -12        4

 COOLING
  TODAY            9                         9      0       16
  MONTH TO DATE  302                       171    131      182
  SINCE JUN 1    405                       256    149      370
  SINCE JAN 1    420                       273    147      381
..................................................................


WIND (MPH)
  HIGHEST WIND SPEED    13   HIGHEST WIND DIRECTION    NW (320)
  HIGHEST GUST SPEED    14   HIGHEST GUST DIRECTION    SE (130)
  AVERAGE WIND SPEED     5.2


SKY COVER
  POSSIBLE SUNSHINE  MM
  AVERAGE SKY COVER 0.3


WEATHER CONDITIONS
 THE FOLLOWING WEATHER WAS RECORDED TODAY.
  HAZE


RELATIVE HUMIDITY (PERCENT)
 HIGHEST    32           800 AM
 LOWEST     12           100 PM
 AVERAGE    22

..........................................................


THE BILLINGS MT CLIMATE NORMALS FOR TOMORROW
                         NORMAL    RECORD    YEAR
 MAXIMUM TEMPERATURE (F)   88       107      2003
 MINIMUM TEMPERATURE (F)   60        48      1939


SUNRISE AND SUNSET
JULY 22 2017..........SUNRISE   546 AM MDT   SUNSET   854 PM MDT
JULY 23 2017..........SUNRISE   547 AM MDT   SUNSET   853 PM MDT


-  INDICATES NEGATIVE NUMBERS.
R  INDICATES RECORD WAS SET OR TIED.
MM INDICATES DATA IS MISSING.
T  INDICATES TRACE AMOUNT.




$$
