000
CDUS45 KBYZ 032223
CLIBIL


CLIMATE REPORT
NATIONAL WEATHER SERVICE BILLINGS MT
421 PM MDT MON AUG 3 2015


...................................

...THE BILLINGS MT CLIMATE SUMMARY FOR AUGUST 3 2015...
VALID TODAY AS OF 0400 PM LOCAL TIME.

CLIMATE NORMAL PERIOD 1981 TO 2010
CLIMATE RECORD PERIOD 1934 TO 2015


WEATHER ITEM   OBSERVED TIME   RECORD YEAR NORMAL DEPARTURE LAST
                VALUE   (LST)  VALUE       VALUE  FROM      YEAR
                                                  NORMAL
..................................................................
TEMPERATURE (F)
 TODAY
  MAXIMUM         90    310 PM 104    1961  88      2       90
  MINIMUM         61    430 AM  44    1978  60      1       60
  AVERAGE         76                        74      2       75

PRECIPITATION (IN)
  TODAY            0.00          0.62 1944   0.03  -0.03     0.00
  MONTH TO DATE    0.00                      0.09  -0.09      T
  SINCE OCT 1     10.50                     11.70  -1.20    14.81
  SINCE JAN 1      8.93                      9.39  -0.46     9.92

SNOWFALL (IN)
  TODAY            0.0           0.0  2002   0.0    0.0      0.0
                                      2000
  MONTH TO DATE    0.0                       0.0    0.0      0.0
  SINCE JUN 1      T                         0.0    0.0       T
  SINCE JUL 1      T                         0.0    0.0      0.0
  SNOW DEPTH       0

DEGREE DAYS
 HEATING
  TODAY            0                         0      0        0
  MONTH TO DATE    0                         0      0        0
  SINCE JUN 1     19                       111    -92       90
  SINCE JUL 1      1                        15    -14        1

 COOLING
  TODAY           11                         9      2       10
  MONTH TO DATE   36                        27      9       36
  SINCE JUN 1    450                       368     82      359
  SINCE JAN 1    453                       385     68      375
..................................................................


WIND (MPH)
  HIGHEST WIND SPEED    17   HIGHEST WIND DIRECTION     E (100)
  HIGHEST GUST SPEED    24   HIGHEST GUST DIRECTION     E (110)
  AVERAGE WIND SPEED     7.8


SKY COVER
  POSSIBLE SUNSHINE  MM
  AVERAGE SKY COVER 0.4


WEATHER CONDITIONS
 THE FOLLOWING WEATHER WAS RECORDED TODAY.
  NO SIGNIFICANT WEATHER WAS OBSERVED.


RELATIVE HUMIDITY (PERCENT)
 HIGHEST    56           600 AM
 LOWEST     21           300 PM
 AVERAGE    39

..........................................................


THE BILLINGS MT CLIMATE NORMALS FOR TOMORROW
                         NORMAL    RECORD    YEAR
 MAXIMUM TEMPERATURE (F)   88       103      1964
 MINIMUM TEMPERATURE (F)   60        46      1978


SUNRISE AND SUNSET
AUGUST  3 2015........SUNRISE   559 AM MDT   SUNSET   841 PM MDT
AUGUST  4 2015........SUNRISE   601 AM MDT   SUNSET   839 PM MDT


-  INDICATES NEGATIVE NUMBERS.
R  INDICATES RECORD WAS SET OR TIED.
MM INDICATES DATA IS MISSING.
T  INDICATES TRACE AMOUNT.




$$
