000
CDUS45 KBYZ 232232
CLIBIL


CLIMATE REPORT
NATIONAL WEATHER SERVICE BILLINGS MT
430 PM MDT TUE SEP 23 2014


...................................

...THE BILLINGS MT CLIMATE SUMMARY FOR SEPTEMBER 23 2014...
VALID TODAY AS OF 0400 PM LOCAL TIME.

CLIMATE NORMAL PERIOD 1981 TO 2010
CLIMATE RECORD PERIOD 1934 TO 2014


WEATHER ITEM   OBSERVED TIME   RECORD YEAR NORMAL DEPARTURE LAST
                VALUE   (LST)  VALUE       VALUE  FROM      YEAR
                                                  NORMAL
..................................................................
TEMPERATURE (F)
 TODAY
  MAXIMUM         86    258 PM  91    2011  69     17       71
                                      1992
                                      1966
  MINIMUM         59    742 AM  23    1984  45     14       51
  AVERAGE         73                        57     16       61

PRECIPITATION (IN)
  TODAY            0.00          0.84 2007   0.04  -0.04      T
  MONTH TO DATE    0.41                      0.97  -0.56     2.99
  SINCE OCT 1     17.19                     13.33   3.86    13.22
  SINCE JAN 1     12.30                     11.02   1.28    11.17

SNOWFALL (IN)
  TODAY            0.0           6.2  1984   0.1   -0.1      0.0
  MONTH TO DATE    T                         0.6   -0.6       T
  SINCE SEP 1      T                         0.6   -0.6       T
  SINCE JUL 1      T                         0.6   -0.6       T
  SNOW DEPTH       0

DEGREE DAYS
 HEATING
  TODAY            0                         9     -9        4
  MONTH TO DATE  147                       120     27       28
  SINCE SEP 1    147                       120     27       28
  SINCE JUL 1    195                       157     38       28

 COOLING
  TODAY            8                         1      7        0
  MONTH TO DATE   42                        47     -5      103
  SINCE SEP 1     42                        47     -5      103
  SINCE JAN 1    594                       629    -35      840
..................................................................


WIND (MPH)
  HIGHEST WIND SPEED    21   HIGHEST WIND DIRECTION    SW (230)
  HIGHEST GUST SPEED    25   HIGHEST GUST DIRECTION    SW (230)
  AVERAGE WIND SPEED    13.1


SKY COVER
  POSSIBLE SUNSHINE  MM
  AVERAGE SKY COVER 0.2


WEATHER CONDITIONS
 THE FOLLOWING WEATHER WAS RECORDED TODAY.
  NO SIGNIFICANT WEATHER WAS OBSERVED.


RELATIVE HUMIDITY (PERCENT)
 HIGHEST    62           500 AM
 LOWEST     19           300 PM
 AVERAGE    41

..........................................................


THE BILLINGS MT CLIMATE NORMALS FOR TOMORROW
                         NORMAL    RECORD    YEAR
 MAXIMUM TEMPERATURE (F)   69        90      1938
 MINIMUM TEMPERATURE (F)   44        22      1984


SUNRISE AND SUNSET
SEPTEMBER 23 2014.....SUNRISE   702 AM MDT   SUNSET   710 PM MDT
SEPTEMBER 24 2014.....SUNRISE   704 AM MDT   SUNSET   708 PM MDT


-  INDICATES NEGATIVE NUMBERS.
R  INDICATES RECORD WAS SET OR TIED.
MM INDICATES DATA IS MISSING.
T  INDICATES TRACE AMOUNT.




$$
