000
CDUS45 KBYZ 250944
CLIBIL


CLIMATE REPORT
NATIONAL WEATHER SERVICE BILLINGS MT
341 AM MDT TUE APR 25 2017


...................................

...THE BILLINGS MT CLIMATE SUMMARY FOR APRIL 24 2017...

CLIMATE NORMAL PERIOD 1981 TO 2010
CLIMATE RECORD PERIOD 1934 TO 2017


WEATHER ITEM   OBSERVED TIME   RECORD YEAR NORMAL DEPARTURE LAST
                VALUE   (LST)  VALUE       VALUE  FROM      YEAR
                                                  NORMAL
..................................................................
TEMPERATURE (F)
 YESTERDAY
  MAXIMUM         57    115 PM  86    2012  60     -3       49
  MINIMUM         40    602 AM  22    1967  37      3       36
  AVERAGE         49                        49      0       43

PRECIPITATION (IN)
  YESTERDAY        0.09          0.61 1971   0.06   0.03     0.01
  MONTH TO DATE    2.37                      1.28   1.09     0.84
  SINCE OCT 1     11.61                      5.61   6.00     5.77
  SINCE JAN 1      6.05                      3.30   2.75     2.92

SNOWFALL (IN)
  YESTERDAY        0.0           2.9  1960   0.2   -0.2      0.0
  MONTH TO DATE    3.4                       7.1   -3.7       T
  SINCE MAR 1     13.8                      17.3   -3.5      1.9
  SINCE JUL 1     74.1                      51.8   22.3     26.3
  SNOW DEPTH       0

DEGREE DAYS
 HEATING
  YESTERDAY       16                        16      0       22
  MONTH TO DATE  387                       475    -88      310
  SINCE MAR 1   1105                      1320   -215      984
  SINCE JUL 1   6190                      6285    -95     5245

 COOLING
  YESTERDAY        0                         0      0        0
  MONTH TO DATE    0                         0      0        3
  SINCE MAR 1      0                         0      0        3
  SINCE JAN 1      0                         0      0        3
..................................................................


WIND (MPH)
  HIGHEST WIND SPEED    24   HIGHEST WIND DIRECTION    NE (60)
  HIGHEST GUST SPEED    29   HIGHEST GUST DIRECTION    NE (60)
  AVERAGE WIND SPEED     8.5


SKY COVER
  POSSIBLE SUNSHINE  MM
  AVERAGE SKY COVER 0.7


WEATHER CONDITIONS
 THE FOLLOWING WEATHER WAS RECORDED YESTERDAY.
  LIGHT RAIN
  FOG
  HAZE


RELATIVE HUMIDITY (PERCENT)
 HIGHEST    92          1100 PM
 LOWEST     54          1100 AM
 AVERAGE    73

..........................................................


THE BILLINGS MT CLIMATE NORMALS FOR TODAY
                         NORMAL    RECORD    YEAR
 MAXIMUM TEMPERATURE (F)   61        84      1974
 MINIMUM TEMPERATURE (F)   37        23      2002
                                             1960


SUNRISE AND SUNSET
APRIL 25 2017.........SUNRISE   611 AM MDT   SUNSET   814 PM MDT
APRIL 26 2017.........SUNRISE   609 AM MDT   SUNSET   816 PM MDT


-  INDICATES NEGATIVE NUMBERS.
R  INDICATES RECORD WAS SET OR TIED.
MM INDICATES DATA IS MISSING.
T  INDICATES TRACE AMOUNT.





&&

...THE CLIMATE SUMMARY FOR SOUTHWEST BILLINGS FOR 24 APRIL 2017...

HIGH TEMPERATURE........................60
LOW TEMPERATURE.........................39

PRECIPITATION...........................0.20
MONTHLY PRECIPITATION TOTAL.............2.45
YEARLY PRECIPITATION TOTAL..............6.15

SNOWFALL................................0.0
MONTHLY SNOWFALL TOTAL..................0.8
TOTAL SNOWFALL SINCE JULY 1.............54.7

SNOW DEPTH AT MIDNIGHT..................0

$$
