000
CDUS45 KBYZ 260726
CLIBIL


CLIMATE REPORT
NATIONAL WEATHER SERVICE BILLINGS MT
125 AM MDT TUE SEP 26 2017


...................................

...THE BILLINGS MT CLIMATE SUMMARY FOR SEPTEMBER 25 2017...

CLIMATE NORMAL PERIOD 1981 TO 2010
CLIMATE RECORD PERIOD 1934 TO 2017


WEATHER ITEM   OBSERVED TIME   RECORD YEAR NORMAL DEPARTURE LAST
                VALUE   (LST)  VALUE       VALUE  FROM      YEAR
                                                  NORMAL
..................................................................
TEMPERATURE (F)
 YESTERDAY
  MAXIMUM         60    416 PM  95    2015  68     -8       67
  MINIMUM         37    746 AM  24    1934  44     -7       47
  AVERAGE         49                        56     -7       57

PRECIPITATION (IN)
  YESTERDAY        0.00          0.72 1936   0.05  -0.05     0.00
  MONTH TO DATE    2.72                      1.07   1.65     1.58
  SINCE OCT 1     19.52                     13.43   6.09    12.18
  SINCE JAN 1     13.96                     11.12   2.84     9.33

SNOWFALL (IN)
  YESTERDAY        0.0           4.4  1972   0.0    0.0      0.0
  MONTH TO DATE    0.0                       0.7   -0.7      0.0
  SINCE SEP 1      0.0                       0.7   -0.7      0.0
  SINCE JUL 1      0.0                       0.7   -0.7      0.0
  SNOW DEPTH       0

DEGREE DAYS
 HEATING
  YESTERDAY       16                        10      6        8
  MONTH TO DATE  201                       139     62      152
  SINCE SEP 1    201                       139     62      152
  SINCE JUL 1    203                       176     27      180

 COOLING
  YESTERDAY        0                         1     -1        0
  MONTH TO DATE   99                        49     50       39
  SINCE SEP 1     99                        49     50       39
  SINCE JAN 1    839                       631    208      723
..................................................................


WIND (MPH)
  HIGHEST WIND SPEED    20   HIGHEST WIND DIRECTION     W (250)
  HIGHEST GUST SPEED    25   HIGHEST GUST DIRECTION     W (250)
  AVERAGE WIND SPEED     6.3


SKY COVER
  POSSIBLE SUNSHINE  MM
  AVERAGE SKY COVER 0.5


WEATHER CONDITIONS
 THE FOLLOWING WEATHER WAS RECORDED YESTERDAY.
  FOG


RELATIVE HUMIDITY (PERCENT)
 HIGHEST   100           800 AM
 LOWEST     36           400 PM
 AVERAGE    68

..........................................................


THE BILLINGS MT CLIMATE NORMALS FOR TODAY
                         NORMAL    RECORD    YEAR
 MAXIMUM TEMPERATURE (F)   68        93      2015
 MINIMUM TEMPERATURE (F)   44        25      1972


SUNRISE AND SUNSET
SEPTEMBER 26 2017.....SUNRISE   707 AM MDT   SUNSET   703 PM MDT
SEPTEMBER 27 2017.....SUNRISE   708 AM MDT   SUNSET   701 PM MDT


-  INDICATES NEGATIVE NUMBERS.
R  INDICATES RECORD WAS SET OR TIED.
MM INDICATES DATA IS MISSING.
T  INDICATES TRACE AMOUNT.




$$
