000
CDUS45 KBYZ 022234
CLIBIL


CLIMATE REPORT
NATIONAL WEATHER SERVICE BILLINGS MT
432 PM MDT TUE SEP 2 2014


...................................

...THE BILLINGS MT CLIMATE SUMMARY FOR SEPTEMBER 2 2014...
VALID TODAY AS OF 0400 PM LOCAL TIME.

CLIMATE NORMAL PERIOD 1981 TO 2010
CLIMATE RECORD PERIOD 1934 TO 2014


WEATHER ITEM   OBSERVED TIME   RECORD YEAR NORMAL DEPARTURE LAST
                VALUE   (LST)  VALUE       VALUE  FROM      YEAR
                                                  NORMAL
..................................................................
TEMPERATURE (F)
 TODAY
  MAXIMUM         80    259 PM  99    1998  80      0       90
  MINIMUM         52    643 AM  35    1974  52      0       58
  AVERAGE         66                        66      0       74

PRECIPITATION (IN)
  TODAY            0.00          0.90 1944   0.04  -0.04      T
  MONTH TO DATE    T                         0.07  -0.07      T
  SINCE OCT 1     16.78                     12.43   4.35    10.23
  SINCE JAN 1     11.89                     10.12   1.77     8.18

SNOWFALL (IN)
  TODAY            0.0           T    1989   0.0    0.0      0.0
  MONTH TO DATE    0.0                       0.0    0.0      0.0
  SINCE SEP 1      0.0                       0.0    0.0      0.0
  SINCE JUL 1      0.0                       0.0    0.0       T
  SNOW DEPTH       0

DEGREE DAYS
 HEATING
  TODAY            0                         3     -3        0
  MONTH TO DATE    2                         5     -3        0
  SINCE SEP 1      2                         5     -3        0
  SINCE JUL 1     50                        42      8        0

 COOLING
  TODAY            1                         4     -3        9
  MONTH TO DATE    1                         8     -7       15
  SINCE SEP 1      1                         8     -7       15
  SINCE JAN 1    553                       590    -37      752
..................................................................


WIND (MPH)
  HIGHEST WIND SPEED    13   HIGHEST WIND DIRECTION    SW (230)
  HIGHEST GUST SPEED    14   HIGHEST GUST DIRECTION    SW (210)
  AVERAGE WIND SPEED     5.4


SKY COVER
  POSSIBLE SUNSHINE  MM
  AVERAGE SKY COVER 0.3


WEATHER CONDITIONS
 THE FOLLOWING WEATHER WAS RECORDED TODAY.
  NO SIGNIFICANT WEATHER WAS OBSERVED.


RELATIVE HUMIDITY (PERCENT)
 HIGHEST    66           400 AM
 LOWEST     27           300 PM
 AVERAGE    47

..........................................................


THE BILLINGS MT CLIMATE NORMALS FOR TOMORROW
                         NORMAL    RECORD    YEAR
 MAXIMUM TEMPERATURE (F)   80        97      1978
                                             1950
 MINIMUM TEMPERATURE (F)   52        39      1956
                                             1951


SUNRISE AND SUNSET
SEPTEMBER  2 2014.....SUNRISE   636 AM MDT   SUNSET   750 PM MDT
SEPTEMBER  3 2014.....SUNRISE   638 AM MDT   SUNSET   748 PM MDT


-  INDICATES NEGATIVE NUMBERS.
R  INDICATES RECORD WAS SET OR TIED.
MM INDICATES DATA IS MISSING.
T  INDICATES TRACE AMOUNT.




$$
