000
CDUS45 KBYZ 302230
CLIBIL


CLIMATE REPORT
NATIONAL WEATHER SERVICE BILLINGS MT
428 PM MDT SAT MAY 30 2015


...................................

...THE BILLINGS MT CLIMATE SUMMARY FOR MAY 30 2015...
VALID TODAY AS OF 0400 PM LOCAL TIME.

CLIMATE NORMAL PERIOD 1981 TO 2010
CLIMATE RECORD PERIOD 1934 TO 2015


WEATHER ITEM   OBSERVED TIME   RECORD YEAR NORMAL DEPARTURE LAST
                VALUE   (LST)  VALUE       VALUE  FROM      YEAR
                                                  NORMAL
..................................................................
TEMPERATURE (F)
 TODAY
  MAXIMUM         76    200 PM  95    1984  72      4       76
  MINIMUM         47    532 AM  36    1982  48     -1       51
  AVERAGE         62                        60      2       64

PRECIPITATION (IN)
  TODAY            0.00          0.77 1971   0.07  -0.07     0.00
  MONTH TO DATE    2.43                      2.10   0.33     2.23
  SINCE OCT 1      7.24                      8.09  -0.85    12.70
  SINCE JAN 1      5.67                      5.78  -0.11     7.81

SNOWFALL (IN)
  TODAY            0.0           T    1998   0.0    0.0      0.0
  MONTH TO DATE    T                         2.0   -2.0      2.1
  SINCE MAR 1     11.3                      20.5   -9.2     13.3
  SINCE JUL 1     55.4                      55.0    0.4    103.5
  SNOW DEPTH       0

DEGREE DAYS
 HEATING
  TODAY            3                         6     -3        1
  MONTH TO DATE  344                       303     41      292
  SINCE MAR 1   1410                      1715   -305     1801
  SINCE JUL 1   6051                      6680   -629     7074

 COOLING
  TODAY            0                         1     -1        0
  MONTH TO DATE    0                        12    -12       16
  SINCE MAR 1      0                        13    -13       16
  SINCE JAN 1      0                        13    -13       16
..................................................................


WIND (MPH)
  HIGHEST WIND SPEED    12   HIGHEST WIND DIRECTION    SE (120)
  HIGHEST GUST SPEED    16   HIGHEST GUST DIRECTION    SE (120)
  AVERAGE WIND SPEED     5.2


SKY COVER
  POSSIBLE SUNSHINE  MM
  AVERAGE SKY COVER 0.7


WEATHER CONDITIONS
 THE FOLLOWING WEATHER WAS RECORDED TODAY.
  NO SIGNIFICANT WEATHER WAS OBSERVED.


RELATIVE HUMIDITY (PERCENT)
 HIGHEST    93           400 AM
 LOWEST     44           200 PM
 AVERAGE    69

..........................................................


THE BILLINGS MT CLIMATE NORMALS FOR TOMORROW
                         NORMAL    RECORD    YEAR
 MAXIMUM TEMPERATURE (F)   72        92      1940
                                             1936
 MINIMUM TEMPERATURE (F)   48        32      1982
                                             1951


SUNRISE AND SUNSET
MAY 30 2015...........SUNRISE   529 AM MDT   SUNSET   855 PM MDT
MAY 31 2015...........SUNRISE   528 AM MDT   SUNSET   856 PM MDT


-  INDICATES NEGATIVE NUMBERS.
R  INDICATES RECORD WAS SET OR TIED.
MM INDICATES DATA IS MISSING.
T  INDICATES TRACE AMOUNT.




$$
