000
CDUS45 KBYZ 200955
CLIBIL


CLIMATE REPORT
NATIONAL WEATHER SERVICE BILLINGS MT
350 AM MDT WED AUG 20 2014


...................................

...THE BILLINGS MT CLIMATE SUMMARY FOR AUGUST 19 2014...

CLIMATE NORMAL PERIOD 1981 TO 2010
CLIMATE RECORD PERIOD 1934 TO 2014


WEATHER ITEM   OBSERVED TIME   RECORD YEAR NORMAL DEPARTURE LAST
                VALUE   (LST)  VALUE       VALUE  FROM      YEAR
                                                  NORMAL
..................................................................
TEMPERATURE (F)
 YESTERDAY
  MAXIMUM         92    324 PM 101    2008  85      7       99
  MINIMUM         59    528 AM  45    1995  57      2       63
                                      1950
  AVERAGE         76                        71      5       81

PRECIPITATION (IN)
  YESTERDAY        0.00          0.37 1964   0.02  -0.02     0.00
  MONTH TO DATE    0.20                      0.47  -0.27     0.19
  SINCE OCT 1     15.01                     12.08   2.93    10.23
  SINCE JAN 1     10.12                      9.77   0.35     8.18

SNOWFALL (IN)
  YESTERDAY        0.0           0.0  2002   0.0    0.0      0.0
                                      2000
  MONTH TO DATE    0.0                       0.0    0.0       T
  SINCE JUN 1      T                         0.0    0.0       T
  SINCE JUL 1      0.0                       0.0    0.0       T
  SNOW DEPTH       0

DEGREE DAYS
 HEATING
  YESTERDAY        0                         1     -1        0
  MONTH TO DATE    0                         4     -4        0
  SINCE JUN 1     90                       115    -25       73
  SINCE JUL 1      1                        19    -18        0

 COOLING
  YESTERDAY       11                         7      4       16
  MONTH TO DATE  190                       158     32      157
  SINCE JUN 1    513                       499     14      551
  SINCE JAN 1    529                       516     13      578
..................................................................


WIND (MPH)
  HIGHEST WIND SPEED    20   HIGHEST WIND DIRECTION     W (270)
  HIGHEST GUST SPEED    25   HIGHEST GUST DIRECTION    SW (220)
  AVERAGE WIND SPEED    10.2


SKY COVER
  POSSIBLE SUNSHINE  MM
  AVERAGE SKY COVER 0.4


WEATHER CONDITIONS
 THE FOLLOWING WEATHER WAS RECORDED YESTERDAY.
  NO SIGNIFICANT WEATHER WAS OBSERVED.


RELATIVE HUMIDITY (PERCENT)
 HIGHEST    64           500 AM
 LOWEST     14           300 PM
 AVERAGE    39

..........................................................


THE BILLINGS MT CLIMATE NORMALS FOR TODAY
                         NORMAL    RECORD    YEAR
 MAXIMUM TEMPERATURE (F)   85        98      1971
 MINIMUM TEMPERATURE (F)   57        44      1956
                                             1950
                                             1938


SUNRISE AND SUNSET
AUGUST 20 2014........SUNRISE   620 AM MDT   SUNSET   814 PM MDT
AUGUST 21 2014........SUNRISE   622 AM MDT   SUNSET   812 PM MDT


-  INDICATES NEGATIVE NUMBERS.
R  INDICATES RECORD WAS SET OR TIED.
MM INDICATES DATA IS MISSING.
T  INDICATES TRACE AMOUNT.





&&

...THE CLIMATE SUMMARY FOR SOUTHWEST BILLINGS FOR 19 AUGUST 2014...

HIGH TEMPERATURE........................92
LOW TEMPERATURE.........................56

PRECIPITATION...........................0.00
MONTHLY PRECIPITATION TOTAL.............0.31
YEARLY PRECIPITATION TOTAL..............10.87

SNOWFALL................................0.0
MONTHLY SNOWFALL TOTAL..................0.0
TOTAL SNOWFALL SINCE JULY 1.............0.0

SNOW DEPTH AT MIDNIGHT..................0

$$
