000
CDUS43 KBIS 202047 CCA
CLIBIS

CLIMATE REPORT
NATIONAL WEATHER SERVICE BISMARCK ND
123 AM CST THU NOV 20 2014


...................................

...THE BISMARCK ND CLIMATE SUMMARY FOR NOVEMBER 19 2014...

CLIMATE NORMAL PERIOD 1981 TO 2010
CLIMATE RECORD PERIOD 1875 TO 2014


WEATHER ITEM   OBSERVED TIME   RECORD YEAR NORMAL DEPARTURE LAST
                VALUE   (LST)  VALUE       VALUE  FROM      YEAR
                                                  NORMAL
..................................................................
TEMPERATURE (F)
 YESTERDAY
  MAXIMUM         24    138 PM  72    1897  37    -13       40
  MINIMUM         11   1159 PM -20    1896  17     -6       23
  AVERAGE         18                        27     -9       32

PRECIPITATION (IN)
  YESTERDAY        T             0.52 1900   0.02  -0.02     0.00
  MONTH TO DATE    0.32                      0.51  -0.19     0.06
  SINCE SEP 1      0.84                      3.35  -2.51     9.15
  SINCE JAN 1     13.53                     17.16  -3.63    25.46

SNOWFALL (IN)
  YESTERDAY        0.1            6.0  1977  0.4   -0.3      0.0
  MONTH TO DATE    4.5                       5.5   -1.0       T
  SINCE SEP 1      4.5                       7.9   -3.4      1.0
  SINCE JUL 1      4.5                       7.9   -3.4      1.0
  SNOW DEPTH       3

DEGREE DAYS
 HEATING
  YESTERDAY       47                        38      9       33
  MONTH TO DATE  770                       624    146      615
  SINCE SEP 1   1484                      1481      3     1425
  SINCE JUL 1   1546                      1536     10     1453

 COOLING
  YESTERDAY        0                         0      0        0
  MONTH TO DATE    0                         0      0        0
  SINCE SEP 1     51                        39     12       75
  SINCE JAN 1    457                       520    -63      555
..................................................................


WIND (MPH)
  HIGHEST WIND SPEED    26   HIGHEST WIND DIRECTION    NW (320)
  HIGHEST GUST SPEED    36   HIGHEST GUST DIRECTION    NW (330)
  AVERAGE WIND SPEED    14.0


SKY COVER
  POSSIBLE SUNSHINE  MM
  AVERAGE SKY COVER 0.9


WEATHER CONDITIONS
 THE FOLLOWING WEATHER WAS RECORDED YESTERDAY.
  LIGHT SNOW


RELATIVE HUMIDITY (PERCENT)
 HIGHEST    84          1100 PM
 LOWEST     57          1200 PM
 AVERAGE    71

..........................................................


THE BISMARCK ND CLIMATE NORMALS FOR TODAY
                         NORMAL    RECORD    YEAR
 MAXIMUM TEMPERATURE (F)   37        69      1890
 MINIMUM TEMPERATURE (F)   17       -16      1875


SUNRISE AND SUNSET
NOVEMBER 20 2014......SUNRISE   753 AM CST   SUNSET   504 PM CST
NOVEMBER 21 2014......SUNRISE   754 AM CST   SUNSET   503 PM CST


-  INDICATES NEGATIVE NUMBERS.
R  INDICATES RECORD WAS SET OR TIED.
MM INDICATES DATA IS MISSING.
T  INDICATES TRACE AMOUNT.




$$
