000
CDUS43 KBIS 010732
CLIBIS


CLIMATE REPORT
NATIONAL WEATHER SERVICE BISMARCK ND
231 AM CDT SUN MAY 1 2016


...................................

...THE BISMARCK ND CLIMATE SUMMARY FOR APRIL 30 2016...

CLIMATE NORMAL PERIOD 1981 TO 2010
CLIMATE RECORD PERIOD 1875 TO 2016


WEATHER ITEM   OBSERVED TIME   RECORD YEAR NORMAL DEPARTURE LAST
                VALUE   (LST)  VALUE       VALUE  FROM      YEAR
                                                  NORMAL
..................................................................
TEMPERATURE (F)
 YESTERDAY
  MAXIMUM         61    347 PM  93    1992  64     -3       77
  MINIMUM         36   1129 PM  16    1903  36      0       44
  AVERAGE         49                        50     -1       61

PRECIPITATION (IN)
  YESTERDAY        0.00          1.06 1895   0.06  -0.06      T
  MONTH TO DATE    4.15                      1.26   2.89     0.37
  SINCE MAR 1      4.58                      2.13   2.45     0.82
  SINCE JAN 1      5.22                      3.07   2.15     1.96

SNOWFALL (IN)
  YESTERDAY        0.0           6.3  1967   0.1   -0.1      0.0
  MONTH TO DATE    0.2                       4.2   -4.0      0.2
  SINCE MAR 1      3.5                      13.3   -9.8      1.0
  SINCE JUL 1     24.1                      50.8  -26.7     23.9
  SNOW DEPTH       0

DEGREE DAYS
 HEATING
  YESTERDAY       16                        15      1        4
  MONTH TO DATE  595                       637    -42      580
  SINCE MAR 1   1393                      1724   -331     1469
  SINCE JUL 1   6713                      8155  -1442     7830

 COOLING
  YESTERDAY        0                         0      0        0
  MONTH TO DATE    0                         1     -1        0
  SINCE MAR 1      0                         1     -1        0
  SINCE JAN 1      0                         1     -1        0
..................................................................


WIND (MPH)
  HIGHEST WIND SPEED    26   HIGHEST WIND DIRECTION    NE (60)
  HIGHEST GUST SPEED    35   HIGHEST GUST DIRECTION    NE (50)
  AVERAGE WIND SPEED    13.4


SKY COVER
  POSSIBLE SUNSHINE  MM
  AVERAGE SKY COVER 0.0


WEATHER CONDITIONS
 THE FOLLOWING WEATHER WAS RECORDED YESTERDAY.
  NO SIGNIFICANT WEATHER WAS OBSERVED.


RELATIVE HUMIDITY (PERCENT)
 HIGHEST    82           400 AM
 LOWEST     29           200 PM
 AVERAGE    56

..........................................................


THE BISMARCK ND CLIMATE NORMALS FOR TODAY
                         NORMAL    RECORD    YEAR
 MAXIMUM TEMPERATURE (F)   64        90      1901
 MINIMUM TEMPERATURE (F)   37        18      1911
                                             1909


SUNRISE AND SUNSET
MAY  1 2016...........SUNRISE   627 AM CDT   SUNSET   854 PM CDT
MAY  2 2016...........SUNRISE   626 AM CDT   SUNSET   855 PM CDT


-  INDICATES NEGATIVE NUMBERS.
R  INDICATES RECORD WAS SET OR TIED.
MM INDICATES DATA IS MISSING.
T  INDICATES TRACE AMOUNT.




$$
