000
CDUS43 KBIS 230732
CLIBIS


CLIMATE REPORT
NATIONAL WEATHER SERVICE BISMARCK ND
232 AM CDT SUN APR 23 2017


...................................

...THE BISMARCK ND CLIMATE SUMMARY FOR APRIL 22 2017...

CLIMATE NORMAL PERIOD 1981 TO 2010
CLIMATE RECORD PERIOD 1875 TO 2017


WEATHER ITEM   OBSERVED TIME   RECORD YEAR NORMAL DEPARTURE LAST
                VALUE   (LST)  VALUE       VALUE  FROM      YEAR
                                                  NORMAL
..................................................................
TEMPERATURE (F)
 YESTERDAY
  MAXIMUM         71    412 PM  89    1990  60     11       67
  MINIMUM         31    536 AM  14    1909  33     -2       30
  AVERAGE         51                        47      4       49

PRECIPITATION (IN)
  YESTERDAY        0.00          0.79 1904   0.05  -0.05     0.00
  MONTH TO DATE    0.83                      0.84  -0.01     1.47
  SINCE MAR 1      1.35                      1.71  -0.36     1.90
  SINCE JAN 1      2.75                      2.65   0.10     2.54

SNOWFALL (IN)
  YESTERDAY        0.0           1.6  1904   0.1   -0.1      0.0
  MONTH TO DATE    0.0                       3.6   -3.6      0.2
  SINCE MAR 1      8.7                      12.7   -4.0      3.5
  SINCE JUL 1     71.6                      50.2   21.4     24.1
  SNOW DEPTH       0

DEGREE DAYS
 HEATING
  YESTERDAY       14                        18     -4       16
  MONTH TO DATE  387                       504   -117      448
  SINCE MAR 1   1430                      1592   -162     1246
  SINCE JUL 1   7432                      8023   -591     6566

 COOLING
  YESTERDAY        0                         0      0        0
  MONTH TO DATE    0                         0      0        0
  SINCE MAR 1      0                         0      0        0
  SINCE JAN 1      0                         0      0        0
..................................................................


WIND (MPH)
  HIGHEST WIND SPEED    25   HIGHEST WIND DIRECTION    NE (60)
  HIGHEST GUST SPEED    30   HIGHEST GUST DIRECTION    NE (40)
  AVERAGE WIND SPEED     9.8


SKY COVER
  POSSIBLE SUNSHINE  MM
  AVERAGE SKY COVER 0.4


WEATHER CONDITIONS
 THE FOLLOWING WEATHER WAS RECORDED YESTERDAY.
  NO SIGNIFICANT WEATHER WAS OBSERVED.


RELATIVE HUMIDITY (PERCENT)
 HIGHEST   100           500 AM
 LOWEST     28           400 PM
 AVERAGE    64

..........................................................


THE BISMARCK ND CLIMATE NORMALS FOR TODAY
                         NORMAL    RECORD    YEAR
 MAXIMUM TEMPERATURE (F)   61        84      2012
                                             1895
 MINIMUM TEMPERATURE (F)   34        12      2013


SUNRISE AND SUNSET
APRIL 23 2017.........SUNRISE   641 AM CDT   SUNSET   843 PM CDT
APRIL 24 2017.........SUNRISE   639 AM CDT   SUNSET   844 PM CDT


-  INDICATES NEGATIVE NUMBERS.
R  INDICATES RECORD WAS SET OR TIED.
MM INDICATES DATA IS MISSING.
T  INDICATES TRACE AMOUNT.




$$
