000
CDUS43 KBIS 290723
CLIBIS


CLIMATE REPORT
NATIONAL WEATHER SERVICE BISMARCK ND
222 AM CDT THU JUN 29 2017


...................................

...THE BISMARCK ND CLIMATE SUMMARY FOR JUNE 28 2017...

CLIMATE NORMAL PERIOD 1981 TO 2010
CLIMATE RECORD PERIOD 1875 TO 2017


WEATHER ITEM   OBSERVED TIME   RECORD YEAR NORMAL DEPARTURE LAST
                VALUE   (LST)  VALUE       VALUE  FROM      YEAR
                                                  NORMAL
..................................................................
TEMPERATURE (F)
 YESTERDAY
  MAXIMUM         82    507 PM 104    2002  81      1       83
                                      1931
  MINIMUM         59   1120 PM  39    1895  55      4       48
  AVERAGE         71                        68      3       66

PRECIPITATION (IN)
  YESTERDAY        0.00          0.98 1963   0.10  -0.10     0.00
                                      1884
  MONTH TO DATE    1.74                      2.97  -1.23     3.70
  SINCE JUN 1      1.74                      2.97  -1.23     3.70
  SINCE JAN 1      4.87                      8.44  -3.57    10.88

DEGREE DAYS
 HEATING
  YESTERDAY        0                         1     -1        0
  MONTH TO DATE   29                        90    -61       24
  SINCE JUN 1     29                        90    -61       24
  SINCE JUL 1   7914                      8555   -641     6981

 COOLING
  YESTERDAY        6                         4      2        1
  MONTH TO DATE  123                        73     50      121
  SINCE JUN 1    123                        73     50      121
  SINCE JAN 1    137                        90     47      131
..................................................................


WIND (MPH)
  HIGHEST WIND SPEED    20   HIGHEST WIND DIRECTION     N (350)
  HIGHEST GUST SPEED    27   HIGHEST GUST DIRECTION    NW (310)
  AVERAGE WIND SPEED    10.3


SKY COVER
  POSSIBLE SUNSHINE  MM
  AVERAGE SKY COVER 0.1


WEATHER CONDITIONS
 THE FOLLOWING WEATHER WAS RECORDED YESTERDAY.
  NO SIGNIFICANT WEATHER WAS OBSERVED.


RELATIVE HUMIDITY (PERCENT)
 HIGHEST   100           100 AM
 LOWEST     24           300 PM
 AVERAGE    62

..........................................................


THE BISMARCK ND CLIMATE NORMALS FOR TODAY
                         NORMAL    RECORD    YEAR
 MAXIMUM TEMPERATURE (F)   81       111      2002
 MINIMUM TEMPERATURE (F)   55        41      1973


SUNRISE AND SUNSET
JUNE 29 2017..........SUNRISE   552 AM CDT   SUNSET   941 PM CDT
JUNE 30 2017..........SUNRISE   553 AM CDT   SUNSET   941 PM CDT


-  INDICATES NEGATIVE NUMBERS.
R  INDICATES RECORD WAS SET OR TIED.
MM INDICATES DATA IS MISSING.
T  INDICATES TRACE AMOUNT.




$$
