000
CDUS43 KBIS 210812
CLIBIS


CLIMATE REPORT
NATIONAL WEATHER SERVICE BISMARCK ND
211 AM CST SAT JAN 21 2017


...................................

...THE BISMARCK ND CLIMATE SUMMARY FOR JANUARY 20 2017...

CLIMATE NORMAL PERIOD 1981 TO 2010
CLIMATE RECORD PERIOD 1875 TO 2017


WEATHER ITEM   OBSERVED TIME   RECORD YEAR NORMAL DEPARTURE LAST
                VALUE   (LST)  VALUE       VALUE  FROM      YEAR
                                                  NORMAL
..................................................................
TEMPERATURE (F)
 YESTERDAY
  MAXIMUM         32   1159 PM  53    1964  23      9       20
  MINIMUM         11   1218 AM -37    1883   2      9       15
  AVERAGE         22                        13      9       18

PRECIPITATION (IN)
  YESTERDAY        T             0.42 1906   0.02  -0.02     0.00
  MONTH TO DATE    0.61                      0.30   0.31     0.18
  SINCE DEC 1      2.66                      0.79   1.87     1.09
  SINCE JAN 1      0.61                      0.30   0.31     0.18

SNOWFALL (IN)
  YESTERDAY        0.0           5.2  1937   0.3   -0.3      0.0
  MONTH TO DATE   14.0                       6.2    7.8      2.6
  SINCE DEC 1     38.5                      15.5   23.0     15.4
  SINCE JUL 1     57.5                      26.7   30.8     17.2
  SNOW DEPTH      16

DEGREE DAYS
 HEATING
  YESTERDAY       43                        52     -9       47
  MONTH TO DATE 1257                      1052    205     1072
  SINCE DEC 1   2937                      2566    371     2395
  SINCE JUL 1   4417                      4552   -135     3980

 COOLING
  YESTERDAY        0                         0      0        0
  MONTH TO DATE    0                         0      0        0
  SINCE DEC 1      0                         0      0        0
  SINCE JAN 1      0                         0      0        0
..................................................................


WIND (MPH)
  HIGHEST WIND SPEED     7   HIGHEST WIND DIRECTION     W (290)
  HIGHEST GUST SPEED     9   HIGHEST GUST DIRECTION     W (260)
  AVERAGE WIND SPEED     2.5


SKY COVER
  POSSIBLE SUNSHINE  MM
  AVERAGE SKY COVER 1.0


WEATHER CONDITIONS
 THE FOLLOWING WEATHER WAS RECORDED YESTERDAY.
  FOG
  FOG W/VISIBILITY <= 1/4 MILE


RELATIVE HUMIDITY (PERCENT)
 HIGHEST   100           200 AM
 LOWEST     88           800 AM
 AVERAGE    94

..........................................................


THE BISMARCK ND CLIMATE NORMALS FOR TODAY
                         NORMAL    RECORD    YEAR
 MAXIMUM TEMPERATURE (F)   24        53      1942
 MINIMUM TEMPERATURE (F)    2       -37      1954


SUNRISE AND SUNSET
JANUARY 21 2017.......SUNRISE   819 AM CST   SUNSET   531 PM CST
JANUARY 22 2017.......SUNRISE   818 AM CST   SUNSET   532 PM CST


-  INDICATES NEGATIVE NUMBERS.
R  INDICATES RECORD WAS SET OR TIED.
MM INDICATES DATA IS MISSING.
T  INDICATES TRACE AMOUNT.




$$
