000
CDUS43 KBIS 110733
CLIBIS


CLIMATE REPORT
NATIONAL WEATHER SERVICE BISMARCK ND
132 AM CST SUN DEC 11 2016


...................................

...THE BISMARCK ND CLIMATE SUMMARY FOR DECEMBER 10 2016...

CLIMATE NORMAL PERIOD 1981 TO 2010
CLIMATE RECORD PERIOD 1875 TO 2016


WEATHER ITEM   OBSERVED TIME   RECORD YEAR NORMAL DEPARTURE LAST
                VALUE   (LST)  VALUE       VALUE  FROM      YEAR
                                                  NORMAL
..................................................................
TEMPERATURE (F)
 YESTERDAY
  MAXIMUM          1   1140 PM  64    1890  27    -26       48
  MINIMUM        -18    120 AM -26    1919   8    -26       30
                                      1917
  AVERAGE         -8                        18    -26       39

PRECIPITATION (IN)
  YESTERDAY        0.02          0.29 1909   0.02   0.00      T
  MONTH TO DATE    0.48                      0.16   0.32     0.19
  SINCE DEC 1      0.48                      0.16   0.32     0.19
  SINCE JAN 1     21.90                     17.52   4.38    17.01

SNOWFALL (IN)
  YESTERDAY        1.5           5.0  1909   0.3    1.2      0.0
  MONTH TO DATE    9.0                       2.8    6.2      1.9
  SINCE DEC 1      9.0                       2.8    6.2      1.9
  SINCE JUL 1     28.0                      14.0   14.0      3.7
  SNOW DEPTH      10

DEGREE DAYS
 HEATING
  YESTERDAY       73                        47     26       26
  MONTH TO DATE  531                       457     74      308
  SINCE DEC 1    531                       457     74      308
  SINCE JUL 1   2011                      2443   -432     1893

 COOLING
  YESTERDAY        0                         0      0        0
  MONTH TO DATE    0                         0      0        0
  SINCE DEC 1      0                         0      0        0
  SINCE JAN 1    548                       520     28      622
..................................................................


WIND (MPH)
  HIGHEST WIND SPEED    17   HIGHEST WIND DIRECTION     E (80)
  HIGHEST GUST SPEED    21   HIGHEST GUST DIRECTION     E (90)
  AVERAGE WIND SPEED     8.1


SKY COVER
  POSSIBLE SUNSHINE  MM
  AVERAGE SKY COVER 0.9


WEATHER CONDITIONS
 THE FOLLOWING WEATHER WAS RECORDED YESTERDAY.
  LIGHT SNOW
  FOG
  HAZE


RELATIVE HUMIDITY (PERCENT)
 HIGHEST    91          1100 AM
 LOWEST     72           800 AM
 AVERAGE    82

..........................................................


THE BISMARCK ND CLIMATE NORMALS FOR TODAY
                         NORMAL    RECORD    YEAR
 MAXIMUM TEMPERATURE (F)   27        64      1939
 MINIMUM TEMPERATURE (F)    7       -22      2013


SUNRISE AND SUNSET
DECEMBER 11 2016......SUNRISE   818 AM CST   SUNSET   455 PM CST
DECEMBER 12 2016......SUNRISE   819 AM CST   SUNSET   455 PM CST


-  INDICATES NEGATIVE NUMBERS.
R  INDICATES RECORD WAS SET OR TIED.
MM INDICATES DATA IS MISSING.
T  INDICATES TRACE AMOUNT.




$$
