000
CDUS43 KBIS 060724
CLIBIS


CLIMATE REPORT
NATIONAL WEATHER SERVICE BISMARCK ND
124 AM CST FRI MAR 6 2015


...................................

...THE BISMARCK ND CLIMATE SUMMARY FOR MARCH 5 2015...

CLIMATE NORMAL PERIOD 1981 TO 2010
CLIMATE RECORD PERIOD 1875 TO 2015


WEATHER ITEM   OBSERVED TIME   RECORD YEAR NORMAL DEPARTURE LAST
                VALUE   (LST)  VALUE       VALUE  FROM      YEAR
                                                  NORMAL
..................................................................
TEMPERATURE (F)
 YESTERDAY
  MAXIMUM         41    425 PM  72    2000  35      6       27
  MINIMUM         -8    302 AM -25    1919  15    -23       11
  AVERAGE         17                        25     -8       19

PRECIPITATION (IN)
  YESTERDAY        0.00          0.95 1983   0.03  -0.03      T
  MONTH TO DATE    T                         0.12  -0.12     0.10
  SINCE MAR 1      T                         0.12  -0.12     0.10
  SINCE JAN 1      1.14                      1.06   0.08     0.67

SNOWFALL (IN)
  YESTERDAY        0.0           4.2  1900   0.4   -0.4       T
  MONTH TO DATE    T                         1.6   -1.6      1.8
  SINCE MAR 1      T                         1.6   -1.6      1.8
  SINCE JUL 1     22.9                      39.1  -16.2     27.0
  SNOW DEPTH       T

DEGREE DAYS
 HEATING
  YESTERDAY       48                        40      8       46
  MONTH TO DATE  259                       205     54      299
  SINCE MAR 1    259                       205     54      299
  SINCE JUL 1   6620                      6636    -16     7151

 COOLING
  YESTERDAY        0                         0      0        0
  MONTH TO DATE    0                         0      0        0
  SINCE MAR 1      0                         0      0        0
  SINCE JAN 1      0                         0      0        0
..................................................................


WIND (MPH)
  HIGHEST WIND SPEED    17   HIGHEST WIND DIRECTION     S (200)
  HIGHEST GUST SPEED    21   HIGHEST GUST DIRECTION    SW (210)
  AVERAGE WIND SPEED     7.1


SKY COVER
  POSSIBLE SUNSHINE  MM
  AVERAGE SKY COVER 0.0


WEATHER CONDITIONS
 THE FOLLOWING WEATHER WAS RECORDED YESTERDAY.
  NO SIGNIFICANT WEATHER WAS OBSERVED.


RELATIVE HUMIDITY (PERCENT)
 HIGHEST    83           300 AM
 LOWEST     29           200 PM
 AVERAGE    56

..........................................................


THE BISMARCK ND CLIMATE NORMALS FOR TODAY
                         NORMAL    RECORD    YEAR
 MAXIMUM TEMPERATURE (F)   35        66      1937
 MINIMUM TEMPERATURE (F)   16       -26      1996


SUNRISE AND SUNSET
MARCH  6 2015.........SUNRISE   714 AM CST   SUNSET   636 PM CST
MARCH  7 2015.........SUNRISE   712 AM CST   SUNSET   637 PM CST


-  INDICATES NEGATIVE NUMBERS.
R  INDICATES RECORD WAS SET OR TIED.
MM INDICATES DATA IS MISSING.
T  INDICATES TRACE AMOUNT.




$$
