000
CDUS43 KBIS 300740
CLIBIS


CLIMATE REPORT
NATIONAL WEATHER SERVICE BISMARCK ND
240 AM CDT SUN AUG 30 2015


...................................

...THE BISMARCK ND CLIMATE SUMMARY FOR AUGUST 29 2015...

CLIMATE NORMAL PERIOD 1981 TO 2010
CLIMATE RECORD PERIOD 1875 TO 2015


WEATHER ITEM   OBSERVED TIME   RECORD YEAR NORMAL DEPARTURE LAST
                VALUE   (LST)  VALUE       VALUE  FROM      YEAR
                                                  NORMAL
..................................................................
TEMPERATURE (F)
 YESTERDAY
  MAXIMUM         93    426 PM 104    1961  80     13       75
  MINIMUM         54    700 AM  33    1988  52      2       53
  AVERAGE         74                        66      8       64

PRECIPITATION (IN)
  YESTERDAY        0.00          1.32 1880   0.06  -0.06      T
  MONTH TO DATE    1.41                      2.15  -0.74     4.22
  SINCE JUN 1      7.90                      8.21  -0.31     7.97
  SINCE JAN 1     15.17                     13.68   1.49    12.16

SNOWFALL (IN)
  YESTERDAY        0.0           0.0  2002   0.0    0.0      0.0
                                      2001
  MONTH TO DATE    0.0                       0.0    0.0      0.0
  SINCE JUN 1      0.0                       0.0    0.0      0.0
  SINCE JUL 1      0.0                       0.0    0.0      0.0
  SNOW DEPTH       0

DEGREE DAYS
 HEATING
  YESTERDAY        0                         3     -3        1
  MONTH TO DATE   29                        34     -5       30
  SINCE JUN 1     79                       144    -65      152
  SINCE JUL 1     36                        51    -15       58

 COOLING
  YESTERDAY        9                         4      5        0
  MONTH TO DATE  176                       170      6      151
  SINCE JUN 1    495                       457     38      352
  SINCE JAN 1    501                       474     27      403
..................................................................


WIND (MPH)
  HIGHEST WIND SPEED    15   HIGHEST WIND DIRECTION     S (160)
  HIGHEST GUST SPEED    18   HIGHEST GUST DIRECTION     S (160)
  AVERAGE WIND SPEED     4.8


SKY COVER
  POSSIBLE SUNSHINE  MM
  AVERAGE SKY COVER 0.5


WEATHER CONDITIONS
 THE FOLLOWING WEATHER WAS RECORDED YESTERDAY.
  FOG
  FOG W/VISIBILITY <= 1/4 MILE
  HAZE


RELATIVE HUMIDITY (PERCENT)
 HIGHEST   100           200 AM
 LOWEST     28           500 PM
 AVERAGE    64

..........................................................


THE BISMARCK ND CLIMATE NORMALS FOR TODAY
                         NORMAL    RECORD    YEAR
 MAXIMUM TEMPERATURE (F)   79       100      2008
 MINIMUM TEMPERATURE (F)   52        37      1965


SUNRISE AND SUNSET
AUGUST 30 2015........SUNRISE   700 AM CDT   SUNSET   827 PM CDT
AUGUST 31 2015........SUNRISE   701 AM CDT   SUNSET   825 PM CDT


-  INDICATES NEGATIVE NUMBERS.
R  INDICATES RECORD WAS SET OR TIED.
MM INDICATES DATA IS MISSING.
T  INDICATES TRACE AMOUNT.




$$
