000
CDUS43 KBIS 220733
CLIBIS


CLIMATE REPORT
NATIONAL WEATHER SERVICE BISMARCK ND
232 AM CDT SUN OCT 22 2017


...................................

...THE BISMARCK ND CLIMATE SUMMARY FOR OCTOBER 21 2017...

CLIMATE NORMAL PERIOD 1981 TO 2010
CLIMATE RECORD PERIOD 1875 TO 2017


WEATHER ITEM   OBSERVED TIME   RECORD YEAR NORMAL DEPARTURE LAST
                VALUE   (LST)  VALUE       VALUE  FROM      YEAR
                                                  NORMAL
..................................................................
TEMPERATURE (F)
 YESTERDAY
  MAXIMUM         65   1215 AM  84    1927  55     10       70
  MINIMUM         39   1150 PM  14    1930  30      9       32
                                      1874
  AVERAGE         52                        43      9       51

PRECIPITATION (IN)
  YESTERDAY        0.15          0.99 1963   0.04   0.11     0.00
  MONTH TO DATE    0.16                      0.89  -0.73     0.24
  SINCE SEP 1      1.55                      2.48  -0.93     1.46
  SINCE JAN 1     13.19                     16.29  -3.10    20.00

SNOWFALL (IN)
  YESTERDAY       MM             5.4  2002
  MONTH TO DATE    0.0
  SINCE SEP 1      0.0
  SINCE JUL 1      T

DEGREE DAYS
 HEATING
  YESTERDAY       13                        22     -9       14
  MONTH TO DATE  317                       375    -58      351
  SINCE SEP 1    498                       606   -108      524
  SINCE JUL 1    510                       661   -151      557

 COOLING
  YESTERDAY        0                         0      0        0
  MONTH TO DATE    0                         0      0        2
  SINCE SEP 1     49                        38     11       31
  SINCE JAN 1    615                       519     96      548
..................................................................


WIND (MPH)
  HIGHEST WIND SPEED    31   HIGHEST WIND DIRECTION     W (280)
  HIGHEST GUST SPEED    37   HIGHEST GUST DIRECTION     W (270)
  AVERAGE WIND SPEED    14.9


SKY COVER
  POSSIBLE SUNSHINE  MM
  AVERAGE SKY COVER 0.5


WEATHER CONDITIONS
 THE FOLLOWING WEATHER WAS RECORDED YESTERDAY.
  RAIN
  LIGHT RAIN


RELATIVE HUMIDITY (PERCENT)
 HIGHEST    86           900 AM
 LOWEST     36           200 AM
 AVERAGE    61

..........................................................


THE BISMARCK ND CLIMATE NORMALS FOR TODAY
                         NORMAL    RECORD    YEAR
 MAXIMUM TEMPERATURE (F)   55        81      1992
                                             1963
 MINIMUM TEMPERATURE (F)   30         8      1936


SUNRISE AND SUNSET
OCTOBER 22 2017.......SUNRISE   811 AM CDT   SUNSET   643 PM CDT
OCTOBER 23 2017.......SUNRISE   813 AM CDT   SUNSET   641 PM CDT


-  INDICATES NEGATIVE NUMBERS.
R  INDICATES RECORD WAS SET OR TIED.
MM INDICATES DATA IS MISSING.
T  INDICATES TRACE AMOUNT.




$$
