000
CDUS43 KGRR 211333
CLIBIV


CLIMATE REPORT
NATIONAL WEATHER SERVICE GRAND RAPIDS, MI
933 AM EDT TUE OCT 21 2014


...................................

...THE HOLLAND/TULIP CITY MI CLIMATE SUMMARY FOR OCTOBER 21 2014...
VALID AS OF 0900 AM LOCAL TIME.

CLIMATE NORMAL PERIOD 1981 TO 2010
CLIMATE RECORD PERIOD 1996 TO 2014


WEATHER ITEM   OBSERVED TIME   RECORD YEAR NORMAL DEPARTURE LAST
                VALUE   (LST)  VALUE       VALUE  FROM      YEAR
                                                  NORMAL
..................................................................
TEMPERATURE (F)
 TODAY
  MAXIMUM         49    759 AM  MM      MM  60    -11       58
  MINIMUM         48    652 AM  MM      MM  42      6       41
  AVERAGE         49                        51     -2       50

PRECIPITATION (IN)
  TODAY            T            MM      MM   0.13  -0.13     0.06
  MONTH TO DATE    3.38                      2.34   1.04     2.75
  SINCE SEP 1      7.32                      6.24   1.08     3.93
  SINCE JAN 1     28.35                     29.45  -1.10    31.94

DEGREE DAYS
 HEATING
  TODAY           16                        14      2       15
  MONTH TO DATE  240                       236      4      165
  SINCE SEP 1    375                       351     24      278
  SINCE JUL 1    411                       366     45      297

 COOLING
  TODAY            0                         0      0        0
  MONTH TO DATE    1                        10     -9       14
  SINCE SEP 1     53                        74    -21      104
  SINCE JAN 1    570                       692   -122      811
..................................................................


WIND (MPH)
  HIGHEST WIND SPEED    10   HIGHEST WIND DIRECTION    NW (330)
  HIGHEST GUST SPEED    17   HIGHEST GUST DIRECTION    NW (330)



WEATHER CONDITIONS
 THE FOLLOWING WEATHER WAS RECORDED TODAY.
  LIGHT RAIN


..........................................................




SUNRISE AND SUNSET
OCTOBER 21 2014.......SUNRISE   805 AM EDT   SUNSET   653 PM EDT
OCTOBER 22 2014.......SUNRISE   806 AM EDT   SUNSET   651 PM EDT


-  INDICATES NEGATIVE NUMBERS.
R  INDICATES RECORD WAS SET OR TIED.
MM INDICATES DATA IS MISSING.
T  INDICATES TRACE AMOUNT.




$$
