000
CDUS43 KGRR 280520
CLIBIV


CLIMATE REPORT
NATIONAL WEATHER SERVICE GRAND RAPIDS, MI
120 AM EDT SUN MAY 28 2017


...................................

...THE HOLLAND/TULIP CITY MI CLIMATE SUMMARY FOR MAY 27 2017...

CLIMATE NORMAL PERIOD 1981 TO 2010
CLIMATE RECORD PERIOD 1996 TO 2017


WEATHER ITEM   OBSERVED TIME   NORMAL DEPARTURE LAST
                VALUE   (LST)  VALUE  FROM      YEAR
                                      NORMAL
......................................................
TEMPERATURE (F)
 YESTERDAY
  MAXIMUM         77    110 PM  72      5       81
  MINIMUM         50    546 AM  52     -2       63
  AVERAGE         64            62      2       72

PRECIPITATION (IN)
  YESTERDAY        0.00          0.09  -0.09     0.03
  MONTH TO DATE    1.59          2.85  -1.26     2.35
  SINCE MAR 1     10.47          8.37   2.10     9.27
  SINCE JAN 1     15.13         12.26   2.87    13.13

DEGREE DAYS
 HEATING
  YESTERDAY        1             5     -4        0
  MONTH TO DATE  257           215     42      209
  SINCE MAR 1   1552          1594    -42     1512
  SINCE JUL 1   5414          6094   -680     5502

 COOLING
  YESTERDAY        0             2     -2        7
  MONTH TO DATE   21            28     -7       29
  SINCE MAR 1     29            32     -3       30
  SINCE JAN 1     29            32     -3       30
......................................................


WIND (MPH)
  RESULTANT WIND SPEED   2   RESULTANT WIND DIRECTION  NW (310)
  HIGHEST WIND SPEED    14   HIGHEST WIND DIRECTION    NW (320)
  HIGHEST GUST SPEED    20   HIGHEST GUST DIRECTION     W (280)
  AVERAGE WIND SPEED     3.5


SKY COVER
  AVERAGE SKY COVER 0.1


WEATHER CONDITIONS
 THE FOLLOWING WEATHER WAS RECORDED YESTERDAY.
  FOG
  HAZE


RELATIVE HUMIDITY (PERCENT)
 HIGHEST   100           600 AM
 LOWEST     49           300 PM
 AVERAGE    75

..........................................................


THE HOLLAND/TULIP CITY MI CLIMATE NORMALS FOR TODAY
                         NORMAL
 MAXIMUM TEMPERATURE (F)   73
 MINIMUM TEMPERATURE (F)   53


SUNRISE AND SUNSET
MAY 28 2017...........SUNRISE   611 AM EDT   SUNSET   914 PM EDT
MAY 29 2017...........SUNRISE   610 AM EDT   SUNSET   914 PM EDT


-  INDICATES NEGATIVE NUMBERS.
R  INDICATES RECORD WAS SET OR TIED.
MM INDICATES DATA IS MISSING.
T  INDICATES TRACE AMOUNT.




$$
