000
CDUS43 KGRR 270517
CLIBIV


CLIMATE REPORT
NATIONAL WEATHER SERVICE GRAND RAPIDS, MI
116 AM EDT WED MAY 27 2015


...................................

...THE HOLLAND/TULIP CITY MI CLIMATE SUMMARY FOR MAY 26 2015...

CLIMATE NORMAL PERIOD 1981 TO 2010
CLIMATE RECORD PERIOD 1996 TO 2015


WEATHER ITEM   OBSERVED TIME   NORMAL DEPARTURE LAST
                VALUE   (LST)  VALUE  FROM      YEAR
                                      NORMAL
......................................................
TEMPERATURE (F)
 YESTERDAY
  MAXIMUM         80   1257 PM  72      8       82
  MINIMUM         62    406 AM  52     10       58
  AVERAGE         71            62      9       70

PRECIPITATION (IN)
  YESTERDAY        0.61          0.09   0.52     0.00
  MONTH TO DATE    4.06          2.76   1.30     2.02
  SINCE MAR 1      8.60          8.28   0.32     5.56
  SINCE JAN 1     10.08         12.17  -2.09     9.52

DEGREE DAYS
 HEATING
  YESTERDAY        0             5     -5        0
  MONTH TO DATE  182           210    -28      228
  SINCE MAR 1   1652          1589     63     1867
  SINCE JUL 1   6619          6089    530     7025

 COOLING
  YESTERDAY        6             2      4        5
  MONTH TO DATE   39            26     13       22
  SINCE MAR 1     39            30      9       22
  SINCE JAN 1     39            30      9       22
......................................................


WIND (MPH)
  RESULTANT WIND SPEED  11   RESULTANT WIND DIRECTION   S (190)
  HIGHEST WIND SPEED    26   HIGHEST WIND DIRECTION     S (190)
  HIGHEST GUST SPEED    35   HIGHEST GUST DIRECTION     S (180)
  AVERAGE WIND SPEED    12.4


SKY COVER
  AVERAGE SKY COVER 0.5


WEATHER CONDITIONS
 THE FOLLOWING WEATHER WAS RECORDED YESTERDAY.
  HEAVY RAIN
  RAIN
  LIGHT RAIN
  FOG
  HAZE


RELATIVE HUMIDITY (PERCENT)
 HIGHEST    93           400 AM
 LOWEST     62           100 PM
 AVERAGE    78

..........................................................


THE HOLLAND/TULIP CITY MI CLIMATE NORMALS FOR TODAY
                         NORMAL
 MAXIMUM TEMPERATURE (F)   72
 MINIMUM TEMPERATURE (F)   52


SUNRISE AND SUNSET
MAY 27 2015...........SUNRISE   612 AM EDT   SUNSET   912 PM EDT
MAY 28 2015...........SUNRISE   611 AM EDT   SUNSET   913 PM EDT


-  INDICATES NEGATIVE NUMBERS.
R  INDICATES RECORD WAS SET OR TIED.
MM INDICATES DATA IS MISSING.
T  INDICATES TRACE AMOUNT.




$$
