000
CDUS43 KGRR 300522
CLIBIV


CLIMATE REPORT
NATIONAL WEATHER SERVICE GRAND RAPIDS, MI
122 AM EDT TUE JUN 30 2015


...................................

...THE HOLLAND/TULIP CITY MI CLIMATE SUMMARY FOR JUNE 29 2015...

CLIMATE NORMAL PERIOD 1981 TO 2010
CLIMATE RECORD PERIOD 1996 TO 2015


WEATHER ITEM   OBSERVED TIME   NORMAL DEPARTURE LAST
                VALUE   (LST)  VALUE  FROM      YEAR
                                      NORMAL
......................................................
TEMPERATURE (F)
 YESTERDAY
  MAXIMUM         77    202 PM  82     -5       86
  MINIMUM         59    451 AM  61     -2       74
  AVERAGE         68            72     -4       80

PRECIPITATION (IN)
  YESTERDAY        0.00          0.12  -0.12     0.04
  MONTH TO DATE    1.44          4.10  -2.66     3.22
  SINCE JUN 1      1.44          4.10  -2.66     3.22
  SINCE JAN 1     12.25         16.69  -4.44    12.75

DEGREE DAYS
 HEATING
  YESTERDAY        0             0      0        0
  MONTH TO DATE   23            49    -26       23
  SINCE JUN 1     23            49    -26       23
  SINCE JUL 1   6657          6161    496     7048

 COOLING
  YESTERDAY        3             7     -4       15
  MONTH TO DATE   84           139    -55      170
  SINCE JUN 1     84           139    -55      170
  SINCE JAN 1    133           181    -48      209
......................................................


WIND (MPH)
  RESULTANT WIND SPEED   6   RESULTANT WIND DIRECTION   S (160)
  HIGHEST WIND SPEED    16   HIGHEST WIND DIRECTION     S (200)
  HIGHEST GUST SPEED    19   HIGHEST GUST DIRECTION    SE (130)
  AVERAGE WIND SPEED     6.1


SKY COVER
  AVERAGE SKY COVER 0.3


WEATHER CONDITIONS
 THE FOLLOWING WEATHER WAS RECORDED YESTERDAY.
  NO SIGNIFICANT WEATHER WAS OBSERVED.


RELATIVE HUMIDITY (PERCENT)
 HIGHEST    90           500 AM
 LOWEST     60          1100 AM
 AVERAGE    75

..........................................................


THE HOLLAND/TULIP CITY MI CLIMATE NORMALS FOR TODAY
                         NORMAL
 MAXIMUM TEMPERATURE (F)   82
 MINIMUM TEMPERATURE (F)   61


SUNRISE AND SUNSET
JUNE 30 2015..........SUNRISE   609 AM EDT   SUNSET   927 PM EDT
JULY  1 2015..........SUNRISE   610 AM EDT   SUNSET   927 PM EDT


-  INDICATES NEGATIVE NUMBERS.
R  INDICATES RECORD WAS SET OR TIED.
MM INDICATES DATA IS MISSING.
T  INDICATES TRACE AMOUNT.




$$
