000
CDUS43 KGRR 281340
CLIBIV


CLIMATE REPORT
NATIONAL WEATHER SERVICE GRAND RAPIDS, MI
935 AM EDT SAT MAY 28 2016


...................................

...THE HOLLAND/TULIP CITY MI CLIMATE SUMMARY FOR MAY 28 2016...
VALID AS OF 0900 AM LOCAL TIME.

CLIMATE NORMAL PERIOD 1981 TO 2010
CLIMATE RECORD PERIOD 1996 TO 2016


WEATHER ITEM   OBSERVED TIME   NORMAL DEPARTURE LAST
                VALUE   (LST)  VALUE  FROM      YEAR
                                      NORMAL
......................................................
TEMPERATURE (F)
 TODAY
  MAXIMUM         72    759 AM  73     -1       81
  MINIMUM         69    614 AM  53     16       52
  AVERAGE         71            63      8       67

PRECIPITATION (IN)
  TODAY            0.00          0.09  -0.09     0.00
  MONTH TO DATE    2.35          2.94  -0.59     4.06
  SINCE MAR 1      9.27          8.46   0.81     8.60
  SINCE JAN 1     13.13         12.35   0.78    10.08

DEGREE DAYS
 HEATING
  TODAY            0             5     -5        0
  MONTH TO DATE  209           220    -11      184
  SINCE MAR 1   1512          1599    -87     1654
  SINCE JUL 1   5502          6099   -597     6621

 COOLING
  TODAY            6             2      4        2
  MONTH TO DATE   35            30      5       41
  SINCE MAR 1     36            34      2       41
  SINCE JAN 1     36            34      2       41
......................................................


WIND (MPH)
  RESULTANT WIND SPEED   6   RESULTANT WIND DIRECTION   S (160)
  HIGHEST WIND SPEED    10   HIGHEST WIND DIRECTION     S (160)
  HIGHEST GUST SPEED    13   HIGHEST GUST DIRECTION    SE (150)
  AVERAGE WIND SPEED     6.5


SKY COVER
  AVERAGE SKY COVER 0.2


WEATHER CONDITIONS
 THE FOLLOWING WEATHER WAS RECORDED TODAY.
  NO SIGNIFICANT WEATHER WAS OBSERVED.


RELATIVE HUMIDITY (PERCENT)
 HIGHEST    90          1200 AM
 LOWEST     78           600 AM
 AVERAGE    84

..........................................................


THE HOLLAND/TULIP CITY MI CLIMATE NORMALS FOR TOMORROW
                         NORMAL
 MAXIMUM TEMPERATURE (F)   73
 MINIMUM TEMPERATURE (F)   53


SUNRISE AND SUNSET
MAY 28 2016...........SUNRISE   611 AM EDT   SUNSET   914 PM EDT
MAY 29 2016...........SUNRISE   610 AM EDT   SUNSET   915 PM EDT


-  INDICATES NEGATIVE NUMBERS.
R  INDICATES RECORD WAS SET OR TIED.
MM INDICATES DATA IS MISSING.
T  INDICATES TRACE AMOUNT.




$$

63
