000
CDUS46 KBOI 250931
CLIBKE


CLIMATE REPORT
NATIONAL WEATHER SERVICE BOISE ID
330 AM MDT SUN JUN 25 2017


...................................

...THE BAKER OR CLIMATE SUMMARY FOR JUNE 24 2017...

CLIMATE NORMAL PERIOD 1981 TO 2010
CLIMATE RECORD PERIOD 1928 TO 2017


WEATHER ITEM   OBSERVED TIME   RECORD YEAR NORMAL DEPARTURE LAST
                VALUE   (LST)  VALUE       VALUE  FROM      YEAR
                                                  NORMAL
..................................................................
TEMPERATURE (F)
 YESTERDAY
  MAXIMUM         84    411 PM  95    1940  77      7       67
  MINIMUM         40    431 AM  33    1966  43     -3       38
                                      1946
  AVERAGE         62                        60      2       53

PRECIPITATION (IN)
  YESTERDAY        0.00          0.48 1975   0.03  -0.03      T
  MONTH TO DATE    0.95                      1.00  -0.05     0.37
  SINCE OCT 1      7.48                      8.04  -0.56     5.25
  SINCE JAN 1      4.74                      5.53  -0.79     2.71

DEGREE DAYS
 HEATING
  YESTERDAY        3                         6     -3       12
  MONTH TO DATE  169                       195    -26      181
  SINCE JUN 1    169                       195    -26      181
  SINCE JUL 1   7847                      7642    205     6864

 COOLING
  YESTERDAY        0                         1     -1        0
  MONTH TO DATE   15                         9      6       23
  SINCE JUN 1     15                         9      6       23
  SINCE JAN 1     15                        11      4       23
..................................................................


WIND (MPH)
  RESULTANT WIND SPEED   3   RESULTANT WIND DIRECTION   W (290)
  HIGHEST WIND SPEED    14   HIGHEST WIND DIRECTION    NW (300)
  HIGHEST GUST SPEED    18   HIGHEST GUST DIRECTION     W (290)
  AVERAGE WIND SPEED     5.9


SKY COVER
  AVERAGE SKY COVER 0.0


WEATHER CONDITIONS
 THE FOLLOWING WEATHER WAS RECORDED YESTERDAY.
  NO SIGNIFICANT WEATHER WAS OBSERVED.


RELATIVE HUMIDITY (PERCENT)
 HIGHEST    83           500 AM
 LOWEST     15           400 PM
 AVERAGE    49

..........................................................


THE BAKER OR CLIMATE NORMALS FOR TODAY
                         NORMAL    RECORD    YEAR
 MAXIMUM TEMPERATURE (F)   77        96      1970
 MINIMUM TEMPERATURE (F)   44        30      1966


SUNRISE AND SUNSET
JUNE 25 2017..........SUNRISE   506 AM PDT   SUNSET   841 PM PDT
JUNE 26 2017..........SUNRISE   507 AM PDT   SUNSET   841 PM PDT


-  INDICATES NEGATIVE NUMBERS.
R  INDICATES RECORD WAS SET OR TIED.
MM INDICATES DATA IS MISSING.
T  INDICATES TRACE AMOUNT.




$$
