000
CDUS46 KBOI 030931
CLIBKE


CLIMATE REPORT
NATIONAL WEATHER SERVICE BOISE ID
231 AM MST SAT DEC 3 2016


...................................

...THE BAKER OR CLIMATE SUMMARY FOR DECEMBER 2 2016...

CLIMATE NORMAL PERIOD 1981 TO 2010
CLIMATE RECORD PERIOD 1948 TO 2016


WEATHER ITEM   OBSERVED TIME   RECORD YEAR NORMAL DEPARTURE LAST
                VALUE   (LST)  VALUE       VALUE  FROM      YEAR
                                                  NORMAL
..................................................................
TEMPERATURE (F)
 YESTERDAY
  MAXIMUM         34   1203 PM  51    2013  36     -2       29
                                      2008
  MINIMUM         13    639 AM   1    1984  18     -5       19
  AVERAGE         24                        27     -3       24

PRECIPITATION (IN)
  YESTERDAY        T             0.64 1980   0.04  -0.04     0.01
  MONTH TO DATE    T                         0.07  -0.07     0.01
  SINCE OCT 1      1.81                      1.60   0.21     1.21
  SINCE JAN 1      5.51                      9.22  -3.71     9.17

DEGREE DAYS
 HEATING
  YESTERDAY       41                        38      3       41
  MONTH TO DATE   77                        76      1       84
  SINCE DEC 1     77                        76      1       84
  SINCE JUL 1   1851                      2113   -262     1935

 COOLING
  YESTERDAY        0                         0      0        0
  MONTH TO DATE    0                         0      0        0
  SINCE DEC 1      0                         0      0        0
  SINCE JAN 1    132                       169    -37      225
..................................................................


WIND (MPH)
  RESULTANT WIND SPEED   3   RESULTANT WIND DIRECTION   E (110)
  HIGHEST WIND SPEED    16   HIGHEST WIND DIRECTION     E (100)
  HIGHEST GUST SPEED    20   HIGHEST GUST DIRECTION     E (100)
  AVERAGE WIND SPEED     3.9


SKY COVER
  AVERAGE SKY COVER 0.5


WEATHER CONDITIONS
 THE FOLLOWING WEATHER WAS RECORDED YESTERDAY.
  LIGHT SNOW
  FOG


RELATIVE HUMIDITY (PERCENT)
 HIGHEST    96           500 AM
 LOWEST     69          1200 PM
 AVERAGE    83

..........................................................


THE BAKER OR CLIMATE NORMALS FOR TODAY
                         NORMAL    RECORD    YEAR
 MAXIMUM TEMPERATURE (F)   36        57      1977
 MINIMUM TEMPERATURE (F)   18         0      1996


SUNRISE AND SUNSET
DECEMBER  3 2016......SUNRISE   712 AM PST   SUNSET   411 PM PST
DECEMBER  4 2016......SUNRISE   713 AM PST   SUNSET   411 PM PST


-  INDICATES NEGATIVE NUMBERS.
R  INDICATES RECORD WAS SET OR TIED.
MM INDICATES DATA IS MISSING.
T  INDICATES TRACE AMOUNT.




$$
