000
CDUS46 KBOI 230933
CLIBKE


CLIMATE REPORT
NATIONAL WEATHER SERVICE BOISE ID
332 AM MDT THU MAR 23 2017


...................................

...THE BAKER OR CLIMATE SUMMARY FOR MARCH 22 2017...

CLIMATE NORMAL PERIOD 1981 TO 2010
CLIMATE RECORD PERIOD 1948 TO 2017


WEATHER ITEM   OBSERVED TIME   RECORD YEAR NORMAL DEPARTURE LAST
                VALUE   (LST)  VALUE       VALUE  FROM      YEAR
                                                  NORMAL
..................................................................
TEMPERATURE (F)
 YESTERDAY
  MAXIMUM         58    152 PM  70    2004  52      6       49
  MINIMUM         33    924 PM  15    1952  26      7       31
  AVERAGE         46                        39      7       40

PRECIPITATION (IN)
  YESTERDAY        0.01          0.35 2005   0.03  -0.02     0.00
  MONTH TO DATE    0.56                      0.58  -0.02     0.30
  SINCE OCT 1      4.87                      4.47   0.40     3.44
  SINCE JAN 1      2.13                      1.96   0.17     0.90

DEGREE DAYS
 HEATING
  YESTERDAY       19                        26     -7       25
  MONTH TO DATE  511                       626   -115      560
  SINCE MAR 1    511                       626   -115      560
  SINCE JUL 1   6339                      6146    193     5604

 COOLING
  YESTERDAY        0                         0      0        0
  MONTH TO DATE    0                         0      0        0
  SINCE MAR 1      0                         0      0        0
  SINCE JAN 1      0                         0      0        0
..................................................................


WIND (MPH)
  RESULTANT WIND SPEED   3   RESULTANT WIND DIRECTION  SE (150)
  HIGHEST WIND SPEED    30   HIGHEST WIND DIRECTION    NW (320)
  HIGHEST GUST SPEED    37   HIGHEST GUST DIRECTION    NW (330)
  AVERAGE WIND SPEED    10.5


SKY COVER
  AVERAGE SKY COVER 0.4


WEATHER CONDITIONS
 THE FOLLOWING WEATHER WAS RECORDED YESTERDAY.
  LIGHT RAIN


RELATIVE HUMIDITY (PERCENT)
 HIGHEST    92           200 AM
 LOWEST     33           300 PM
 AVERAGE    63

..........................................................


THE BAKER OR CLIMATE NORMALS FOR TODAY
                         NORMAL    RECORD    YEAR
 MAXIMUM TEMPERATURE (F)   53        70      1960
 MINIMUM TEMPERATURE (F)   27        12      2013


SUNRISE AND SUNSET
MARCH 23 2017.........SUNRISE   648 AM PDT   SUNSET   708 PM PDT
MARCH 24 2017.........SUNRISE   646 AM PDT   SUNSET   709 PM PDT


-  INDICATES NEGATIVE NUMBERS.
R  INDICATES RECORD WAS SET OR TIED.
MM INDICATES DATA IS MISSING.
T  INDICATES TRACE AMOUNT.




$$
