015
CDUS41 KRLX 102222
CLIBKW


CLIMATE REPORT
NATIONAL WEATHER SERVICE CHARLESTON WV
521 PM EST WED FEB 10 2016


...................................

...THE BECKLEY WV CLIMATE SUMMARY FOR FEBRUARY 10 2016...
VALID TODAY AS OF 0500 PM LOCAL TIME.

CLIMATE NORMAL PERIOD 1981 TO 2010
CLIMATE RECORD PERIOD 1963 TO 2016


WEATHER ITEM   OBSERVED TIME   RECORD YEAR NORMAL DEPARTURE LAST
                VALUE   (LST)  VALUE       VALUE  FROM      YEAR
                                                  NORMAL
..................................................................
TEMPERATURE (F)
 TODAY
  MAXIMUM         18   1203 AM  69    1918  42    -24       30
  MINIMUM         13   1031 AM -20    1899  25    -12       23
  AVERAGE         16                        33    -17       27

PRECIPITATION (IN)
  TODAY            T             1.00 1990   0.10  -0.10     0.00
  MONTH TO DATE    0.77                      0.96  -0.19     1.00
  SINCE DEC 1      6.74                      6.77  -0.03     6.22
  SINCE JAN 1      3.19                      3.77  -0.58     3.23

DEGREE DAYS
 HEATING
  TODAY           49                        32     17       38
  MONTH TO DATE  295                       324    -29      312
  SINCE DEC 1   1932                      2328   -396     2243
  SINCE JUL 1   2791                      3468   -677     3484

 COOLING
  TODAY            0                         0      0        0
  MONTH TO DATE    0                         0      0        0
  SINCE DEC 1      0                         0      0        0
  SINCE JAN 1      0                         0      0        0
..................................................................


WIND (MPH)
  HIGHEST WIND SPEED    23   HIGHEST WIND DIRECTION     W (270)
  HIGHEST GUST SPEED    30   HIGHEST GUST DIRECTION     W (270)
  AVERAGE WIND SPEED    11.1


SKY COVER
  POSSIBLE SUNSHINE  MM
  AVERAGE SKY COVER 1.0


WEATHER CONDITIONS
 THE FOLLOWING WEATHER WAS RECORDED TODAY.
  LIGHT SNOW
  FOG
  HAZE


RELATIVE HUMIDITY (PERCENT)
 HIGHEST    80          1200 AM
 LOWEST     61           500 PM
 AVERAGE    71

..........................................................


THE BECKLEY WV CLIMATE NORMALS FOR TOMORROW
                         NORMAL    RECORD    YEAR
 MAXIMUM TEMPERATURE (F)   42        73      1932
 MINIMUM TEMPERATURE (F)   25        -5      1958


SUNRISE AND SUNSET
FEBRUARY 10 2016......SUNRISE   720 AM EST   SUNSET   558 PM EST
FEBRUARY 11 2016......SUNRISE   719 AM EST   SUNSET   559 PM EST


-  INDICATES NEGATIVE NUMBERS.
R  INDICATES RECORD WAS SET OR TIED.
MM INDICATES DATA IS MISSING.
T  INDICATES TRACE AMOUNT.




$$
