000
CDUS41 KRLX 220719
CLIBKW


CLIMATE REPORT
NATIONAL WEATHER SERVICE CHARLESTON WV
318 AM EDT THU JUN 22 2017


...................................

...THE BECKLEY WV CLIMATE SUMMARY FOR JUNE 21 2017...

CLIMATE NORMAL PERIOD 1981 TO 2010
CLIMATE RECORD PERIOD 1963 TO 2017


WEATHER ITEM   OBSERVED TIME   RECORD YEAR NORMAL DEPARTURE LAST
                VALUE   (LST)  VALUE       VALUE  FROM      YEAR
                                                  NORMAL
..................................................................
TEMPERATURE (F)
 YESTERDAY
  MAXIMUM         81    318 PM  93    1953  78      3       76
  MINIMUM         61    519 AM  34    1940  59      2       66
  AVERAGE         71                        69      2       71

PRECIPITATION (IN)
  YESTERDAY        0.00          2.08 1979   0.14  -0.14     1.07
  MONTH TO DATE    6.75                      2.78   3.97     4.23
  SINCE JAN 1     27.21                     19.94   7.27    21.34

SNOWFALL (IN)
  YESTERDAY        0.0
  MONTH TO DATE    0.0
  SINCE SEP 1     26.0
  SNOW DEPTH       0

DEGREE DAYS
 HEATING
  YESTERDAY        0                         1     -1        0
  MONTH TO DATE   28                        36     -8       16
  SINCE JUN 1     28                        36     -8       16
  SINCE JUL 1   4245                      5337  -1092     4395

 COOLING
  YESTERDAY        6                         4      2        6
  MONTH TO DATE   69                        65      4       91
  SINCE JUN 1     69                        65      4       91
  SINCE JAN 1    134                       106     28      132
..................................................................


WIND (MPH)
  HIGHEST WIND SPEED    15   HIGHEST WIND DIRECTION     W (270)
  HIGHEST GUST SPEED    20   HIGHEST GUST DIRECTION     W (260)
  AVERAGE WIND SPEED     6.6


SKY COVER
  POSSIBLE SUNSHINE  MM
  AVERAGE SKY COVER 0.2


WEATHER CONDITIONS
 THE FOLLOWING WEATHER WAS RECORDED YESTERDAY.
  NO SIGNIFICANT WEATHER WAS OBSERVED.


RELATIVE HUMIDITY (PERCENT)
 HIGHEST    84          1200 AM
 LOWEST     42           100 PM
 AVERAGE    63

..........................................................


THE BECKLEY WV CLIMATE NORMALS FOR TODAY
                         NORMAL    RECORD    YEAR
 MAXIMUM TEMPERATURE (F)   79        92      1931
 MINIMUM TEMPERATURE (F)   60        36      1897


SUNRISE AND SUNSET
JUNE 22 2017..........SUNRISE   603 AM EDT   SUNSET   850 PM EDT
JUNE 23 2017..........SUNRISE   603 AM EDT   SUNSET   850 PM EDT


-  INDICATES NEGATIVE NUMBERS.
R  INDICATES RECORD WAS SET OR TIED.
MM INDICATES DATA IS MISSING.
T  INDICATES TRACE AMOUNT.




$$
