000
CDUS41 KRLX 272129
CLIBKW


CLIMATE REPORT
NATIONAL WEATHER SERVICE CHARLESTON WV
529 PM EDT THU AUG 27 2015


...................................

...THE BECKLEY WV CLIMATE SUMMARY FOR AUGUST 27 2015...
VALID TODAY AS OF 0500 PM LOCAL TIME.

CLIMATE NORMAL PERIOD 1981 TO 2010
CLIMATE RECORD PERIOD 1963 TO 2015


WEATHER ITEM   OBSERVED TIME   RECORD YEAR NORMAL DEPARTURE LAST
                VALUE   (LST)  VALUE       VALUE  FROM      YEAR
                                                  NORMAL
..................................................................
TEMPERATURE (F)
 TODAY
  MAXIMUM         74    359 PM  93    1948  78     -4       83
  MINIMUM         50    536 AM  38    1923  59     -9       54
  AVERAGE         62                        69     -7       69

PRECIPITATION (IN)
  TODAY            0.00          0.70 1951   0.09  -0.09     0.00
  MONTH TO DATE    2.65                      3.13  -0.48     4.01
  SINCE JUN 1     17.13                     12.16   4.97    10.28
  SINCE JAN 1     37.07                     29.32   7.75    24.40

DEGREE DAYS
 HEATING
  TODAY            3                         1      2        0
  MONTH TO DATE   12                         3      9        7
  SINCE JUN 1     22                        50    -28       41
  SINCE JUL 1     12                        11      1       29

 COOLING
  TODAY            0                         4     -4        4
  MONTH TO DATE  135                       147    -12       94
  SINCE JUN 1    532                       439     93      416
  SINCE JAN 1    638                       480    158      491
..................................................................


WIND (MPH)
  HIGHEST WIND SPEED    12   HIGHEST WIND DIRECTION     N (10)
  HIGHEST GUST SPEED    16   HIGHEST GUST DIRECTION     N (10)
  AVERAGE WIND SPEED     3.0


SKY COVER
  POSSIBLE SUNSHINE  MM
  AVERAGE SKY COVER 0.4


WEATHER CONDITIONS
 THE FOLLOWING WEATHER WAS RECORDED TODAY.
  FOG
  FOG W/VISIBILITY <= 1/4 MILE


RELATIVE HUMIDITY (PERCENT)
 HIGHEST    96           600 AM
 LOWEST     46           300 PM
 AVERAGE    71

..........................................................


THE BECKLEY WV CLIMATE NORMALS FOR TOMORROW
                         NORMAL    RECORD    YEAR
 MAXIMUM TEMPERATURE (F)   78        94      1948
 MINIMUM TEMPERATURE (F)   59        39      1923


SUNRISE AND SUNSET
AUGUST 27 2015........SUNRISE   650 AM EDT   SUNSET   801 PM EDT
AUGUST 28 2015........SUNRISE   651 AM EDT   SUNSET   800 PM EDT


-  INDICATES NEGATIVE NUMBERS.
R  INDICATES RECORD WAS SET OR TIED.
MM INDICATES DATA IS MISSING.
T  INDICATES TRACE AMOUNT.




$$
