000
CDUS41 KRLX 020727
CLIBKW


CLIMATE REPORT
NATIONAL WEATHER SERVICE CHARLESTON WV
315 AM EDT MON MAY 2 2016


...................................

...THE BECKLEY WV CLIMATE SUMMARY FOR MAY 1 2016...

CLIMATE NORMAL PERIOD 1981 TO 2010
CLIMATE RECORD PERIOD 1963 TO 2016


WEATHER ITEM   OBSERVED TIME   RECORD YEAR NORMAL DEPARTURE LAST
                VALUE   (LST)  VALUE       VALUE  FROM      YEAR
                                                  NORMAL
..................................................................
TEMPERATURE (F)
 YESTERDAY
  MAXIMUM         76    348 PM  86    1962  67      9       55
  MINIMUM         53    635 AM  29    1939  46      7       42
  AVERAGE         65                        56      9       49

PRECIPITATION (IN)
  YESTERDAY        1.22R         1.18 1998   0.13   1.09     0.17
  MONTH TO DATE    1.22                      0.13   1.09     0.17
  SINCE JAN 1     11.74                     12.63  -0.89    18.97

SNOWFALL (IN)
  YESTERDAY        0.0
  MONTH TO DATE    0.0
  SINCE SEP 1     45.5
  SNOW DEPTH       0

DEGREE DAYS
 HEATING
  YESTERDAY        0                         9     -9       16
  MONTH TO DATE    0                         9     -9       16
  SINCE MAR 1    804                      1117   -313     1039
  SINCE JUL 1   4179                      5118   -939     5372

 COOLING
  YESTERDAY        0                         0      0        0
  MONTH TO DATE    0                         0      0        0
  SINCE MAR 1      8                        10     -2        3
  SINCE JAN 1      8                        10     -2        3
..................................................................


WIND (MPH)
  HIGHEST WIND SPEED    26   HIGHEST WIND DIRECTION    NW (330)
  HIGHEST GUST SPEED    34   HIGHEST GUST DIRECTION     N (340)
  AVERAGE WIND SPEED     7.0


SKY COVER
  POSSIBLE SUNSHINE  MM
  AVERAGE SKY COVER 0.8


WEATHER CONDITIONS
 THE FOLLOWING WEATHER WAS RECORDED YESTERDAY.
  HEAVY RAIN
  RAIN
  LIGHT RAIN
  FOG


RELATIVE HUMIDITY (PERCENT)
 HIGHEST   100           900 PM
 LOWEST     49           300 PM
 AVERAGE    75

..........................................................


THE BECKLEY WV CLIMATE NORMALS FOR TODAY
                         NORMAL    RECORD    YEAR
 MAXIMUM TEMPERATURE (F)   67        86      2010
                                             1954
 MINIMUM TEMPERATURE (F)   46        22      1943


SUNRISE AND SUNSET
MAY  2 2016...........SUNRISE   627 AM EDT   SUNSET   816 PM EDT
MAY  3 2016...........SUNRISE   626 AM EDT   SUNSET   817 PM EDT


-  INDICATES NEGATIVE NUMBERS.
R  INDICATES RECORD WAS SET OR TIED.
MM INDICATES DATA IS MISSING.
T  INDICATES TRACE AMOUNT.




$$
