000
CDUS41 KRLX 240724
CLIBKW


CLIMATE REPORT
NATIONAL WEATHER SERVICE CHARLESTON WV
322 AM EDT TUE OCT 24 2017


...................................

...THE BECKLEY WV CLIMATE SUMMARY FOR OCTOBER 23 2017...

CLIMATE NORMAL PERIOD 1981 TO 2010
CLIMATE RECORD PERIOD 1963 TO 2017


WEATHER ITEM   OBSERVED TIME   RECORD YEAR NORMAL DEPARTURE LAST
                VALUE   (LST)  VALUE       VALUE  FROM      YEAR
                                                  NORMAL
..................................................................
TEMPERATURE (F)
 YESTERDAY
  MAXIMUM         62    231 PM  84    1947  61      1       61
  MINIMUM         52    958 PM  13    1913  41     11       36
  AVERAGE         57                        51      6       49

PRECIPITATION (IN)
  YESTERDAY        1.58R         1.10 1950   0.09   1.49     0.00
  MONTH TO DATE    3.34                      1.86   1.48     3.04
  SINCE JAN 1     38.53                     34.53   4.00    40.37

SNOWFALL (IN)
  YESTERDAY        0.0           7.5  1937   0.1   -0.1      0.0
  MONTH TO DATE    0.0                       0.2   -0.2      0.0
  SINCE SEP 1      0.0                       0.2   -0.2      0.0
  SNOW DEPTH       0

DEGREE DAYS
 HEATING
  YESTERDAY        8                        14     -6       16
  MONTH TO DATE   98                       253   -155      160
  SINCE SEP 1    196                       366   -170      177
  SINCE JUL 1    213                       387   -174      177

 COOLING
  YESTERDAY        0                         0      0        0
  MONTH TO DATE   33                         2     31       12
  SINCE SEP 1     81                        59     22      142
  SINCE JAN 1    594                       552     42      843
..................................................................


WIND (MPH)
  HIGHEST WIND SPEED    26   HIGHEST WIND DIRECTION     W (270)
  HIGHEST GUST SPEED    35   HIGHEST GUST DIRECTION     W (270)
  AVERAGE WIND SPEED    11.6


SKY COVER
  POSSIBLE SUNSHINE  MM
  AVERAGE SKY COVER 0.8


WEATHER CONDITIONS
 THE FOLLOWING WEATHER WAS RECORDED YESTERDAY.
  HEAVY RAIN
  RAIN
  LIGHT RAIN
  FOG


RELATIVE HUMIDITY (PERCENT)
 HIGHEST   100           500 PM
 LOWEST     67          1200 AM
 AVERAGE    84

..........................................................


THE BECKLEY WV CLIMATE NORMALS FOR TODAY
                         NORMAL    RECORD    YEAR
 MAXIMUM TEMPERATURE (F)   61        82      1947
 MINIMUM TEMPERATURE (F)   41        13      1907


SUNRISE AND SUNSET
OCTOBER 24 2017.......SUNRISE   742 AM EDT   SUNSET   635 PM EDT
OCTOBER 25 2017.......SUNRISE   743 AM EDT   SUNSET   634 PM EDT


-  INDICATES NEGATIVE NUMBERS.
R  INDICATES RECORD WAS SET OR TIED.
MM INDICATES DATA IS MISSING.
T  INDICATES TRACE AMOUNT.




$$
