000
CDUS41 KRLX 290825
CLIBKW


CLIMATE REPORT
NATIONAL WEATHER SERVICE CHARLESTON WV
323 AM EST THU JAN 29 2015


...................................

...THE BECKLEY WV CLIMATE SUMMARY FOR JANUARY 28 2015...

CLIMATE NORMAL PERIOD 1981 TO 2010
CLIMATE RECORD PERIOD 1963 TO 2015


WEATHER ITEM   OBSERVED TIME   RECORD YEAR NORMAL DEPARTURE LAST
                VALUE   (LST)  VALUE       VALUE  FROM      YEAR
                                                  NORMAL
..................................................................
TEMPERATURE (F)
 YESTERDAY
  MAXIMUM         29    450 PM  70    1916  40    -11       10
                                      1914
  MINIMUM         15    325 AM -17    1963  23     -8        1
  AVERAGE         22                        32    -10        6

PRECIPITATION (IN)
  YESTERDAY        T             1.06 1998   0.09  -0.09     0.04
  MONTH TO DATE    1.96                      2.54  -0.58     1.94
  SINCE JAN 1      1.96                      2.54  -0.58     1.94

SNOWFALL (IN)
  YESTERDAY        T
  MONTH TO DATE    7.8
  SINCE SEP 1     12.2
  SNOW DEPTH       1

DEGREE DAYS
 HEATING
  YESTERDAY       43                        33     10       59
  MONTH TO DATE  966                       951     15     1097
  SINCE DEC 1   1818                      1904    -86     1953
  SINCE JUL 1   3059                      3044     15     3135

 COOLING
  YESTERDAY        0                         0      0        0
  MONTH TO DATE    0                         0      0        0
  SINCE DEC 1      0                         0      0        0
  SINCE JAN 1      0                         0      0        0
..................................................................


WIND (MPH)
  HIGHEST WIND SPEED    15   HIGHEST WIND DIRECTION     N (350)
  HIGHEST GUST SPEED    18   HIGHEST GUST DIRECTION     N (360)
  AVERAGE WIND SPEED     6.1


SKY COVER
  POSSIBLE SUNSHINE  MM
  AVERAGE SKY COVER 0.6


WEATHER CONDITIONS
 THE FOLLOWING WEATHER WAS RECORDED YESTERDAY.
  LIGHT SNOW
  FOG
  HAZE


RELATIVE HUMIDITY (PERCENT)
 HIGHEST    80          1200 AM
 LOWEST     50           500 PM
 AVERAGE    65

..........................................................


THE BECKLEY WV CLIMATE NORMALS FOR TODAY
                         NORMAL    RECORD    YEAR
 MAXIMUM TEMPERATURE (F)   40        73      1914
 MINIMUM TEMPERATURE (F)   23        -8      2014
                                             1977
                                             1936


SUNRISE AND SUNSET
JANUARY 29 2015.......SUNRISE   731 AM EST   SUNSET   544 PM EST
JANUARY 30 2015.......SUNRISE   730 AM EST   SUNSET   546 PM EST


-  INDICATES NEGATIVE NUMBERS.
R  INDICATES RECORD WAS SET OR TIED.
MM INDICATES DATA IS MISSING.
T  INDICATES TRACE AMOUNT.




$$
