000
CDUS41 KRLX 260728
CLIBKW


CLIMATE REPORT
NATIONAL WEATHER SERVICE CHARLESTON WV
326 AM EDT THU MAR 26 2015


...................................

...THE BECKLEY WV CLIMATE SUMMARY FOR MARCH 25 2015...

CLIMATE NORMAL PERIOD 1981 TO 2010
CLIMATE RECORD PERIOD 1963 TO 2015


WEATHER ITEM   OBSERVED TIME   RECORD YEAR NORMAL DEPARTURE LAST
                VALUE   (LST)  VALUE       VALUE  FROM      YEAR
                                                  NORMAL
..................................................................
TEMPERATURE (F)
 YESTERDAY
  MAXIMUM         73    420 PM  82    1954  55     18       32
  MINIMUM         45    645 AM   5    1940  35     10       21
  AVERAGE         59                        45     14       27

PRECIPITATION (IN)
  YESTERDAY        0.00          1.28 1935   0.12  -0.12     0.14
  MONTH TO DATE    5.03                      2.86   2.17     1.69
  SINCE JAN 1     11.68                      8.43   3.25     6.79

SNOWFALL (IN)
  YESTERDAY        0.0
  MONTH TO DATE    6.9
  SINCE SEP 1     65.9
  SNOW DEPTH       0

DEGREE DAYS
 HEATING
  YESTERDAY        6                        20    -14       38
  MONTH TO DATE  530                       597    -67      669
  SINCE MAR 1    530                       597    -67      669
  SINCE JUL 1   4863                      4598    265     4877

 COOLING
  YESTERDAY        0                         0      0        0
  MONTH TO DATE    0                         0      0        0
  SINCE MAR 1      0                         0      0        0
  SINCE JAN 1      0                         0      0        0
..................................................................


WIND (MPH)
  HIGHEST WIND SPEED    22   HIGHEST WIND DIRECTION     W (260)
  HIGHEST GUST SPEED    29   HIGHEST GUST DIRECTION    SW (220)
  AVERAGE WIND SPEED    11.5


SKY COVER
  POSSIBLE SUNSHINE  MM
  AVERAGE SKY COVER 0.5


WEATHER CONDITIONS
 THE FOLLOWING WEATHER WAS RECORDED YESTERDAY.
  NO SIGNIFICANT WEATHER WAS OBSERVED.


RELATIVE HUMIDITY (PERCENT)
 HIGHEST    71           700 AM
 LOWEST     35           200 PM
 AVERAGE    53

..........................................................


THE BECKLEY WV CLIMATE NORMALS FOR TODAY
                         NORMAL    RECORD    YEAR
 MAXIMUM TEMPERATURE (F)   55        80      1910
 MINIMUM TEMPERATURE (F)   35        -2      1940


SUNRISE AND SUNSET
MARCH 26 2015.........SUNRISE   719 AM EDT   SUNSET   742 PM EDT
MARCH 27 2015.........SUNRISE   718 AM EDT   SUNSET   743 PM EDT


-  INDICATES NEGATIVE NUMBERS.
R  INDICATES RECORD WAS SET OR TIED.
MM INDICATES DATA IS MISSING.
T  INDICATES TRACE AMOUNT.




$$
