686
CDUS41 KRLX 180818
CLIBKW


CLIMATE REPORT
NATIONAL WEATHER SERVICE CHARLESTON WV
317 AM EST THU JAN 18 2018


...................................

...THE BECKLEY WV CLIMATE SUMMARY FOR JANUARY 17 2018...

CLIMATE NORMAL PERIOD 1981 TO 2010
CLIMATE RECORD PERIOD 1963 TO 2018


WEATHER ITEM   OBSERVED TIME   RECORD YEAR NORMAL DEPARTURE LAST
                VALUE   (LST)  VALUE       VALUE  FROM      YEAR
                                                  NORMAL
..................................................................
TEMPERATURE (F)
 YESTERDAY
  MAXIMUM         14   1201 AM  69    1943  39    -25       57
  MINIMUM          5    919 AM -20    1982  23    -18       48
  AVERAGE         10                        31    -21       53

PRECIPITATION (IN)
  YESTERDAY        0.01          1.10 1947   0.09  -0.08     0.25
  MONTH TO DATE    1.63                      1.56   0.07     2.52
  SINCE JAN 1      1.63                      1.56   0.07     2.52

SNOWFALL (IN)
  YESTERDAY        0.7           8.0  1911   0.6    0.1      0.0
  MONTH TO DATE    7.7                       9.4   -1.7      7.6
  SINCE SEP 1     17.6                      25.3   -7.7     12.6
  SNOW DEPTH       4

DEGREE DAYS
 HEATING
  YESTERDAY       55                        34     21       12
  MONTH TO DATE  718                       578    140      476
  SINCE DEC 1   1714                      1531    183     1396
  SINCE JUL 1   2697                      2671     26     2171

 COOLING
  YESTERDAY        0                         0      0        0
  MONTH TO DATE    0                         0      0        0
  SINCE DEC 1      0                         0      0        0
  SINCE JAN 1      0                         0      0        0
..................................................................


WIND (MPH)
  HIGHEST WIND SPEED    15   HIGHEST WIND DIRECTION     N (340)
  HIGHEST GUST SPEED    18   HIGHEST GUST DIRECTION    NW (320)
  AVERAGE WIND SPEED     9.4


SKY COVER
  POSSIBLE SUNSHINE  MM
  AVERAGE SKY COVER 1.0


WEATHER CONDITIONS
 THE FOLLOWING WEATHER WAS RECORDED YESTERDAY.
  SNOW
  LIGHT SNOW
  FOG
  HAZE


RELATIVE HUMIDITY (PERCENT)
 HIGHEST    88          1200 AM
 LOWEST     66           100 PM
 AVERAGE    77

..........................................................


THE BECKLEY WV CLIMATE NORMALS FOR TODAY
                         NORMAL    RECORD    YEAR
 MAXIMUM TEMPERATURE (F)   39        67      1943
 MINIMUM TEMPERATURE (F)   23       -13      1994


SUNRISE AND SUNSET
JANUARY 18 2018.......SUNRISE   737 AM EST   SUNSET   533 PM EST
JANUARY 19 2018.......SUNRISE   737 AM EST   SUNSET   534 PM EST


-  INDICATES NEGATIVE NUMBERS.
R  INDICATES RECORD WAS SET OR TIED.
MM INDICATES DATA IS MISSING.
T  INDICATES TRACE AMOUNT.




$$
