000
CDUS41 KRNK 280638
CLIBLF


CLIMATE REPORT
NATIONAL WEATHER SERVICE BLACKSBURG VA
236 AM EDT THU MAY 28 2015


...................................

...THE BLUEFIELD WV CLIMATE SUMMARY FOR MAY 27 2015...

CLIMATE NORMAL PERIOD 1981 TO 2010
CLIMATE RECORD PERIOD 1959 TO 2015


WEATHER ITEM   OBSERVED TIME   RECORD YEAR NORMAL DEPARTURE LAST
                VALUE   (LST)  VALUE       VALUE  FROM      YEAR
                                                  NORMAL
..................................................................
TEMPERATURE (F)
 YESTERDAY
  MAXIMUM         81    522 PM  86    2012  74      7       78
  MINIMUM         65   1110 PM  31    1961  56      9       62
  AVERAGE         73                        65      8       70

PRECIPITATION (IN)
  YESTERDAY        T             1.61 1991   0.15  -0.15     0.17
  MONTH TO DATE    1.72                      3.70  -1.98     2.69
  SINCE MAR 1     12.13                     10.55   1.58     7.42
  SINCE JAN 1     15.69                     16.21  -0.52    11.55

SNOWFALL (IN)
  YESTERDAY        0.0                                       0.0
  MONTH TO DATE    0.0                                       0.0
  SINCE MAR 1      3.1                                       9.4
  SINCE JUL 1     39.7                                      47.0
  SNOW DEPTH       0

DEGREE DAYS
 HEATING
  YESTERDAY        0                         3     -3        0
  MONTH TO DATE   63                       127    -64       89
  SINCE MAR 1    915                      1064   -149     1017
  SINCE JUL 1   4835                      4557    278     4652

 COOLING
  YESTERDAY        8                         3      5        5
  MONTH TO DATE  112                        50     62       89
  SINCE MAR 1    123                        78     45      109
  SINCE JAN 1    123                        78     45      109
..................................................................


WIND (MPH)
  HIGHEST WIND SPEED    17   HIGHEST WIND DIRECTION    SW (240)
  HIGHEST GUST SPEED    23   HIGHEST GUST DIRECTION    SW (240)
  AVERAGE WIND SPEED     6.7


SKY COVER
  AVERAGE SKY COVER 0.3


WEATHER CONDITIONS
 THE FOLLOWING WEATHER WAS RECORDED YESTERDAY.
  LIGHT RAIN


RELATIVE HUMIDITY (PERCENT)
 HIGHEST    81           400 AM
 LOWEST     39           300 PM
 AVERAGE    60

..........................................................


THE BLUEFIELD WV CLIMATE NORMALS FOR TODAY
                         NORMAL    RECORD    YEAR
 MAXIMUM TEMPERATURE (F)   74        86      2006
 MINIMUM TEMPERATURE (F)   56        34      1994


SUNRISE AND SUNSET
MAY 28 2015...........SUNRISE   608 AM EDT   SUNSET   837 PM EDT
MAY 29 2015...........SUNRISE   607 AM EDT   SUNSET   838 PM EDT


-  INDICATES NEGATIVE NUMBERS.
R  INDICATES RECORD WAS SET OR TIED.
MM INDICATES DATA IS MISSING.
T  INDICATES TRACE AMOUNT.




$$
