000
CDUS41 KRNK 252109
CLIBLF


CLIMATE REPORT
NATIONAL WEATHER SERVICE BLACKSBURG VA
508 PM EDT SUN JUN 25 2017


...................................

...THE BLUEFIELD WV CLIMATE SUMMARY FOR JUNE 25 2017...
VALID TODAY AS OF 0500 PM LOCAL TIME.

CLIMATE NORMAL PERIOD 1981 TO 2010
CLIMATE RECORD PERIOD 1959 TO 2017


WEATHER ITEM   OBSERVED TIME   RECORD YEAR NORMAL DEPARTURE LAST
                VALUE   (LST)  VALUE       VALUE  FROM      YEAR
                                                  NORMAL
..................................................................
TEMPERATURE (F)
 TODAY
  MAXIMUM         70    345 PM  91    1988  80    -10       79
  MINIMUM         58    515 AM  45    1979  63     -5       60
  AVERAGE         64                        72     -8       70

PRECIPITATION (IN)
  TODAY            0.00          0.75 1987   0.13  -0.13     0.00
  MONTH TO DATE    4.14                      3.49   0.65     3.35
  SINCE JUN 1      4.14                      3.49   0.65     3.35
  SINCE JAN 1     24.94                     20.31   4.63    18.11

SNOWFALL (IN)
  TODAY            0.0                                       0.0
  MONTH TO DATE    0.0                                       0.0
  SINCE JUN 1      0.0                                       0.0
  SINCE JUL 1     20.5                                      34.8
  SNOW DEPTH       0

DEGREE DAYS
 HEATING
  TODAY            1                         0      1        0
  MONTH TO DATE   32                        21     11       16
  SINCE JUN 1     32                        21     11       16
  SINCE JUL 1   4293                      4587   -294     3882

 COOLING
  TODAY            0                         7     -7        5
  MONTH TO DATE   64                       130    -66       98
  SINCE JUN 1     64                       130    -66       98
  SINCE JAN 1    116                       221   -105      125
..................................................................


WIND (MPH)
  HIGHEST WIND SPEED    18   HIGHEST WIND DIRECTION    NW (300)
  HIGHEST GUST SPEED    25   HIGHEST GUST DIRECTION     W (250)
  AVERAGE WIND SPEED     7.3


SKY COVER
  AVERAGE SKY COVER 0.5


WEATHER CONDITIONS
 THE FOLLOWING WEATHER WAS RECORDED TODAY.
  NO SIGNIFICANT WEATHER WAS OBSERVED.


RELATIVE HUMIDITY (PERCENT)
 HIGHEST    93           500 AM
 LOWEST     45          1200 PM
 AVERAGE    69

..........................................................


THE BLUEFIELD WV CLIMATE NORMALS FOR TOMORROW
                         NORMAL    RECORD    YEAR
 MAXIMUM TEMPERATURE (F)   80        90      2007
 MINIMUM TEMPERATURE (F)   64        49      1974


SUNRISE AND SUNSET
JUNE 25 2017..........SUNRISE   606 AM EDT   SUNSET   849 PM EDT
JUNE 26 2017..........SUNRISE   606 AM EDT   SUNSET   849 PM EDT


-  INDICATES NEGATIVE NUMBERS.
R  INDICATES RECORD WAS SET OR TIED.
MM INDICATES DATA IS MISSING.
T  INDICATES TRACE AMOUNT.

REMARKS:
DUE TO A POWER OUTAGE CAUSING A MISSING HIGH TEMPERATURE ON NOVEMBER
10...THE SEASONAL HEATING DEGREE DAY TOTAL AND DEPARTURE FROM
NORMAL WILL BE CALCULATED WITHOUT DATA FROM THIS DATE.



$$
