000
CDUS41 KRNK 170916
CLIBLF


CLIMATE REPORT
NATIONAL WEATHER SERVICE BLACKSBURG VA
513 AM EDT WED SEP 17 2014


...................................

...THE BLUEFIELD WV CLIMATE SUMMARY FOR SEPTEMBER 16 2014...

CLIMATE NORMAL PERIOD 1981 TO 2010
CLIMATE RECORD PERIOD 1959 TO 2014


WEATHER ITEM   OBSERVED TIME   RECORD YEAR NORMAL DEPARTURE LAST
                VALUE   (LST)  VALUE       VALUE  FROM      YEAR
                                                  NORMAL
..................................................................
TEMPERATURE (F)
 YESTERDAY
  MAXIMUM         70    358 PM  86    1998  75     -5       71
  MINIMUM         57   1159 PM  39    2007  57      0       55
  AVERAGE         64                        66     -2

PRECIPITATION (IN)
  YESTERDAY        0.02          1.02 1962   0.11  -0.09     0.02
  MONTH TO DATE    2.19                      1.64   0.55     0.88
  SINCE SEP 1      2.19                      1.64   0.55     0.88
  SINCE JAN 1     26.81                     30.03  -3.22    31.10

SNOWFALL (IN)
  YESTERDAY        0.0
  MONTH TO DATE    0.0
  SINCE SEP 1      0.0
  SINCE JUL 1      0.0
  SNOW DEPTH       0

DEGREE DAYS
 HEATING
  YESTERDAY        1                         2     -1
  MONTH TO DATE   15                        18     -3
  SINCE SEP 1     15                        18     -3
  SINCE JUL 1     25                        24      1

 COOLING
  YESTERDAY        0                         3     -3
  MONTH TO DATE   92                        69     23
  SINCE SEP 1     92                        69     23
  SINCE JAN 1    805                       803      2
..................................................................


WIND (MPH)
  HIGHEST WIND SPEED    16   HIGHEST WIND DIRECTION    SW (240)
  HIGHEST GUST SPEED    19   HIGHEST GUST DIRECTION    SW (230)
  AVERAGE WIND SPEED     4.4


SKY COVER
  POSSIBLE SUNSHINE  MM
  AVERAGE SKY COVER 0.8


WEATHER CONDITIONS
 THE FOLLOWING WEATHER WAS RECORDED YESTERDAY.
  LIGHT RAIN
  FOG


RELATIVE HUMIDITY (PERCENT)
 HIGHEST    90           300 AM
 LOWEST     61           400 PM
 AVERAGE    76

..........................................................


THE BLUEFIELD WV CLIMATE NORMALS FOR TODAY
                         NORMAL    RECORD    YEAR
 MAXIMUM TEMPERATURE (F)   74        87      1998
 MINIMUM TEMPERATURE (F)   57        37      2000


SUNRISE AND SUNSET
SEPTEMBER 17 2014.....SUNRISE   708 AM EDT   SUNSET   729 PM EDT
SEPTEMBER 18 2014.....SUNRISE   709 AM EDT   SUNSET   728 PM EDT


-  INDICATES NEGATIVE NUMBERS.
R  INDICATES RECORD WAS SET OR TIED.
MM INDICATES DATA IS MISSING.
T  INDICATES TRACE AMOUNT.


REMARKS:
DUE TO A POWER FAILURE CAUSING A MISSING LOW TEMPERATURE ON
MAY 30...THE SEASONAL TOTAL AND DEPARTURE FROM NORMAL FOR CDD
WILL BE CALCULATED WITHOUT DATA FROM THAT DATE.


$$
