000
CDUS46 KSEW 240117
CLIBLI


CLIMATE REPORT
NATIONAL WEATHER SERVICE SEATTLE WA
616 PM PDT TUE AUG 23 2016


...................................

...THE BELLINGHAM WA AIRPORT CLIMATE SUMMARY FOR AUGUST 23 2016...
VALID TODAY AS OF 0600 PM LOCAL TIME.

CLIMATE NORMAL PERIOD 1981 TO 2010
CLIMATE RECORD PERIOD 1949 TO 2016


WEATHER ITEM   OBSERVED TIME   RECORD YEAR NORMAL DEPARTURE LAST
                VALUE   (LST)  VALUE       VALUE  FROM      YEAR
                                                  NORMAL
..................................................................
TEMPERATURE (F)
 TODAY
  MAXIMUM         74        MM  81    1988  71      3       79
                                      1985
                                      1966
  MINIMUM         46        MM  41    1955  52     -6       49
  AVERAGE         60                        63     -3       64

PRECIPITATION (IN)
  TODAY            0.00          1.08 1977   0.04  -0.04     0.00
  MONTH TO DATE    0.02                      0.84  -0.82     0.22
  SINCE OCT 1     31.66                     33.66  -2.00    30.52
  SINCE JAN 1     17.59                     19.96  -2.37    15.79

DEGREE DAYS
 HEATING
  TODAY            5                         3      2        1
  MONTH TO DATE   30                        50    -20       15
  SINCE JUN 1    217                       352   -135       97

 COOLING
  TODAY            0                         0      0        0
  MONTH TO DATE   40                         0     40       51
  SINCE JUN 1     86                        23     63      189
  SINCE JAN 1     87                        23     64      189
..................................................................


WIND (MPH)
  RESULTANT WIND SPEED   1   RESULTANT WIND DIRECTION   W (280)
  HIGHEST WIND SPEED     9   HIGHEST WIND DIRECTION     W (270)
  HIGHEST GUST SPEED    MM   HIGHEST GUST DIRECTION    MM
  AVERAGE WIND SPEED     3.5


SKY COVER
  AVERAGE SKY COVER 0.0


WEATHER CONDITIONS
 THE FOLLOWING WEATHER WAS RECORDED TODAY.
  NO SIGNIFICANT WEATHER WAS OBSERVED.


RELATIVE HUMIDITY (PERCENT)
 HIGHEST    93           300 AM
 LOWEST     44           300 PM
 AVERAGE    69

..........................................................


THE BELLINGHAM WA AIRPORT CLIMATE NORMALS FOR TOMORROW
                         NORMAL    RECORD    YEAR
 MAXIMUM TEMPERATURE (F)   71        85      1958
 MINIMUM TEMPERATURE (F)   52        41      2003


SUNRISE AND SUNSET
AUGUST 23 2016........SUNRISE   615 AM PDT   SUNSET   809 PM PDT
AUGUST 24 2016........SUNRISE   617 AM PDT   SUNSET   807 PM PDT


-  INDICATES NEGATIVE NUMBERS.
R  INDICATES RECORD WAS SET OR TIED.
MM INDICATES DATA IS MISSING.
T  INDICATES TRACE AMOUNT.




$$
