000
CDUS46 KSEW 170829
CLIBLI


CLIMATE REPORT
NATIONAL WEATHER SERVICE SEATTLE WA
129 AM PDT THU APR 17 2014


...................................

...THE BELLINGHAM WA AIRPORT CLIMATE SUMMARY FOR APRIL 16 2014...

CLIMATE NORMAL PERIOD 1981 TO 2010
CLIMATE RECORD PERIOD 1949 TO 2014


WEATHER ITEM   OBSERVED TIME   RECORD YEAR NORMAL DEPARTURE LAST
                VALUE   (LST)  VALUE       VALUE  FROM      YEAR
                                                  NORMAL
..................................................................
TEMPERATURE (F)
 YESTERDAY
  MAXIMUM         54    509 PM  78    1990  57     -3       60
  MINIMUM         47   1254 AM  31    1995  40      7       33
                                      1971
  AVERAGE         51                        48      3       47

PRECIPITATION (IN)
  YESTERDAY        0.49          0.79 1992   0.09   0.40     0.00
  MONTH TO DATE    0.95                      1.54  -0.59     2.52
  SINCE OCT 1     22.23                     26.15  -3.92    10.78
  SINCE JAN 1     11.92                     12.45  -0.53     9.00

DEGREE DAYS
 HEATING
  YESTERDAY       14                        17     -3       18
  MONTH TO DATE  232                       281    -49      267
  SINCE MAR 1    825                       924    -99      885

 COOLING
  YESTERDAY        0                         0      0        0
  MONTH TO DATE    0                         0      0        0
  SINCE MAR 1      0                         0      0        0
  SINCE JAN 1      0                         0      0        0
..................................................................


WIND (MPH)
  RESULTANT WIND SPEED   7   RESULTANT WIND DIRECTION  SE (150)
  HIGHEST WIND SPEED    17   HIGHEST WIND DIRECTION    SE (150)
  HIGHEST GUST SPEED    25   HIGHEST GUST DIRECTION    SE (140)
  AVERAGE WIND SPEED     9.2


SKY COVER
  AVERAGE SKY COVER 1.0


WEATHER CONDITIONS
 THE FOLLOWING WEATHER WAS RECORDED YESTERDAY.
  RAIN
  LIGHT RAIN
  FOG


RELATIVE HUMIDITY (PERCENT)
 HIGHEST    93          1200 AM
 LOWEST     77           100 PM
 AVERAGE    85

..........................................................


THE BELLINGHAM WA AIRPORT CLIMATE NORMALS FOR TODAY
                         NORMAL    RECORD    YEAR
 MAXIMUM TEMPERATURE (F)   57        69      1983
                                             1952
 MINIMUM TEMPERATURE (F)   40        30      1964


SUNRISE AND SUNSET
APRIL 17 2014.........SUNRISE   615 AM PDT   SUNSET   805 PM PDT
APRIL 18 2014.........SUNRISE   613 AM PDT   SUNSET   807 PM PDT


-  INDICATES NEGATIVE NUMBERS.
R  INDICATES RECORD WAS SET OR TIED.
MM INDICATES DATA IS MISSING.
T  INDICATES TRACE AMOUNT.




$$
