000
CDUS46 KSEW 250840
CLIBLI


CLIMATE REPORT
NATIONAL WEATHER SERVICE SEATTLE WA
139 AM PDT WED MAY 25 2016


...................................

...THE BELLINGHAM WA AIRPORT CLIMATE SUMMARY FOR MAY 24 2016...

CLIMATE NORMAL PERIOD 1981 TO 2010
CLIMATE RECORD PERIOD 1949 TO 2016


WEATHER ITEM   OBSERVED TIME   RECORD YEAR NORMAL DEPARTURE LAST
                VALUE   (LST)  VALUE       VALUE  FROM      YEAR
                                                  NORMAL
..................................................................
TEMPERATURE (F)
 YESTERDAY
  MAXIMUM         65    223 PM  83    1992  64      1       62
  MINIMUM         54    758 AM  36    1950  47      7       53
  AVERAGE         60                        55      5       58

PRECIPITATION (IN)
  YESTERDAY        0.00          0.73 1974   0.08  -0.08     0.00
  MONTH TO DATE    0.42                      1.91  -1.49     0.63
  SINCE OCT 1     29.43                     29.21   0.22    29.33
  SINCE JAN 1     15.36                     15.51  -0.15    14.60

DEGREE DAYS
 HEATING
  YESTERDAY        5                        10     -5        7
  MONTH TO DATE  170                       282   -112      205
  SINCE MAR 1    990                      1423   -433     1180

 COOLING
  YESTERDAY        0                         0      0        0
  MONTH TO DATE    1                         0      1        0
  SINCE MAR 1      1                         0      1        0
  SINCE JAN 1      1                         0      1        0
..................................................................


WIND (MPH)
  RESULTANT WIND SPEED   6   RESULTANT WIND DIRECTION   S (170)
  HIGHEST WIND SPEED    12   HIGHEST WIND DIRECTION     S (160)
  HIGHEST GUST SPEED    16   HIGHEST GUST DIRECTION     S (170)
  AVERAGE WIND SPEED     6.4


SKY COVER
  AVERAGE SKY COVER 1.0


WEATHER CONDITIONS
 THE FOLLOWING WEATHER WAS RECORDED YESTERDAY.
  NO SIGNIFICANT WEATHER WAS OBSERVED.


RELATIVE HUMIDITY (PERCENT)
 HIGHEST    86          1100 PM
 LOWEST     63           200 PM
 AVERAGE    75

..........................................................


THE BELLINGHAM WA AIRPORT CLIMATE NORMALS FOR TODAY
                         NORMAL    RECORD    YEAR
 MAXIMUM TEMPERATURE (F)   64        80      1979
 MINIMUM TEMPERATURE (F)   47        35      1972


SUNRISE AND SUNSET
MAY 25 2016...........SUNRISE   517 AM PDT   SUNSET   858 PM PDT
MAY 26 2016...........SUNRISE   516 AM PDT   SUNSET   900 PM PDT


-  INDICATES NEGATIVE NUMBERS.
R  INDICATES RECORD WAS SET OR TIED.
MM INDICATES DATA IS MISSING.
T  INDICATES TRACE AMOUNT.




$$
