000
CDUS46 KSEW 260828
CLIBLI


CLIMATE REPORT
NATIONAL WEATHER SERVICE SEATTLE WA
1227 AM PST FRI DEC 26 2014


...................................

...THE BELLINGHAM WA AIRPORT CLIMATE SUMMARY FOR DECEMBER 25 2014...

CLIMATE NORMAL PERIOD 1981 TO 2010
CLIMATE RECORD PERIOD 1949 TO 2014


WEATHER ITEM   OBSERVED TIME   RECORD YEAR NORMAL DEPARTURE LAST
                VALUE   (LST)  VALUE       VALUE  FROM      YEAR
                                                  NORMAL
..................................................................
TEMPERATURE (F)
 YESTERDAY
  MAXIMUM         44    312 PM  60    1980  44      0       40
  MINIMUM         31   1116 PM   7    1964  32     -1       28
  AVERAGE         38                        38      0       34

PRECIPITATION (IN)
  YESTERDAY        0.05          1.37 1972   0.12  -0.07     0.01
  MONTH TO DATE    4.42                      3.50   0.92     2.56
  SINCE OCT 1     14.36                     12.98   1.38     9.73
  SINCE JAN 1     36.45                     35.11   1.34    30.23

DEGREE DAYS
 HEATING
  YESTERDAY       27                        27      0       31
  MONTH TO DATE  515                       665   -150      748
  SINCE DEC 1    515                       665   -150      748

 COOLING
  YESTERDAY        0                         0      0        0
  MONTH TO DATE    0                         0      0        0
  SINCE DEC 1      0                         0      0        0
  SINCE JAN 1    117                        42     75       95
..................................................................


WIND (MPH)
  RESULTANT WIND SPEED   2   RESULTANT WIND DIRECTION   S (180)
  HIGHEST WIND SPEED    10   HIGHEST WIND DIRECTION     S (180)
  HIGHEST GUST SPEED    16   HIGHEST GUST DIRECTION    SE (150)
  AVERAGE WIND SPEED     2.1


SKY COVER
  AVERAGE SKY COVER 0.8


WEATHER CONDITIONS
 THE FOLLOWING WEATHER WAS RECORDED YESTERDAY.
  LIGHT RAIN
  FOG


RELATIVE HUMIDITY (PERCENT)
 HIGHEST   100           800 PM
 LOWEST     76          1200 AM
 AVERAGE    88

..........................................................


THE BELLINGHAM WA AIRPORT CLIMATE NORMALS FOR TODAY
                         NORMAL    RECORD    YEAR
 MAXIMUM TEMPERATURE (F)   44        63      1980
 MINIMUM TEMPERATURE (F)   32        12      1971


SUNRISE AND SUNSET
DECEMBER 26 2014......SUNRISE   803 AM PST   SUNSET   419 PM PST
DECEMBER 27 2014......SUNRISE   803 AM PST   SUNSET   420 PM PST


-  INDICATES NEGATIVE NUMBERS.
R  INDICATES RECORD WAS SET OR TIED.
MM INDICATES DATA IS MISSING.
T  INDICATES TRACE AMOUNT.




$$
