000
CDUS46 KSEW 260119
CLIBLI


CLIMATE REPORT
NATIONAL WEATHER SERVICE SEATTLE WA
618 PM PDT FRI JUL 25 2014


...................................

...THE BELLINGHAM WA AIRPORT CLIMATE SUMMARY FOR JULY 25 2014...
VALID TODAY AS OF 0600 PM LOCAL TIME.

CLIMATE NORMAL PERIOD 1981 TO 2010
CLIMATE RECORD PERIOD 1949 TO 2014


WEATHER ITEM   OBSERVED TIME   RECORD YEAR NORMAL DEPARTURE LAST
                VALUE   (LST)  VALUE       VALUE  FROM      YEAR
                                                  NORMAL
..................................................................
TEMPERATURE (F)
 TODAY
  MAXIMUM         71    452 PM  92    1988  72     -1       76
  MINIMUM         56    544 AM  45    1954  54      2       53
                                      1952
  AVERAGE         64                        63      1       65

PRECIPITATION (IN)
  TODAY            0.00          0.88 1995   0.03  -0.03     0.00
  MONTH TO DATE    1.13                      1.00   0.13     0.05
  SINCE OCT 1     29.40                     32.64  -3.24    16.69
  SINCE JAN 1     19.09                     18.94   0.15    14.91

DEGREE DAYS
 HEATING
  TODAY            1                         2     -1        0
  MONTH TO DATE   32                        73    -41       33
  SINCE JUN 1    168                       274   -106      168

 COOLING
  TODAY            0                         0      0        0
  MONTH TO DATE   40                         0     40       33
  SINCE JUN 1     41                         4     37       47
  SINCE JAN 1     42                         4     38       47
..................................................................


WIND (MPH)
  RESULTANT WIND SPEED   4   RESULTANT WIND DIRECTION  SE (150)
  HIGHEST WIND SPEED    10   HIGHEST WIND DIRECTION     S (170)
  HIGHEST GUST SPEED    15   HIGHEST GUST DIRECTION     S (180)
  AVERAGE WIND SPEED     5.9


SKY COVER
  AVERAGE SKY COVER 0.2


WEATHER CONDITIONS
 THE FOLLOWING WEATHER WAS RECORDED TODAY.
  NO SIGNIFICANT WEATHER WAS OBSERVED.


RELATIVE HUMIDITY (PERCENT)
 HIGHEST    86           300 AM
 LOWEST     49           300 PM
 AVERAGE    68

..........................................................


THE BELLINGHAM WA AIRPORT CLIMATE NORMALS FOR TOMORROW
                         NORMAL    RECORD    YEAR
 MAXIMUM TEMPERATURE (F)   72        86      1988
                                             1971
 MINIMUM TEMPERATURE (F)   54        45      1969


SUNRISE AND SUNSET
JULY 25 2014..........SUNRISE   535 AM PDT   SUNSET   858 PM PDT
JULY 26 2014..........SUNRISE   536 AM PDT   SUNSET   856 PM PDT


-  INDICATES NEGATIVE NUMBERS.
R  INDICATES RECORD WAS SET OR TIED.
MM INDICATES DATA IS MISSING.
T  INDICATES TRACE AMOUNT.




$$
