000
CDUS46 KSEW 040827
CLIBLI


CLIMATE REPORT
NATIONAL WEATHER SERVICE SEATTLE WA
1226 AM PST WED MAR 4 2015


...................................

...THE BELLINGHAM WA AIRPORT CLIMATE SUMMARY FOR MARCH 3 2015...

CLIMATE NORMAL PERIOD 1981 TO 2010
CLIMATE RECORD PERIOD 1949 TO 2015


WEATHER ITEM   OBSERVED TIME   RECORD YEAR NORMAL DEPARTURE LAST
                VALUE   (LST)  VALUE       VALUE  FROM      YEAR
                                                  NORMAL
..................................................................
TEMPERATURE (F)
 YESTERDAY
  MAXIMUM         51    306 PM  62    2005  50      1       49
                                      1965
  MINIMUM         30   1159 PM  15    1989  34     -4       33
  AVERAGE         41                        42     -1       41

PRECIPITATION (IN)
  YESTERDAY        0.00          0.79 1950   0.11  -0.11     0.29
  MONTH TO DATE    T                         0.33  -0.33     0.91
  SINCE OCT 1     22.70                     21.72   0.98    16.80
  SINCE JAN 1      7.97                      8.02  -0.05     6.49

DEGREE DAYS
 HEATING
  YESTERDAY       24                        23      1       24
  MONTH TO DATE   73                        69      4       87
  SINCE MAR 1     73                        69      4       87

 COOLING
  YESTERDAY        0                         0      0        0
  MONTH TO DATE    0                         0      0        0
  SINCE MAR 1      0                         0      0        0
  SINCE JAN 1      0                         0      0        0
..................................................................


WIND (MPH)
  RESULTANT WIND SPEED   8   RESULTANT WIND DIRECTION   N (20)
  HIGHEST WIND SPEED    22   HIGHEST WIND DIRECTION     N (20)
  HIGHEST GUST SPEED    31   HIGHEST GUST DIRECTION    NE (30)
  AVERAGE WIND SPEED     7.9


SKY COVER
  AVERAGE SKY COVER 0.0


WEATHER CONDITIONS
 THE FOLLOWING WEATHER WAS RECORDED YESTERDAY.
  NO SIGNIFICANT WEATHER WAS OBSERVED.


RELATIVE HUMIDITY (PERCENT)
 HIGHEST    72          1100 PM
 LOWEST     16           200 PM
 AVERAGE    44

..........................................................


THE BELLINGHAM WA AIRPORT CLIMATE NORMALS FOR TODAY
                         NORMAL    RECORD    YEAR
 MAXIMUM TEMPERATURE (F)   50        66      1987
 MINIMUM TEMPERATURE (F)   35        11      1955


SUNRISE AND SUNSET
MARCH  4 2015.........SUNRISE   646 AM PST   SUNSET   558 PM PST
MARCH  5 2015.........SUNRISE   644 AM PST   SUNSET   600 PM PST


-  INDICATES NEGATIVE NUMBERS.
R  INDICATES RECORD WAS SET OR TIED.
MM INDICATES DATA IS MISSING.
T  INDICATES TRACE AMOUNT.




$$
