000
CDUS46 KSEW 100118
CLIBLI


CLIMATE REPORT
NATIONAL WEATHER SERVICE SEATTLE WA
518 PM PST TUE FEB 9 2016


...................................

...THE BELLINGHAM WA AIRPORT CLIMATE SUMMARY FOR FEBRUARY 9 2016...
VALID TODAY AS OF 0500 PM LOCAL TIME.

CLIMATE NORMAL PERIOD 1981 TO 2010
CLIMATE RECORD PERIOD 1949 TO 2016


WEATHER ITEM   OBSERVED TIME   RECORD YEAR NORMAL DEPARTURE LAST
                VALUE   (LST)  VALUE       VALUE  FROM      YEAR
                                                  NORMAL
..................................................................
TEMPERATURE (F)
 TODAY
  MAXIMUM         61R   301 PM  59    1963  48     13       56
  MINIMUM         32    529 AM  22    1989  33     -1       48
  AVERAGE         47                        40      7       52

PRECIPITATION (IN)
  TODAY            0.00          1.76 1951   0.11  -0.11     0.15
  MONTH TO DATE    0.66                      1.04  -0.38     1.74
  SINCE OCT 1     17.84                     19.41  -1.57    21.96
  SINCE JAN 1      3.77                      5.71  -1.94     7.23

DEGREE DAYS
 HEATING
  TODAY           18                        25     -7       13
  MONTH TO DATE  188                       225    -37      133
  SINCE DEC 1   1626                      1859   -233     1520

 COOLING
  TODAY            0                         0      0        0
  MONTH TO DATE    0                         0      0        0
  SINCE DEC 1      0                         0      0        0
  SINCE JAN 1      0                         0      0        0
..................................................................


WIND (MPH)
  RESULTANT WIND SPEED   2   RESULTANT WIND DIRECTION  NE (30)
  HIGHEST WIND SPEED    10   HIGHEST WIND DIRECTION     N (20)
  HIGHEST GUST SPEED    12   HIGHEST GUST DIRECTION     N (20)
  AVERAGE WIND SPEED     3.0


SKY COVER
  AVERAGE SKY COVER 0.3


WEATHER CONDITIONS
 THE FOLLOWING WEATHER WAS RECORDED TODAY.
  FOG
  FOG W/VISIBILITY <= 1/4 MILE


RELATIVE HUMIDITY (PERCENT)
 HIGHEST   100           100 AM
 LOWEST     46           400 PM
 AVERAGE    73

..........................................................


THE BELLINGHAM WA AIRPORT CLIMATE NORMALS FOR TOMORROW
                         NORMAL    RECORD    YEAR
 MAXIMUM TEMPERATURE (F)   48        66      1963
 MINIMUM TEMPERATURE (F)   33        20      1994
                                             1989


SUNRISE AND SUNSET
FEBRUARY  9 2016......SUNRISE   729 AM PST   SUNSET   521 PM PST
FEBRUARY 10 2016......SUNRISE   727 AM PST   SUNSET   522 PM PST


-  INDICATES NEGATIVE NUMBERS.
R  INDICATES RECORD WAS SET OR TIED.
MM INDICATES DATA IS MISSING.
T  INDICATES TRACE AMOUNT.




$$
