000
CDUS46 KSEW 220128
CLIBLI


CLIMATE REPORT
NATIONAL WEATHER SERVICE SEATTLE WA
527 PM PST SAT JAN 21 2017


...................................

...THE BELLINGHAM WA AIRPORT CLIMATE SUMMARY FOR JANUARY 21 2017...
VALID TODAY AS OF 0500 PM LOCAL TIME.

CLIMATE NORMAL PERIOD 1981 TO 2010
CLIMATE RECORD PERIOD 1949 TO 2017


WEATHER ITEM   OBSERVED TIME   RECORD YEAR NORMAL DEPARTURE LAST
                VALUE   (LST)  VALUE       VALUE  FROM      YEAR
                                                  NORMAL
..................................................................
TEMPERATURE (F)
 TODAY
  MAXIMUM         51   1225 PM  64    1981  46      5       60
  MINIMUM         39    806 AM  13    1962  33      6       42
                                      1957
  AVERAGE         45                        40      5       51

PRECIPITATION (IN)
  TODAY            0.03          0.96 2011   0.16  -0.13     0.25
  MONTH TO DATE    1.63                      3.25  -1.62     1.41
  SINCE OCT 1     20.75                     16.95   3.80    15.48
  SINCE JAN 1      1.63                      3.25  -1.62     1.41

DEGREE DAYS
 HEATING
  TODAY           20                        25     -5       14
  MONTH TO DATE  642                       548     94      536
  SINCE DEC 1   1592                      1382    210     1244

 COOLING
  TODAY            0                         0      0        0
  MONTH TO DATE    0                         0      0        0
  SINCE DEC 1      0                         0      0        0
  SINCE JAN 1      0                         0      0        0
..................................................................


WIND (MPH)
  RESULTANT WIND SPEED   3   RESULTANT WIND DIRECTION   N (10)
  HIGHEST WIND SPEED     9   HIGHEST WIND DIRECTION    NE (30)
  HIGHEST GUST SPEED    12   HIGHEST GUST DIRECTION    SE (130)
  AVERAGE WIND SPEED     3.5


SKY COVER
  AVERAGE SKY COVER 1.0


WEATHER CONDITIONS
 THE FOLLOWING WEATHER WAS RECORDED TODAY.
  LIGHT RAIN


RELATIVE HUMIDITY (PERCENT)
 HIGHEST   100           300 AM
 LOWEST     66           100 PM
 AVERAGE    83

..........................................................


THE BELLINGHAM WA AIRPORT CLIMATE NORMALS FOR TOMORROW
                         NORMAL    RECORD    YEAR
 MAXIMUM TEMPERATURE (F)   46        65      1981
 MINIMUM TEMPERATURE (F)   33        11      1969


SUNRISE AND SUNSET
JANUARY 21 2017.......SUNRISE   753 AM PST   SUNSET   451 PM PST
JANUARY 22 2017.......SUNRISE   752 AM PST   SUNSET   453 PM PST


-  INDICATES NEGATIVE NUMBERS.
R  INDICATES RECORD WAS SET OR TIED.
MM INDICATES DATA IS MISSING.
T  INDICATES TRACE AMOUNT.




$$
