756
CDUS43 KIND 070535
CLIBMG


CLIMATE REPORT
NATIONAL WEATHER SERVICE INDIANAPOLIS IN
1233 AM EST WED DEC 7 2016


...................................

...THE BLOOMINGTON IN CLIMATE SUMMARY FOR DECEMBER 6 2016...

CLIMATE NORMAL PERIOD 1981 TO 2010
CLIMATE RECORD PERIOD 9999 TO 9999


WEATHER ITEM   OBSERVED TIME   NORMAL DEPARTURE LAST
                VALUE   (LST)  VALUE  FROM      YEAR
                                      NORMAL
......................................................
TEMPERATURE (F)
 YESTERDAY
  MAXIMUM         43    324 PM  43      0       54
  MINIMUM         33   1159 PM  26      7       24
  AVERAGE         38            35      3       39

PRECIPITATION (IN)
  YESTERDAY        0.25          0.11   0.14      T
  MONTH TO DATE    0.47          0.63  -0.16     0.16
  SINCE DEC 1      0.47          0.63  -0.16     0.16
  SINCE JAN 1     48.27         44.64   3.63    43.70

DEGREE DAYS
 HEATING
  YESTERDAY       27            30     -3       26
  MONTH TO DATE  161           175    -14      181
  SINCE DEC 1    161           175    -14      181
  SINCE JUL 1    844          1231   -387      973

 COOLING
  YESTERDAY        0             0      0        0
  MONTH TO DATE    0             0      0        0
  SINCE DEC 1      0             0      0        0
  SINCE JAN 1   1322           927    395     1044
......................................................


WIND (MPH)
  HIGHEST WIND SPEED    18   HIGHEST WIND DIRECTION    NW (300)
  HIGHEST GUST SPEED    26   HIGHEST GUST DIRECTION    NW (300)
  AVERAGE WIND SPEED     7.3


SKY COVER
  AVERAGE SKY COVER 0.8


WEATHER CONDITIONS
 THE FOLLOWING WEATHER WAS RECORDED YESTERDAY.
  RAIN
  LIGHT RAIN
  FOG


RELATIVE HUMIDITY (PERCENT)
 HIGHEST    92           800 AM
 LOWEST     76           400 PM
 AVERAGE    84

..........................................................


THE BLOOMINGTON IN CLIMATE NORMALS FOR TODAY
                         NORMAL
 MAXIMUM TEMPERATURE (F)   43
 MINIMUM TEMPERATURE (F)   26


SUNRISE AND SUNSET
DECEMBER  7 2016......SUNRISE   753 AM EST   SUNSET   524 PM EST
DECEMBER  8 2016......SUNRISE   754 AM EST   SUNSET   524 PM EST


-  INDICATES NEGATIVE NUMBERS.
R  INDICATES RECORD WAS SET OR TIED.
MM INDICATES DATA IS MISSING.
T  INDICATES TRACE AMOUNT.




$$
