000
CDUS43 KIND 300532
CLIBMG


CLIMATE REPORT
NATIONAL WEATHER SERVICE INDIANAPOLIS IN
131 AM EDT MON MAY 30 2016


...................................

...THE BLOOMINGTON IN CLIMATE SUMMARY FOR MAY 29 2016...

CLIMATE NORMAL PERIOD 1981 TO 2010
CLIMATE RECORD PERIOD 9999 TO 9999


WEATHER ITEM   OBSERVED TIME   NORMAL DEPARTURE LAST
                VALUE   (LST)  VALUE  FROM      YEAR
                                      NORMAL
......................................................
TEMPERATURE (F)
 YESTERDAY
  MAXIMUM         85    242 PM  78      7       84
  MINIMUM         65    610 AM  55     10       62
  AVERAGE         75            67      8       73

PRECIPITATION (IN)
  YESTERDAY        0.76          0.17   0.59     0.00
  MONTH TO DATE    3.33          4.87  -1.54     1.55
  SINCE MAR 1     13.39         13.45  -0.06    10.99
  SINCE JAN 1     18.60         19.52  -0.92    14.56

DEGREE DAYS
 HEATING
  YESTERDAY        0             2     -2        0
  MONTH TO DATE  148           133     15       74
  SINCE MAR 1    955          1179   -224     1114
  SINCE JUL 1   4275          5247   -972     5685

 COOLING
  YESTERDAY       10             4      6        8
  MONTH TO DATE   58            58      0      111
  SINCE MAR 1     72            77     -5      117
  SINCE JAN 1     72            77     -5      117
......................................................


WIND (MPH)
  HIGHEST WIND SPEED    31   HIGHEST WIND DIRECTION     W (250)
  HIGHEST GUST SPEED    52   HIGHEST GUST DIRECTION     W (250)
  AVERAGE WIND SPEED     4.4


SKY COVER
  AVERAGE SKY COVER 0.2


WEATHER CONDITIONS
 THE FOLLOWING WEATHER WAS RECORDED YESTERDAY.
  THUNDERSTORM
  HEAVY RAIN
  LIGHT RAIN
  FOG
  HAZE


RELATIVE HUMIDITY (PERCENT)
 HIGHEST    93           300 AM
 LOWEST     51          1200 PM
 AVERAGE    72

..........................................................


THE BLOOMINGTON IN CLIMATE NORMALS FOR TODAY
                         NORMAL
 MAXIMUM TEMPERATURE (F)   78
 MINIMUM TEMPERATURE (F)   56


SUNRISE AND SUNSET
MAY 30 2016...........SUNRISE   623 AM EDT   SUNSET   906 PM EDT
MAY 31 2016...........SUNRISE   623 AM EDT   SUNSET   906 PM EDT


-  INDICATES NEGATIVE NUMBERS.
R  INDICATES RECORD WAS SET OR TIED.
MM INDICATES DATA IS MISSING.
T  INDICATES TRACE AMOUNT.




$$
