000
CDUS43 KIND 240532
CLIBMG


CLIMATE REPORT
NATIONAL WEATHER SERVICE INDIANAPOLIS IN
1231 AM EST FRI FEB 24 2017


...................................

...THE BLOOMINGTON IN CLIMATE SUMMARY FOR FEBRUARY 23 2017...

CLIMATE NORMAL PERIOD 1981 TO 2010
CLIMATE RECORD PERIOD 9999 TO 9999


WEATHER ITEM   OBSERVED TIME   NORMAL DEPARTURE LAST
                VALUE   (LST)  VALUE  FROM      YEAR
                                      NORMAL
......................................................
TEMPERATURE (F)
 YESTERDAY
  MAXIMUM         71    225 PM  46     25       55
  MINIMUM         56    811 AM  25     31       30
  AVERAGE         64            35     29       43

PRECIPITATION (IN)
  YESTERDAY        0.00          0.09  -0.09     0.15
  MONTH TO DATE    0.67          2.36  -1.69     1.59
  SINCE DEC 1      7.05          9.21  -2.16     8.36
  SINCE JAN 1      4.57          5.67  -1.10     3.10

DEGREE DAYS
 HEATING
  YESTERDAY        1            30    -29       22
  MONTH TO DATE  492           750   -258      662
  SINCE DEC 1   2411          2869   -458     2386
  SINCE JUL 1   3094          3925   -831     3178

 COOLING
  YESTERDAY        0             0      0        0
  MONTH TO DATE    0             0      0        0
  SINCE DEC 1      0             0      0        0
  SINCE JAN 1      0             0      0        0
......................................................


WIND (MPH)
  HIGHEST WIND SPEED    17   HIGHEST WIND DIRECTION    SW (230)
  HIGHEST GUST SPEED    22   HIGHEST GUST DIRECTION    SW (220)
  AVERAGE WIND SPEED     8.4


SKY COVER
  AVERAGE SKY COVER 0.5


WEATHER CONDITIONS
 THE FOLLOWING WEATHER WAS RECORDED YESTERDAY.
  NO SIGNIFICANT WEATHER WAS OBSERVED.


RELATIVE HUMIDITY (PERCENT)
 HIGHEST    86           100 AM
 LOWEST     57          1200 PM
 AVERAGE    72

..........................................................


THE BLOOMINGTON IN CLIMATE NORMALS FOR TODAY
                         NORMAL
 MAXIMUM TEMPERATURE (F)   46
 MINIMUM TEMPERATURE (F)   25


SUNRISE AND SUNSET
FEBRUARY 24 2017......SUNRISE   726 AM EST   SUNSET   634 PM EST
FEBRUARY 25 2017......SUNRISE   724 AM EST   SUNSET   635 PM EST


-  INDICATES NEGATIVE NUMBERS.
R  INDICATES RECORD WAS SET OR TIED.
MM INDICATES DATA IS MISSING.
T  INDICATES TRACE AMOUNT.




$$
