000
CDUS43 KIND 190538
CLIBMG


CLIMATE REPORT
NATIONAL WEATHER SERVICE INDIANAPOLIS IN
138 AM EDT SAT APR 19 2014


...................................

...THE BLOOMINGTON IN CLIMATE SUMMARY FOR APRIL 18 2014...

CLIMATE NORMAL PERIOD 1981 TO 2010
CLIMATE RECORD PERIOD 9999 TO 9999


WEATHER ITEM   OBSERVED TIME   NORMAL DEPARTURE LAST
                VALUE   (LST)  VALUE  FROM      YEAR
                                      NORMAL
......................................................
TEMPERATURE (F)
 YESTERDAY
  MAXIMUM         73    334 PM  66      7       78
  MINIMUM         37    545 AM  43     -6       48
  AVERAGE         55            54      1       63

PRECIPITATION (IN)
  YESTERDAY        0.00          0.16  -0.16     0.87
  MONTH TO DATE    5.75          2.73   3.02     3.52
  SINCE MAR 1      7.69          6.61   1.08     5.76
  SINCE JAN 1     12.34         12.68  -0.34    13.77

DEGREE DAYS
 HEATING
  YESTERDAY       10            11     -1        2
  MONTH TO DATE  242           246     -4      193
  SINCE MAR 1   1079           934    145     1063
  SINCE JUL 1   5641          5002    639     5019

 COOLING
  YESTERDAY        0             1     -1        0
  MONTH TO DATE    6            10     -4       11
  SINCE MAR 1      6            13     -7       11
  SINCE JAN 1      6            13     -7       11
......................................................


WIND (MPH)
  HIGHEST WIND SPEED    10   HIGHEST WIND DIRECTION     N (20)
  HIGHEST GUST SPEED    15   HIGHEST GUST DIRECTION     W (270)
  AVERAGE WIND SPEED     2.3


SKY COVER
  AVERAGE SKY COVER 0.3


WEATHER CONDITIONS
 THE FOLLOWING WEATHER WAS RECORDED YESTERDAY.
  NO SIGNIFICANT WEATHER WAS OBSERVED.


RELATIVE HUMIDITY (PERCENT)
 HIGHEST    92           300 AM
 LOWEST     28           500 PM
 AVERAGE    60

..........................................................


THE BLOOMINGTON IN CLIMATE NORMALS FOR TODAY
                         NORMAL
 MAXIMUM TEMPERATURE (F)   66
 MINIMUM TEMPERATURE (F)   43


SUNRISE AND SUNSET
APRIL 19 2014.........SUNRISE   704 AM EDT   SUNSET   828 PM EDT
APRIL 20 2014.........SUNRISE   703 AM EDT   SUNSET   829 PM EDT


-  INDICATES NEGATIVE NUMBERS.
R  INDICATES RECORD WAS SET OR TIED.
MM INDICATES DATA IS MISSING.
T  INDICATES TRACE AMOUNT.




$$
