000
CDUS43 KIND 050533
CLIBMG


CLIMATE REPORT
NATIONAL WEATHER SERVICE INDIANAPOLIS IN
132 AM EDT THU MAY 5 2016


...................................

...THE BLOOMINGTON IN CLIMATE SUMMARY FOR MAY 4 2016...

CLIMATE NORMAL PERIOD 1981 TO 2010
CLIMATE RECORD PERIOD 9999 TO 9999


WEATHER ITEM   OBSERVED TIME   NORMAL DEPARTURE LAST
                VALUE   (LST)  VALUE  FROM      YEAR
                                      NORMAL
......................................................
TEMPERATURE (F)
 YESTERDAY
  MAXIMUM         61    228 PM  70     -9       81
  MINIMUM         47   1159 PM  48     -1       56
  AVERAGE         54            59     -5       69

PRECIPITATION (IN)
  YESTERDAY        0.25          0.18   0.07      T
  MONTH TO DATE    0.58          0.71  -0.13      T
  SINCE MAR 1     10.64          9.29   1.35     9.44
  SINCE JAN 1     15.85         15.36   0.49    13.01

DEGREE DAYS
 HEATING
  YESTERDAY       11             7      4        0
  MONTH TO DATE   27            28     -1       15
  SINCE MAR 1    834          1074   -240     1055
  SINCE JUL 1   4154          5142   -988     5626

 COOLING
  YESTERDAY        0             1     -1        4
  MONTH TO DATE    3             4     -1        4
  SINCE MAR 1     17            23     -6       10
  SINCE JAN 1     17            23     -6       10
......................................................


WIND (MPH)
  HIGHEST WIND SPEED    23   HIGHEST WIND DIRECTION     N (360)
  HIGHEST GUST SPEED    32   HIGHEST GUST DIRECTION     N (360)
  AVERAGE WIND SPEED     8.9


SKY COVER
  AVERAGE SKY COVER 0.8


WEATHER CONDITIONS
 THE FOLLOWING WEATHER WAS RECORDED YESTERDAY.
  HEAVY RAIN
  RAIN
  LIGHT RAIN
  FOG


RELATIVE HUMIDITY (PERCENT)
 HIGHEST    89          1000 AM
 LOWEST     51           200 PM
 AVERAGE    70

..........................................................


THE BLOOMINGTON IN CLIMATE NORMALS FOR TODAY
                         NORMAL
 MAXIMUM TEMPERATURE (F)   70
 MINIMUM TEMPERATURE (F)   48


SUNRISE AND SUNSET
MAY  5 2016...........SUNRISE   643 AM EDT   SUNSET   844 PM EDT
MAY  6 2016...........SUNRISE   642 AM EDT   SUNSET   845 PM EDT


-  INDICATES NEGATIVE NUMBERS.
R  INDICATES RECORD WAS SET OR TIED.
MM INDICATES DATA IS MISSING.
T  INDICATES TRACE AMOUNT.




$$
