000
CDUS43 KIND 290543
CLIBMG


CLIMATE REPORT
NATIONAL WEATHER SERVICE INDIANAPOLIS IN
143 AM EDT THU JUN 29 2017


...................................

...THE BLOOMINGTON IN CLIMATE SUMMARY FOR JUNE 28 2017...

CLIMATE NORMAL PERIOD 1981 TO 2010
CLIMATE RECORD PERIOD 9999 TO 9999


WEATHER ITEM   OBSERVED TIME   NORMAL DEPARTURE LAST
                VALUE   (LST)  VALUE  FROM      YEAR
                                      NORMAL
......................................................
TEMPERATURE (F)
 YESTERDAY
  MAXIMUM         83    332 PM  84     -1       82
  MINIMUM         51    538 AM  63    -12       61
  AVERAGE         67            74     -7       72

PRECIPITATION (IN)
  YESTERDAY        0.00          0.17  -0.17     0.00
  MONTH TO DATE    2.62          4.58  -1.96     3.63
  SINCE JUN 1      2.62          4.58  -1.96     3.63
  SINCE JAN 1     24.42         24.47  -0.05    22.23

DEGREE DAYS
 HEATING
  YESTERDAY        0             0      0        0
  MONTH TO DATE    8            13     -5        1
  SINCE JUN 1      8            13     -5        1
  SINCE JUL 1   4125          5264  -1139     4276

 COOLING
  YESTERDAY        2             9     -7        7
  MONTH TO DATE  197           191      6      284
  SINCE JUN 1    197           191      6      284
  SINCE JAN 1    328           273     55      374
......................................................


WIND (MPH)
  HIGHEST WIND SPEED    18   HIGHEST WIND DIRECTION     S (180)
  HIGHEST GUST SPEED    23   HIGHEST GUST DIRECTION     S (190)
  AVERAGE WIND SPEED     7.3


SKY COVER
  AVERAGE SKY COVER 0.0


WEATHER CONDITIONS
 THE FOLLOWING WEATHER WAS RECORDED YESTERDAY.
  NO SIGNIFICANT WEATHER WAS OBSERVED.


RELATIVE HUMIDITY (PERCENT)
 HIGHEST    89           300 AM
 LOWEST     39          1200 PM
 AVERAGE    64

..........................................................


THE BLOOMINGTON IN CLIMATE NORMALS FOR TODAY
                         NORMAL
 MAXIMUM TEMPERATURE (F)   84
 MINIMUM TEMPERATURE (F)   63


SUNRISE AND SUNSET
JUNE 29 2017..........SUNRISE   623 AM EDT   SUNSET   917 PM EDT
JUNE 30 2017..........SUNRISE   624 AM EDT   SUNSET   916 PM EDT


-  INDICATES NEGATIVE NUMBERS.
R  INDICATES RECORD WAS SET OR TIED.
MM INDICATES DATA IS MISSING.
T  INDICATES TRACE AMOUNT.




$$
