000
CDUS43 KIND 120534
CLIBMG


CLIMATE REPORT
NATIONAL WEATHER SERVICE INDIANAPOLIS IN
1231 AM EST TUE DEC 12 2017


...................................

...THE BLOOMINGTON IN CLIMATE SUMMARY FOR DECEMBER 11 2017...

CLIMATE NORMAL PERIOD 1981 TO 2010
CLIMATE RECORD PERIOD 9999 TO 9999


WEATHER ITEM   OBSERVED TIME   NORMAL DEPARTURE LAST
                VALUE   (LST)  VALUE  FROM      YEAR
                                      NORMAL
......................................................
TEMPERATURE (F)
 YESTERDAY
  MAXIMUM         50    647 PM  41      9       39
  MINIMUM         20    540 AM  25     -5       29
  AVERAGE         35            33      2       34

PRECIPITATION (IN)
  YESTERDAY        0.00          0.11  -0.11     0.21
  MONTH TO DATE    0.45          1.18  -0.73     0.68
  SINCE DEC 1      0.45          1.18  -0.73     0.68
  SINCE JAN 1     39.41         45.19  -5.78    48.48

DEGREE DAYS
 HEATING
  YESTERDAY       30            32     -2       31
  MONTH TO DATE  313           332    -19      348
  SINCE DEC 1    313           332    -19      348
  SINCE JUL 1   1230          1388   -158     1031

 COOLING
  YESTERDAY        0             0      0        0
  MONTH TO DATE    0             0      0        0
  SINCE DEC 1      0             0      0        0
  SINCE JAN 1   1088           927    161     1322
......................................................


WIND (MPH)
  HIGHEST WIND SPEED    28   HIGHEST WIND DIRECTION    NW (300)
  HIGHEST GUST SPEED    36   HIGHEST GUST DIRECTION    NW (300)
  AVERAGE WIND SPEED     8.5


SKY COVER
  AVERAGE SKY COVER 0.2


WEATHER CONDITIONS
 THE FOLLOWING WEATHER WAS RECORDED YESTERDAY.
  NO SIGNIFICANT WEATHER WAS OBSERVED.


RELATIVE HUMIDITY (PERCENT)
 HIGHEST    88           700 AM
 LOWEST     38           800 PM
 AVERAGE    63

..........................................................


THE BLOOMINGTON IN CLIMATE NORMALS FOR TODAY
                         NORMAL
 MAXIMUM TEMPERATURE (F)   41
 MINIMUM TEMPERATURE (F)   25


SUNRISE AND SUNSET
DECEMBER 12 2017......SUNRISE   757 AM EST   SUNSET   524 PM EST
DECEMBER 13 2017......SUNRISE   757 AM EST   SUNSET   524 PM EST


-  INDICATES NEGATIVE NUMBERS.
R  INDICATES RECORD WAS SET OR TIED.
MM INDICATES DATA IS MISSING.
T  INDICATES TRACE AMOUNT.




$$
