000
CDUS44 KOHX 301302
CLIBNA

MEMCLIOHX 000
TTAA00 KOHX 300632


CLIMATE REPORT
NATIONAL WEATHER SERVICE NASHVILLE TN
801 AM CDT SAT AUG 30 2014


...................................

...THE NASHVILLE CLIMATE SUMMARY FOR AUGUST 29 2014...

CLIMATE NORMAL PERIOD 1981 TO 2010
CLIMATE RECORD PERIOD 1871 TO 2014


WEATHER ITEM   OBSERVED TIME   RECORD YEAR NORMAL DEPARTURE LAST
                VALUE   (LST)  VALUE       VALUE  FROM      YEAR
                                                  NORMAL
..................................................................
TEMPERATURE (F)
 YESTERDAY
  MAXIMUM         94    102 PM 100    1897  88      6       95
  MINIMUM         71    512 AM  49    1986  67      4       74
  AVERAGE         83                        77      6       85

PRECIPITATION (IN)
  YESTERDAY        0.00          2.47 1919   0.10  -0.10     0.00
  MONTH TO DATE    3.66                      2.98   0.68     1.94
  SINCE JUN 1     11.77                     10.76   1.01    13.02
  SINCE JAN 1     33.59                     32.06   1.53    37.46

SNOWFALL (IN)
  YESTERDAY        0.0           0.0  2002   0.0    0.0      0.0
                                      2001
                                      2000
  MONTH TO DATE    0.0                       0.0    0.0      0.0
  SINCE JUN 1      0.0                       0.0    0.0      0.0
  SINCE JUL 1      0.0                       0.0    0.0      0.0
  SNOW DEPTH       0

DEGREE DAYS
 HEATING
  YESTERDAY        0                         0      0        0
  MONTH TO DATE    0                         0      0        0
  SINCE JUN 1      0                         3     -3        0
  SINCE JUL 1      0                         0      0        0

 COOLING
  YESTERDAY       18                        12      6       20
  MONTH TO DATE  434                       396     38      368
  SINCE JUN 1   1199                      1166     33     1144
  SINCE JAN 1   1463                      1345    118     1351
..................................................................


WIND (MPH)
  HIGHEST WIND SPEED    20   HIGHEST WIND DIRECTION     S (190)
  HIGHEST GUST SPEED    23   HIGHEST GUST DIRECTION     S (180)
  AVERAGE WIND SPEED     6.4


SKY COVER
  POSSIBLE SUNSHINE  MM
  AVERAGE SKY COVER 0.4


WEATHER CONDITIONS
 THE FOLLOWING WEATHER WAS RECORDED YESTERDAY.
  FOG


RELATIVE HUMIDITY (PERCENT)
 HIGHEST   100
 LOWEST     28
 AVERAGE    64

LOW SINCE MIDNIGHT....................................70
PRECIPITATION SINCE MIDNIGHT.........................0.00

THE NATIONAL HIGH TEMPERATURE YESTERDAY WAS 117 AT DEATH VALLEY,
CALIFORNIA. THE NATIONAL LOW TEMPERATURE YESTERDAY WAS 32 AT
LEADVILLE, COLORADO.

..........................................................


THE NASHVILLE CLIMATE NORMALS FOR TODAY
                         NORMAL    RECORD    YEAR
 MAXIMUM TEMPERATURE (F)   88       100      1951
 MINIMUM TEMPERATURE (F)   67        53      1891


SUNRISE AND SUNSET
AUGUST 30 2014........SUNRISE   617 AM CDT   SUNSET   717 PM CDT
AUGUST 31 2014........SUNRISE   618 AM CDT   SUNSET   716 PM CDT


-  INDICATES NEGATIVE NUMBERS.
R  INDICATES RECORD WAS SET OR TIED.
MM INDICATES DATA IS MISSING.
T  INDICATES TRACE AMOUNT.




$$
