000
CDUS44 KOHX 100720
CLIBNA


CLIMATE REPORT
NATIONAL WEATHER SERVICE NASHVILLE TN
119 AM CST SAT DEC 10 2016


...................................

...THE NASHVILLE CLIMATE SUMMARY FOR DECEMBER 9 2016...

CLIMATE NORMAL PERIOD 1981 TO 2010
CLIMATE RECORD PERIOD 1871 TO 2016


WEATHER ITEM   OBSERVED TIME   RECORD YEAR NORMAL DEPARTURE
                VALUE   (LST)  VALUE       VALUE  FROM
                                                  NORMAL
...............................................................
TEMPERATURE (F)
 YESTERDAY
  MAXIMUM         38    222 PM  73    2007  51    -13
  MINIMUM         24   1159 PM   0    1917  33     -9
  AVERAGE         31                        42    -11

PRECIPITATION (IN)
  YESTERDAY        0.00          2.78 2008   0.16  -0.16
  MONTH TO DATE    1.04                      1.39  -0.35
  SINCE JAN 1     36.83                     44.40  -7.57

SNOWFALL (IN)
  YESTERDAY        0.0           1.6  1988
  MONTH TO DATE    0.0
  SINCE DEC 1      0.0
  SINCE JUL 1      0.0

DEGREE DAYS
 HEATING
  YESTERDAY       34                               11
  MONTH TO DATE  209                               10
  SINCE DEC 1    209                               10
  SINCE JUL 1    563                             -310

 COOLING
  YESTERDAY        0                                0
  MONTH TO DATE    0                                0
  SINCE DEC 1      0                                0
  SINCE JAN 1   2244                              599
...............................................................


WIND (MPH)
  HIGHEST WIND SPEED    13   HIGHEST WIND DIRECTION     N (10)
  HIGHEST GUST SPEED    19   HIGHEST GUST DIRECTION    NW (310)
  AVERAGE WIND SPEED     7.0




RELATIVE HUMIDITY (PERCENT)
 HIGHEST    68
 LOWEST     37

..........................................................


THE NASHVILLE CLIMATE NORMALS FOR TODAY
                         NORMAL    RECORD    YEAR
 MAXIMUM TEMPERATURE (F)   51        74      1971
 MINIMUM TEMPERATURE (F)   32         1      1917


SUNRISE AND SUNSET
DECEMBER 10 2016......SUNRISE   647 AM CST   SUNSET   432 PM CST
DECEMBER 11 2016......SUNRISE   648 AM CST   SUNSET   433 PM CST


-  INDICATES NEGATIVE NUMBERS.
R  INDICATES RECORD WAS SET OR TIED.
MM INDICATES DATA IS MISSING.
T  INDICATES TRACE AMOUNT.




$$
