000
CDUS44 KOHX 220050
CLIBNA


CLIMATE REPORT
NATIONAL WEATHER SERVICE NASHVILLE TN
650 PM CST SUN JAN 21 2018


...................................

...THE NASHVILLE CLIMATE SUMMARY FOR JANUARY 21 2018...
VALID TODAY AS OF 0600 PM LOCAL TIME.

CLIMATE NORMAL PERIOD 1981 TO 2010
CLIMATE RECORD PERIOD 1871 TO 2018


WEATHER ITEM   OBSERVED TIME   RECORD YEAR NORMAL DEPARTURE
                VALUE   (LST)  VALUE       VALUE  FROM
                                                  NORMAL
...............................................................
TEMPERATURE (F)
 TODAY
  MAXIMUM         69    320 PM  74    1959  47     22
  MINIMUM         49   1252 AM -17    1985  28     21
  AVERAGE         59                        38     21

PRECIPITATION (IN)
  TODAY            0.00          2.67 1926   0.13  -0.13
  MONTH TO DATE    0.87                      2.50  -1.63
  SINCE JAN 1      0.87                      2.50  -1.63

SNOWFALL (IN)
  TODAY            0.0           6.1  1888
  MONTH TO DATE    2.2
  SINCE DEC 1      2.2
  SINCE JUL 1      2.2

DEGREE DAYS
 HEATING
  TODAY            6                              -21
  MONTH TO DATE  690                              109
  SINCE DEC 1   1448                              104
  SINCE JUL 1   2022                                4

 COOLING
  TODAY            0                                0
  MONTH TO DATE    0                                0
  SINCE DEC 1      0                               -1
  SINCE JAN 1      0                                0
...............................................................


WIND (MPH)
  HIGHEST WIND SPEED    20   HIGHEST WIND DIRECTION     S (200)
  HIGHEST GUST SPEED    25   HIGHEST GUST DIRECTION     S (200)
  AVERAGE WIND SPEED     9.0




RELATIVE HUMIDITY (PERCENT)
 HIGHEST    64
 LOWEST     48
 AVERAGE    56

..........................................................


THE NASHVILLE CLIMATE NORMALS FOR TOMORROW
                         NORMAL    RECORD    YEAR
 MAXIMUM TEMPERATURE (F)   47        72      1929
 MINIMUM TEMPERATURE (F)   28        -2      1885


SUNRISE AND SUNSET
JANUARY 21 2018.......SUNRISE   655 AM CST   SUNSET   502 PM CST
JANUARY 22 2018.......SUNRISE   654 AM CST   SUNSET   503 PM CST


-  INDICATES NEGATIVE NUMBERS.
R  INDICATES RECORD WAS SET OR TIED.
MM INDICATES DATA IS MISSING.
T  INDICATES TRACE AMOUNT.




$$
