000
CDUS44 KOHX 021305
CLIBNA

CLIMATE REPORT
NATIONAL WEATHER SERVICE NASHVILLE TN
805 AM CDT THU OCT 2 2014


...................................

...THE NASHVILLE CLIMATE SUMMARY FOR OCTOBER 1 2014...

CLIMATE NORMAL PERIOD 1981 TO 2010
CLIMATE RECORD PERIOD 1871 TO 2014


WEATHER ITEM   OBSERVED TIME   RECORD YEAR NORMAL DEPARTURE
                VALUE   (LST)  VALUE       VALUE  FROM
                                                  NORMAL
...............................................................
TEMPERATURE (F)
 YESTERDAY
  MAXIMUM         88   1231 PM  94    1953  77     11
  MINIMUM         57    545 AM  36    1924  54      3
  AVERAGE         73                        66      7

PRECIPITATION (IN)
  YESTERDAY        0.00          1.28 2012   0.10  -0.10
  MONTH TO DATE    0.00                      0.10  -0.10
  SINCE SEP 1      0.21                      3.51  -3.30
  SINCE JAN 1     35.61                     35.76  -0.15

SNOWFALL (IN)
  YESTERDAY        0.0           0.0  2002   0.0    0.0
                                      2001
                                      2000
  MONTH TO DATE    0.0                       0.0    0.0
  SINCE SEP 1      0.0                       0.0    0.0
  SINCE JUL 1      0.0                       0.0    0.0
  SNOW DEPTH       0

DEGREE DAYS
 HEATING
  YESTERDAY        0                               -3
  MONTH TO DATE    0                               -3
  SINCE SEP 1      3                              -24
  SINCE JUL 1      3                              -24

 COOLING
  YESTERDAY        8                                5
  MONTH TO DATE    8                                5
  SINCE SEP 1    260                               37
  SINCE JAN 1   1749                              152
...............................................................


WIND (MPH)
  HIGHEST WIND SPEED    10   HIGHEST WIND DIRECTION     S (190)
  HIGHEST GUST SPEED    15   HIGHEST GUST DIRECTION     S (190)
  AVERAGE WIND SPEED     2.5




RELATIVE HUMIDITY (PERCENT)
 HIGHEST    87
 LOWEST     32
 AVERAGE    60

LOW SINCE MIDNIGHT.......................................62
PRECIPITATION SINCE MIDNIGHT.............................0.00

THE NATIONAL HIGH TEMPERATURE YESTERDAY WAS 99 AT THERMAL,
CALIFORNIA. THE NATIONAL LOW TEMPERATURE YESTERDAY WAS 24 AT BURNS,
OREGON, BIG PINEY, WYOMING, AND LEADVILLE, COLORADO.

..........................................................


THE NASHVILLE CLIMATE NORMALS FOR TODAY
                         NORMAL    RECORD    YEAR
 MAXIMUM TEMPERATURE (F)   76        91      1953
                                             1919
                                             1910
 MINIMUM TEMPERATURE (F)   54        32      1984


SUNRISE AND SUNSET
OCTOBER  2 2014.......SUNRISE   643 AM CDT   SUNSET   629 PM CDT
OCTOBER  3 2014.......SUNRISE   643 AM CDT   SUNSET   627 PM CDT


-  INDICATES NEGATIVE NUMBERS.
R  INDICATES RECORD WAS SET OR TIED.
MM INDICATES DATA IS MISSING.
T  INDICATES TRACE AMOUNT.




$$
