333
CDUS44 KOHX 260654
CLIBNA


CLIMATE REPORT
NATIONAL WEATHER SERVICE NASHVILLE TN
153 AM CDT SUN MAR 26 2017


...................................

...THE NASHVILLE CLIMATE SUMMARY FOR MARCH 25 2017...

CLIMATE NORMAL PERIOD 1981 TO 2010
CLIMATE RECORD PERIOD 1871 TO 2017


WEATHER ITEM   OBSERVED TIME   RECORD YEAR NORMAL DEPARTURE
                VALUE   (LST)  VALUE       VALUE  FROM
                                                  NORMAL
...............................................................
TEMPERATURE (F)
 YESTERDAY
  MAXIMUM         76   1250 PM  86    2007  64     12
  MINIMUM         58   1159 PM  21    1940  41     17
  AVERAGE         67                        53     14

PRECIPITATION (IN)
  YESTERDAY        0.15          2.33 1884   0.13   0.02
  MONTH TO DATE    3.68                      3.29   0.39
  SINCE JAN 1      8.58                     10.98  -2.40

SNOWFALL (IN)
  YESTERDAY        0.0           1.9  1971
  MONTH TO DATE    1.5
  SINCE MAR 1      1.5
  SINCE JUL 1      2.2

DEGREE DAYS
 HEATING
  YESTERDAY        0                              -13
  MONTH TO DATE  358                              -45
  SINCE MAR 1    358                              -45
  SINCE JUL 1   2326                            -1015

 COOLING
  YESTERDAY        2                                2
  MONTH TO DATE    6                                6
  SINCE MAR 1      6                                6
  SINCE JAN 1     13                               13
...............................................................


WIND (MPH)
  HIGHEST WIND SPEED    33   HIGHEST WIND DIRECTION     S (190)
  HIGHEST GUST SPEED    43   HIGHEST GUST DIRECTION     S (180)
  AVERAGE WIND SPEED    15.3




RELATIVE HUMIDITY (PERCENT)
 HIGHEST    90
 LOWEST     46

..........................................................


THE NASHVILLE CLIMATE NORMALS FOR TODAY
                         NORMAL    RECORD    YEAR
 MAXIMUM TEMPERATURE (F)   64        86      2007
                                             1910
 MINIMUM TEMPERATURE (F)   42        17      1955


SUNRISE AND SUNSET
MARCH 26 2017.........SUNRISE   641 AM CDT   SUNSET   704 PM CDT
MARCH 27 2017.........SUNRISE   640 AM CDT   SUNSET   705 PM CDT


-  INDICATES NEGATIVE NUMBERS.
R  INDICATES RECORD WAS SET OR TIED.
MM INDICATES DATA IS MISSING.
T  INDICATES TRACE AMOUNT.




$$
