000
CDUS44 KOHX 231318
CLIBNA

CLIMATE REPORT
NATIONAL WEATHER SERVICE NASHVILLE TN
817 AM CDT WED APR 23 2014


...................................

...THE NASHVILLE CLIMATE SUMMARY FOR APRIL 22 2014...

CLIMATE NORMAL PERIOD 1981 TO 2010
CLIMATE RECORD PERIOD 1871 TO 2014


WEATHER ITEM   OBSERVED TIME   RECORD YEAR NORMAL DEPARTURE LAST
                VALUE   (LST)  VALUE       VALUE  FROM      YEAR
                                                  NORMAL
..................................................................
TEMPERATURE (F)
 YESTERDAY
  MAXIMUM         80    220 PM  86    1987  72      8       74
                                      1980
                                      1963
  MINIMUM         55   1126 PM  32    1978  50      5       42
  AVERAGE         68                        61      7       58

PRECIPITATION (IN)
  YESTERDAY        0.01          5.03 1883   0.15  -0.14     0.00
  MONTH TO DATE    2.78                      2.76   0.02     3.38
  SINCE MAR 1      7.14                      6.87   0.27     7.70
  SINCE JAN 1     14.84                     14.56   0.28    17.42

SNOWFALL (IN)
  YESTERDAY        0.0           0.0  2002   0.0    0.0      0.0
                                      2001
  MONTH TO DATE    0.0                       0.1   -0.1      0.0
  SINCE MAR 1      0.2                       1.0   -0.8      0.3
  SINCE JUL 1      1.6                       6.4   -4.8      1.3
  SNOW DEPTH       0

DEGREE DAYS
 HEATING
  YESTERDAY        0                         6     -6        7
  MONTH TO DATE  128                       182    -54      163
  SINCE MAR 1    670                       655     15      779
  SINCE JUL 1   3855                      3593    262     3411

 COOLING
  YESTERDAY        3                         2      1        0
  MONTH TO DATE   28                        24      4       47
  SINCE MAR 1     28                        32     -4       48
  SINCE JAN 1     28                        32     -4       52
..................................................................


WIND (MPH)
  HIGHEST WIND SPEED    18   HIGHEST WIND DIRECTION     N (360)
  HIGHEST GUST SPEED    24   HIGHEST GUST DIRECTION    NW (330)
  AVERAGE WIND SPEED     6.6


SKY COVER
  POSSIBLE SUNSHINE  MM
  AVERAGE SKY COVER 0.6


WEATHER CONDITIONS
 THE FOLLOWING WEATHER WAS RECORDED YESTERDAY.
  FOG


RELATIVE HUMIDITY (PERCENT)
 HIGHEST    87
 LOWEST     35
 AVERAGE    61

..........................................................


THE NASHVILLE CLIMATE NORMALS FOR TODAY
                         NORMAL    RECORD    YEAR
 MAXIMUM TEMPERATURE (F)   73        90      1980
 MINIMUM TEMPERATURE (F)   50        31      1986


SUNRISE AND SUNSET
APRIL 23 2014.........SUNRISE   603 AM CDT   SUNSET   727 PM CDT
APRIL 24 2014.........SUNRISE   602 AM CDT   SUNSET   728 PM CDT


-  INDICATES NEGATIVE NUMBERS.
R  INDICATES RECORD WAS SET OR TIED.
MM INDICATES DATA IS MISSING.
T  INDICATES TRACE AMOUNT.




$$
