000
CDUS44 KOHX 021239 AAA
CLIBNA

CLIMATE REPORT
NATIONAL WEATHER SERVICE NASHVILLE TN
739 AM CDT THU JUL 2 2015


.....................................

UPDATED FOR MORNING CLIMATE AT BOTTOM

.....................................


...THE NASHVILLE CLIMATE SUMMARY FOR JULY 1 2015...

CLIMATE NORMAL PERIOD 1981 TO 2010
CLIMATE RECORD PERIOD 1871 TO 2015


WEATHER ITEM   OBSERVED TIME   RECORD YEAR NORMAL DEPARTURE
                VALUE   (LST)  VALUE       VALUE  FROM
                                                  NORMAL
...............................................................
TEMPERATURE (F)
 YESTERDAY
  MAXIMUM         77   1141 AM 105    2012  89    -12
  MINIMUM         68    953 PM  55    1937  69     -1
                                      1923
  AVERAGE         73                        79     -6

PRECIPITATION (IN)
  YESTERDAY        1.34          1.86 1973   0.13   1.21
  MONTH TO DATE    1.34                      0.13   1.21
  SINCE JUN 1      4.72                      4.27   0.45
  SINCE JAN 1     25.72                     25.57   0.15

SNOWFALL (IN)
  YESTERDAY        0.0           0.0  2002   0.0    0.0
                                      2001
  MONTH TO DATE    0.0                       0.0    0.0
  SINCE JUN 1      0.0                       0.0    0.0
  SINCE JUL 1      0.0                       0.0    0.0
  SNOW DEPTH       0

DEGREE DAYS
 HEATING
  YESTERDAY        0                                0
  MONTH TO DATE    0                                0
  SINCE JUN 1      0                               -3
  SINCE JUL 1      0                                0

 COOLING
  YESTERDAY        8                               -6
  MONTH TO DATE    8                               -6
  SINCE JUN 1    401                               63
  SINCE JAN 1    657                              140
...............................................................


WIND (MPH)
  HIGHEST WIND SPEED    24   HIGHEST WIND DIRECTION    NW (320)
  HIGHEST GUST SPEED    32   HIGHEST GUST DIRECTION    NW (320)
  AVERAGE WIND SPEED     6.4




RELATIVE HUMIDITY (PERCENT)
 HIGHEST   100
 LOWEST     87
 AVERAGE    94

..........................................................


THE NASHVILLE CLIMATE NORMALS FOR TODAY
                         NORMAL    RECORD    YEAR
 MAXIMUM TEMPERATURE (F)   89       101      1926
 MINIMUM TEMPERATURE (F)   69        55      1976
                                             1937
                                             1924


SUNRISE AND SUNSET
JULY  2 2015..........SUNRISE   534 AM CDT   SUNSET   808 PM CDT
JULY  3 2015..........SUNRISE   534 AM CDT   SUNSET   808 PM CDT


-  INDICATES NEGATIVE NUMBERS.
R  INDICATES RECORD WAS SET OR TIED.
MM INDICATES DATA IS MISSING.
T  INDICATES TRACE AMOUNT.

&&

THE LOW TEMPERATURE SINCE MIDNIGHT HAS BEEN 69 DEGREES.
0.74 INCHES OF RAIN HAVE FALLEN SINCE MIDNIGHT.

$$
