000
CDUS44 KOHX 250727
CLIBNA


CLIMATE REPORT
NATIONAL WEATHER SERVICE NASHVILLE TN
227 AM CDT SUN SEP 25 2016


...................................

...THE NASHVILLE CLIMATE SUMMARY FOR SEPTEMBER 24 2016...

CLIMATE NORMAL PERIOD 1981 TO 2010
CLIMATE RECORD PERIOD 1871 TO 2016


WEATHER ITEM   OBSERVED TIME   RECORD YEAR NORMAL DEPARTURE
                VALUE   (LST)  VALUE       VALUE  FROM
                                                  NORMAL
...............................................................
TEMPERATURE (F)
 YESTERDAY
  MAXIMUM         92    220 PM  94    1961  79     13
  MINIMUM         66    618 AM  36    1983  57      9
  AVERAGE         79                        68     11

PRECIPITATION (IN)
  YESTERDAY        0.00          2.86 1997   0.12  -0.12
  MONTH TO DATE    1.64                      2.69  -1.05
  SINCE JAN 1     33.26                     34.94  -1.68

SNOWFALL (IN)
  YESTERDAY        0.0           0.0  2002
                                      2001
                                      2000
  MONTH TO DATE    0.0
  SINCE SEP 1      0.0
  SINCE JUL 1      0.0

DEGREE DAYS
 HEATING
  YESTERDAY        0                               -2
  MONTH TO DATE    0                              -10
  SINCE SEP 1      0                              -10
  SINCE JUL 1      0                              -10

 COOLING
  YESTERDAY       14                                9
  MONTH TO DATE  328                              132
  SINCE SEP 1    328                              132
  SINCE JAN 1   2075                              505
...............................................................


WIND (MPH)
  HIGHEST WIND SPEED    13   HIGHEST WIND DIRECTION     N (360)
  HIGHEST GUST SPEED    16   HIGHEST GUST DIRECTION     N (350)
  AVERAGE WIND SPEED     3.0



WEATHER CONDITIONS
 THE FOLLOWING WEATHER WAS RECORDED YESTERDAY.
  FOG


RELATIVE HUMIDITY (PERCENT)
 HIGHEST    93
 LOWEST     36

..........................................................


THE NASHVILLE CLIMATE NORMALS FOR TODAY
                         NORMAL    RECORD    YEAR
 MAXIMUM TEMPERATURE (F)   79        95      1931
 MINIMUM TEMPERATURE (F)   57        41      1965


SUNRISE AND SUNSET
SEPTEMBER 25 2016.....SUNRISE   637 AM CDT   SUNSET   638 PM CDT
SEPTEMBER 26 2016.....SUNRISE   638 AM CDT   SUNSET   637 PM CDT


-  INDICATES NEGATIVE NUMBERS.
R  INDICATES RECORD WAS SET OR TIED.
MM INDICATES DATA IS MISSING.
T  INDICATES TRACE AMOUNT.




$$
