000
CDUS45 KBOI 240933
CLIBNO


CLIMATE REPORT
NATIONAL WEATHER SERVICE BOISE ID
232 AM MST FRI FEB 24 2017


...................................

...THE BURNS OR CLIMATE SUMMARY FOR FEBRUARY 23 2017...

CLIMATE NORMAL PERIOD 1981 TO 2010
CLIMATE RECORD PERIOD 1938 TO 2017


WEATHER ITEM   OBSERVED TIME   RECORD YEAR NORMAL DEPARTURE LAST
                VALUE   (LST)  VALUE       VALUE  FROM      YEAR
                                                  NORMAL
..................................................................
TEMPERATURE (F)
 YESTERDAY
  MAXIMUM         31    330 PM  66    1995  42    -11       42
  MINIMUM          7R  1157 PM   9    1969  20    -13       11
  AVERAGE         19                        31    -12       27

PRECIPITATION (IN)
  YESTERDAY        0.00          0.30 2010   0.04  -0.04     0.00
  MONTH TO DATE    1.72                      0.83   0.89     0.19
  SINCE OCT 1      8.47                      5.52   2.95     6.54
  SINCE JAN 1      4.96                      2.02   2.94     1.67

DEGREE DAYS
 HEATING
  YESTERDAY       46                        34     12       38
  MONTH TO DATE  820                       849    -29      732
  SINCE DEC 1   3834                      3361    473     3131
  SINCE JUL 1   5647                      5362    285     4992

 COOLING
  YESTERDAY        0                         0      0        0
  MONTH TO DATE    0                         0      0        0
  SINCE DEC 1      0                         0      0        0
  SINCE JAN 1      0                         0      0        0
..................................................................


WIND (MPH)
  HIGHEST WIND SPEED    21   HIGHEST WIND DIRECTION     W (280)
  HIGHEST GUST SPEED    24   HIGHEST GUST DIRECTION     W (280)
  AVERAGE WIND SPEED    10.4


SKY COVER
  POSSIBLE SUNSHINE  MM
  AVERAGE SKY COVER 0.5


WEATHER CONDITIONS
 THE FOLLOWING WEATHER WAS RECORDED YESTERDAY.
  NO SIGNIFICANT WEATHER WAS OBSERVED.


RELATIVE HUMIDITY (PERCENT)
 HIGHEST    84           900 PM
 LOWEST     49           400 PM
 AVERAGE    67

..........................................................


THE BURNS OR CLIMATE NORMALS FOR TODAY
                         NORMAL    RECORD    YEAR
 MAXIMUM TEMPERATURE (F)   42        67      1995
 MINIMUM TEMPERATURE (F)   20         4      1993


SUNRISE AND SUNSET
FEBRUARY 24 2017......SUNRISE   640 AM PST   SUNSET   539 PM PST
FEBRUARY 25 2017......SUNRISE   638 AM PST   SUNSET   540 PM PST


-  INDICATES NEGATIVE NUMBERS.
R  INDICATES RECORD WAS SET OR TIED.
MM INDICATES DATA IS MISSING.
T  INDICATES TRACE AMOUNT.




$$
