000
CDUS45 KBOI 040121
CLIBNO


CLIMATE REPORT
NATIONAL WEATHER SERVICE BOISE ID
721 PM MDT FRI JUL 3 2015


...................................

...THE BURNS OR CLIMATE SUMMARY FOR JULY 3 2015...
VALID TODAY AS OF 0600 PM LOCAL TIME.

CLIMATE NORMAL PERIOD 1981 TO 2010
CLIMATE RECORD PERIOD 1938 TO 2015


WEATHER ITEM   OBSERVED TIME   RECORD YEAR NORMAL DEPARTURE LAST
                VALUE   (LST)  VALUE       VALUE  FROM      YEAR
                                                  NORMAL
..................................................................
TEMPERATURE (F)
 TODAY
  MAXIMUM        101R   243 PM  98    2013  82     19       92
                                      2001
  MINIMUM         57    425 AM  32    1990  46     11       44
  AVERAGE         79                        64     15       68

PRECIPITATION (IN)
  TODAY            0.00          0.20 1951   0.01  -0.01     0.00
  MONTH TO DATE    0.00                      0.04  -0.04      T
  SINCE OCT 1      8.56                      9.76  -1.20     6.37
  SINCE JAN 1      4.06                      6.26  -2.20     5.40

DEGREE DAYS
 HEATING
  TODAY            0                         3     -3        0
  MONTH TO DATE    0                        10    -10        0
  SINCE JUN 1     49                       228   -179      185
  SINCE JUL 1      0                        10    -10        0

 COOLING
  TODAY           14                         2     12        3
  MONTH TO DATE   41                         6     35       14
  SINCE JUN 1    151                        26    125       22
  SINCE JAN 1    154                        29    125       22
..................................................................


WIND (MPH)
  HIGHEST WIND SPEED    18   HIGHEST WIND DIRECTION     W (270)
  HIGHEST GUST SPEED    23   HIGHEST GUST DIRECTION     W (270)
  AVERAGE WIND SPEED     6.3



WEATHER CONDITIONS
 THE FOLLOWING WEATHER WAS RECORDED TODAY.
  NO SIGNIFICANT WEATHER WAS OBSERVED.


RELATIVE HUMIDITY (PERCENT)
 HIGHEST    47           500 AM
 LOWEST      7           400 PM
 AVERAGE    27

..........................................................


THE BURNS OR CLIMATE NORMALS FOR TOMORROW
                         NORMAL    RECORD    YEAR
 MAXIMUM TEMPERATURE (F)   83        98      2001
 MINIMUM TEMPERATURE (F)   46        32      2000


SUNRISE AND SUNSET
JULY  3 2015..........SUNRISE   519 AM PDT   SUNSET   840 PM PDT
JULY  4 2015..........SUNRISE   520 AM PDT   SUNSET   840 PM PDT


-  INDICATES NEGATIVE NUMBERS.
R  INDICATES RECORD WAS SET OR TIED.
MM INDICATES DATA IS MISSING.
T  INDICATES TRACE AMOUNT.




$$
