000
CDUS45 KBOI 050932
CLIBNO


CLIMATE REPORT
NATIONAL WEATHER SERVICE BOISE ID
231 AM MST MON DEC 5 2016


...................................

...THE BURNS OR CLIMATE SUMMARY FOR DECEMBER 4 2016...

CLIMATE NORMAL PERIOD 1981 TO 2010
CLIMATE RECORD PERIOD 1938 TO 2016


WEATHER ITEM   OBSERVED TIME   RECORD YEAR NORMAL DEPARTURE LAST
                VALUE   (LST)  VALUE       VALUE  FROM      YEAR
                                                  NORMAL
..................................................................
TEMPERATURE (F)
 YESTERDAY
  MAXIMUM         46   1214 PM  61    1939  36     10       38
  MINIMUM         16   1159 PM  -7    1992  16      0       11
  AVERAGE         31                        26      5       25

PRECIPITATION (IN)
  YESTERDAY        T             0.32 1996   0.05  -0.05     0.01
  MONTH TO DATE    T                         0.20  -0.20     0.28
  SINCE OCT 1      1.79                      2.15  -0.36     1.77
  SINCE JAN 1      6.31                      9.57  -3.26     7.14

DEGREE DAYS
 HEATING
  YESTERDAY       34                        39     -5       40
  MONTH TO DATE  148                       154     -6      168
  SINCE DEC 1    148                       154     -6      168
  SINCE JUL 1   1961                      2155   -194     2029

 COOLING
  YESTERDAY        0                         0      0        0
  MONTH TO DATE    0                         0      0        0
  SINCE DEC 1      0                         0      0        0
  SINCE JAN 1    226                       215     11      330
..................................................................


WIND (MPH)
  HIGHEST WIND SPEED    31   HIGHEST WIND DIRECTION    SW (240)
  HIGHEST GUST SPEED    40   HIGHEST GUST DIRECTION    SW (230)
  AVERAGE WIND SPEED     9.7


SKY COVER
  POSSIBLE SUNSHINE  MM
  AVERAGE SKY COVER 0.7


WEATHER CONDITIONS
 THE FOLLOWING WEATHER WAS RECORDED YESTERDAY.
  LIGHT RAIN


RELATIVE HUMIDITY (PERCENT)
 HIGHEST    85          1200 AM
 LOWEST     62          1100 AM
 AVERAGE    74

..........................................................


THE BURNS OR CLIMATE NORMALS FOR TODAY
                         NORMAL    RECORD    YEAR
 MAXIMUM TEMPERATURE (F)   36        60      1939
 MINIMUM TEMPERATURE (F)   16       -14      1972


SUNRISE AND SUNSET
DECEMBER  5 2016......SUNRISE   714 AM PST   SUNSET   419 PM PST
DECEMBER  6 2016......SUNRISE   715 AM PST   SUNSET   419 PM PST


-  INDICATES NEGATIVE NUMBERS.
R  INDICATES RECORD WAS SET OR TIED.
MM INDICATES DATA IS MISSING.
T  INDICATES TRACE AMOUNT.




$$
