000
CDUS45 KBOI 220122
CLIBNO


CLIMATE REPORT
NATIONAL WEATHER SERVICE BOISE ID
622 PM MST FRI NOV 21 2014


...................................

...THE BURNS OR CLIMATE SUMMARY FOR NOVEMBER 21 2014...
VALID TODAY AS OF 0600 PM LOCAL TIME.

CLIMATE NORMAL PERIOD 1981 TO 2010
CLIMATE RECORD PERIOD 1939 TO 2014


WEATHER ITEM   OBSERVED TIME   RECORD YEAR NORMAL DEPARTURE LAST
                VALUE   (LST)  VALUE       VALUE  FROM      YEAR
                                                  NORMAL
..................................................................
TEMPERATURE (F)
 TODAY
  MAXIMUM         41    224 PM  63    1954  42     -1       44
  MINIMUM         23    721 AM  -9    1985  20      3       10
  AVERAGE         32                        31      1       27

PRECIPITATION (IN)
  TODAY            0.08          0.99 1977   0.04   0.04     0.00
  MONTH TO DATE    0.89                      0.78   0.11     0.45
  SINCE OCT 1      2.04                      1.56   0.48     0.75
  SINCE JAN 1      8.29                      8.98  -0.69     6.68

DEGREE DAYS
 HEATING
  TODAY           33                        34     -1       38
  MONTH TO DATE  704                       627     77      600
  SINCE SEP 1   1399                      1540   -141     1585
  SINCE JUL 1   1464                      1677   -213     1621

 COOLING
  TODAY            0                         0      0        0
  MONTH TO DATE    0                         0      0        0
  SINCE SEP 1      5                         9     -4       21
  SINCE JAN 1    318                       215    103      372
..................................................................


WIND (MPH)
  HIGHEST WIND SPEED    12   HIGHEST WIND DIRECTION     S (180)
  HIGHEST GUST SPEED    17   HIGHEST GUST DIRECTION     S (170)
  AVERAGE WIND SPEED     2.2



WEATHER CONDITIONS
 THE FOLLOWING WEATHER WAS RECORDED TODAY.
  LIGHT RAIN
  FOG
  FOG W/VISIBILITY <= 1/4 MILE


RELATIVE HUMIDITY (PERCENT)
 HIGHEST    96           700 AM
 LOWEST     70           200 PM
 AVERAGE    83

..........................................................


THE BURNS OR CLIMATE NORMALS FOR TOMORROW
                         NORMAL    RECORD    YEAR
 MAXIMUM TEMPERATURE (F)   41        61      1954
                                             1939
 MINIMUM TEMPERATURE (F)   20       -12      1985


SUNRISE AND SUNSET
NOVEMBER 21 2014......SUNRISE   657 AM PST   SUNSET   426 PM PST
NOVEMBER 22 2014......SUNRISE   659 AM PST   SUNSET   425 PM PST


-  INDICATES NEGATIVE NUMBERS.
R  INDICATES RECORD WAS SET OR TIED.
MM INDICATES DATA IS MISSING.
T  INDICATES TRACE AMOUNT.




$$
