000
CDUS45 KBOI 210932
CLIBNO


CLIMATE REPORT
NATIONAL WEATHER SERVICE BOISE ID
231 AM MST SUN DEC 21 2014


...................................

...THE BURNS OR CLIMATE SUMMARY FOR DECEMBER 20 2014...

CLIMATE NORMAL PERIOD 1981 TO 2010
CLIMATE RECORD PERIOD 1939 TO 2014


WEATHER ITEM   OBSERVED TIME   RECORD YEAR NORMAL DEPARTURE LAST
                VALUE   (LST)  VALUE       VALUE  FROM      YEAR
                                                  NORMAL
..................................................................
TEMPERATURE (F)
 YESTERDAY
  MAXIMUM         40   1138 PM  49    1974  33      7       35
                                      1950
  MINIMUM         33    442 PM -15    1984  13     20       -3
  AVERAGE         37                        23     14       16

PRECIPITATION (IN)
  YESTERDAY        0.77R         0.71 1970   0.05   0.72     0.04
  MONTH TO DATE    1.86                      1.00   0.86     0.21
  SINCE OCT 1      4.07                      2.95   1.12     0.97
  SINCE JAN 1     10.32                     10.37  -0.05     6.90

DEGREE DAYS
 HEATING
  YESTERDAY       28                        42    -14       49
  MONTH TO DATE  579                       808   -229     1011
  SINCE DEC 1    579                       808   -229     1011
  SINCE JUL 1   2309                      2809   -500     2934

 COOLING
  YESTERDAY        0                         0      0        0
  MONTH TO DATE    0                         0      0        0
  SINCE DEC 1      0                         0      0        0
  SINCE JAN 1    318                       215    103      372
..................................................................


WIND (MPH)
  HIGHEST WIND SPEED    15   HIGHEST WIND DIRECTION     S (200)
  HIGHEST GUST SPEED    20   HIGHEST GUST DIRECTION     S (200)
  AVERAGE WIND SPEED     3.4


SKY COVER
  POSSIBLE SUNSHINE  MM
  AVERAGE SKY COVER 1.0


WEATHER CONDITIONS
 THE FOLLOWING WEATHER WAS RECORDED YESTERDAY.
  RAIN
  LIGHT RAIN
  LIGHT SNOW
  FOG


RELATIVE HUMIDITY (PERCENT)
 HIGHEST   100           500 PM
 LOWEST     89          1200 AM
 AVERAGE    95

..........................................................


THE BURNS OR CLIMATE NORMALS FOR TODAY
                         NORMAL    RECORD    YEAR
 MAXIMUM TEMPERATURE (F)   33        51      1972
 MINIMUM TEMPERATURE (F)   13       -24      1990


SUNRISE AND SUNSET
DECEMBER 21 2014......SUNRISE   726 AM PST   SUNSET   422 PM PST
DECEMBER 22 2014......SUNRISE   726 AM PST   SUNSET   423 PM PST


-  INDICATES NEGATIVE NUMBERS.
R  INDICATES RECORD WAS SET OR TIED.
MM INDICATES DATA IS MISSING.
T  INDICATES TRACE AMOUNT.




$$
