000
CDUS45 KBOI 250121
CLIBNO


CLIMATE REPORT
NATIONAL WEATHER SERVICE BOISE ID
621 PM MST FRI NOV 24 2017


...................................

...THE BURNS OR CLIMATE SUMMARY FOR NOVEMBER 24 2017...
VALID TODAY AS OF 0600 PM LOCAL TIME.

CLIMATE NORMAL PERIOD 1981 TO 2010
CLIMATE RECORD PERIOD 1938 TO 2017


WEATHER ITEM   OBSERVED TIME   RECORD YEAR NORMAL DEPARTURE LAST
                VALUE   (LST)  VALUE       VALUE  FROM      YEAR
                                                  NORMAL
..................................................................
TEMPERATURE (F)
 TODAY
  MAXIMUM         46    213 PM  67    1959  40      6       39
  MINIMUM         29    716 AM -12    1993  19     10       27
  AVERAGE         38                        30      8       33

PRECIPITATION (IN)
  TODAY            0.02          0.55 2015   0.04  -0.02     0.00
  MONTH TO DATE    1.45                      0.91   0.54     0.57
  SINCE OCT 1      2.09                      1.69   0.40     1.67
  SINCE JAN 1     10.73                      9.11   1.62     6.19

DEGREE DAYS
 HEATING
  TODAY           27                        35     -8       32
  MONTH TO DATE  663                       731    -68      595
  SINCE SEP 1   1703                      1644     59     1507
  SINCE JUL 1   1718                      1781    -63     1623

 COOLING
  TODAY            0                         0      0        0
  MONTH TO DATE    0                         0      0        0
  SINCE SEP 1     50                         9     41        0
  SINCE JAN 1    343                       215    128      226
..................................................................


WIND (MPH)
  HIGHEST WIND SPEED    14   HIGHEST WIND DIRECTION     W (270)
  HIGHEST GUST SPEED    18   HIGHEST GUST DIRECTION     W (280)
  AVERAGE WIND SPEED     4.9



WEATHER CONDITIONS
 THE FOLLOWING WEATHER WAS RECORDED TODAY.
  LIGHT RAIN


RELATIVE HUMIDITY (PERCENT)
 HIGHEST    93           100 AM
 LOWEST     49           200 PM
 AVERAGE    71

..........................................................


THE BURNS OR CLIMATE NORMALS FOR TOMORROW
                         NORMAL    RECORD    YEAR
 MAXIMUM TEMPERATURE (F)   40        65      1950
 MINIMUM TEMPERATURE (F)   19        -9      1993


SUNRISE AND SUNSET
NOVEMBER 24 2017......SUNRISE   701 AM PST   SUNSET   423 PM PST
NOVEMBER 25 2017......SUNRISE   703 AM PST   SUNSET   423 PM PST


-  INDICATES NEGATIVE NUMBERS.
R  INDICATES RECORD WAS SET OR TIED.
MM INDICATES DATA IS MISSING.
T  INDICATES TRACE AMOUNT.




$$
