000
CDUS45 KBOI 260120
CLIBNO


CLIMATE REPORT
NATIONAL WEATHER SERVICE BOISE ID
720 PM MDT SUN SEP 25 2016


...................................

...THE BURNS OR CLIMATE SUMMARY FOR SEPTEMBER 25 2016...
VALID TODAY AS OF 0600 PM LOCAL TIME.

CLIMATE NORMAL PERIOD 1981 TO 2010
CLIMATE RECORD PERIOD 1938 TO 2016


WEATHER ITEM   OBSERVED TIME   RECORD YEAR NORMAL DEPARTURE LAST
                VALUE   (LST)  VALUE       VALUE  FROM      YEAR
                                                  NORMAL
..................................................................
TEMPERATURE (F)
 TODAY
  MAXIMUM         79    430 PM  90    2009  72      7       88
  MINIMUM         29    531 AM  17    1984  33     -4       34
                                      1972
  AVERAGE         54                        52      2       61

PRECIPITATION (IN)
  TODAY            0.00          0.53 1979   0.02  -0.02     0.00
  MONTH TO DATE    0.13                      0.36  -0.23     0.59
  SINCE OCT 1      9.39                     10.84  -1.45     9.87
  SINCE JAN 1      4.52                      7.34  -2.82     5.37

DEGREE DAYS
 HEATING
  TODAY           11                        13     -2        4
  MONTH TO DATE  283                       213     70      221
  SINCE SEP 1    283                       213     70      221
  SINCE JUL 1    399                       350     49      282

 COOLING
  TODAY            0                         0      0        0
  MONTH TO DATE    0                         7     -7       17
  SINCE SEP 1      0                         7     -7       17
  SINCE JAN 1    226                       213     13      330
..................................................................


WIND (MPH)
  HIGHEST WIND SPEED    10   HIGHEST WIND DIRECTION     W (280)
  HIGHEST GUST SPEED    11   HIGHEST GUST DIRECTION     W (280)
  AVERAGE WIND SPEED     4.0



WEATHER CONDITIONS
 THE FOLLOWING WEATHER WAS RECORDED TODAY.
  NO SIGNIFICANT WEATHER WAS OBSERVED.


RELATIVE HUMIDITY (PERCENT)
 HIGHEST    63           600 AM
 LOWEST     16          1200 PM
 AVERAGE    40

..........................................................


THE BURNS OR CLIMATE NORMALS FOR TOMORROW
                         NORMAL    RECORD    YEAR
 MAXIMUM TEMPERATURE (F)   72        91      2003
                                             1963
 MINIMUM TEMPERATURE (F)   33        22      1999


SUNRISE AND SUNSET
SEPTEMBER 25 2016.....SUNRISE   647 AM PDT   SUNSET   647 PM PDT
SEPTEMBER 26 2016.....SUNRISE   648 AM PDT   SUNSET   645 PM PDT


-  INDICATES NEGATIVE NUMBERS.
R  INDICATES RECORD WAS SET OR TIED.
MM INDICATES DATA IS MISSING.
T  INDICATES TRACE AMOUNT.




$$
