000
CDUS45 KBOI 240932
CLIBNO


CLIMATE REPORT
NATIONAL WEATHER SERVICE BOISE ID
331 AM MDT FRI OCT 24 2014


...................................

...THE BURNS OR CLIMATE SUMMARY FOR OCTOBER 23 2014...

CLIMATE NORMAL PERIOD 1981 TO 2010
CLIMATE RECORD PERIOD 1939 TO 2014


WEATHER ITEM   OBSERVED TIME   RECORD YEAR NORMAL DEPARTURE LAST
                VALUE   (LST)  VALUE       VALUE  FROM      YEAR
                                                  NORMAL
..................................................................
TEMPERATURE (F)
 YESTERDAY
  MAXIMUM         53   1141 AM  74    1960  58     -5       70
                                      1944
  MINIMUM         44   1159 PM  15    1980  26     18       24
  AVERAGE         49                        42      7       47

PRECIPITATION (IN)
  YESTERDAY        0.47R         0.43 2010   0.03   0.44     0.00
  MONTH TO DATE    0.67                      0.53   0.14     0.04
  SINCE OCT 1      0.67                      0.53   0.14     0.04
  SINCE JAN 1      6.92                      7.95  -1.03     5.97

DEGREE DAYS
 HEATING
  YESTERDAY       16                        23     -7       18
  MONTH TO DATE  344                       436    -92      527
  SINCE SEP 1    538                       718   -180      783
  SINCE JUL 1    603                       855   -252      819

 COOLING
  YESTERDAY        0                         0      0        0
  MONTH TO DATE    0                         0      0        0
  SINCE SEP 1      5                         9     -4       21
  SINCE JAN 1    318                       215    103      372
..................................................................


WIND (MPH)
  HIGHEST WIND SPEED    20   HIGHEST WIND DIRECTION     S (200)
  HIGHEST GUST SPEED    25   HIGHEST GUST DIRECTION     S (200)
  AVERAGE WIND SPEED     6.9


SKY COVER
  POSSIBLE SUNSHINE  MM
  AVERAGE SKY COVER 0.9


WEATHER CONDITIONS
 THE FOLLOWING WEATHER WAS RECORDED YESTERDAY.
  LIGHT RAIN


RELATIVE HUMIDITY (PERCENT)
 HIGHEST    93           700 AM
 LOWEST     68           100 AM
 AVERAGE    81

..........................................................


THE BURNS OR CLIMATE NORMALS FOR TODAY
                         NORMAL    RECORD    YEAR
 MAXIMUM TEMPERATURE (F)   58        79      1959
 MINIMUM TEMPERATURE (F)   26        14      2001


SUNRISE AND SUNSET
OCTOBER 24 2014.......SUNRISE   721 AM PDT   SUNSET   558 PM PDT
OCTOBER 25 2014.......SUNRISE   722 AM PDT   SUNSET   557 PM PDT


-  INDICATES NEGATIVE NUMBERS.
R  INDICATES RECORD WAS SET OR TIED.
MM INDICATES DATA IS MISSING.
T  INDICATES TRACE AMOUNT.




$$
