000
CDUS45 KBOI 300120
CLIBNO


CLIMATE REPORT
NATIONAL WEATHER SERVICE BOISE ID
720 PM MDT WED JUL 29 2015


...................................

...THE BURNS OR CLIMATE SUMMARY FOR JULY 29 2015...
VALID TODAY AS OF 0600 PM LOCAL TIME.

CLIMATE NORMAL PERIOD 1981 TO 2010
CLIMATE RECORD PERIOD 1938 TO 2015


WEATHER ITEM   OBSERVED TIME   RECORD YEAR NORMAL DEPARTURE LAST
                VALUE   (LST)  VALUE       VALUE  FROM      YEAR
                                                  NORMAL
..................................................................
TEMPERATURE (F)
 TODAY
  MAXIMUM         88    335 PM  99    2003  88      0       96
  MINIMUM         42    141 AM  38    1950  48     -6       59
  AVERAGE         65                        68     -3       78

PRECIPITATION (IN)
  TODAY            0.00          0.80 1985   0.01  -0.01      T
  MONTH TO DATE    0.51                      0.37   0.14     0.32
  SINCE OCT 1      9.07                     10.09  -1.02     6.69
  SINCE JAN 1      4.57                      6.59  -2.02     5.72

DEGREE DAYS
 HEATING
  TODAY            0                         1     -1        0
  MONTH TO DATE   28                        55    -27       12
  SINCE JUN 1     77                       273   -196      197
  SINCE JUL 1     28                        55    -27       12

 COOLING
  TODAY            0                         4     -4       13
  MONTH TO DATE   98                        98      0      188
  SINCE JUN 1    208                       118     90      196
  SINCE JAN 1    211                       121     90      196
..................................................................


WIND (MPH)
  HIGHEST WIND SPEED    13   HIGHEST WIND DIRECTION     W (250)
  HIGHEST GUST SPEED    18   HIGHEST GUST DIRECTION     N (360)
  AVERAGE WIND SPEED     5.2



WEATHER CONDITIONS
 THE FOLLOWING WEATHER WAS RECORDED TODAY.
  NO SIGNIFICANT WEATHER WAS OBSERVED.


RELATIVE HUMIDITY (PERCENT)
 HIGHEST    49          1200 AM
 LOWEST     10           500 PM
 AVERAGE    30

..........................................................


THE BURNS OR CLIMATE NORMALS FOR TOMORROW
                         NORMAL    RECORD    YEAR
 MAXIMUM TEMPERATURE (F)   88       103      2003
 MINIMUM TEMPERATURE (F)   48        30      1995


SUNRISE AND SUNSET
JULY 29 2015..........SUNRISE   542 AM PDT   SUNSET   822 PM PDT
JULY 30 2015..........SUNRISE   543 AM PDT   SUNSET   821 PM PDT


-  INDICATES NEGATIVE NUMBERS.
R  INDICATES RECORD WAS SET OR TIED.
MM INDICATES DATA IS MISSING.
T  INDICATES TRACE AMOUNT.




$$
