000
CDUS45 KBOI 260931
CLIBNO


CLIMATE REPORT
NATIONAL WEATHER SERVICE BOISE ID
331 AM MDT SAT JUL 26 2014


...................................

...THE BURNS OR CLIMATE SUMMARY FOR JULY 25 2014...

CLIMATE NORMAL PERIOD 1981 TO 2010
CLIMATE RECORD PERIOD 1939 TO 2014


WEATHER ITEM   OBSERVED TIME   RECORD YEAR NORMAL DEPARTURE LAST
                VALUE   (LST)  VALUE       VALUE  FROM      YEAR
                                                  NORMAL
..................................................................
TEMPERATURE (F)
 YESTERDAY
  MAXIMUM         84    428 PM  97    2013  88     -4       97
                                      1988
  MINIMUM         39    358 AM  37    1993  48     -9       55
  AVERAGE         62                        68     -6       76

PRECIPITATION (IN)
  YESTERDAY        0.00          0.09 1950   0.01  -0.01     0.00
  MONTH TO DATE    0.32                      0.32   0.00      T
  SINCE OCT 1      6.69                     10.04  -3.35     7.31
  SINCE JAN 1      5.72                      6.54  -0.82     3.41

DEGREE DAYS
 HEATING
  YESTERDAY        3                         1      2        0
  MONTH TO DATE   12                        51    -39        3
  SINCE JUN 1    197                       269    -72      191
  SINCE JUL 1     12                        51    -39        3

 COOLING
  YESTERDAY        0                         4     -4       11
  MONTH TO DATE  150                        82     68      196
  SINCE JUN 1    158                       102     56      250
  SINCE JAN 1    158                       105     53      251
..................................................................


WIND (MPH)
  HIGHEST WIND SPEED    14   HIGHEST WIND DIRECTION     W (250)
  HIGHEST GUST SPEED    19   HIGHEST GUST DIRECTION     S (160)
  AVERAGE WIND SPEED     5.9


SKY COVER
  POSSIBLE SUNSHINE  MM
  AVERAGE SKY COVER 0.0


WEATHER CONDITIONS
 THE FOLLOWING WEATHER WAS RECORDED YESTERDAY.
  NO SIGNIFICANT WEATHER WAS OBSERVED.


RELATIVE HUMIDITY (PERCENT)
 HIGHEST    76           400 AM
 LOWEST      8           500 PM
 AVERAGE    42

..........................................................


THE BURNS OR CLIMATE NORMALS FOR TODAY
                         NORMAL    RECORD    YEAR
 MAXIMUM TEMPERATURE (F)   88        98      1939
 MINIMUM TEMPERATURE (F)   48        37      2005


SUNRISE AND SUNSET
JULY 26 2014..........SUNRISE   539 AM PDT   SUNSET   825 PM PDT
JULY 27 2014..........SUNRISE   540 AM PDT   SUNSET   824 PM PDT


-  INDICATES NEGATIVE NUMBERS.
R  INDICATES RECORD WAS SET OR TIED.
MM INDICATES DATA IS MISSING.
T  INDICATES TRACE AMOUNT.




$$
