000
CDUS45 KBOI 260931
CLIBNO


CLIMATE REPORT
NATIONAL WEATHER SERVICE BOISE ID
330 AM MDT TUE JUL 26 2016


...................................

...THE BURNS OR CLIMATE SUMMARY FOR JULY 25 2016...

CLIMATE NORMAL PERIOD 1981 TO 2010
CLIMATE RECORD PERIOD 1938 TO 2016


WEATHER ITEM   OBSERVED TIME   RECORD YEAR NORMAL DEPARTURE LAST
                VALUE   (LST)  VALUE       VALUE  FROM      YEAR
                                                  NORMAL
..................................................................
TEMPERATURE (F)
 YESTERDAY
  MAXIMUM         96    416 PM  97    2013  88      8       86
                                      1988
  MINIMUM         48    434 AM  37    1993  48      0       48
  AVERAGE         72                        68      4       67

PRECIPITATION (IN)
  YESTERDAY        0.00          0.09 1950   0.01  -0.01     0.00
  MONTH TO DATE    0.14                      0.32  -0.18     0.51
  SINCE OCT 1      9.26                     10.04  -0.78     9.07
  SINCE JAN 1      4.39                      6.54  -2.15     4.57

DEGREE DAYS
 HEATING
  YESTERDAY        0                         1     -1        0
  MONTH TO DATE   57                        51      6       10
  SINCE JUN 1    237                       269    -32       59
  SINCE JUL 1     57                        51      6       10

 COOLING
  YESTERDAY        7                         4      3        2
  MONTH TO DATE   26                        82    -56       98
  SINCE JUN 1     84                       102    -18      208
  SINCE JAN 1     84                       105    -21      211
..................................................................


WIND (MPH)
  HIGHEST WIND SPEED    14   HIGHEST WIND DIRECTION    NW (300)
  HIGHEST GUST SPEED    19   HIGHEST GUST DIRECTION    NW (310)
  AVERAGE WIND SPEED     6.6


SKY COVER
  POSSIBLE SUNSHINE  MM
  AVERAGE SKY COVER 0.0


WEATHER CONDITIONS
 THE FOLLOWING WEATHER WAS RECORDED YESTERDAY.
  NO SIGNIFICANT WEATHER WAS OBSERVED.


RELATIVE HUMIDITY (PERCENT)
 HIGHEST    56           500 AM
 LOWEST      8           300 PM
 AVERAGE    32

..........................................................


THE BURNS OR CLIMATE NORMALS FOR TODAY
                         NORMAL    RECORD    YEAR
 MAXIMUM TEMPERATURE (F)   88        98      1939
 MINIMUM TEMPERATURE (F)   48        37      2005


SUNRISE AND SUNSET
JULY 26 2016..........SUNRISE   539 AM PDT   SUNSET   825 PM PDT
JULY 27 2016..........SUNRISE   540 AM PDT   SUNSET   824 PM PDT


-  INDICATES NEGATIVE NUMBERS.
R  INDICATES RECORD WAS SET OR TIED.
MM INDICATES DATA IS MISSING.
T  INDICATES TRACE AMOUNT.




$$
