000
CDUS45 KBOI 270931
CLIBNO


CLIMATE REPORT
NATIONAL WEATHER SERVICE BOISE ID
331 AM MDT SAT MAY 27 2017


...................................

...THE BURNS OR CLIMATE SUMMARY FOR MAY 26 2017...

CLIMATE NORMAL PERIOD 1981 TO 2010
CLIMATE RECORD PERIOD 1938 TO 2017


WEATHER ITEM   OBSERVED TIME   RECORD YEAR NORMAL DEPARTURE LAST
                VALUE   (LST)  VALUE       VALUE  FROM      YEAR
                                                  NORMAL
..................................................................
TEMPERATURE (F)
 YESTERDAY
  MAXIMUM         68    252 PM  89    1986  69     -1       70
  MINIMUM         32    419 AM  29    1989  39     -7       39
  AVERAGE         50                        54     -4       55

PRECIPITATION (IN)
  YESTERDAY        T             0.26 1945   0.04  -0.04     0.00
  MONTH TO DATE    0.36                      1.01  -0.65     0.69
  SINCE OCT 1     11.75                      8.74   3.01     8.72
  SINCE JAN 1      8.24                      5.24   3.00     3.85

DEGREE DAYS
 HEATING
  YESTERDAY       15                        11      4       10
  MONTH TO DATE  395                       375     20      341
  SINCE MAR 1   1885                      1887     -2     1557
  SINCE JUL 1   7759                      7415    344     6718

 COOLING
  YESTERDAY        0                         0      0        0
  MONTH TO DATE    0                         0      0        0
  SINCE MAR 1      0                         0      0        0
  SINCE JAN 1      0                         0      0        0
..................................................................


WIND (MPH)
  HIGHEST WIND SPEED    17   HIGHEST WIND DIRECTION     E (70)
  HIGHEST GUST SPEED    22   HIGHEST GUST DIRECTION    NE (50)
  AVERAGE WIND SPEED     5.2


SKY COVER
  POSSIBLE SUNSHINE  MM
  AVERAGE SKY COVER 0.2


WEATHER CONDITIONS
 THE FOLLOWING WEATHER WAS RECORDED YESTERDAY.
  NO SIGNIFICANT WEATHER WAS OBSERVED.


RELATIVE HUMIDITY (PERCENT)
 HIGHEST    89           100 AM
 LOWEST     29           500 PM
 AVERAGE    59

..........................................................


THE BURNS OR CLIMATE NORMALS FOR TODAY
                         NORMAL    RECORD    YEAR
 MAXIMUM TEMPERATURE (F)   69        86      2003
                                             1983
 MINIMUM TEMPERATURE (F)   39        27      1954
                                             1953


SUNRISE AND SUNSET
MAY 27 2017...........SUNRISE   520 AM PDT   SUNSET   826 PM PDT
MAY 28 2017...........SUNRISE   520 AM PDT   SUNSET   827 PM PDT


-  INDICATES NEGATIVE NUMBERS.
R  INDICATES RECORD WAS SET OR TIED.
MM INDICATES DATA IS MISSING.
T  INDICATES TRACE AMOUNT.




$$
