000
CDUS45 KBOI 100932
CLIBOI


CLIMATE REPORT
NATIONAL WEATHER SERVICE BOISE ID
332 AM MDT THU JUL 10 2014


...................................

...THE BOISE ID CLIMATE SUMMARY FOR JULY 9 2014...

CLIMATE NORMAL PERIOD 1981 TO 2010
CLIMATE RECORD PERIOD 1878 TO 2014


WEATHER ITEM   OBSERVED TIME   RECORD YEAR NORMAL DEPARTURE LAST
                VALUE   (LST)  VALUE       VALUE  FROM      YEAR
                                                  NORMAL
..................................................................
TEMPERATURE (F)
 YESTERDAY
  MAXIMUM         92    302 PM 108    2012  90      2       99
  MINIMUM         69    529 AM  43    1891  59     10       59
  AVERAGE         81                        75      6       79

PRECIPITATION (IN)
  YESTERDAY        0.00          0.34 1995   0.02  -0.02     0.00
  MONTH TO DATE    0.00                      0.12  -0.12      T
  SINCE OCT 1     11.28                     10.70   0.58     6.98
  SINCE JAN 1      8.37                      7.05   1.32     4.33

SNOWFALL (IN)
  YESTERDAY        0.0           0.0  2006   0.0    0.0      0.0
  MONTH TO DATE    0.0                       0.0    0.0      0.0
  SINCE OCT 1     14.4                      19.2   -4.8     16.0
  SINCE JUL 1      0.0                       0.0    0.0      0.0
  SNOW DEPTH       0

DEGREE DAYS
 HEATING
  YESTERDAY        0                         0      0        0
  MONTH TO DATE    0                         4     -4        0
  SINCE JUN 1     36                        68    -32       35
  SINCE JUL 1      0                         4     -4        0

 COOLING
  YESTERDAY       16                        10      6       14
  MONTH TO DATE  149                        80     69      161
  SINCE JUN 1    261                       219     42      352
  SINCE JAN 1    285                       263     22      399
..................................................................


WIND (MPH)
  HIGHEST WIND SPEED    29   HIGHEST WIND DIRECTION    NW (320)
  HIGHEST GUST SPEED    35   HIGHEST GUST DIRECTION    NW (310)
  AVERAGE WIND SPEED     8.2


SKY COVER
  POSSIBLE SUNSHINE  MM
  AVERAGE SKY COVER 0.1


WEATHER CONDITIONS
 THE FOLLOWING WEATHER WAS RECORDED YESTERDAY.
  NO SIGNIFICANT WEATHER WAS OBSERVED.


RELATIVE HUMIDITY (PERCENT)
 HIGHEST    51           500 AM
 LOWEST     19           200 PM
 AVERAGE    35

..........................................................


THE BOISE ID CLIMATE NORMALS FOR TODAY
                         NORMAL    RECORD    YEAR
 MAXIMUM TEMPERATURE (F)   90       105      2002
 MINIMUM TEMPERATURE (F)   60        40      1910


SUNRISE AND SUNSET
JULY 10 2014..........SUNRISE   613 AM MDT   SUNSET   927 PM MDT
JULY 11 2014..........SUNRISE   614 AM MDT   SUNSET   926 PM MDT


-  INDICATES NEGATIVE NUMBERS.
R  INDICATES RECORD WAS SET OR TIED.
MM INDICATES DATA IS MISSING.
T  INDICATES TRACE AMOUNT.




$$
