000
CDUS45 KBOI 240930
CLIBOI


CLIMATE REPORT
NATIONAL WEATHER SERVICE BOISE ID
330 AM MDT WED AUG 24 2016


...................................

...THE BOISE ID CLIMATE SUMMARY FOR AUGUST 23 2016...

CLIMATE NORMAL PERIOD 1981 TO 2010
CLIMATE RECORD PERIOD 1875 TO 2016


WEATHER ITEM   OBSERVED TIME   RECORD YEAR NORMAL DEPARTURE LAST
                VALUE   (LST)  VALUE       VALUE  FROM      YEAR
                                                  NORMAL
..................................................................
TEMPERATURE (F)
 YESTERDAY
  MAXIMUM         80    607 PM 107    1969  88     -8       90
  MINIMUM         50    556 AM  37    1892  58     -8       58
  AVERAGE         65                        73     -8       74

PRECIPITATION (IN)
  YESTERDAY        0.00          0.28 1975   0.01  -0.01     0.00
  MONTH TO DATE    T                         0.17  -0.17     0.18
  SINCE OCT 1      9.31                     11.08  -1.77    12.02
  SINCE JAN 1      4.97                      7.43  -2.46     6.11

SNOWFALL (IN)
  YESTERDAY        0.0           0.0  2006   0.0    0.0      0.0
  MONTH TO DATE    0.0                       0.0    0.0      0.0
  SINCE OCT 1     10.9                      19.2   -8.3     13.3
  SINCE JUL 1      0.0                       0.0    0.0      0.0
  SNOW DEPTH       0

DEGREE DAYS
 HEATING
  YESTERDAY        0                         0      0        0
  MONTH TO DATE    0                         0      0        0
  SINCE JUN 1     45                        72    -27        2
  SINCE JUL 1      8                         8      0        0

 COOLING
  YESTERDAY        0                         8     -8        9
  MONTH TO DATE  247                       248     -1      295
  SINCE JUN 1    833                       729    104     1002
  SINCE JAN 1    864                       773     91     1037
..................................................................


WIND (MPH)
  HIGHEST WIND SPEED    17   HIGHEST WIND DIRECTION    NW (300)
  HIGHEST GUST SPEED    23   HIGHEST GUST DIRECTION    NW (320)
  AVERAGE WIND SPEED     7.2


SKY COVER
  POSSIBLE SUNSHINE  MM
  AVERAGE SKY COVER 0.0


WEATHER CONDITIONS
 THE FOLLOWING WEATHER WAS RECORDED YESTERDAY.
  NO SIGNIFICANT WEATHER WAS OBSERVED.


RELATIVE HUMIDITY (PERCENT)
 HIGHEST    46           600 AM
 LOWEST     10           600 PM
 AVERAGE    28

..........................................................


THE BOISE ID CLIMATE NORMALS FOR TODAY
                         NORMAL    RECORD    YEAR
 MAXIMUM TEMPERATURE (F)   88       104      1926
 MINIMUM TEMPERATURE (F)   58        34      1992


SUNRISE AND SUNSET
AUGUST 24 2016........SUNRISE   700 AM MDT   SUNSET   833 PM MDT
AUGUST 25 2016........SUNRISE   701 AM MDT   SUNSET   831 PM MDT


-  INDICATES NEGATIVE NUMBERS.
R  INDICATES RECORD WAS SET OR TIED.
MM INDICATES DATA IS MISSING.
T  INDICATES TRACE AMOUNT.




$$
