000
CDUS45 KBOI 240931
CLIBOI


CLIMATE REPORT
NATIONAL WEATHER SERVICE BOISE ID
331 AM MDT SUN MAY 24 2015


...................................

...THE BOISE ID CLIMATE SUMMARY FOR MAY 23 2015...

CLIMATE NORMAL PERIOD 1981 TO 2010
CLIMATE RECORD PERIOD 1878 TO 2015


WEATHER ITEM   OBSERVED TIME   RECORD YEAR NORMAL DEPARTURE LAST
                VALUE   (LST)  VALUE       VALUE  FROM      YEAR
                                                  NORMAL
..................................................................
TEMPERATURE (F)
 YESTERDAY
  MAXIMUM         79    238 PM  95    2001  74      5       88
  MINIMUM         54    555 AM  32    1966  48      6       53
                                      1964
                                      1944
  AVERAGE         67                        61      6       71

PRECIPITATION (IN)
  YESTERDAY        0.04          1.13 1942   0.05  -0.01     0.00
  MONTH TO DATE    1.34                      1.05   0.29     0.60
  SINCE OCT 1     10.54                      9.55   0.99    11.01
  SINCE JAN 1      4.63                      5.90  -1.27     8.10

SNOWFALL (IN)
  YESTERDAY        0.0           0.0  2007   0.0    0.0      0.0
  MONTH TO DATE    0.0                       0.0    0.0      0.0
  SINCE OCT 1     13.3                      19.2   -5.9     14.4
  SINCE JUL 1     13.3                      19.2   -5.9     14.4
  SNOW DEPTH       0

DEGREE DAYS
 HEATING
  YESTERDAY        0                         6     -6        0
  MONTH TO DATE  116                       188    -72      134
  SINCE MAR 1    990                      1253   -263     1153
  SINCE JUL 1   4585                      5412   -827     5493

 COOLING
  YESTERDAY        2                         2      0        6
  MONTH TO DATE    4                        25    -21       17
  SINCE MAR 1      4                        28    -24       17
  SINCE JAN 1      4                        28    -24       17
..................................................................


WIND (MPH)
  HIGHEST WIND SPEED    24   HIGHEST WIND DIRECTION    NW (310)
  HIGHEST GUST SPEED    31   HIGHEST GUST DIRECTION     S (170)
  AVERAGE WIND SPEED     9.6


SKY COVER
  POSSIBLE SUNSHINE  MM
  AVERAGE SKY COVER 0.2


WEATHER CONDITIONS
 THE FOLLOWING WEATHER WAS RECORDED YESTERDAY.
  THUNDERSTORM
  LIGHT RAIN


RELATIVE HUMIDITY (PERCENT)
 HIGHEST    89           500 AM
 LOWEST     39           200 PM
 AVERAGE    64

..........................................................


THE BOISE ID CLIMATE NORMALS FOR TODAY
                         NORMAL    RECORD    YEAR
 MAXIMUM TEMPERATURE (F)   74        97      2003
                                             2001
 MINIMUM TEMPERATURE (F)   49        33      1975
                                             1893


SUNRISE AND SUNSET
MAY 24 2015...........SUNRISE   612 AM MDT   SUNSET   912 PM MDT
MAY 25 2015...........SUNRISE   611 AM MDT   SUNSET   913 PM MDT


-  INDICATES NEGATIVE NUMBERS.
R  INDICATES RECORD WAS SET OR TIED.
MM INDICATES DATA IS MISSING.
T  INDICATES TRACE AMOUNT.




$$
