773
CDUS45 KBOI 170931
CLIBOI


CLIMATE REPORT
NATIONAL WEATHER SERVICE BOISE ID
231 AM MST TUE JAN 17 2017


...................................

...THE BOISE ID CLIMATE SUMMARY FOR JANUARY 16 2017...

CLIMATE NORMAL PERIOD 1981 TO 2010
CLIMATE RECORD PERIOD 1875 TO 2017


WEATHER ITEM   OBSERVED TIME   RECORD YEAR NORMAL DEPARTURE LAST
                VALUE   (LST)  VALUE       VALUE  FROM      YEAR
                                                  NORMAL
..................................................................
TEMPERATURE (F)
 YESTERDAY
  MAXIMUM         13    257 PM  57    2000  38    -25       38
                                      1923
  MINIMUM         -1    133 AM -28    1888  25    -26       29
  AVERAGE          6                        31    -25       34

PRECIPITATION (IN)
  YESTERDAY        T             1.40 1896   0.04  -0.04     0.03
  MONTH TO DATE    2.13                      0.70   1.43     0.26
  SINCE OCT 1      5.63                      4.35   1.28     4.60
  SINCE JAN 1      2.13                      0.70   1.43     0.26

SNOWFALL (IN)
  YESTERDAY        T             3.4  1930   0.2   -0.2      0.1
  MONTH TO DATE   15.9                       3.0   12.9      2.2
  SINCE OCT 1     29.9                      12.7   17.2     10.2
  SINCE JUL 1     29.9                      12.7   17.2     10.2
  SNOW DEPTH       5

DEGREE DAYS
 HEATING
  YESTERDAY       59                        34     25       31
  MONTH TO DATE  746                       554    192      564
  SINCE DEC 1   2030                      1615    415     1587
  SINCE JUL 1   2935                      2869     66     2659

 COOLING
  YESTERDAY        0                         0      0        0
  MONTH TO DATE    0                         0      0        0
  SINCE DEC 1      0                         0      0        0
  SINCE JAN 1      0                         0      0        0
..................................................................


WIND (MPH)
  HIGHEST WIND SPEED     8   HIGHEST WIND DIRECTION     W (280)
  HIGHEST GUST SPEED    10   HIGHEST GUST DIRECTION    SE (140)
  AVERAGE WIND SPEED     3.2


SKY COVER
  POSSIBLE SUNSHINE  MM
  AVERAGE SKY COVER 0.0


WEATHER CONDITIONS
 THE FOLLOWING WEATHER WAS RECORDED YESTERDAY.
  LIGHT SNOW
  FOG
  HAZE


RELATIVE HUMIDITY (PERCENT)
 HIGHEST    95          1200 AM
 LOWEST     73          1100 AM
 AVERAGE    84

..........................................................


THE BOISE ID CLIMATE NORMALS FOR TODAY
                         NORMAL    RECORD    YEAR
 MAXIMUM TEMPERATURE (F)   38        58      1923
 MINIMUM TEMPERATURE (F)   25       -20      1883


SUNRISE AND SUNSET
JANUARY 17 2017.......SUNRISE   814 AM MST   SUNSET   537 PM MST
JANUARY 18 2017.......SUNRISE   813 AM MST   SUNSET   538 PM MST


-  INDICATES NEGATIVE NUMBERS.
R  INDICATES RECORD WAS SET OR TIED.
MM INDICATES DATA IS MISSING.
T  INDICATES TRACE AMOUNT.




$$
