000
CDUS45 KBOI 210120
CLIBOI


CLIMATE REPORT
NATIONAL WEATHER SERVICE BOISE ID
620 PM MST MON NOV 20 2017


...................................

...THE BOISE ID CLIMATE SUMMARY FOR NOVEMBER 20 2017...
VALID TODAY AS OF 0600 PM LOCAL TIME.

CLIMATE NORMAL PERIOD 1981 TO 2010
CLIMATE RECORD PERIOD 1875 TO 2017


WEATHER ITEM   OBSERVED TIME   RECORD YEAR NORMAL DEPARTURE LAST
                VALUE   (LST)  VALUE       VALUE  FROM      YEAR
                                                  NORMAL
..................................................................
TEMPERATURE (F)
 TODAY
  MAXIMUM         49    616 AM  67    2008  46      3       50
                                      1966
  MINIMUM         38    131 AM  11    1977  31      7       40
  AVERAGE         44                        38      6       45

PRECIPITATION (IN)
  TODAY            0.09          0.84 1921   0.04   0.05      T
  MONTH TO DATE    1.43                      0.86   0.57     0.08
  SINCE OCT 1      2.03                      1.61   0.42     1.36
  SINCE JAN 1     14.01                      9.69   4.32     6.54

DEGREE DAYS
 HEATING
  TODAY           21                        27     -6       20
  MONTH TO DATE  437                       457    -20      300
  SINCE SEP 1   1030                       945     85      657
  SINCE JUL 1   1030                       963     67      665

 COOLING
  TODAY            0                         0      0        0
  MONTH TO DATE    0                         0      0        0
  SINCE SEP 1    175                       108     67       64
  SINCE JAN 1   1341                       942    399     1001
..................................................................


WIND (MPH)
  HIGHEST WIND SPEED    29   HIGHEST WIND DIRECTION    SE (120)
  HIGHEST GUST SPEED    35   HIGHEST GUST DIRECTION    SE (120)
  AVERAGE WIND SPEED    10.4



WEATHER CONDITIONS
 THE FOLLOWING WEATHER WAS RECORDED TODAY.
  LIGHT RAIN


RELATIVE HUMIDITY (PERCENT)
 HIGHEST    76          1200 PM
 LOWEST     45           400 AM
 AVERAGE    61

..........................................................


THE BOISE ID CLIMATE NORMALS FOR TOMORROW
                         NORMAL    RECORD    YEAR
 MAXIMUM TEMPERATURE (F)   45        67      2006
 MINIMUM TEMPERATURE (F)   30        -2      1985


SUNRISE AND SUNSET
NOVEMBER 20 2017......SUNRISE   745 AM MST   SUNSET   515 PM MST
NOVEMBER 21 2017......SUNRISE   747 AM MST   SUNSET   515 PM MST


-  INDICATES NEGATIVE NUMBERS.
R  INDICATES RECORD WAS SET OR TIED.
MM INDICATES DATA IS MISSING.
T  INDICATES TRACE AMOUNT.




$$
