000
CDUS45 KBOI 280933
CLIBOI


CLIMATE REPORT
NATIONAL WEATHER SERVICE BOISE ID
332 AM MDT TUE MAR 28 2017


...................................

...THE BOISE ID CLIMATE SUMMARY FOR MARCH 27 2017...

CLIMATE NORMAL PERIOD 1981 TO 2010
CLIMATE RECORD PERIOD 1875 TO 2017


WEATHER ITEM   OBSERVED TIME   RECORD YEAR NORMAL DEPARTURE LAST
                VALUE   (LST)  VALUE       VALUE  FROM      YEAR
                                                  NORMAL
..................................................................
TEMPERATURE (F)
 YESTERDAY
  MAXIMUM         56    357 PM  78    1877  58     -2       53
  MINIMUM         40   1145 PM  14    1944  37      3       36
  AVERAGE         48                        47      1       45

PRECIPITATION (IN)
  YESTERDAY        0.11          1.08 1896   0.05   0.06      T
  MONTH TO DATE    1.12                      1.21  -0.09     1.46
  SINCE OCT 1      8.80                      7.09   1.71     7.30
  SINCE JAN 1      5.30                      3.44   1.86     2.96

SNOWFALL (IN)
  YESTERDAY       MM             2.0  1920   0.0   MM        0.0
  MONTH TO DATE    0.2                       1.2   -1.0       T
  SINCE OCT 1     39.0                      18.8   20.2     10.9
  SINCE JUL 1     39.0                      18.8   20.2     10.9
  SNOW DEPTH       0

DEGREE DAYS
 HEATING
  YESTERDAY       17                        18     -1       20
  MONTH TO DATE  417                       566   -149      468
  SINCE MAR 1    417                       566   -149      468
  SINCE JUL 1   4704                      4725    -21     4217

 COOLING
  YESTERDAY        0                         0      0        0
  MONTH TO DATE    0                         0      0        0
  SINCE MAR 1      0                         0      0        0
  SINCE JAN 1      0                         0      0        0
..................................................................


WIND (MPH)
  HIGHEST WIND SPEED    31   HIGHEST WIND DIRECTION    NW (330)
  HIGHEST GUST SPEED    38   HIGHEST GUST DIRECTION    NW (330)
  AVERAGE WIND SPEED    11.6


SKY COVER
  POSSIBLE SUNSHINE  MM
  AVERAGE SKY COVER 0.6


WEATHER CONDITIONS
 THE FOLLOWING WEATHER WAS RECORDED YESTERDAY.
  LIGHT RAIN
  FOG


RELATIVE HUMIDITY (PERCENT)
 HIGHEST    96           100 AM
 LOWEST     41           300 PM
 AVERAGE    69

..........................................................


THE BOISE ID CLIMATE NORMALS FOR TODAY
                         NORMAL    RECORD    YEAR
 MAXIMUM TEMPERATURE (F)   58        76      1943
 MINIMUM TEMPERATURE (F)   37        17      1944


SUNRISE AND SUNSET
MARCH 28 2017.........SUNRISE   733 AM MDT   SUNSET   807 PM MDT
MARCH 29 2017.........SUNRISE   731 AM MDT   SUNSET   808 PM MDT


-  INDICATES NEGATIVE NUMBERS.
R  INDICATES RECORD WAS SET OR TIED.
MM INDICATES DATA IS MISSING.
T  INDICATES TRACE AMOUNT.




$$
