000
CDUS41 KBOX 250532
CLIBOS


CLIMATE REPORT
NATIONAL WEATHER SERVICE TAUNTON MA
1232 AM EST SAT NOV 25 2017


...................................

...THE BOSTON MA CLIMATE SUMMARY FOR NOVEMBER 24 2017...

CLIMATE NORMAL PERIOD 1981 TO 2010
CLIMATE RECORD PERIOD 1872 TO 2017


WEATHER ITEM   OBSERVED TIME   RECORD YEAR NORMAL DEPARTURE LAST
                VALUE   (LST)  VALUE       VALUE  FROM      YEAR
                                                  NORMAL
..................................................................
TEMPERATURE (F)
 YESTERDAY
  MAXIMUM         50    304 PM  72    1931  49      1       44
  MINIMUM         31    348 AM  11    1880  36     -5       33
  AVERAGE         41                        42     -1       39

PRECIPITATION (IN)
  YESTERDAY        0.00          2.11 1909   0.13  -0.13     0.05
  MONTH TO DATE    1.80                      3.17  -1.37     1.33
  SINCE SEP 1      9.67                     10.55  -0.88     8.17
  SINCE JAN 1     40.96                     39.17   1.79    28.43

SNOWFALL (IN)
  YESTERDAY        0.0           3.8  1936   0.0    0.0      0.0
  MONTH TO DATE    T                         0.7   -0.7       T
  SINCE SEP 1      T                         0.7   -0.7       T
  SINCE JUL 1      T                         0.7   -0.7       T
  SNOW DEPTH      MM

DEGREE DAYS
 HEATING
  YESTERDAY       24                        23      1       26
  MONTH TO DATE  495                       465     30      428
  SINCE SEP 1    677                       899   -222      779
  SINCE JUL 1    689                       912   -223      786

 COOLING
  YESTERDAY        0                         0      0        0
  MONTH TO DATE    0                         0      0        0
  SINCE SEP 1    151                        88     63      141
  SINCE JAN 1    880                       747    133     1035
..................................................................


WIND (MPH)
  RESULTANT WIND SPEED   8   RESULTANT WIND DIRECTION  SW (220)
  HIGHEST WIND SPEED    15   HIGHEST WIND DIRECTION     S (190)
  HIGHEST GUST SPEED    19   HIGHEST GUST DIRECTION     S (200)
  AVERAGE WIND SPEED     9.2


SKY COVER
  POSSIBLE SUNSHINE  MM
  AVERAGE SKY COVER 0.1


WEATHER CONDITIONS
 THE FOLLOWING WEATHER WAS RECORDED YESTERDAY.
  NO SIGNIFICANT WEATHER WAS OBSERVED.


RELATIVE HUMIDITY (PERCENT)
 HIGHEST    79          1100 PM
 LOWEST     39           300 PM
 AVERAGE    59

..........................................................


THE BOSTON MA CLIMATE NORMALS FOR TODAY
                         NORMAL    RECORD    YEAR
 MAXIMUM TEMPERATURE (F)   48        70      1979
 MINIMUM TEMPERATURE (F)   35        13      1938


SUNRISE AND SUNSET
NOVEMBER 25 2017......SUNRISE   647 AM EST   SUNSET   415 PM EST
NOVEMBER 26 2017......SUNRISE   648 AM EST   SUNSET   414 PM EST


-  INDICATES NEGATIVE NUMBERS.
R  INDICATES RECORD WAS SET OR TIED.
MM INDICATES DATA IS MISSING.
T  INDICATES TRACE AMOUNT.




$$
