346
CDUS45 KRIW 270756
CLIBPI


CLIMATE REPORT
NATIONAL WEATHER SERVICE RIVERTON WY
130 AM MDT TUE SEP 27 2016


...................................

...THE BIG PINEY WY CLIMATE SUMMARY FOR SEPTEMBER 26 2016...

CLIMATE NORMAL PERIOD 1981 TO 2010
CLIMATE RECORD PERIOD 1976 TO 2016


WEATHER ITEM   OBSERVED TIME   RECORD YEAR NORMAL DEPARTURE LAST
                VALUE   (LST)  VALUE       VALUE  FROM      YEAR
                                                  NORMAL
..................................................................
TEMPERATURE (F)
 YESTERDAY
  MAXIMUM         72    435 PM  82    2015  64      8       82
                                      2010
  MINIMUM         33    601 AM  14    1984  28      5       35
  AVERAGE         53                        46      7       59

PRECIPITATION (IN)
  YESTERDAY        0.00          0.10 1995   0.02  -0.02     0.00
  MONTH TO DATE    1.56                      0.68   0.88     0.24
  SINCE SEP 1      1.56                      0.68   0.88     0.24
  SINCE JAN 1      9.04                      5.34   3.70     5.57

DEGREE DAYS
 HEATING
  YESTERDAY       12                        19     -7        6
  MONTH TO DATE  323                       377    -54      280
  SINCE SEP 1    323                       377    -54      280
  SINCE JUL 1    606                       670    -64      557

 COOLING
  YESTERDAY        0                         0      0        0
  MONTH TO DATE    0                         0      0        0
  SINCE SEP 1      0                         0      0        0
  SINCE JAN 1     23                        35    -12       53
..................................................................


WIND (MPH)
  HIGHEST WIND SPEED    18   HIGHEST WIND DIRECTION     N (350)
  HIGHEST GUST SPEED    23   HIGHEST GUST DIRECTION     N (350)
  AVERAGE WIND SPEED     3.5


SKY COVER
  POSSIBLE SUNSHINE  MM
  AVERAGE SKY COVER 0.0


WEATHER CONDITIONS
 THE FOLLOWING WEATHER WAS RECORDED YESTERDAY.
  NO SIGNIFICANT WEATHER WAS OBSERVED.


RELATIVE HUMIDITY (PERCENT)
 HIGHEST    89           400 AM
 LOWEST     28           300 PM
 AVERAGE    59

..........................................................


THE BIG PINEY WY CLIMATE NORMALS FOR TODAY
                         NORMAL    RECORD    YEAR
 MAXIMUM TEMPERATURE (F)   63        83      2010
 MINIMUM TEMPERATURE (F)   28         9      1996


SUNRISE AND SUNSET
SEPTEMBER 27 2016.....SUNRISE   714 AM MDT   SUNSET   708 PM MDT
SEPTEMBER 28 2016.....SUNRISE   715 AM MDT   SUNSET   706 PM MDT


-  INDICATES NEGATIVE NUMBERS.
R  INDICATES RECORD WAS SET OR TIED.
MM INDICATES DATA IS MISSING.
T  INDICATES TRACE AMOUNT.




$$
