000
CDUS45 KRIW 020737
CLIBPI


CLIMATE REPORT
NATIONAL WEATHER SERVICE RIVERTON WY
135 AM MDT THU JUL 2 2015


...................................

...THE BIG PINEY WY CLIMATE SUMMARY FOR JULY 1 2015...

CLIMATE NORMAL PERIOD 1981 TO 2010
CLIMATE RECORD PERIOD 1976 TO 2015


WEATHER ITEM   OBSERVED TIME   RECORD YEAR NORMAL DEPARTURE LAST
                VALUE   (LST)  VALUE       VALUE  FROM      YEAR
                                                  NORMAL
..................................................................
TEMPERATURE (F)
 YESTERDAY
  MAXIMUM         89    318 PM  92    2013  78     11       75
  MINIMUM         52    514 AM  31    2014  41     11       31
  AVERAGE         71                        60     11       53

PRECIPITATION (IN)
  YESTERDAY        0.00          0.26 1987   0.02  -0.02     0.00
  MONTH TO DATE    0.00                      0.02  -0.02     0.00
  SINCE JUN 1      0.23                      0.81  -0.58     0.18
  SINCE JAN 1      3.21                      3.28  -0.07     1.33

DEGREE DAYS
 HEATING
  YESTERDAY        0                         6     -6       12
  MONTH TO DATE    0                         6     -6       12
  SINCE JUN 1    135                       311   -176      359
  SINCE JUL 1      0                         6     -6       12

 COOLING
  YESTERDAY        6                         0      6        0
  MONTH TO DATE    6                         0      6        0
  SINCE JUN 1     30                         2     28        0
  SINCE JAN 1     30                         2     28        0
..................................................................


WIND (MPH)
  HIGHEST WIND SPEED    21   HIGHEST WIND DIRECTION     N (340)
  HIGHEST GUST SPEED    27   HIGHEST GUST DIRECTION    NW (330)
  AVERAGE WIND SPEED     9.2


SKY COVER
  POSSIBLE SUNSHINE  MM
  AVERAGE SKY COVER 0.1


WEATHER CONDITIONS
 THE FOLLOWING WEATHER WAS RECORDED YESTERDAY.
  NO SIGNIFICANT WEATHER WAS OBSERVED.


RELATIVE HUMIDITY (PERCENT)
 HIGHEST    83           500 AM
 LOWEST     17           200 PM
 AVERAGE    50

..........................................................


THE BIG PINEY WY CLIMATE NORMALS FOR TODAY
                         NORMAL    RECORD    YEAR
 MAXIMUM TEMPERATURE (F)   78        91      2013
                                             2007
 MINIMUM TEMPERATURE (F)   42        31      1997


SUNRISE AND SUNSET
JULY  2 2015..........SUNRISE   547 AM MDT   SUNSET   902 PM MDT
JULY  3 2015..........SUNRISE   548 AM MDT   SUNSET   901 PM MDT


-  INDICATES NEGATIVE NUMBERS.
R  INDICATES RECORD WAS SET OR TIED.
MM INDICATES DATA IS MISSING.
T  INDICATES TRACE AMOUNT.




$$
