000
CDUS45 KRIW 310033
CLIBPI


CLIMATE REPORT
NATIONAL WEATHER SERVICE RIVERTON WY
633 PM MDT SAT JUL 30 2016


...................................

...THE BIG PINEY WY CLIMATE SUMMARY FOR JULY 30 2016...
VALID TODAY AS OF 0500 PM LOCAL TIME.

CLIMATE NORMAL PERIOD 1981 TO 2010
CLIMATE RECORD PERIOD 1976 TO 2016


WEATHER ITEM   OBSERVED TIME   RECORD YEAR NORMAL DEPARTURE LAST
                VALUE   (LST)  VALUE       VALUE  FROM      YEAR
                                                  NORMAL
..................................................................
TEMPERATURE (F)
 TODAY
  MAXIMUM         86        MM  93    1982  82      4       82
  MINIMUM         45        MM  32    1977  44      1       35
  AVERAGE         66

PRECIPITATION (IN)
  TODAY            0.11          0.40 1976   0.03   0.08     0.00
  MONTH TO DATE    0.23                      0.68  -0.45     1.73
  SINCE JUN 1      0.96                      1.47  -0.51     1.96
  SINCE JAN 1      7.01                      3.94   3.07     4.94

DEGREE DAYS
 HEATING
  TODAY            0                         3     -3        6
  MONTH TO DATE  104                       112     -8      155
  SINCE JUN 1    282                       417   -135      290
  SINCE JUL 1    104                       112     -8      155

 COOLING
  TODAY            1                         1      0        0
  MONTH TO DATE   19                        22     -3       18
  SINCE JUN 1     20                        24     -4       42
  SINCE JAN 1     20                        24     -4       42
..................................................................


WIND (MPH)
  HIGHEST WIND SPEED    28   HIGHEST WIND DIRECTION    NW (310)
  HIGHEST GUST SPEED    37   HIGHEST GUST DIRECTION    NW (310)
  AVERAGE WIND SPEED     7.1


SKY COVER
  POSSIBLE SUNSHINE  MM
  AVERAGE SKY COVER 0.2


WEATHER CONDITIONS
 THE FOLLOWING WEATHER WAS RECORDED TODAY.
  THUNDERSTORM
  HEAVY RAIN
  RAIN
  LIGHT RAIN


RELATIVE HUMIDITY (PERCENT)
 HIGHEST    53           500 AM
 LOWEST     18          1200 PM
 AVERAGE    36

..........................................................


THE BIG PINEY WY CLIMATE NORMALS FOR TOMORROW
                         NORMAL    RECORD    YEAR
 MAXIMUM TEMPERATURE (F)   82        92      2003
 MINIMUM TEMPERATURE (F)   44        28      1987


SUNRISE AND SUNSET
JULY 30 2016..........SUNRISE   611 AM MDT   SUNSET   842 PM MDT
JULY 31 2016..........SUNRISE   612 AM MDT   SUNSET   841 PM MDT


-  INDICATES NEGATIVE NUMBERS.
R  INDICATES RECORD WAS SET OR TIED.
MM INDICATES DATA IS MISSING.
T  INDICATES TRACE AMOUNT.




$$
