000
CDUS45 KRIW 220735
CLIBPI


CLIMATE REPORT
NATIONAL WEATHER SERVICE RIVERTON WY
134 AM MDT MON MAY 22 2017


...................................

...THE BIG PINEY WY CLIMATE SUMMARY FOR MAY 21 2017...

CLIMATE NORMAL PERIOD 1981 TO 2010
CLIMATE RECORD PERIOD 1976 TO 2017


WEATHER ITEM   OBSERVED TIME   RECORD YEAR NORMAL DEPARTURE LAST
                VALUE   (LST)  VALUE       VALUE  FROM      YEAR
                                                  NORMAL
..................................................................
TEMPERATURE (F)
 YESTERDAY
  MAXIMUM         59    256 PM  81    2012  63     -4       56
  MINIMUM         29   1258 AM  13    2001  32     -3       36
                                      1984
  AVERAGE         44                        47     -3       46

PRECIPITATION (IN)
  YESTERDAY        0.01          1.12 1987   0.03  -0.02     0.03
  MONTH TO DATE    0.94                      0.56   0.38     3.58
  SINCE MAR 1      3.56                      1.53   2.03     5.47
  SINCE JAN 1      5.30                      2.19   3.11     5.64

DEGREE DAYS
 HEATING
  YESTERDAY       21                        18      3       19
  MONTH TO DATE  410                       435    -25      412
  SINCE MAR 1   2373                      2443    -70     2220
  SINCE JUL 1   9803                      9966   -163     9074

 COOLING
  YESTERDAY        0                         0      0        0
  MONTH TO DATE    0                         0      0        0
  SINCE MAR 1      0                         0      0        0
  SINCE JAN 1      0                         0      0        0
..................................................................


WIND (MPH)
  HIGHEST WIND SPEED    28   HIGHEST WIND DIRECTION     N (360)
  HIGHEST GUST SPEED    32   HIGHEST GUST DIRECTION     S (170)
  AVERAGE WIND SPEED     5.4


SKY COVER
  POSSIBLE SUNSHINE  MM
  AVERAGE SKY COVER 0.4


WEATHER CONDITIONS
 THE FOLLOWING WEATHER WAS RECORDED YESTERDAY.
  LIGHT RAIN


RELATIVE HUMIDITY (PERCENT)
 HIGHEST   100           500 AM
 LOWEST     39           300 PM
 AVERAGE    70

..........................................................


THE BIG PINEY WY CLIMATE NORMALS FOR TODAY
                         NORMAL    RECORD    YEAR
 MAXIMUM TEMPERATURE (F)   64        76      1986
                                             1980
 MINIMUM TEMPERATURE (F)   32        20      2007
                                             1989


SUNRISE AND SUNSET
MAY 22 2017...........SUNRISE   552 AM MDT   SUNSET   843 PM MDT
MAY 23 2017...........SUNRISE   551 AM MDT   SUNSET   844 PM MDT


-  INDICATES NEGATIVE NUMBERS.
R  INDICATES RECORD WAS SET OR TIED.
MM INDICATES DATA IS MISSING.
T  INDICATES TRACE AMOUNT.




$$
