340
CDUS45 KRIW 200745
CLIBPI


CLIMATE REPORT
NATIONAL WEATHER SERVICE RIVERTON WY
1244 AM MST MON NOV 20 2017


...................................

...THE BIG PINEY WY CLIMATE SUMMARY FOR NOVEMBER 19 2017...

CLIMATE NORMAL PERIOD 1981 TO 2010
CLIMATE RECORD PERIOD 1976 TO 2017


WEATHER ITEM   OBSERVED TIME   RECORD YEAR NORMAL DEPARTURE LAST
                VALUE   (LST)  VALUE       VALUE  FROM      YEAR
                                                  NORMAL
..................................................................
TEMPERATURE (F)
 YESTERDAY
  MAXIMUM         32    411 PM  56    2008  35     -3       36
                                      2007
  MINIMUM          3    748 AM -10    1994   8     -5        8
  AVERAGE         18                        22     -4       22

PRECIPITATION (IN)
  YESTERDAY        0.00          0.05 1982   0.01  -0.01     0.00
  MONTH TO DATE    0.23                      0.14   0.09     0.22
  SINCE SEP 1      1.96                      1.45   0.51     4.25
  SINCE JAN 1      9.06                      6.11   2.95    11.73

DEGREE DAYS
 HEATING
  YESTERDAY       47                        43      4       43
  MONTH TO DATE  694                       727    -33      574
  SINCE SEP 1   2001                      2014    -13     1711
  SINCE JUL 1   2188                      2307   -119     1994

 COOLING
  YESTERDAY        0                         0      0        0
  MONTH TO DATE    0                         0      0        0
  SINCE SEP 1      0                         0      0        0
  SINCE JAN 1     27                        35     -8       23
..................................................................


WIND (MPH)
  HIGHEST WIND SPEED    12   HIGHEST WIND DIRECTION     E (80)
  HIGHEST GUST SPEED    12   HIGHEST GUST DIRECTION     E (90)
  AVERAGE WIND SPEED     3.3


SKY COVER
  POSSIBLE SUNSHINE  MM
  AVERAGE SKY COVER 0.0


WEATHER CONDITIONS
 THE FOLLOWING WEATHER WAS RECORDED YESTERDAY.
  NO SIGNIFICANT WEATHER WAS OBSERVED.


RELATIVE HUMIDITY (PERCENT)
 HIGHEST    92           900 PM
 LOWEST     58           300 PM
 AVERAGE    75

..........................................................


THE BIG PINEY WY CLIMATE NORMALS FOR TODAY
                         NORMAL    RECORD    YEAR
 MAXIMUM TEMPERATURE (F)   35        54      1989
 MINIMUM TEMPERATURE (F)    8        -7      2011


SUNRISE AND SUNSET
NOVEMBER 20 2017......SUNRISE   718 AM MST   SUNSET   454 PM MST
NOVEMBER 21 2017......SUNRISE   719 AM MST   SUNSET   453 PM MST


-  INDICATES NEGATIVE NUMBERS.
R  INDICATES RECORD WAS SET OR TIED.
MM INDICATES DATA IS MISSING.
T  INDICATES TRACE AMOUNT.




$$
