000
CDUS45 KRIW 180731
CLIBPI


CLIMATE REPORT
NATIONAL WEATHER SERVICE RIVERTON WY
130 AM MDT FRI APR 18 2014


...................................

...THE BIG PINEY WY CLIMATE SUMMARY FOR APRIL 17 2014...

CLIMATE NORMAL PERIOD 1981 TO 2010
CLIMATE RECORD PERIOD 1976 TO 2014


WEATHER ITEM   OBSERVED TIME   RECORD YEAR NORMAL DEPARTURE LAST
                VALUE   (LST)  VALUE       VALUE  FROM      YEAR
                                                  NORMAL
..................................................................
TEMPERATURE (F)
 YESTERDAY
  MAXIMUM         57    457 PM  74    1994  53      4       35
  MINIMUM         15    438 AM  11    1980  22     -7       14
  AVERAGE         36                        38     -2       25

PRECIPITATION (IN)
  YESTERDAY        0.00          0.15 1995   0.02  -0.02      T
  MONTH TO DATE    0.02                      0.27  -0.25     0.16
  SINCE MAR 1      0.14                      0.71  -0.57     0.19
  SINCE JAN 1      0.18                      1.37  -1.19     0.35

DEGREE DAYS
 HEATING
  YESTERDAY       29                        27      2       40
  MONTH TO DATE  518                       503     15      540
  SINCE MAR 1   1577                      1675    -98     1658
  SINCE JUL 1   8521                      9198   -677     8522

 COOLING
  YESTERDAY        0                         0      0        0
  MONTH TO DATE    0                         0      0        0
  SINCE MAR 1      0                         0      0        0
  SINCE JAN 1      0                         0      0        0
..................................................................


WIND (MPH)
  HIGHEST WIND SPEED    16   HIGHEST WIND DIRECTION     W (280)
  HIGHEST GUST SPEED    29   HIGHEST GUST DIRECTION     E (80)
  AVERAGE WIND SPEED     5.9


SKY COVER
  POSSIBLE SUNSHINE  MM
  AVERAGE SKY COVER 0.1


WEATHER CONDITIONS
 THE FOLLOWING WEATHER WAS RECORDED YESTERDAY.
  NO SIGNIFICANT WEATHER WAS OBSERVED.


RELATIVE HUMIDITY (PERCENT)
 HIGHEST    80           500 AM
 LOWEST     18           300 PM
 AVERAGE    49

..........................................................


THE BIG PINEY WY CLIMATE NORMALS FOR TODAY
                         NORMAL    RECORD    YEAR
 MAXIMUM TEMPERATURE (F)   53        73      1994
 MINIMUM TEMPERATURE (F)   22         2      2013


SUNRISE AND SUNSET
APRIL 18 2014.........SUNRISE   634 AM MDT   SUNSET   806 PM MDT
APRIL 19 2014.........SUNRISE   633 AM MDT   SUNSET   807 PM MDT


-  INDICATES NEGATIVE NUMBERS.
R  INDICATES RECORD WAS SET OR TIED.
MM INDICATES DATA IS MISSING.
T  INDICATES TRACE AMOUNT.




$$
