000
CDUS45 KRIW 210750
CLIBPI


CLIMATE REPORT
NATIONAL WEATHER SERVICE RIVERTON WY
1249 AM MST SUN JAN 21 2018


...................................

...THE BIG PINEY WY CLIMATE SUMMARY FOR JANUARY 20 2018...

CLIMATE NORMAL PERIOD 1981 TO 2010
CLIMATE RECORD PERIOD 1976 TO 2018


WEATHER ITEM   OBSERVED TIME   RECORD YEAR NORMAL DEPARTURE LAST
                VALUE   (LST)  VALUE       VALUE  FROM      YEAR
                                                  NORMAL
..................................................................
TEMPERATURE (F)
 YESTERDAY
  MAXIMUM         28    149 PM  46    1994  26      2       11
  MINIMUM         20   1159 PM -37    1984  -4     24       -7
  AVERAGE         24                        11     13        2

PRECIPITATION (IN)
  YESTERDAY        T             0.02 2008   0.01  -0.01      T
                                      1997
  MONTH TO DATE    0.05                      0.21  -0.16     0.53
  SINCE DEC 1      0.12                      0.51  -0.39     1.08
  SINCE JAN 1      0.05                      0.21  -0.16     0.53

DEGREE DAYS
 HEATING
  YESTERDAY       41                        54    -13       63
  MONTH TO DATE  842                      1080   -238     1299
  SINCE DEC 1   2166                      2704   -538     3027
  SINCE JUL 1   4722                      5519   -797     5476

 COOLING
  YESTERDAY        0                         0      0        0
  MONTH TO DATE    0                         0      0        0
  SINCE DEC 1      0                         0      0        0
  SINCE JAN 1      0                         0      0        0
..................................................................


WIND (MPH)
  HIGHEST WIND SPEED    20   HIGHEST WIND DIRECTION     N (340)
  HIGHEST GUST SPEED    23   HIGHEST GUST DIRECTION     N (340)
  AVERAGE WIND SPEED     8.5


SKY COVER
  POSSIBLE SUNSHINE  MM
  AVERAGE SKY COVER 1.0


WEATHER CONDITIONS
 THE FOLLOWING WEATHER WAS RECORDED YESTERDAY.
  LIGHT SNOW
  FOG
  HAZE


RELATIVE HUMIDITY (PERCENT)
 HIGHEST    84           400 AM
 LOWEST     55          1100 AM
 AVERAGE    70

..........................................................


THE BIG PINEY WY CLIMATE NORMALS FOR TODAY
                         NORMAL    RECORD    YEAR
 MAXIMUM TEMPERATURE (F)   26        44      1977
 MINIMUM TEMPERATURE (F)   -4       -23      2008


SUNRISE AND SUNSET
JANUARY 21 2018.......SUNRISE   744 AM MST   SUNSET   520 PM MST
JANUARY 22 2018.......SUNRISE   743 AM MST   SUNSET   521 PM MST


-  INDICATES NEGATIVE NUMBERS.
R  INDICATES RECORD WAS SET OR TIED.
MM INDICATES DATA IS MISSING.
T  INDICATES TRACE AMOUNT.




$$
