000
CDUS45 KRIW 050740
CLIBPI


CLIMATE REPORT
NATIONAL WEATHER SERVICE RIVERTON WY
136 AM MDT WED AUG 5 2015


...................................

...THE BIG PINEY WY CLIMATE SUMMARY FOR AUGUST 4 2015...

CLIMATE NORMAL PERIOD 1981 TO 2010
CLIMATE RECORD PERIOD 1976 TO 2015


WEATHER ITEM   OBSERVED TIME   RECORD YEAR NORMAL DEPARTURE LAST
                VALUE   (LST)  VALUE       VALUE  FROM      YEAR
                                                  NORMAL
..................................................................
TEMPERATURE (F)
 YESTERDAY
  MAXIMUM         79    316 PM  93    1983  82     -3       75
  MINIMUM         51   1157 PM  28    1980  43      8       55
  AVERAGE         65                        62      3       65

PRECIPITATION (IN)
  YESTERDAY        0.00          0.22 2014   0.02  -0.02     0.22
  MONTH TO DATE    0.25                      0.09   0.16     0.22
  SINCE JUN 1      2.21                      1.59   0.62     0.84
  SINCE JAN 1      5.19                      4.06   1.13     1.99

DEGREE DAYS
 HEATING
  YESTERDAY        0                         3     -3        0
  MONTH TO DATE    4                        12     -8        1
  SINCE JUN 1    297                       434   -137      402
  SINCE JUL 1    162                       129     33       55

 COOLING
  YESTERDAY        0                         1     -1        0
  MONTH TO DATE    2                         4     -2        0
  SINCE JUN 1     44                        28     16       26
  SINCE JAN 1     44                        28     16       26
..................................................................


WIND (MPH)
  HIGHEST WIND SPEED    22   HIGHEST WIND DIRECTION    NW (330)
  HIGHEST GUST SPEED    27   HIGHEST GUST DIRECTION    NW (330)
  AVERAGE WIND SPEED     9.1


SKY COVER
  POSSIBLE SUNSHINE  MM
  AVERAGE SKY COVER 0.3


WEATHER CONDITIONS
 THE FOLLOWING WEATHER WAS RECORDED YESTERDAY.
  NO SIGNIFICANT WEATHER WAS OBSERVED.


RELATIVE HUMIDITY (PERCENT)
 HIGHEST    93           300 AM
 LOWEST     21           200 PM
 AVERAGE    57

..........................................................


THE BIG PINEY WY CLIMATE NORMALS FOR TODAY
                         NORMAL    RECORD    YEAR
 MAXIMUM TEMPERATURE (F)   81        93      2003
 MINIMUM TEMPERATURE (F)   43        28      1980


SUNRISE AND SUNSET
AUGUST  5 2015........SUNRISE   616 AM MDT   SUNSET   836 PM MDT
AUGUST  6 2015........SUNRISE   617 AM MDT   SUNSET   834 PM MDT


-  INDICATES NEGATIVE NUMBERS.
R  INDICATES RECORD WAS SET OR TIED.
MM INDICATES DATA IS MISSING.
T  INDICATES TRACE AMOUNT.




$$
