928
CDUS45 KRIW 210801
CLIBPI


CLIMATE REPORT
NATIONAL WEATHER SERVICE RIVERTON WY
132 AM MDT FRI JUL 21 2017


...................................

...THE BIG PINEY WY CLIMATE SUMMARY FOR JULY 20 2017...

CLIMATE NORMAL PERIOD 1981 TO 2010
CLIMATE RECORD PERIOD 1976 TO 2017


WEATHER ITEM   OBSERVED TIME   RECORD YEAR NORMAL DEPARTURE LAST
                VALUE   (LST)  VALUE       VALUE  FROM      YEAR
                                                  NORMAL
..................................................................
TEMPERATURE (F)
 YESTERDAY
  MAXIMUM         84    409 PM  91    2007  82      2       88
                                      2006
  MINIMUM         50    414 AM  23    1987  44      6       47
  AVERAGE         67                        63      4       68

PRECIPITATION (IN)
  YESTERDAY        0.19          0.24 2003   0.02   0.17     0.00
  MONTH TO DATE    0.37                      0.40  -0.03     0.12
  SINCE JUN 1      0.51                      1.19  -0.68     0.85
  SINCE JAN 1      5.97                      3.66   2.31     6.90

DEGREE DAYS
 HEATING
  YESTERDAY        0                         3     -3        0
  MONTH TO DATE   17                        82    -65       97
  SINCE JUN 1    288                       387    -99      275
  SINCE JUL 1     17                        82    -65       97

 COOLING
  YESTERDAY        2                         1      1        3
  MONTH TO DATE   21                        12      9        4
  SINCE JUN 1     22                        14      8        5
  SINCE JAN 1     22                        14      8        5
..................................................................


WIND (MPH)
  HIGHEST WIND SPEED    26   HIGHEST WIND DIRECTION    NE (30)
  HIGHEST GUST SPEED    35   HIGHEST GUST DIRECTION    NE (30)
  AVERAGE WIND SPEED     7.3


SKY COVER
  POSSIBLE SUNSHINE  MM
  AVERAGE SKY COVER 0.2


WEATHER CONDITIONS
 THE FOLLOWING WEATHER WAS RECORDED YESTERDAY.
  THUNDERSTORM
  HEAVY RAIN
  LIGHT RAIN


RELATIVE HUMIDITY (PERCENT)
 HIGHEST    93          1100 PM
 LOWEST     37           400 PM
 AVERAGE    65

..........................................................


THE BIG PINEY WY CLIMATE NORMALS FOR TODAY
                         NORMAL    RECORD    YEAR
 MAXIMUM TEMPERATURE (F)   82        93      2005
 MINIMUM TEMPERATURE (F)   44        31      1987


SUNRISE AND SUNSET
JULY 21 2017..........SUNRISE   602 AM MDT   SUNSET   851 PM MDT
JULY 22 2017..........SUNRISE   603 AM MDT   SUNSET   850 PM MDT


-  INDICATES NEGATIVE NUMBERS.
R  INDICATES RECORD WAS SET OR TIED.
MM INDICATES DATA IS MISSING.
T  INDICATES TRACE AMOUNT.




$$
