000
CDUS44 KLCH 272223
CLIBPT


CLIMATE REPORT
NATIONAL WEATHER SERVICE LAKE CHARLES, LA
423 PM CST TUE JAN 27 2015


...................................

...THE BEAUMONT PORT ARTHUR CLIMATE SUMMARY FOR JANUARY 27 2015...
VALID TODAY AS OF 0400 PM LOCAL TIME.

CLIMATE NORMAL PERIOD 1981 TO 2010
CLIMATE RECORD PERIOD 1901 TO 2015


WEATHER ITEM   OBSERVED TIME   RECORD YEAR NORMAL DEPARTURE LAST
                VALUE   (LST)  VALUE       VALUE  FROM      YEAR
                                                  NORMAL
..................................................................
TEMPERATURE (F)
 TODAY
  MAXIMUM         79    327 PM  84    1909  63     16       72
  MINIMUM         43    715 AM  21    1940  44     -1       46
  AVERAGE         61                        53      8       59

PRECIPITATION (IN)
  TODAY            0.00          3.16 1913   0.16  -0.16     0.00
  MONTH TO DATE    5.99                      4.63   1.36     1.22
  SINCE DEC 1      9.13                      9.92  -0.79     2.51
  SINCE JAN 1      5.99                      4.63   1.36     1.22

SNOWFALL (IN)
  TODAY            0.0           T    1936   0.0    0.0      0.0
                                      1904
  MONTH TO DATE    0.0                       0.0    0.0       T
  SINCE DEC 1      0.0                       T      0.0       T
  SINCE JUL 1      0.0                       T      0.0       T
  SNOW DEPTH       0

DEGREE DAYS
 HEATING
  TODAY            4                        12     -8        6
  MONTH TO DATE  416                       346     70      413
  SINCE DEC 1    664                       701    -37      826
  SINCE JUL 1    901                       896      5     1068

 COOLING
  TODAY            0                         0      0        0
  MONTH TO DATE    0                         0      0        0
  SINCE DEC 1     20                        22     -2       24
  SINCE JAN 1      0                         0      0        0
..................................................................


WIND (MPH)
  HIGHEST WIND SPEED     9   HIGHEST WIND DIRECTION     W (290)
  HIGHEST GUST SPEED    14   HIGHEST GUST DIRECTION     N (20)
  AVERAGE WIND SPEED     5.2


SKY COVER
  POSSIBLE SUNSHINE  MM
  AVERAGE SKY COVER 0.0


WEATHER CONDITIONS
 THE FOLLOWING WEATHER WAS RECORDED TODAY.
  NO SIGNIFICANT WEATHER WAS OBSERVED.


RELATIVE HUMIDITY (PERCENT)
 HIGHEST    92           600 AM
 LOWEST     25           300 PM
 AVERAGE    59

..........................................................


THE BEAUMONT PORT ARTHUR CLIMATE NORMALS FOR TOMORROW
                         NORMAL    RECORD    YEAR
 MAXIMUM TEMPERATURE (F)   63        81      1909
                                             1908
 MINIMUM TEMPERATURE (F)   44        24      1906


SUNRISE AND SUNSET
JANUARY 27 2015.......SUNRISE   709 AM CST   SUNSET   549 PM CST
JANUARY 28 2015.......SUNRISE   708 AM CST   SUNSET   550 PM CST


-  INDICATES NEGATIVE NUMBERS.
R  INDICATES RECORD WAS SET OR TIED.
MM INDICATES DATA IS MISSING.
T  INDICATES TRACE AMOUNT.




$$
