993
CDUS44 KLCH 102210
CLIBPT


CLIMATE REPORT
NATIONAL WEATHER SERVICE LAKE CHARLES, LA
409 PM CST WED FEB 10 2016


...................................

...THE BEAUMONT PORT ARTHUR CLIMATE SUMMARY FOR FEBRUARY 10 2016...
VALID TODAY AS OF 0400 PM LOCAL TIME.

CLIMATE NORMAL PERIOD 1981 TO 2010
CLIMATE RECORD PERIOD 1901 TO 2016


WEATHER ITEM   OBSERVED TIME   RECORD YEAR NORMAL DEPARTURE LAST
                VALUE   (LST)  VALUE       VALUE  FROM      YEAR
                                                  NORMAL
..................................................................
TEMPERATURE (F)
 TODAY
  MAXIMUM         65    220 PM  82    1957  64      1       73
  MINIMUM         36    629 AM  22    1973  46    -10       48
  AVERAGE         51                        55     -4       61

PRECIPITATION (IN)
  TODAY            0.00          1.81 1923   0.13  -0.13     0.00
  MONTH TO DATE    0.12                      1.34  -1.22     0.42
  SINCE DEC 1      8.25                     11.89  -3.64     9.55
  SINCE JAN 1      4.11                      6.60  -2.49     6.41

SNOWFALL (IN)
  TODAY            0.0           0.0    MM   0.0    0.0      0.0
  MONTH TO DATE    0.0                       0.0    0.0      0.0
  SINCE DEC 1      0.0                       T      0.0      0.0
  SINCE JUL 1      0.0                       T      0.0      0.0
  SNOW DEPTH       0

DEGREE DAYS
 HEATING
  TODAY           14                        11      3        4
  MONTH TO DATE  132                       112     20      102
  SINCE DEC 1    688                       860   -172      791
  SINCE JUL 1    752                      1055   -303     1028

 COOLING
  TODAY            0                         1     -1        0
  MONTH TO DATE    5                         4      1        5
  SINCE DEC 1     79                        37     42       25
  SINCE JAN 1     11                        15     -4        5
..................................................................


WIND (MPH)
  HIGHEST WIND SPEED    13   HIGHEST WIND DIRECTION     N (340)
  HIGHEST GUST SPEED    16   HIGHEST GUST DIRECTION    SE (150)
  AVERAGE WIND SPEED     5.6


SKY COVER
  POSSIBLE SUNSHINE  MM
  AVERAGE SKY COVER 0.0


WEATHER CONDITIONS
 THE FOLLOWING WEATHER WAS RECORDED TODAY.
  NO SIGNIFICANT WEATHER WAS OBSERVED.


RELATIVE HUMIDITY (PERCENT)
 HIGHEST    70          1200 AM
 LOWEST     28          1100 AM
 AVERAGE    49

..........................................................


THE BEAUMONT PORT ARTHUR CLIMATE NORMALS FOR TOMORROW
                         NORMAL    RECORD    YEAR
 MAXIMUM TEMPERATURE (F)   65        81      1916
 MINIMUM TEMPERATURE (F)   46        20      1981


SUNRISE AND SUNSET
FEBRUARY 10 2016......SUNRISE   700 AM CST   SUNSET   601 PM CST
FEBRUARY 11 2016......SUNRISE   700 AM CST   SUNSET   601 PM CST


-  INDICATES NEGATIVE NUMBERS.
R  INDICATES RECORD WAS SET OR TIED.
MM INDICATES DATA IS MISSING.
T  INDICATES TRACE AMOUNT.




$$
