000
CDUS44 KLCH 012207
CLIBPT


CLIMATE REPORT
NATIONAL WEATHER SERVICE LAKE CHARLES, LA
507 PM CDT SUN MAY 1 2016


...................................

...THE BEAUMONT PORT ARTHUR CLIMATE SUMMARY FOR MAY 1 2016...
VALID TODAY AS OF 0500 PM LOCAL TIME.

CLIMATE NORMAL PERIOD 1981 TO 2010
CLIMATE RECORD PERIOD 1901 TO 2016


WEATHER ITEM   OBSERVED TIME   RECORD YEAR NORMAL DEPARTURE LAST
                VALUE   (LST)  VALUE       VALUE  FROM      YEAR
                                                  NORMAL
..................................................................
TEMPERATURE (F)
 TODAY
  MAXIMUM         78    139 AM  92    1943  81     -3       85
                                      1902
  MINIMUM         68    303 AM  45    1903  63      5       59
  AVERAGE         73                        72      1       72

PRECIPITATION (IN)
  TODAY            2.58R         2.48 1967   0.16   2.42     0.00
  MONTH TO DATE    2.58                      0.16   2.42     0.00
  SINCE MAR 1     15.82                      6.90   8.92    19.23
  SINCE JAN 1     21.78                     15.74   6.04    26.21

SNOWFALL (IN)
  TODAY            0.0           0.0    MM   0.0    0.0      0.0
  MONTH TO DATE    0.0                       0.0    0.0      0.0
  SINCE MAR 1      0.0                       0.0    0.0       T
  SINCE JUL 1      0.0                       T      0.0       T
  SNOW DEPTH       0

DEGREE DAYS
 HEATING
  TODAY            0                         0      0        0
  MONTH TO DATE    0                         0      0        0
  SINCE MAR 1     65                       187   -122      105
  SINCE JUL 1    889                      1400   -511     1362

 COOLING
  TODAY            8                         8      0        7
  MONTH TO DATE    8                         8      0        7
  SINCE MAR 1    333                       209    124      318
  SINCE JAN 1    364                       235    129      326
..................................................................


WIND (MPH)
  HIGHEST WIND SPEED    30   HIGHEST WIND DIRECTION    SW (210)
  HIGHEST GUST SPEED    37   HIGHEST GUST DIRECTION    SW (210)
  AVERAGE WIND SPEED     8.1


SKY COVER
  POSSIBLE SUNSHINE  MM
  AVERAGE SKY COVER 1.0


WEATHER CONDITIONS
 THE FOLLOWING WEATHER WAS RECORDED TODAY.
  THUNDERSTORM
  HEAVY RAIN
  RAIN
  LIGHT RAIN
  FOG


RELATIVE HUMIDITY (PERCENT)
 HIGHEST   100          1200 PM
 LOWEST     93           500 AM
 AVERAGE    97

..........................................................


THE BEAUMONT PORT ARTHUR CLIMATE NORMALS FOR TOMORROW
                         NORMAL    RECORD    YEAR
 MAXIMUM TEMPERATURE (F)   82        91      1964
                                             1946
                                             1943
 MINIMUM TEMPERATURE (F)   64        45      1903


SUNRISE AND SUNSET
MAY  1 2016...........SUNRISE   633 AM CDT   SUNSET   754 PM CDT
MAY  2 2016...........SUNRISE   632 AM CDT   SUNSET   754 PM CDT


-  INDICATES NEGATIVE NUMBERS.
R  INDICATES RECORD WAS SET OR TIED.
MM INDICATES DATA IS MISSING.
T  INDICATES TRACE AMOUNT.




$$
