000
CDUS44 KLCH 230845
CLIBPT


CLIMATE REPORT
NATIONAL WEATHER SERVICE LAKE CHARLES, LA
343 AM CDT FRI JUN 23 2017


...................................

...THE BEAUMONT PORT ARTHUR CLIMATE SUMMARY FOR JUNE 22 2017...

CLIMATE NORMAL PERIOD 1981 TO 2010
CLIMATE RECORD PERIOD 1901 TO 2017


WEATHER ITEM   OBSERVED TIME   RECORD YEAR NORMAL DEPARTURE LAST
                VALUE   (LST)  VALUE       VALUE  FROM      YEAR
                                                  NORMAL
..................................................................
TEMPERATURE (F)
 YESTERDAY
  MAXIMUM         85    409 PM 102    1902  90     -5       92
  MINIMUM         75    707 AM  65    1976  74      1       74
                                      1912
  AVERAGE         80                        82     -2       83

PRECIPITATION (IN)
  YESTERDAY        0.31          2.48 1905   0.28   0.03     0.00
  MONTH TO DATE    5.31                      5.04   0.27     7.56
  SINCE JUN 1      5.31                      5.04   0.27     7.56
  SINCE JAN 1     23.49                     25.85  -2.36    37.06

SNOWFALL (IN)
  YESTERDAY        0.0           0.0    MM   0.0    0.0      0.0
  MONTH TO DATE    0.0                       0.0    0.0      0.0
  SINCE JUN 1      0.0                       0.0    0.0      0.0
  SINCE JUL 1      0.0                       T      0.0      0.0
  SNOW DEPTH       0

DEGREE DAYS
 HEATING
  YESTERDAY        0                         0      0        0
  MONTH TO DATE    0                         0      0        0
  SINCE JUN 1      0                         0      0        0
  SINCE JUL 1    614                      1401   -787      889

 COOLING
  YESTERDAY       15                        17     -2       18
  MONTH TO DATE  335                       347    -12      373
  SINCE JUN 1    335                       347    -12      373
  SINCE JAN 1   1220                       913    307     1080
..................................................................


WIND (MPH)
  HIGHEST WIND SPEED    24   HIGHEST WIND DIRECTION    SW (230)
  HIGHEST GUST SPEED    32   HIGHEST GUST DIRECTION    SW (230)
  AVERAGE WIND SPEED    14.8


SKY COVER
  POSSIBLE SUNSHINE  MM
  AVERAGE SKY COVER 0.8


WEATHER CONDITIONS
 THE FOLLOWING WEATHER WAS RECORDED YESTERDAY.
  HEAVY RAIN
  RAIN
  LIGHT RAIN
  FOG


RELATIVE HUMIDITY (PERCENT)
 HIGHEST   100           100 AM
 LOWEST     74           100 PM
 AVERAGE    87

..........................................................


THE BEAUMONT PORT ARTHUR CLIMATE NORMALS FOR TODAY
                         NORMAL    RECORD    YEAR
 MAXIMUM TEMPERATURE (F)   90       100      1944
                                             1915
 MINIMUM TEMPERATURE (F)   74        64      1902


SUNRISE AND SUNSET
JUNE 23 2017..........SUNRISE   616 AM CDT   SUNSET   821 PM CDT
JUNE 24 2017..........SUNRISE   616 AM CDT   SUNSET   821 PM CDT


-  INDICATES NEGATIVE NUMBERS.
R  INDICATES RECORD WAS SET OR TIED.
MM INDICATES DATA IS MISSING.
T  INDICATES TRACE AMOUNT.




$$
