000
CDUS44 KLCH 212245
CLIBPT


CLIMATE REPORT
NATIONAL WEATHER SERVICE LAKE CHARLES, LA
445 PM CST SAT JAN 21 2017


...................................

...THE BEAUMONT PORT ARTHUR CLIMATE SUMMARY FOR JANUARY 21 2017...
VALID TODAY AS OF 0400 PM LOCAL TIME.

CLIMATE NORMAL PERIOD 1981 TO 2010
CLIMATE RECORD PERIOD 1901 TO 2017


WEATHER ITEM   OBSERVED TIME   RECORD YEAR NORMAL DEPARTURE LAST
                VALUE   (LST)  VALUE       VALUE  FROM      YEAR
                                                  NORMAL
..................................................................
TEMPERATURE (F)
 TODAY
  MAXIMUM         79    201 PM  81    2012  62     17       78
  MINIMUM         62    452 AM  18    1985  43     19       46
  AVERAGE         71                        53     18       62

PRECIPITATION (IN)
  TODAY            0.00          4.14 1998   0.17  -0.17     0.47
  MONTH TO DATE    0.94                      3.68  -2.74     3.02
  SINCE DEC 1     13.96                      8.97   4.99     7.16
  SINCE JAN 1      0.94                      3.68  -2.74     3.02

SNOWFALL (IN)
  TODAY            0.0           T    1987   0.0    0.0     MM
                                      1978
                                      1954
  MONTH TO DATE    0.0                       0.0    0.0      0.0
  SINCE DEC 1      0.0                       T      0.0      0.0
  SINCE JUL 1      0.0                       T      0.0      0.0
  SNOW DEPTH       0

DEGREE DAYS
 HEATING
  TODAY            0                        13    -13        3
  MONTH TO DATE  123                       273   -150      260
  SINCE DEC 1    344                       628   -284      445
  SINCE JUL 1    414                       823   -409      509

 COOLING
  TODAY            6                         0      6        0
  MONTH TO DATE   74                         0     74        0
  SINCE DEC 1    144                        22    122       68
  SINCE JAN 1     74                         0     74        0
..................................................................


WIND (MPH)
  HIGHEST WIND SPEED    18   HIGHEST WIND DIRECTION     S (190)
  HIGHEST GUST SPEED    25   HIGHEST GUST DIRECTION     S (180)
  AVERAGE WIND SPEED     7.4


SKY COVER
  POSSIBLE SUNSHINE  MM
  AVERAGE SKY COVER 0.9


WEATHER CONDITIONS
 THE FOLLOWING WEATHER WAS RECORDED TODAY.
  THUNDERSTORM
  FOG
  HAZE


RELATIVE HUMIDITY (PERCENT)
 HIGHEST    97           900 AM
 LOWEST     67           200 PM
 AVERAGE    82

..........................................................


THE BEAUMONT PORT ARTHUR CLIMATE NORMALS FOR TOMORROW
                         NORMAL    RECORD    YEAR
 MAXIMUM TEMPERATURE (F)   62        81      1909
 MINIMUM TEMPERATURE (F)   43        18      1935


SUNRISE AND SUNSET
JANUARY 21 2017.......SUNRISE   711 AM CST   SUNSET   544 PM CST
JANUARY 22 2017.......SUNRISE   711 AM CST   SUNSET   545 PM CST


-  INDICATES NEGATIVE NUMBERS.
R  INDICATES RECORD WAS SET OR TIED.
MM INDICATES DATA IS MISSING.
T  INDICATES TRACE AMOUNT.




$$
