000
CDUS44 KLCH 301009
CLIBPT


CLIMATE REPORT
NATIONAL WEATHER SERVICE LAKE CHARLES, LA
508 AM CDT SAT AUG 30 2014


...................................

...THE BEAUMONT PORT ARTHUR CLIMATE SUMMARY FOR AUGUST 29 2014...

CLIMATE NORMAL PERIOD 1981 TO 2010
CLIMATE RECORD PERIOD 1901 TO 2014


WEATHER ITEM   OBSERVED TIME   RECORD YEAR NORMAL DEPARTURE LAST
                VALUE   (LST)  VALUE       VALUE  FROM      YEAR
                                                  NORMAL
..................................................................
TEMPERATURE (F)
 YESTERDAY
  MAXIMUM         87   1050 AM 104    2011  91     -4       96
  MINIMUM         75    550 PM  62    1952  74      1       75
  AVERAGE         81                        82     -1       86

PRECIPITATION (IN)
  YESTERDAY        0.21          5.32 1945   0.19   0.02     0.00
  MONTH TO DATE    2.03                      4.98  -2.95     0.96
  SINCE JUN 1     19.78                     18.02   1.76     7.12
  SINCE JAN 1     32.23                     38.83  -6.60    35.21

SNOWFALL (IN)
  YESTERDAY        0.0           0.0    MM   0.0    0.0      0.0
  MONTH TO DATE    0.0                       0.0    0.0      0.0
  SINCE JUN 1      0.0                       0.0    0.0      0.0
  SINCE JUL 1      0.0                       0.0    0.0      0.0
  SNOW DEPTH       0

DEGREE DAYS
 HEATING
  YESTERDAY        0                         0      0        0
  MONTH TO DATE    0                         0      0        0
  SINCE JUN 1      0                         0      0        0
  SINCE JUL 1      0                         0      0        0

 COOLING
  YESTERDAY       16                        17     -1       21
  MONTH TO DATE  555                       521     34      560
  SINCE JUN 1   1617                      1561     56     1665
  SINCE JAN 1   2111                      2127    -16     2152
..................................................................


WIND (MPH)
  HIGHEST WIND SPEED    21   HIGHEST WIND DIRECTION    SE (130)
  HIGHEST GUST SPEED    26   HIGHEST GUST DIRECTION    NE (60)
  AVERAGE WIND SPEED    10.2


SKY COVER
  POSSIBLE SUNSHINE  MM
  AVERAGE SKY COVER 0.4


WEATHER CONDITIONS
 THE FOLLOWING WEATHER WAS RECORDED YESTERDAY.
  THUNDERSTORM
  HEAVY RAIN
  RAIN
  LIGHT RAIN
  FOG
  HAZE


RELATIVE HUMIDITY (PERCENT)
 HIGHEST    94           600 PM
 LOWEST     61          1100 AM
 AVERAGE    78

..........................................................


THE BEAUMONT PORT ARTHUR CLIMATE NORMALS FOR TODAY
                         NORMAL    RECORD    YEAR
 MAXIMUM TEMPERATURE (F)   91       103      2000
 MINIMUM TEMPERATURE (F)   73        58      1911


SUNRISE AND SUNSET
AUGUST 30 2014........SUNRISE   652 AM CDT   SUNSET   741 PM CDT
AUGUST 31 2014........SUNRISE   653 AM CDT   SUNSET   740 PM CDT


-  INDICATES NEGATIVE NUMBERS.
R  INDICATES RECORD WAS SET OR TIED.
MM INDICATES DATA IS MISSING.
T  INDICATES TRACE AMOUNT.




$$
