000
CDUS44 KLCH 240814
CLIBPT


CLIMATE REPORT
NATIONAL WEATHER SERVICE LAKE CHARLES, LA
313 AM CDT WED MAY 24 2017


...................................

...THE BEAUMONT PORT ARTHUR CLIMATE SUMMARY FOR MAY 23 2017...

CLIMATE NORMAL PERIOD 1981 TO 2010
CLIMATE RECORD PERIOD 1901 TO 2017


WEATHER ITEM   OBSERVED TIME   RECORD YEAR NORMAL DEPARTURE LAST
                VALUE   (LST)  VALUE       VALUE  FROM      YEAR
                                                  NORMAL
..................................................................
TEMPERATURE (F)
 YESTERDAY
  MAXIMUM         83    312 PM  97    1905  86     -3       86
  MINIMUM         66   1159 PM  51    2001  69     -3       71
  AVERAGE         75                        78     -3       79

PRECIPITATION (IN)
  YESTERDAY        0.04          5.29 1907   0.16  -0.12     0.00
  MONTH TO DATE    5.40                      3.85   1.55     8.90
  SINCE MAR 1     15.96                     10.59   5.37    22.14
  SINCE JAN 1     18.01                     19.43  -1.42    28.10

SNOWFALL (IN)
  YESTERDAY        0.0           0.0    MM   0.0    0.0      0.0
  MONTH TO DATE    0.0                       0.0    0.0      0.0
  SINCE MAR 1      0.0                       0.0    0.0      0.0
  SINCE JUL 1      0.0                       T      0.0      0.0
  SNOW DEPTH       0

DEGREE DAYS
 HEATING
  YESTERDAY        0                         0      0        0
  MONTH TO DATE    0                         0      0        0
  SINCE MAR 1     59                       187   -128       65
  SINCE JUL 1    614                      1400   -786      889

 COOLING
  YESTERDAY       10                        13     -3       14
  MONTH TO DATE  211                       232    -21      235
  SINCE MAR 1    593                       433    160      560
  SINCE JAN 1    787                       459    328      591
..................................................................


WIND (MPH)
  HIGHEST WIND SPEED    23   HIGHEST WIND DIRECTION     N (340)
  HIGHEST GUST SPEED    31   HIGHEST GUST DIRECTION    NW (330)
  AVERAGE WIND SPEED     8.6


SKY COVER
  POSSIBLE SUNSHINE  MM
  AVERAGE SKY COVER 0.8


WEATHER CONDITIONS
 THE FOLLOWING WEATHER WAS RECORDED YESTERDAY.
  THUNDERSTORM
  RAIN
  LIGHT RAIN
  FOG


RELATIVE HUMIDITY (PERCENT)
 HIGHEST    93           200 AM
 LOWEST     51           400 PM
 AVERAGE    72

..........................................................


THE BEAUMONT PORT ARTHUR CLIMATE NORMALS FOR TODAY
                         NORMAL    RECORD    YEAR
 MAXIMUM TEMPERATURE (F)   87        98      1902
 MINIMUM TEMPERATURE (F)   69        55      1910


SUNRISE AND SUNSET
MAY 24 2017...........SUNRISE   618 AM CDT   SUNSET   808 PM CDT
MAY 25 2017...........SUNRISE   618 AM CDT   SUNSET   809 PM CDT


-  INDICATES NEGATIVE NUMBERS.
R  INDICATES RECORD WAS SET OR TIED.
MM INDICATES DATA IS MISSING.
T  INDICATES TRACE AMOUNT.




$$
