000
CDUS44 KBRO 160729
CLIBRO


CLIMATE REPORT
NATIONAL WEATHER SERVICE BROWNSVILLE TX
126 AM CST SAT DEC 16 2017


...................................

...THE BROWNSVILLE CLIMATE SUMMARY FOR DECEMBER 15 2017...

CLIMATE NORMAL PERIOD 1981 TO 2010
CLIMATE RECORD PERIOD 1878 TO 2017


WEATHER ITEM   OBSERVED TIME   RECORD YEAR NORMAL DEPARTURE LAST
                VALUE   (LST)  VALUE       VALUE  FROM      YEAR
                                                  NORMAL
..................................................................
TEMPERATURE (F)
 YESTERDAY
  MAXIMUM         65    101 AM  85    2012  72     -7       71
  MINIMUM         48    729 PM  32    1947  53     -5       67
  AVERAGE         57                        62     -5       69

PRECIPITATION (IN)
  YESTERDAY        0.01          1.21 1937   0.04  -0.03      T
  MONTH TO DATE    0.84                      0.61   0.23     1.42
  SINCE DEC 1      0.84                      0.61   0.23     1.42
  SINCE JAN 1     22.56                     26.90  -4.34    22.56

SNOWFALL (IN)
  YESTERDAY        0.0           0.0  2001   0.0
  MONTH TO DATE    0.3                       0.0
  SINCE DEC 1      0.3                       0.0
  SINCE JUL 1      0.3                       0.0

DEGREE DAYS
 HEATING
  YESTERDAY        8                         5      3        0
  MONTH TO DATE  102                        67     35       47
  SINCE DEC 1    102                        67     35       47
  SINCE JUL 1    118                       121     -3       55

 COOLING
  YESTERDAY        0                         3     -3        4
  MONTH TO DATE   51                        47      4       63
  SINCE DEC 1     51                        47      4       63
  SINCE JAN 1   4770                      3992    778     4530
..................................................................


WIND (MPH)
  HIGHEST WIND SPEED    23   HIGHEST WIND DIRECTION    NW (320)
  HIGHEST GUST SPEED    30   HIGHEST GUST DIRECTION    NW (310)
  AVERAGE WIND SPEED    13.5


SKY COVER
  POSSIBLE SUNSHINE  MM
  AVERAGE SKY COVER 0.8


WEATHER CONDITIONS
 THE FOLLOWING WEATHER WAS RECORDED YESTERDAY.
  LIGHT RAIN


RELATIVE HUMIDITY (PERCENT)
 HIGHEST    90           200 AM
 LOWEST     71          1200 PM
 AVERAGE    81

..........................................................


THE BROWNSVILLE CLIMATE NORMALS FOR TODAY
                         NORMAL    RECORD    YEAR
 MAXIMUM TEMPERATURE (F)   72        85      2012
 MINIMUM TEMPERATURE (F)   52        30      1989


SUNRISE AND SUNSET
DECEMBER 16 2017......SUNRISE   710 AM CST   SUNSET   541 PM CST
DECEMBER 17 2017......SUNRISE   710 AM CST   SUNSET   542 PM CST


-  INDICATES NEGATIVE NUMBERS.
R  INDICATES RECORD WAS SET OR TIED.
MM INDICATES DATA IS MISSING.
T  INDICATES TRACE AMOUNT.




$$
