000
CDUS44 KBRO 262145
CLIBRO


CLIMATE REPORT
NATIONAL WEATHER SERVICE BROWNSVILLE TX
445 PM CDT TUE MAY 26 2015


...................................

...THE BROWNSVILLE CLIMATE SUMMARY FOR MAY 26 2015...
VALID TODAY AS OF 0400 PM LOCAL TIME.

CLIMATE NORMAL PERIOD 1981 TO 2010
CLIMATE RECORD PERIOD 1878 TO 2015


WEATHER ITEM   OBSERVED TIME   RECORD YEAR NORMAL DEPARTURE LAST
                VALUE   (LST)  VALUE       VALUE  FROM      YEAR
                                                  NORMAL
..................................................................
TEMPERATURE (F)
 TODAY
  MAXIMUM         89    251 PM  98    1928  90     -1       89
  MINIMUM         79    443 AM  50    1901  74      5       78
  AVERAGE         84                        82      2       84

PRECIPITATION (IN)
  TODAY            T             0.60 1933   0.09  -0.09      T
  MONTH TO DATE    3.73                      2.18   1.55     2.09
  SINCE MAR 1     10.18                      4.95   5.23     3.83
  SINCE JAN 1     14.50                      7.30   7.20     4.59

SNOWFALL (IN)
  TODAY            0.0           0.0  2002   0.0
                                      2001
                                      2000
  MONTH TO DATE    0.0                       0.0
  SINCE MAR 1      0.0                       0.0
  SINCE JUL 1      0.0                       0.0

DEGREE DAYS
 HEATING
  TODAY            0                         0      0        0
  MONTH TO DATE    0                         0      0        0
  SINCE MAR 1     67                        51     16      100
  SINCE JUL 1    690                       554    136      824

 COOLING
  TODAY           19                        17      2       19
  MONTH TO DATE  427                       389     38      302
  SINCE MAR 1    924                       865     59      716
  SINCE JAN 1    981                      1006    -25      836
..................................................................


WIND (MPH)
  HIGHEST WIND SPEED    22   HIGHEST WIND DIRECTION    SE (140)
  HIGHEST GUST SPEED    27   HIGHEST GUST DIRECTION    SE (150)
  AVERAGE WIND SPEED    12.9


SKY COVER
  POSSIBLE SUNSHINE  MM
  AVERAGE SKY COVER 0.9


WEATHER CONDITIONS
 THE FOLLOWING WEATHER WAS RECORDED TODAY.
  FOG
  HAZE


RELATIVE HUMIDITY (PERCENT)
 HIGHEST    97           300 AM
 LOWEST     64          1100 AM
 AVERAGE    81

..........................................................


THE BROWNSVILLE CLIMATE NORMALS FOR TOMORROW
                         NORMAL    RECORD    YEAR
 MAXIMUM TEMPERATURE (F)   90        99      1973
 MINIMUM TEMPERATURE (F)   74        60      1913
                                             1901


SUNRISE AND SUNSET
MAY 26 2015...........SUNRISE   639 AM CDT   SUNSET   814 PM CDT
MAY 27 2015...........SUNRISE   639 AM CDT   SUNSET   815 PM CDT


-  INDICATES NEGATIVE NUMBERS.
R  INDICATES RECORD WAS SET OR TIED.
MM INDICATES DATA IS MISSING.
T  INDICATES TRACE AMOUNT.




$$
