000
CDUS44 KBRO 230625
CLIBRO


CLIMATE REPORT
NATIONAL WEATHER SERVICE BROWNSVILLE TX
125 AM CDT SUN APR 23 2017


...................................

...THE BROWNSVILLE CLIMATE SUMMARY FOR APRIL 22 2017...

CLIMATE NORMAL PERIOD 1981 TO 2010
CLIMATE RECORD PERIOD 1878 TO 2017


WEATHER ITEM   OBSERVED TIME   RECORD YEAR NORMAL DEPARTURE LAST
                VALUE   (LST)  VALUE       VALUE  FROM      YEAR
                                                  NORMAL
..................................................................
TEMPERATURE (F)
 YESTERDAY
  MAXIMUM         91    124 PM  98    1983  85      6       84
  MINIMUM         72    615 AM  47    1884  67      5       69
  AVERAGE         82                        76      6       77

PRECIPITATION (IN)
  YESTERDAY        0.00          1.82 1905   0.04  -0.04     0.00
  MONTH TO DATE    0.49                      1.14  -0.65     2.51
  SINCE MAR 1      2.33                      2.37  -0.04     5.18
  SINCE JAN 1      3.87                      4.72  -0.85     7.06

SNOWFALL (IN)
  YESTERDAY        0.0           0.0  2002   0.0
                                      2001
  MONTH TO DATE    0.0                       0.0
  SINCE MAR 1      0.0                       0.0
  SINCE JUL 1      0.0                       0.0

DEGREE DAYS
 HEATING
  YESTERDAY        0                         0      0        0
  MONTH TO DATE    0                         6     -6        1
  SINCE MAR 1      2                        49    -47       14
  SINCE JUL 1    201                       552   -351      374

 COOLING
  YESTERDAY       17                        11      6       12
  MONTH TO DATE  293                       207     86      202
  SINCE MAR 1    587                       381    206      445
  SINCE JAN 1    974                       522    452      553
..................................................................


WIND (MPH)
  HIGHEST WIND SPEED    20   HIGHEST WIND DIRECTION     S (160)
  HIGHEST GUST SPEED    24   HIGHEST GUST DIRECTION    SE (140)
  AVERAGE WIND SPEED    10.0


SKY COVER
  POSSIBLE SUNSHINE  MM
  AVERAGE SKY COVER 0.2


WEATHER CONDITIONS
 THE FOLLOWING WEATHER WAS RECORDED YESTERDAY.
  NO SIGNIFICANT WEATHER WAS OBSERVED.


RELATIVE HUMIDITY (PERCENT)
 HIGHEST    90           600 AM
 LOWEST     52           100 PM
 AVERAGE    71

..........................................................


THE BROWNSVILLE CLIMATE NORMALS FOR TODAY
                         NORMAL    RECORD    YEAR
 MAXIMUM TEMPERATURE (F)   85        94      1958
 MINIMUM TEMPERATURE (F)   68        50      1884


SUNRISE AND SUNSET
APRIL 23 2017.........SUNRISE   659 AM CDT   SUNSET   757 PM CDT
APRIL 24 2017.........SUNRISE   658 AM CDT   SUNSET   758 PM CDT


-  INDICATES NEGATIVE NUMBERS.
R  INDICATES RECORD WAS SET OR TIED.
MM INDICATES DATA IS MISSING.
T  INDICATES TRACE AMOUNT.




$$
