022
CDUS44 KBRO 252133
CLIBRO


CLIMATE REPORT
NATIONAL WEATHER SERVICE BROWNSVILLE TX
432 PM CDT SUN JUN 25 2017


...................................

...THE BROWNSVILLE CLIMATE SUMMARY FOR JUNE 25 2017...
VALID TODAY AS OF 0400 PM LOCAL TIME.

CLIMATE NORMAL PERIOD 1981 TO 2010
CLIMATE RECORD PERIOD 1878 TO 2017


WEATHER ITEM   OBSERVED TIME   RECORD YEAR NORMAL DEPARTURE LAST
                VALUE   (LST)  VALUE       VALUE  FROM      YEAR
                                                  NORMAL
..................................................................
TEMPERATURE (F)
 TODAY
  MAXIMUM         89   1212 PM 100    2012  93     -4       92
  MINIMUM         73    948 AM  66    1974  76     -3       78
  AVERAGE         81                        84     -3       85

PRECIPITATION (IN)
  TODAY            1.46          1.85 1954   0.10   1.36     0.18
  MONTH TO DATE    1.46                      2.11  -0.65     2.95
  SINCE JUN 1      1.46                      2.11  -0.65     2.95
  SINCE JAN 1      7.32                      9.87  -2.55    12.94

SNOWFALL (IN)
  TODAY            0.0          MM    2001   0.0
  MONTH TO DATE    0.0                       0.0
  SINCE JUN 1      0.0                       0.0
  SINCE JUL 1      0.0                       0.0

DEGREE DAYS
 HEATING
  TODAY            0                         0      0        0
  MONTH TO DATE    0                         0      0        0
  SINCE JUN 1      0                         0      0        0
  SINCE JUL 1    201                       554   -353      374

 COOLING
  TODAY           16                        19     -3       20
  MONTH TO DATE  520                       468     52      463
  SINCE JUN 1    520                       468     52      463
  SINCE JAN 1   2157                      1561    596     1623
..................................................................


WIND (MPH)
  HIGHEST WIND SPEED    18   HIGHEST WIND DIRECTION    SE (120)
  HIGHEST GUST SPEED    23   HIGHEST GUST DIRECTION     E (70)
  AVERAGE WIND SPEED     3.7


SKY COVER
  POSSIBLE SUNSHINE  MM
  AVERAGE SKY COVER 0.4


WEATHER CONDITIONS
 THE FOLLOWING WEATHER WAS RECORDED TODAY.
  THUNDERSTORM
  HEAVY RAIN
  LIGHT RAIN
  FOG


RELATIVE HUMIDITY (PERCENT)
 HIGHEST    97           400 AM
 LOWEST     70          1200 PM
 AVERAGE    84

..........................................................


THE BROWNSVILLE CLIMATE NORMALS FOR TOMORROW
                         NORMAL    RECORD    YEAR
 MAXIMUM TEMPERATURE (F)   93       103      2012
 MINIMUM TEMPERATURE (F)   76        60      1974


SUNRISE AND SUNSET
JUNE 25 2017..........SUNRISE   640 AM CDT   SUNSET   825 PM CDT
JUNE 26 2017..........SUNRISE   640 AM CDT   SUNSET   825 PM CDT


-  INDICATES NEGATIVE NUMBERS.
R  INDICATES RECORD WAS SET OR TIED.
MM INDICATES DATA IS MISSING.
T  INDICATES TRACE AMOUNT.




$$
