000
CDUS44 KBRO 241313
CLIBRO


CLIMATE REPORT
NATIONAL WEATHER SERVICE BROWNSVILLE TX
813 AM CDT SUN JUL 24 2016


...................................

...THE BROWNSVILLE CLIMATE SUMMARY FOR JULY 23 2016...

CLIMATE NORMAL PERIOD 1981 TO 2010
CLIMATE RECORD PERIOD 1878 TO 2016


WEATHER ITEM   OBSERVED TIME   RECORD YEAR NORMAL DEPARTURE LAST
                VALUE   (LST)  VALUE       VALUE  FROM      YEAR
                                                  NORMAL
..................................................................
TEMPERATURE (F)
 YESTERDAY
  MAXIMUM         96    221 PM  99    1979  94      2       MM
  MINIMUM         77    616 AM  68    1989  76      1       MM
                                      1915
                                      1901
  AVERAGE         87                        85      2       MM

PRECIPITATION (IN)
  YESTERDAY        0.00          6.68 2008   0.05  -0.05     0.00
  MONTH TO DATE    0.18                      1.60  -1.42     2.36
  SINCE JUN 1      3.16                      4.17  -1.01     3.12
  SINCE JAN 1     13.15                     11.93   1.22    23.61

SNOWFALL (IN)
  YESTERDAY        0.0           0.0  2002   0.0
                                      2001
  MONTH TO DATE    0.0                       0.0
  SINCE JUN 1      0.0                       0.0
  SINCE JUL 1      0.0                       0.0

DEGREE DAYS
 HEATING
  YESTERDAY        0                         0      0       MM
  MONTH TO DATE    0                         0      0        0
  SINCE JUN 1      0                         0      0        0
  SINCE JUL 1      0                         0      0        0

 COOLING
  YESTERDAY       22                        20      2       MM
  MONTH TO DATE  513                       460     53      187
  SINCE JUN 1   1078                      1027     51      760
  SINCE JAN 1   2238                      2120    118     1822
..................................................................


WIND (MPH)
  HIGHEST WIND SPEED    20   HIGHEST WIND DIRECTION    SE (130)
  HIGHEST GUST SPEED    25   HIGHEST GUST DIRECTION     E (100)
  AVERAGE WIND SPEED     9.4


SKY COVER
  POSSIBLE SUNSHINE  MM
  AVERAGE SKY COVER 0.1


WEATHER CONDITIONS
 THE FOLLOWING WEATHER WAS RECORDED YESTERDAY.
  NO SIGNIFICANT WEATHER WAS OBSERVED.


RELATIVE HUMIDITY (PERCENT)
 HIGHEST    91          1200 AM
 LOWEST     49          1100 AM
 AVERAGE    70

..........................................................


THE BROWNSVILLE CLIMATE NORMALS FOR TODAY
                         NORMAL    RECORD    YEAR
 MAXIMUM TEMPERATURE (F)   94        99      1934
 MINIMUM TEMPERATURE (F)   76        65      1915


SUNRISE AND SUNSET
JULY 24 2016..........SUNRISE   652 AM CDT   SUNSET   820 PM CDT
JULY 25 2016..........SUNRISE   653 AM CDT   SUNSET   820 PM CDT


-  INDICATES NEGATIVE NUMBERS.
R  INDICATES RECORD WAS SET OR TIED.
MM INDICATES DATA IS MISSING.
T  INDICATES TRACE AMOUNT.




$$
