000
CDUS44 KBRO 280626
CLIBRO


CLIMATE REPORT
NATIONAL WEATHER SERVICE BROWNSVILLE TX
126 AM CDT SUN AUG 28 2016


...................................

...THE BROWNSVILLE CLIMATE SUMMARY FOR AUGUST 27 2016...

CLIMATE NORMAL PERIOD 1981 TO 2010
CLIMATE RECORD PERIOD 1878 TO 2016


WEATHER ITEM   OBSERVED TIME   RECORD YEAR NORMAL DEPARTURE LAST
                VALUE   (LST)  VALUE       VALUE  FROM      YEAR
                                                  NORMAL
..................................................................
TEMPERATURE (F)
 YESTERDAY
  MAXIMUM         96   1240 PM 100    1990  94      2       91
                                      1919
  MINIMUM         74    547 AM  69    1961  76     -2       73
                                      1908
                                      1897
  AVERAGE         85                        85      0       82

PRECIPITATION (IN)
  YESTERDAY        0.00          2.83 1979   0.11  -0.11     0.00
  MONTH TO DATE    0.30                      1.97  -1.67     1.38
  SINCE JUN 1      3.46                      6.58  -3.12     4.50
  SINCE JAN 1     13.45                     14.34  -0.89    24.99

SNOWFALL (IN)
  YESTERDAY        0.0           0.0  2002   0.0
                                      2001
  MONTH TO DATE    0.0                       0.0
  SINCE JUN 1      0.0                       0.0
  SINCE JUL 1      0.0                       0.0

DEGREE DAYS
 HEATING
  YESTERDAY        0                         0      0        0
  MONTH TO DATE    0                         0      0        0
  SINCE JUN 1      0                         0      0        0
  SINCE JUL 1      0                         0      0        0

 COOLING
  YESTERDAY       20                        20      0       17
  MONTH TO DATE  598                       556     42      557
  SINCE JUN 1   1860                      1741    119     1335
  SINCE JAN 1   3020                      2834    186     2397
..................................................................


WIND (MPH)
  HIGHEST WIND SPEED    18   HIGHEST WIND DIRECTION     E (80)
  HIGHEST GUST SPEED    22   HIGHEST GUST DIRECTION     E (80)
  AVERAGE WIND SPEED     5.5


SKY COVER
  POSSIBLE SUNSHINE  MM
  AVERAGE SKY COVER 0.1


WEATHER CONDITIONS
 THE FOLLOWING WEATHER WAS RECORDED YESTERDAY.
  THUNDERSTORM


RELATIVE HUMIDITY (PERCENT)
 HIGHEST   100           400 AM
 LOWEST     49          1100 AM
 AVERAGE    75

..........................................................


THE BROWNSVILLE CLIMATE NORMALS FOR TODAY
                         NORMAL    RECORD    YEAR
 MAXIMUM TEMPERATURE (F)   94       101      2011
 MINIMUM TEMPERATURE (F)   76        63      1896


SUNRISE AND SUNSET
AUGUST 28 2016........SUNRISE   708 AM CDT   SUNSET   753 PM CDT
AUGUST 29 2016........SUNRISE   709 AM CDT   SUNSET   752 PM CDT


-  INDICATES NEGATIVE NUMBERS.
R  INDICATES RECORD WAS SET OR TIED.
MM INDICATES DATA IS MISSING.
T  INDICATES TRACE AMOUNT.




$$
