000
CDUS44 KBRO 080726
CLIBRO


CLIMATE REPORT
NATIONAL WEATHER SERVICE BROWNSVILLE TX
125 AM CST MON FEB 8 2016


...................................

...THE BROWNSVILLE CLIMATE SUMMARY FOR FEBRUARY 7 2016...

CLIMATE NORMAL PERIOD 1981 TO 2010
CLIMATE RECORD PERIOD 1878 TO 2016


WEATHER ITEM   OBSERVED TIME   RECORD YEAR NORMAL DEPARTURE LAST
                VALUE   (LST)  VALUE       VALUE  FROM      YEAR
                                                  NORMAL
..................................................................
TEMPERATURE (F)
 YESTERDAY
  MAXIMUM         73    234 PM  85    2013  73      0       75
  MINIMUM         38    504 AM  27    1895  54    -16       52
  AVERAGE         56                        63     -7       64

PRECIPITATION (IN)
  YESTERDAY        0.00          0.54 1978   0.05  -0.05     0.00
  MONTH TO DATE    0.00                      0.34  -0.34     0.47
  SINCE DEC 1      2.04                      2.76  -0.72     5.46
  SINCE JAN 1      1.88                      1.61   0.27     4.03

SNOWFALL (IN)
  YESTERDAY        0.0           0.0  2002   0.0
                                      2000
  MONTH TO DATE    0.0                       0.0
  SINCE DEC 1      0.0                       0.0
  SINCE JUL 1      0.0                       0.0

DEGREE DAYS
 HEATING
  YESTERDAY        9                         5      4        1
  MONTH TO DATE   40                        35      5       40
  SINCE DEC 1    305                       380    -75      403
  SINCE JUL 1    327                       434   -107      516

 COOLING
  YESTERDAY        0                         3     -3        0
  MONTH TO DATE    9                        16     -7        7
  SINCE DEC 1    164                       155      9      129
  SINCE JAN 1     30                        75    -45       20
..................................................................


WIND (MPH)
  HIGHEST WIND SPEED    16   HIGHEST WIND DIRECTION    SE (140)
  HIGHEST GUST SPEED    22   HIGHEST GUST DIRECTION    SE (140)
  AVERAGE WIND SPEED     5.8


SKY COVER
  POSSIBLE SUNSHINE  MM
  AVERAGE SKY COVER 0.0


WEATHER CONDITIONS
 THE FOLLOWING WEATHER WAS RECORDED YESTERDAY.
  NO SIGNIFICANT WEATHER WAS OBSERVED.


RELATIVE HUMIDITY (PERCENT)
 HIGHEST    92           500 AM
 LOWEST     26          1200 PM
 AVERAGE    59

..........................................................


THE BROWNSVILLE CLIMATE NORMALS FOR TODAY
                         NORMAL    RECORD    YEAR
 MAXIMUM TEMPERATURE (F)   73        86      1963
 MINIMUM TEMPERATURE (F)   54        22      1895


SUNRISE AND SUNSET
FEBRUARY  8 2016......SUNRISE   710 AM CST   SUNSET   618 PM CST
FEBRUARY  9 2016......SUNRISE   709 AM CST   SUNSET   619 PM CST


-  INDICATES NEGATIVE NUMBERS.
R  INDICATES RECORD WAS SET OR TIED.
MM INDICATES DATA IS MISSING.
T  INDICATES TRACE AMOUNT.




$$
