000
CDUS44 KBRO 300627
CLIBRO


CLIMATE REPORT
NATIONAL WEATHER SERVICE BROWNSVILLE TX
127 AM CDT THU JUL 30 2015


...................................

...THE BROWNSVILLE CLIMATE SUMMARY FOR JULY 29 2015...

CLIMATE NORMAL PERIOD 1981 TO 2010
CLIMATE RECORD PERIOD 1878 TO 2015


WEATHER ITEM   OBSERVED TIME   RECORD YEAR NORMAL DEPARTURE LAST
                VALUE   (LST)  VALUE       VALUE  FROM      YEAR
                                                  NORMAL
..................................................................
TEMPERATURE (F)
 YESTERDAY
  MAXIMUM         95    243 PM 104    2003  95      0       96
  MINIMUM         MM        MM  70    1965  76     MM       75
                                      1913
  AVERAGE         MM                        85     MM       86

PRECIPITATION (IN)
  YESTERDAY        0.00          1.66 1947   0.06  -0.06     0.00
  MONTH TO DATE    2.36                      1.93   0.43     1.64
  SINCE JUN 1      3.12                      4.50  -1.38     2.28
  SINCE JAN 1     23.61                     12.26  11.35     7.61

SNOWFALL (IN)
  YESTERDAY        0.0           0.0  2002   0.0
                                      2001
  MONTH TO DATE    0.0                       0.0
  SINCE JUN 1      0.0                       0.0
  SINCE JUL 1      0.0                       0.0

DEGREE DAYS
 HEATING
  YESTERDAY       MM                         0     MM        0
  MONTH TO DATE    0                         0      0        0
  SINCE JUN 1      0                         0      0        0
  SINCE JUL 1      0                         0      0        0

 COOLING
  YESTERDAY       MM                        20     MM       21
  MONTH TO DATE  187                       580   -393      580
  SINCE JUN 1    760                      1147   -387     1177
  SINCE JAN 1   1822                      2240   -418     2099
..................................................................


WIND (MPH)
  HIGHEST WIND SPEED    22   HIGHEST WIND DIRECTION    SE (150)
  HIGHEST GUST SPEED    28   HIGHEST GUST DIRECTION     S (170)
  AVERAGE WIND SPEED    11.1


SKY COVER
  POSSIBLE SUNSHINE  MM
  AVERAGE SKY COVER 0.3


WEATHER CONDITIONS
 THE FOLLOWING WEATHER WAS RECORDED YESTERDAY.
  FOG
  HAZE


RELATIVE HUMIDITY (PERCENT)
 HIGHEST    94           600 AM
 LOWEST     46           400 PM
 AVERAGE    70

..........................................................


THE BROWNSVILLE CLIMATE NORMALS FOR TODAY
                         NORMAL    RECORD    YEAR
 MAXIMUM TEMPERATURE (F)   95       102      1918
 MINIMUM TEMPERATURE (F)   76        70      1913


SUNRISE AND SUNSET
JULY 30 2015..........SUNRISE   655 AM CDT   SUNSET   817 PM CDT
JULY 31 2015..........SUNRISE   655 AM CDT   SUNSET   817 PM CDT


-  INDICATES NEGATIVE NUMBERS.
R  INDICATES RECORD WAS SET OR TIED.
MM INDICATES DATA IS MISSING.
T  INDICATES TRACE AMOUNT.




$$
