000
CDUS44 KBRO 200625
CLIBRO


CLIMATE REPORT
NATIONAL WEATHER SERVICE BROWNSVILLE TX
125 AM CDT SUN APR 20 2014


...................................

...THE BROWNSVILLE CLIMATE SUMMARY FOR APRIL 19 2014...

CLIMATE NORMAL PERIOD 1981 TO 2010
CLIMATE RECORD PERIOD 1878 TO 2014


WEATHER ITEM   OBSERVED TIME   RECORD YEAR NORMAL DEPARTURE LAST
                VALUE   (LST)  VALUE       VALUE  FROM      YEAR
                                                  NORMAL
..................................................................
TEMPERATURE (F)
 YESTERDAY
  MAXIMUM         80    310 PM  95    1884  84     -4       70
  MINIMUM         60    616 AM  51    2008  67     -7       52
                                      1940
  AVERAGE         70                        75     -5       61

PRECIPITATION (IN)
  YESTERDAY        0.00          0.99 1935   0.07  -0.07     0.00
  MONTH TO DATE    0.28                      1.01  -0.73     0.01
  SINCE MAR 1      1.74                      2.24  -0.50     0.29
  SINCE JAN 1      2.50                      4.59  -2.09     1.77

SNOWFALL (IN)
  YESTERDAY        0.0           0.0  2002   0.0
                                      2001
  MONTH TO DATE    0.0                       0.0
  SINCE MAR 1      0.0                       0.0
  SINCE JUL 1      0.0                       0.0

DEGREE DAYS
 HEATING
  YESTERDAY        0                         0      0        4
  MONTH TO DATE   10                         6      4        6
  SINCE MAR 1    100                        49     51       30
  SINCE JUL 1    824                       552    272      323

 COOLING
  YESTERDAY        5                        11     -6        0
  MONTH TO DATE  149                       174    -25      186
  SINCE MAR 1    272                       348    -76      352
  SINCE JAN 1    392                       489    -97      573
..................................................................


WIND (MPH)
  HIGHEST WIND SPEED    17   HIGHEST WIND DIRECTION    SE (120)
  HIGHEST GUST SPEED    23   HIGHEST GUST DIRECTION    SE (140)
  AVERAGE WIND SPEED     8.6


SKY COVER
  POSSIBLE SUNSHINE  MM
  AVERAGE SKY COVER 0.3


WEATHER CONDITIONS
 THE FOLLOWING WEATHER WAS RECORDED YESTERDAY.
  FOG


RELATIVE HUMIDITY (PERCENT)
 HIGHEST   100           400 AM
 LOWEST     58           400 PM
 AVERAGE    79

..........................................................


THE BROWNSVILLE CLIMATE NORMALS FOR TODAY
                         NORMAL    RECORD    YEAR
 MAXIMUM TEMPERATURE (F)   84        95      1916
 MINIMUM TEMPERATURE (F)   67        48      2013
                                             1884


SUNRISE AND SUNSET
APRIL 20 2014.........SUNRISE   702 AM CDT   SUNSET   756 PM CDT
APRIL 21 2014.........SUNRISE   701 AM CDT   SUNSET   756 PM CDT


-  INDICATES NEGATIVE NUMBERS.
R  INDICATES RECORD WAS SET OR TIED.
MM INDICATES DATA IS MISSING.
T  INDICATES TRACE AMOUNT.




$$
