000
CDAK49 PAFG 210039
CLIBRW

CLIMATE REPORT
NATIONAL WEATHER SERVICE FAIRBANKS AK
339 PM AKST MON NOV 20 2017


...................................

...THE BARROW AK CLIMATE SUMMARY FOR NOVEMBER 20 2017...
VALID TODAY AS OF 0300 PM LOCAL TIME.

CLIMATE NORMAL PERIOD 1981 TO 2010
CLIMATE RECORD PERIOD 1920 TO 2017


WEATHER ITEM   OBSERVED TIME   RECORD YEAR NORMAL DEPARTURE LAST
                VALUE   (LST)  VALUE       VALUE  FROM      YEAR
                                                  NORMAL
..................................................................
TEMPERATURE (F)
 TODAY
  MAXIMUM          3   1201 AM  32    1978   4     -1       20
  MINIMUM         -6    257 PM -38    1939  -7      1       12
  AVERAGE         -1                        -1      0       16

PRECIPITATION (IN)
  TODAY            0.00          0.28 2014   0.01  -0.01     0.00
  MONTH TO DATE    0.69                      0.15   0.54     0.33
  SINCE SEP 1      2.06                      1.28   0.78     1.38
  SINCE JAN 1      7.73                      4.33   3.40     7.03

SNOWFALL (IN)
  TODAY            0.0           3.1  2014   0.1   -0.1      0.0
  MONTH TO DATE    4.9                       4.1    0.8      4.5
  SINCE SEP 1     12.0                      17.6   -5.6      9.5
  SINCE JUL 1     12.8                      18.7   -5.9     11.3
  SNOW DEPTH       5

DEGREE DAYS
 HEATING
  TODAY           66                        66      0       49
  MONTH TO DATE  771                      1247   -476      937
  SINCE SEP 1   2928                      3715   -787     2920
  SINCE JUL 1   4271                      5270   -999     4349

 COOLING
  TODAY            0                         0      0        0
  MONTH TO DATE    0                         0      0        0
  SINCE SEP 1      0                         0      0        0
  SINCE JAN 1      0                         0      0        0
..................................................................


WIND (MPH)
  HIGHEST GUST SPEED    22   HIGHEST GUST DIRECTION     S (170)


SKY COVER
  AVERAGE SKY COVER 0.8


WEATHER CONDITIONS
 THE FOLLOWING WEATHER WAS RECORDED TODAY.
  FOG
  HAZE


RELATIVE HUMIDITY (PERCENT)
 HIGHEST    87
 LOWEST     78
 AVERAGE    83

..........................................................


THE BARROW AK CLIMATE NORMALS FOR TOMORROW
                         NORMAL    RECORD    YEAR
 MAXIMUM TEMPERATURE (F)    4        32      2010
 MINIMUM TEMPERATURE (F)   -7       -37      1935


SUNRISE AND SUNSET
NOVEMBER 20 2017......SUN BELOW VISIBLE HORIZON.
NOVEMBER 21 2017......SUN BELOW VISIBLE HORIZON.

-  INDICATES NEGATIVE NUMBERS.
R  INDICATES RECORD WAS SET OR TIED.
MM INDICATES DATA IS MISSING.
T  INDICATES TRACE AMOUNT.

&&

SNOW DEPTH IS MEASURED AT 3AM AKST/4AM AKDT.

----------------------------
AVAILABLE DAYLIGHT

AMOUNT OF DAYLIGHT TODAY  (HOUR:MIN)........0:00
GAIN/LOSS SINCE YESTERDAY (HOUR:MIN:SEC)....+0:00:00

$$
AY NOV 17
