000
CDAK49 PABR 010923 COR
CLIBRW

CLIMATE REPORT
NATIONAL WEATHER SERVICE BARROW, AK
123 AM AKDT WED OCT 1 2014

...................................
...THE BARROW WSO AP CLIMATE SUMMARY FOR SEPTEMBER 30 2014...

CLIMATE NORMAL PERIOD  1981 TO  2010
CLIMATE RECORD PERIOD  1915 TO  2014

WEATHER ITEM   OBSERVED TIME    RECORD YEAR NORMAL DEPARTURE LAST
               VALUE    (LST)   VALUE       VALUE  FROM      YEAR
                                                   NORMAL
...................................................................
TEMPERATURE
YESTERDAY
 MAXIMUM            34   329 PM    41  1955     30       4     28
 MINIMUM            32  1200 AM     5  1975     23       9     21
 AVERAGE            33                          26       7     25

PRECIPITATION
(INCHES)
 YESTERDAY           T           0.56  1959   0.02   -0.02   0.07
 MONTH TO DATE    1.06                        0.72    0.34   1.29
 SINCE SEP 1      1.06                        0.72    0.34   1.29
 SINCE JAN 1      5.61                        3.77    1.84   6.31

SNOWFALL
(INCHES)
 YESTERDAY           T           11.2  1992    0.2    -0.2    1.3
 MONTH TO DATE     9.5                         4.4     5.1    8.1
 SINCE SEP 1       9.5                         4.4     5.1    8.1
 SINCE JUL 1      10.9                         5.5     5.4    9.2
 SNOW DEPTH (IN)     T                                          4

DEGREE DAYS
 HEATING
  YESTERDAY         32                          39      -7     40
  MONTH TO DATE    940                         986     -46   1004
  SINCE SEP 1      940                         986     -46   1004
  SINCE JUL 1     2606                        2540      66   2413

 COOLING
  YESTERDAY          0                           0       0      0
  MONTH TO DATE      0                           0       0      0
  SINCE SEP 1        0                           0       0      0
  SINCE JAN 1        0                           0       0      0
...................................................................

WIND (MPH)
 HIGHEST WIND SPEED    25     HIGHEST WIND DIRECTION    290
 HIGHEST GUST SPEED    29     HIGHEST GUST DIRECTION    290
 AVERAGE WIND SPEED  15.4

SKY COVER
  POSSIBLE SUNSHINE    MM          AVERAGE SKY COVER     MM

WEATHER CONDITIONS
 THE FOLLOWING WEATHER WAS RECORDED YESTERDAY.
  FOG
RAIN
SNOW


RELATIVE HUMIDITY
 HIGHEST RH    100 PERCENT       153 PM
 LOWEST  RH     75 PERCENT       953 PM
 AVERAGE RH     91 PERCENT
...................................................................

THE BARROW CLIMATE NORMALS FOR TODAY
                           NORMAL    RECORD   YEAR
 MAXIMUM TEMPERATURE (F)     30        39     1989
 MINIMUM TEMPERATURE (F)     22         6     1922

SUNRISE AND SUNSET
 OCT 1 2014..........SUNRISE  8:46 AM      SUNSET  7:46 PM
 OCT 2 2014..........SUNRISE  8:51 AM      SUNSET  7:41 PM

-  INDICATES NEGATIVE NUMBERS.
R  INDICATES RECORD HAS BEEN SET OR TIED.
MM INDICATES DATA IS MISSING.
T  INDICATES TRACE OF PRECIPITATION.

&&
-------------------------------------------------------------------

AMOUNT OF DAYLIGHT TODAY  (HOUR:MIN)........11 HOURS 0 MINUTES
GAIN/LOSS SINCE YESTERDAY (HOUR:MIN:SEC)....-0:09:14

$$
JML OCT 14
