018
CDAK49 PAFG 190953
CLIBRW

CLIMATE REPORT
NATIONAL WEATHER SERVICE FAIRBANKS AK
153 AM AKDT TUE SEP 19 2017


...................................

...THE BARROW AK CLIMATE SUMMARY FOR SEPTEMBER 18 2017...

CLIMATE NORMAL PERIOD 1981 TO 2010
CLIMATE RECORD PERIOD 1920 TO 2017


WEATHER ITEM   OBSERVED TIME   RECORD YEAR NORMAL DEPARTURE LAST
                VALUE   (LST)  VALUE       VALUE  FROM      YEAR
                                                  NORMAL
..................................................................
TEMPERATURE (F)
 YESTERDAY
  MAXIMUM         39    338 PM  57    1995  35      4       35
  MINIMUM         35   1117 PM   9    1948  28      7       32
  AVERAGE         37                        32      5       34

PRECIPITATION (IN)
  YESTERDAY        T             0.28 2002   0.02  -0.02      T
                                      1958
  MONTH TO DATE    0.50                      0.48   0.02     0.27
  SINCE SEP 1      0.50                      0.48   0.02     0.27
  SINCE JAN 1      6.17                      3.53   2.64     5.92

SNOWFALL (IN)
  YESTERDAY        0.0           2.3  2002   0.1   -0.1       T
  MONTH TO DATE    T                         2.0   -2.0      1.3
  SINCE SEP 1      T                         2.0   -2.0      1.3
  SINCE JUL 1      0.8                       3.1   -2.3      3.1
  SNOW DEPTH       0

DEGREE DAYS
 HEATING
  YESTERDAY       28                        33     -5       31
  MONTH TO DATE  508                       552    -44      550
  SINCE SEP 1    508                       552    -44      550
  SINCE JUL 1   1851                      2107   -256     1979

 COOLING
  YESTERDAY        0                         0      0        0
  MONTH TO DATE    0                         0      0        0
  SINCE SEP 1      0                         0      0        0
  SINCE JAN 1      0                         0      0        0
..................................................................


WIND (MPH)
  HIGHEST GUST SPEED    22   HIGHEST GUST DIRECTION    NW (330)


SKY COVER
  AVERAGE SKY COVER 1.0


WEATHER CONDITIONS
 THE FOLLOWING WEATHER WAS RECORDED YESTERDAY.
  LIGHT RAIN
  FOG
  FOG W/VISIBILITY <= 1/4 MILE


RELATIVE HUMIDITY (PERCENT)
 HIGHEST   100
 LOWEST     85
 AVERAGE    93

..........................................................


THE BARROW AK CLIMATE NORMALS FOR TODAY
                         NORMAL    RECORD    YEAR
 MAXIMUM TEMPERATURE (F)   35        62      1995
 MINIMUM TEMPERATURE (F)   28         6      1948


SUNRISE AND SUNSET
SEPTEMBER 19 2017.....SUNRISE   756 AM AKDT  SUNSET   844 PM AKDT
SEPTEMBER 20 2017.....SUNRISE   801 AM AKDT  SUNSET   839 PM AKDT

-  INDICATES NEGATIVE NUMBERS.
R  INDICATES RECORD WAS SET OR TIED.
MM INDICATES DATA IS MISSING.
T  INDICATES TRACE AMOUNT.

&&

SNOW DEPTH IS MEASURED AT 3AM AKST/4AM AKDT.

----------------------------
AVAILABLE DAYLIGHT

AMOUNT OF DAYLIGHT TODAY  (HOUR:MIN)........12:47
GAIN/LOSS SINCE YESTERDAY (HOUR:MIN:SEC)....-0:09:13

$$
SEP 17
