113
CDAK49 PAFG 270943
CLIBRW

CLIMATE REPORT
NATIONAL WEATHER SERVICE FAIRBANKS AK
143 AM AKDT THU JUL 27 2017


...................................

...THE BARROW AK CLIMATE SUMMARY FOR JULY 26 2017...

CLIMATE NORMAL PERIOD 1981 TO 2010
CLIMATE RECORD PERIOD 1920 TO 2017


WEATHER ITEM   OBSERVED TIME   RECORD YEAR NORMAL DEPARTURE LAST
                VALUE   (LST)  VALUE       VALUE  FROM      YEAR
                                                  NORMAL
..................................................................
TEMPERATURE (F)
 YESTERDAY
  MAXIMUM         45    226 PM  69    1930  47     -2       55
  MINIMUM         32    558 AM  27    1953  35     -3       41
  AVERAGE         39                        41     -2       48

PRECIPITATION (IN)
  YESTERDAY        T             0.21 1943   0.03  -0.03     0.00
  MONTH TO DATE    1.42                      0.80   0.62     0.14
  SINCE JUN 1      1.68                      1.12   0.56     0.83
  SINCE JAN 1      3.79                      1.82   1.97     4.18

SNOWFALL (IN)
  YESTERDAY        0.0           1.4  1982   0.0    0.0      0.0
  MONTH TO DATE    0.0                       0.1   -0.1       T
  SINCE JUN 1      0.5                       0.8   -0.3      1.9
  SINCE JUL 1      0.0                       0.1   -0.1       T
  SNOW DEPTH       0

DEGREE DAYS
 HEATING
  YESTERDAY       26                        24      2       17
  MONTH TO DATE  516                       627   -111      533
  SINCE JUN 1   1417                      1508    -91     1342
  SINCE JUL 1    516                       627   -111      533

 COOLING
  YESTERDAY        0                         0      0        0
  MONTH TO DATE    0                         0      0        0
  SINCE JUN 1      0                         0      0        0
  SINCE JAN 1      0                         0      0        0
..................................................................


WIND (MPH)
  HIGHEST GUST SPEED    20   HIGHEST GUST DIRECTION     E (110)


SKY COVER
  AVERAGE SKY COVER 0.8


WEATHER CONDITIONS
 THE FOLLOWING WEATHER WAS RECORDED YESTERDAY.
  FOG
  FOG W/VISIBILITY <= 1/4 MILE


RELATIVE HUMIDITY (PERCENT)
 HIGHEST   100
 LOWEST     76
 AVERAGE    88

..........................................................


THE BARROW AK CLIMATE NORMALS FOR TODAY
                         NORMAL    RECORD    YEAR
 MAXIMUM TEMPERATURE (F)   47        70      1928
 MINIMUM TEMPERATURE (F)   35        25      1992


SUNRISE AND SUNSET
JULY 27 2017..........SUN ABOVE VISIBLE HORIZON.
JULY 28 2017..........SUN ABOVE VISIBLE HORIZON.

-  INDICATES NEGATIVE NUMBERS.
R  INDICATES RECORD WAS SET OR TIED.
MM INDICATES DATA IS MISSING.
T  INDICATES TRACE AMOUNT.

&&

SNOW DEPTH IS MEASURED AT 3AM AKST/4AM AKDT.

----------------------------
AVAILABLE DAYLIGHT

AMOUNT OF DAYLIGHT TODAY  (HOUR:MIN)........24:00
GAIN/LOSS SINCE YESTERDAY (HOUR:MIN:SEC)....+0:00:00

$$
SDB JUL 17
