000
CDAK49 PABR 252346
CLIBRW

CLIMATE REPORT
NATIONAL WEATHER SERVICE BARROW, AK
346 PM AKDT FRI JUL 25 2014

...................................
...THE BARROW WSO AP CLIMATE SUMMARY FOR JULY 25 2014...
VALID TODAY AS OF 2:00 PM LOCAL TIME

CLIMATE NORMAL PERIOD  1981 TO  2010
CLIMATE RECORD PERIOD  1915 TO  2014

WEATHER ITEM   OBSERVED TIME    RECORD YEAR NORMAL DEPARTURE LAST
               VALUE    (LST)   VALUE       VALUE  FROM      YEAR
                                                   NORMAL
...................................................................
TEMPERATURE
TODAY
 MAXIMUM            36  0246 PM    68  1932     47     -11     43
 MINIMUM            30  0431 AM    23  1931     35      -5     37
 AVERAGE            33                          41      -8     40

PRECIPITATION
(INCHES)
 TODAY            0.00           0.52  1951   0.04   -0.04   0.05
 MONTH TO DATE    0.96                        0.77    0.19   0.87
 SINCE JUN 1      2.43                        1.09    1.34   1.64
 SINCE JAN 1      4.05                        1.79    2.26   2.86

SNOWFALL
(INCHES)
 TODAY             0.0            0.3  2000    0.0     0.0    0.0
 MONTH TO DATE     0.4                         0.1     0.3    0.0
 SINCE JUN 1       1.3                         0.8     0.5    0.3
 SINCE JUL 1       0.4                         0.1     0.3    0.0
 SNOW DEPTH (IN)     0                                          0

DEGREE DAYS
 HEATING
  TODAY             32                          24       8     25
  MONTH TO DATE    662                         603      59    500
  SINCE JUN 1     1595                        1483     112   1278
  SINCE JUL 1      662                         603      59    500

 COOLING
  TODAY              0                           0       0      0
  MONTH TO DATE      0                           0       0      0
  SINCE JUN 1        0                           0       0      0
  SINCE JAN 1        0                           0       0      0
...................................................................

WIND (MPH)
 HIGHEST WIND SPEED    12     HIGHEST WIND DIRECTION    320
 HIGHEST GUST SPEED    13     HIGHEST GUST DIRECTION    320

WEATHER CONDITIONS
 THE FOLLOWING WEATHER WAS RECORDED TODAY.
  FOG VIS=1/4
  GLAZE

RELATIVE HUMIDITY
 HIGHEST RH     MM PERCENT       MM
 LOWEST  RH     MM PERCENT       MM
 AVERAGE RH     MM PERCENT       MM
...................................................................

THE BARROW CLIMATE NORMALS FOR TOMORROW
                        NORMAL    RECORD   YEAR
 MAXIMUM TEMPERATURE      47        69     1930
 MINIMUM TEMPERATURE      35        27     1953

SUNRISE AND SUNSET
 JUL 25 2014..........SUNRISE  **.**      SUNSET **.**
 JUL 26 2014..........SUNRISE  **.**      SUNSET **.**

-  INDICATES NEGATIVE NUMBERS.
R  INDICATES RECORD HAS BEEN SET OR TIED.
MM INDICATES DATA IS MISSING.
T  INDICATES TRACE OF PRECIPITATION.

&&
-------------------------------------------------------------------

AMOUNT OF DAYLIGHT TODAY  (HOUR:MIN)........24 HOURS 00 MINUTES
GAIN/LOSS SINCE YESTERDAY (HOUR:MIN:SEC)....+0:00:00

$$
GMS JUL 14
