000
CDAK49 PABR 280912
CLIBRW

CLIMATE REPORT
NATIONAL WEATHER SERVICE BARROW, AK
112 AM AKDT SAT MAY 28 2016

...................................
...THE BARROW WSO AP CLIMATE SUMMARY FOR MAY 27 2016...

CLIMATE NORMAL PERIOD  1981 TO  2010
CLIMATE RECORD PERIOD  1915 TO  2016

WEATHER ITEM   OBSERVED TIME    RECORD YEAR NORMAL DEPARTURE LAST
               VALUE    (LST)   VALUE       VALUE  FROM      YEAR
                                                   NORMAL
...................................................................
TEMPERATURE
YESTERDAY
 MAXIMUM            37   152 PM    43  1989     31       6     34
 MINIMUM            31   719 AM     2  1926     23       8     28
 AVERAGE            34                          27       7     31

PRECIPITATION
(INCHES)
 YESTERDAY           T           0.14  2008   0.01   -0.01   0.01
 MONTH TO DATE    0.07                        0.15   -0.08   0.50
 SINCE MAR 1      0.18                        0.40   -0.22   1.24
 SINCE JAN 1      1.33                        0.67    0.66   1.81

SNOWFALL
(INCHES)
 YESTERDAY           T            2.5  2008    0.1    -0.1    0.1
 MONTH TO DATE     0.9                         2.4    -1.5    1.1
 SINCE MAR 1       3.1                         7.7    -4.6   11.7
 SINCE JUL 1      33.0                        36.7    -3.7   54.8
 SNOW DEPTH (IN)     0                                          0

DEGREE DAYS
 HEATING
  YESTERDAY         31                          38      -7     34
  MONTH TO DATE    989                        1214    -225   1013
  SINCE MAR 1     4857                        5513    -656   5102
  SINCE JUL 1    17018                       18361   -1343  17313

 COOLING
  YESTERDAY          0                           0       0      0
  MONTH TO DATE      0                           0       0      0
  SINCE MAR 1        0                           0       0      0
  SINCE JAN 1        0                           0       0      0
...................................................................

WIND (MPH)
 HIGHEST WIND SPEED    20     HIGHEST WIND DIRECTION    100
 HIGHEST GUST SPEED    23     HIGHEST GUST DIRECTION    100
 AVERAGE WIND SPEED  13.3

SKY COVER
  POSSIBLE SUNSHINE    MM          AVERAGE SKY COVER     MM

WEATHER CONDITIONS
 THE FOLLOWING WEATHER WAS RECORDED YESTERDAY.
  FOG
  DRIZZLE
  RAIN
  SNOW

...................................................................

THE BARROW CLIMATE NORMALS FOR TODAY
                           NORMAL    RECORD   YEAR
 MAXIMUM TEMPERATURE (F)     32        43     1998
 MINIMUM TEMPERATURE (F)     24         5     1936

SUNRISE AND SUNSET
 SUN ABOVE VISIBLE HORIZON

-  INDICATES NEGATIVE NUMBERS.
R  INDICATES RECORD HAS BEEN SET OR TIED.
MM INDICATES DATA IS MISSING.
T  INDICATES TRACE OF PRECIPITATION.

&&
-------------------------------------------------------------------

AMOUNT OF DAYLIGHT TODAY  (HOUR:MIN)........24 HOURS 00 MINUTES
GAIN/LOSS SINCE YESTERDAY (HOUR:MIN:SEC)....+0:00:00

$$
*** MAY 16
