000
CDUS43 KGRR 042226
CLIBTL


CLIMATE REPORT
NATIONAL WEATHER SERVICE GRAND RAPIDS, MI
525 PM EST SUN DEC 4 2016


...................................

...THE BATTLE CREEK MI CLIMATE SUMMARY FOR DECEMBER 4 2016...
VALID TODAY AS OF 0500 PM LOCAL TIME.

CLIMATE NORMAL PERIOD 1981 TO 2010
CLIMATE RECORD PERIOD 1998 TO 2016


WEATHER ITEM   OBSERVED TIME   NORMAL DEPARTURE LAST
                VALUE   (LST)  VALUE  FROM      YEAR
                                      NORMAL
......................................................
TEMPERATURE (F)
 TODAY
  MAXIMUM         37    144 PM  39     -2       49
  MINIMUM         32    805 AM  23      9       30
  AVERAGE         35            31      4       40

PRECIPITATION (IN)
  TODAY            0.09          0.07   0.02     0.00
  MONTH TO DATE    0.33          0.28   0.05     0.14
  SINCE DEC 1      0.33          0.28   0.05     0.14
  SINCE JAN 1     30.71         31.44  -0.73    30.54

DEGREE DAYS
 HEATING
  TODAY           30            34     -4       25
  MONTH TO DATE  116           133    -17      109
  SINCE DEC 1    116           133    -17      109
  SINCE JUL 1    959          1571   -612     1159

 COOLING
  TODAY            0             0      0        0
  MONTH TO DATE    0             0      0        0
  SINCE DEC 1      0             0      0        0
  SINCE JAN 1    727           578    149      720
......................................................


WIND (MPH)
  RESULTANT WIND SPEED   4   RESULTANT WIND DIRECTION  SE (140)
  HIGHEST WIND SPEED    10   HIGHEST WIND DIRECTION     E (110)
  HIGHEST GUST SPEED    16   HIGHEST GUST DIRECTION    SE (120)
  AVERAGE WIND SPEED     4.9


SKY COVER
  AVERAGE SKY COVER 0.9


WEATHER CONDITIONS
 THE FOLLOWING WEATHER WAS RECORDED TODAY.
  SNOW
  LIGHT SNOW
  FOG
  HAZE


RELATIVE HUMIDITY (PERCENT)
 HIGHEST    96           300 PM
 LOWEST     70          1200 PM
 AVERAGE    83

..........................................................


THE BATTLE CREEK MI CLIMATE NORMALS FOR TOMORROW
                         NORMAL
 MAXIMUM TEMPERATURE (F)   38
 MINIMUM TEMPERATURE (F)   23


SUNRISE AND SUNSET
DECEMBER  4 2016......SUNRISE   754 AM EST   SUNSET   509 PM EST
DECEMBER  5 2016......SUNRISE   755 AM EST   SUNSET   509 PM EST


-  INDICATES NEGATIVE NUMBERS.
R  INDICATES RECORD WAS SET OR TIED.
MM INDICATES DATA IS MISSING.
T  INDICATES TRACE AMOUNT.




$$
