000
CDUS43 KGRR 251333
CLIBTL


CLIMATE REPORT
NATIONAL WEATHER SERVICE GRAND RAPIDS, MI
932 AM EDT FRI JUL 25 2014


...................................

...THE BATTLE CREEK MI CLIMATE SUMMARY FOR JULY 25 2014...
VALID AS OF 0900 AM LOCAL TIME.

CLIMATE NORMAL PERIOD 1981 TO 2010
CLIMATE RECORD PERIOD 9999 TO 9999


WEATHER ITEM   OBSERVED TIME   RECORD YEAR NORMAL DEPARTURE LAST
                VALUE   (LST)  VALUE       VALUE  FROM      YEAR
                                                  NORMAL
..................................................................
TEMPERATURE (F)
 TODAY
  MAXIMUM         63    759 AM  MM      MM  82    -19       76
  MINIMUM         53    406 AM  MM      MM  59     -6       55
  AVERAGE         58                        71    -13       66

PRECIPITATION (IN)
  TODAY            0.00         MM      MM   0.11  -0.11     0.00
  MONTH TO DATE    3.62                      2.69   0.93     4.59
  SINCE JUN 1      9.19                      5.92   3.27     8.33
  SINCE JAN 1     17.15                     17.40  -0.25    21.11

DEGREE DAYS
 HEATING
  TODAY            7                         0      7        0
  MONTH TO DATE   20                         6     14        4
  SINCE JUN 1     38                        63    -25       46

 COOLING
  TODAY            0                         6     -6        1
  MONTH TO DATE   86                       162    -76      222
  SINCE JUN 1    262                       288    -26      368
..................................................................


WIND (MPH)
  HIGHEST WIND SPEED     8   HIGHEST WIND DIRECTION     S (200)
  HIGHEST GUST SPEED    10   HIGHEST GUST DIRECTION    SW (210)



WEATHER CONDITIONS
 THE FOLLOWING WEATHER WAS RECORDED TODAY.
  NO SIGNIFICANT WEATHER WAS OBSERVED.


..........................................................




SUNRISE AND SUNSET
JULY 25 2014..........SUNRISE   627 AM EDT   SUNSET   908 PM EDT
JULY 26 2014..........SUNRISE   628 AM EDT   SUNSET   907 PM EDT


-  INDICATES NEGATIVE NUMBERS.
R  INDICATES RECORD WAS SET OR TIED.
MM INDICATES DATA IS MISSING.
T  INDICATES TRACE AMOUNT.




$$

JAM
