000
CDUS43 KGRR 180522
CLIBTL


CLIMATE REPORT
NATIONAL WEATHER SERVICE GRAND RAPIDS, MI
1220 AM EST THU DEC 18 2014


...................................

...THE BATTLE CREEK MI CLIMATE SUMMARY FOR DECEMBER 17 2014...

CLIMATE NORMAL PERIOD 1981 TO 2010
CLIMATE RECORD PERIOD 1998 TO 2014


WEATHER ITEM   OBSERVED TIME   NORMAL DEPARTURE LAST
                VALUE   (LST)  VALUE  FROM      YEAR
                                      NORMAL
......................................................
TEMPERATURE (F)
 YESTERDAY
  MAXIMUM         35   1243 AM  34      1       28
  MINIMUM         29   1159 PM  19     10       16
  AVERAGE         32            27      5       22

PRECIPITATION (IN)
  YESTERDAY        T             0.06  -0.06      T
  MONTH TO DATE    0.15          1.12  -0.97     0.17
  SINCE DEC 1      0.15          1.12  -0.97     0.17
  SINCE JAN 1     28.47         32.28  -3.81    33.97

DEGREE DAYS
 HEATING
  YESTERDAY       33            38     -5       43
  MONTH TO DATE  518           605    -87      680
  SINCE DEC 1    518           605    -87      680
  SINCE JUL 1   2021          2043    -22     2081

 COOLING
  YESTERDAY        0             0      0        0
  MONTH TO DATE    0             0      0        0
  SINCE DEC 1      0             0      0        0
  SINCE JAN 1    593           578     15      689
......................................................


WIND (MPH)
  RESULTANT WIND SPEED  15   RESULTANT WIND DIRECTION   W (290)
  HIGHEST WIND SPEED    28   HIGHEST WIND DIRECTION     W (290)
  HIGHEST GUST SPEED    34   HIGHEST GUST DIRECTION     W (280)
  AVERAGE WIND SPEED    14.8


SKY COVER
  AVERAGE SKY COVER 1.0


WEATHER CONDITIONS
 THE FOLLOWING WEATHER WAS RECORDED YESTERDAY.
  LIGHT SNOW
  FOG


RELATIVE HUMIDITY (PERCENT)
 HIGHEST    82          1200 AM
 LOWEST     63           800 AM
 AVERAGE    73

..........................................................


THE BATTLE CREEK MI CLIMATE NORMALS FOR TODAY
                         NORMAL
 MAXIMUM TEMPERATURE (F)   34
 MINIMUM TEMPERATURE (F)   19


SUNRISE AND SUNSET
DECEMBER 18 2014......SUNRISE   805 AM EST   SUNSET   510 PM EST
DECEMBER 19 2014......SUNRISE   805 AM EST   SUNSET   511 PM EST


-  INDICATES NEGATIVE NUMBERS.
R  INDICATES RECORD WAS SET OR TIED.
MM INDICATES DATA IS MISSING.
T  INDICATES TRACE AMOUNT.




$$

CAS
