000
CDUS43 KGRR 282127
CLIBTL


CLIMATE REPORT
NATIONAL WEATHER SERVICE GRAND RAPIDS, MI
525 PM EDT SUN MAY 28 2017


...................................

...THE BATTLE CREEK MI CLIMATE SUMMARY FOR MAY 28 2017...
VALID TODAY AS OF 0500 PM LOCAL TIME.

CLIMATE NORMAL PERIOD 1981 TO 2010
CLIMATE RECORD PERIOD 1998 TO 2017


WEATHER ITEM   OBSERVED TIME   NORMAL DEPARTURE LAST
                VALUE   (LST)  VALUE  FROM      YEAR
                                      NORMAL
......................................................
TEMPERATURE (F)
 TODAY
  MAXIMUM         79    310 PM  74      5       84
  MINIMUM         57    106 AM  50      7       67
  AVERAGE         68            62      6       76

PRECIPITATION (IN)
  TODAY            0.00          0.12  -0.12     0.01
  MONTH TO DATE    2.88          3.39  -0.51     2.80
  SINCE MAR 1     10.01          8.10   1.91     8.24
  SINCE JAN 1     15.48         11.10   4.38     9.84

DEGREE DAYS
 HEATING
  TODAY            0             5     -5        0
  MONTH TO DATE  233           232      1      241
  SINCE MAR 1   1500          1656   -156     1500
  SINCE JUL 1   5403          6621  -1218     5415

 COOLING
  TODAY            3             2      1       11
  MONTH TO DATE   27            26      1       35
  SINCE MAR 1     36            33      3       37
  SINCE JAN 1     36            33      3       37
......................................................


WIND (MPH)
  RESULTANT WIND SPEED   2   RESULTANT WIND DIRECTION  SE (150)
  HIGHEST WIND SPEED    16   HIGHEST WIND DIRECTION    NW (310)
  HIGHEST GUST SPEED    22   HIGHEST GUST DIRECTION    NW (310)
  AVERAGE WIND SPEED     6.3


SKY COVER
  AVERAGE SKY COVER 0.3


WEATHER CONDITIONS
 THE FOLLOWING WEATHER WAS RECORDED TODAY.
  NO SIGNIFICANT WEATHER WAS OBSERVED.


RELATIVE HUMIDITY (PERCENT)
 HIGHEST    93           100 AM
 LOWEST     52           300 PM
 AVERAGE    73

..........................................................


THE BATTLE CREEK MI CLIMATE NORMALS FOR TOMORROW
                         NORMAL
 MAXIMUM TEMPERATURE (F)   74
 MINIMUM TEMPERATURE (F)   50


SUNRISE AND SUNSET
MAY 28 2017...........SUNRISE   609 AM EDT   SUNSET   908 PM EDT
MAY 29 2017...........SUNRISE   608 AM EDT   SUNSET   909 PM EDT


-  INDICATES NEGATIVE NUMBERS.
R  INDICATES RECORD WAS SET OR TIED.
MM INDICATES DATA IS MISSING.
T  INDICATES TRACE AMOUNT.




$$

63
