000
CDUS43 KGRR 041333
CLIBTL


CLIMATE REPORT
NATIONAL WEATHER SERVICE GRAND RAPIDS, MI
932 AM EDT TUE AUG 4 2015


...................................

...THE BATTLE CREEK MI CLIMATE SUMMARY FOR AUGUST 4 2015...
VALID AS OF 0900 AM LOCAL TIME.

CLIMATE NORMAL PERIOD 1981 TO 2010
CLIMATE RECORD PERIOD 1998 TO 2015


WEATHER ITEM   OBSERVED TIME   NORMAL DEPARTURE LAST
                VALUE   (LST)  VALUE  FROM      YEAR
                                      NORMAL
......................................................
TEMPERATURE (F)
 TODAY
  MAXIMUM         MM        MM  82     MM       85
  MINIMUM         MM        MM  59     MM       62
  AVERAGE         MM            70     MM       74

PRECIPITATION (IN)
  TODAY            0.00          0.11  -0.11     0.00
  MONTH TO DATE    0.75          0.44   0.31      T
  SINCE JUN 1     13.53          7.03   6.50     9.78
  SINCE JAN 1     21.78         18.51   3.27    17.74

DEGREE DAYS
 HEATING
  TODAY           MM             1     MM        0
  MONTH TO DATE    0             4     -4        0
  SINCE JUN 1     30            76    -46       36
  SINCE JUL 1      7            19    -12       18

 COOLING
  TODAY           MM             6     MM        9
  MONTH TO DATE   21            24     -3       26
  SINCE JUN 1    365           347     18      307
  SINCE JAN 1    438           385     53      359
......................................................


WIND (MPH)
  RESULTANT WIND SPEED  MM   RESULTANT WIND DIRECTION  MM
  HIGHEST WIND SPEED    MM   HIGHEST WIND DIRECTION    MM
  HIGHEST GUST SPEED     0   HIGHEST GUST DIRECTION     N (0)
  AVERAGE WIND SPEED    MM


SKY COVER
  AVERAGE SKY COVER 0.0


WEATHER CONDITIONS
 THE FOLLOWING WEATHER WAS RECORDED TODAY.
  NO SIGNIFICANT WEATHER WAS OBSERVED.


RELATIVE HUMIDITY (PERCENT)
 HIGHEST     0          1200 AM
 LOWEST      0          1200 AM
 AVERAGE     0

..........................................................


THE BATTLE CREEK MI CLIMATE NORMALS FOR TOMORROW
                         NORMAL
 MAXIMUM TEMPERATURE (F)   82
 MINIMUM TEMPERATURE (F)   59


SUNRISE AND SUNSET
AUGUST  4 2015........SUNRISE   636 AM EDT   SUNSET   857 PM EDT
AUGUST  5 2015........SUNRISE   637 AM EDT   SUNSET   856 PM EDT


-  INDICATES NEGATIVE NUMBERS.
R  INDICATES RECORD WAS SET OR TIED.
MM INDICATES DATA IS MISSING.
T  INDICATES TRACE AMOUNT.




$$
