000
CDUS43 KGRR 240522
CLIBTL


CLIMATE REPORT
NATIONAL WEATHER SERVICE GRAND RAPIDS, MI
122 AM EDT MON APR 24 2017


...................................

...THE BATTLE CREEK MI CLIMATE SUMMARY FOR APRIL 23 2017...

CLIMATE NORMAL PERIOD 1981 TO 2010
CLIMATE RECORD PERIOD 1998 TO 2017


WEATHER ITEM   OBSERVED TIME   NORMAL DEPARTURE LAST
                VALUE   (LST)  VALUE  FROM      YEAR
                                      NORMAL
......................................................
TEMPERATURE (F)
 YESTERDAY
  MAXIMUM         70    425 PM  63      7       61
  MINIMUM         34    513 AM  39     -5       37
  AVERAGE         52            51      1       49

PRECIPITATION (IN)
  YESTERDAY        0.00          0.09  -0.09     0.00
  MONTH TO DATE    2.60          2.13   0.47     1.70
  SINCE MAR 1      6.33          4.04   2.29     4.64
  SINCE JAN 1     11.80          7.04   4.76     6.24

DEGREE DAYS
 HEATING
  YESTERDAY       13            14     -1       16
  MONTH TO DATE  304           422   -118      442
  SINCE MAR 1   1209          1332   -123     1169
  SINCE JUL 1   5112          6297  -1185     5084

 COOLING
  YESTERDAY        0             0      0        0
  MONTH TO DATE    3             0      3        2
  SINCE MAR 1      3             0      3        2
  SINCE JAN 1      3             0      3        2
......................................................


WIND (MPH)
  RESULTANT WIND SPEED   3   RESULTANT WIND DIRECTION  NW (320)
  HIGHEST WIND SPEED    13   HIGHEST WIND DIRECTION    NW (330)
  HIGHEST GUST SPEED    16   HIGHEST GUST DIRECTION    NW (310)
  AVERAGE WIND SPEED     3.4


SKY COVER
  AVERAGE SKY COVER 0.0


WEATHER CONDITIONS
 THE FOLLOWING WEATHER WAS RECORDED YESTERDAY.
  NO SIGNIFICANT WEATHER WAS OBSERVED.


RELATIVE HUMIDITY (PERCENT)
 HIGHEST    89           500 AM
 LOWEST     19           500 PM
 AVERAGE    54

..........................................................


THE BATTLE CREEK MI CLIMATE NORMALS FOR TODAY
                         NORMAL
 MAXIMUM TEMPERATURE (F)   64
 MINIMUM TEMPERATURE (F)   39


SUNRISE AND SUNSET
APRIL 24 2017.........SUNRISE   646 AM EDT   SUNSET   833 PM EDT
APRIL 25 2017.........SUNRISE   644 AM EDT   SUNSET   834 PM EDT


-  INDICATES NEGATIVE NUMBERS.
R  INDICATES RECORD WAS SET OR TIED.
MM INDICATES DATA IS MISSING.
T  INDICATES TRACE AMOUNT.




$$
