000
CDUS43 KGRR 221333
CLIBTL


CLIMATE REPORT
NATIONAL WEATHER SERVICE GRAND RAPIDS, MI
932 AM EDT WED OCT 22 2014


...................................

...THE BATTLE CREEK MI CLIMATE SUMMARY FOR OCTOBER 22 2014...
VALID AS OF 0900 AM LOCAL TIME.

CLIMATE NORMAL PERIOD 1981 TO 2010
CLIMATE RECORD PERIOD 1998 TO 2014


WEATHER ITEM   OBSERVED TIME   RECORD YEAR NORMAL DEPARTURE LAST
                VALUE   (LST)  VALUE       VALUE  FROM      YEAR
                                                  NORMAL
..................................................................
TEMPERATURE (F)
 TODAY
  MAXIMUM         39    759 AM  MM      MM  59    -20       48
  MINIMUM         33    529 AM  MM      MM  38     -5       32
  AVERAGE         36                        48    -12       40

PRECIPITATION (IN)
  TODAY            0.00         MM      MM   0.10  -0.10     0.00
  MONTH TO DATE    3.22                      2.25   0.97     1.84
  SINCE SEP 1      5.59                      5.90  -0.31     3.52
  SINCE JAN 1     25.53                     27.44  -1.91    29.69

DEGREE DAYS
 HEATING
  TODAY           29                        17     12       25
  MONTH TO DATE  308                       300      8      212
  SINCE SEP 1    448                       456     -8      348

 COOLING
  TODAY            0                         0      0        0
  MONTH TO DATE    0                         2     -2       14
  SINCE SEP 1     56                        57     -1       84
..................................................................


WIND (MPH)
  HIGHEST WIND SPEED     6   HIGHEST WIND DIRECTION     N (360)
  HIGHEST GUST SPEED     7   HIGHEST GUST DIRECTION    NE (30)



WEATHER CONDITIONS
 THE FOLLOWING WEATHER WAS RECORDED TODAY.
  NO SIGNIFICANT WEATHER WAS OBSERVED.


..........................................................




SUNRISE AND SUNSET
OCTOBER 22 2014.......SUNRISE   802 AM EDT   SUNSET   648 PM EDT
OCTOBER 23 2014.......SUNRISE   803 AM EDT   SUNSET   647 PM EDT


-  INDICATES NEGATIVE NUMBERS.
R  INDICATES RECORD WAS SET OR TIED.
MM INDICATES DATA IS MISSING.
T  INDICATES TRACE AMOUNT.




$$
