000
CDUS43 KGRR 241425
CLIBTL


CLIMATE REPORT
NATIONAL WEATHER SERVICE GRAND RAPIDS, MI
925 AM EST FRI NOV 24 2017


...................................

...THE BATTLE CREEK MI CLIMATE SUMMARY FOR NOVEMBER 24 2017...
VALID AS OF 0900 AM LOCAL TIME.

CLIMATE NORMAL PERIOD 1981 TO 2010
CLIMATE RECORD PERIOD 1998 TO 2017


WEATHER ITEM   OBSERVED TIME   NORMAL DEPARTURE LAST
                VALUE   (LST)  VALUE  FROM      YEAR
                                      NORMAL
......................................................
TEMPERATURE (F)
 TODAY
  MAXIMUM         37    859 AM  44     -7       43
  MINIMUM         30    505 AM  27      3       37
  AVERAGE         34            35     -1       40

PRECIPITATION (IN)
  TODAY            0.00          0.09  -0.09     0.03
  MONTH TO DATE    3.54          2.33   1.21     1.08
  SINCE SEP 1     15.08          9.12   5.96     6.29
  SINCE JAN 1     36.68         30.66   6.02    29.75

DEGREE DAYS
 HEATING
  TODAY           31            30      1       25
  MONTH TO DATE  652           589     63      360
  SINCE SEP 1   1042          1210   -168      694
  SINCE JUL 1   1062          1251   -189      702

 COOLING
  TODAY            0             0      0        0
  MONTH TO DATE    0             0      0        0
  SINCE SEP 1    148            60     88      111
  SINCE JAN 1    735           578    157      727
......................................................


WIND (MPH)
  RESULTANT WIND SPEED  11   RESULTANT WIND DIRECTION   S (200)
  HIGHEST WIND SPEED    16   HIGHEST WIND DIRECTION     S (200)
  HIGHEST GUST SPEED    22   HIGHEST GUST DIRECTION    SW (210)
  AVERAGE WIND SPEED    10.6


SKY COVER
  AVERAGE SKY COVER 0.0


WEATHER CONDITIONS
 THE FOLLOWING WEATHER WAS RECORDED TODAY.
  NO SIGNIFICANT WEATHER WAS OBSERVED.


RELATIVE HUMIDITY (PERCENT)
 HIGHEST    78           500 AM
 LOWEST     64           900 AM
 AVERAGE    71

..........................................................


THE BATTLE CREEK MI CLIMATE NORMALS FOR TOMORROW
                         NORMAL
 MAXIMUM TEMPERATURE (F)   43
 MINIMUM TEMPERATURE (F)   27


SUNRISE AND SUNSET
NOVEMBER 24 2017......SUNRISE   743 AM EST   SUNSET   512 PM EST
NOVEMBER 25 2017......SUNRISE   744 AM EST   SUNSET   512 PM EST


-  INDICATES NEGATIVE NUMBERS.
R  INDICATES RECORD WAS SET OR TIED.
MM INDICATES DATA IS MISSING.
T  INDICATES TRACE AMOUNT.




$$
