651
CDUS43 KGRR 281353
CLIBTL


CLIMATE REPORT
NATIONAL WEATHER SERVICE GRAND RAPIDS, MI
952 AM EDT FRI JUL 28 2017


...................................

...THE BATTLE CREEK MI CLIMATE SUMMARY FOR JULY 28 2017...
VALID AS OF 0900 AM LOCAL TIME.

CLIMATE NORMAL PERIOD 1981 TO 2010
CLIMATE RECORD PERIOD 1998 TO 2017


WEATHER ITEM   OBSERVED TIME   NORMAL DEPARTURE LAST
                VALUE   (LST)  VALUE  FROM      YEAR
                                      NORMAL
......................................................
TEMPERATURE (F)
 TODAY
  MAXIMUM         70   1203 AM  82    -12       83
  MINIMUM         62    617 AM  59      3       63
  AVERAGE         66            70     -4       73

PRECIPITATION (IN)
  TODAY            0.00          0.12  -0.12      T
  MONTH TO DATE    2.68          3.03  -0.35     3.57
  SINCE JUN 1      4.06          6.26  -2.20     4.97
  SINCE JAN 1     19.54         17.74   1.80    14.81

DEGREE DAYS
 HEATING
  TODAY            0             0      0        0
  MONTH TO DATE    0             6     -6        5
  SINCE JUN 1     23            63    -40       39
  SINCE JUL 1      0             6     -6        5

 COOLING
  TODAY            1             6     -5        8
  MONTH TO DATE  224           180     44      203
  SINCE JUN 1    389           306     83      339
  SINCE JAN 1    426           344     82      394
......................................................


WIND (MPH)
  RESULTANT WIND SPEED   8   RESULTANT WIND DIRECTION  NE (40)
  HIGHEST WIND SPEED    13   HIGHEST WIND DIRECTION    NE (40)
  HIGHEST GUST SPEED    16   HIGHEST GUST DIRECTION    NE (30)
  AVERAGE WIND SPEED     7.9


SKY COVER
  AVERAGE SKY COVER 0.3


WEATHER CONDITIONS
 THE FOLLOWING WEATHER WAS RECORDED TODAY.
  NO SIGNIFICANT WEATHER WAS OBSERVED.


RELATIVE HUMIDITY (PERCENT)
 HIGHEST    93           400 AM
 LOWEST     73          1200 AM
 AVERAGE    83

..........................................................


THE BATTLE CREEK MI CLIMATE NORMALS FOR TOMORROW
                         NORMAL
 MAXIMUM TEMPERATURE (F)   82
 MINIMUM TEMPERATURE (F)   59


SUNRISE AND SUNSET
JULY 28 2017..........SUNRISE   630 AM EDT   SUNSET   904 PM EDT
JULY 29 2017..........SUNRISE   631 AM EDT   SUNSET   903 PM EDT


-  INDICATES NEGATIVE NUMBERS.
R  INDICATES RECORD WAS SET OR TIED.
MM INDICATES DATA IS MISSING.
T  INDICATES TRACE AMOUNT.




$$

JAM
