000
CDUS45 KMSO 272231
CLIBTM


CLIMATE REPORT
NATIONAL WEATHER SERVICE MISSOULA, MT
430 PM MDT FRI MAY 27 2016


...................................

...THE BUTTE MT CLIMATE SUMMARY FOR MAY 27 2016...
VALID TODAY AS OF 0400 PM LOCAL TIME.

CLIMATE NORMAL PERIOD 1981 TO 2010
CLIMATE RECORD PERIOD 1895 TO 2016


WEATHER ITEM   OBSERVED TIME   RECORD YEAR NORMAL DEPARTURE LAST
                VALUE   (LST)  VALUE       VALUE  FROM      YEAR
                                                  NORMAL
..................................................................
TEMPERATURE (F)
 TODAY
  MAXIMUM         53   1216 PM  87    1986  64    -11       58
  MINIMUM         39   1255 AM  25    1973  37      2       45
  AVERAGE         46                        51     -5       52

PRECIPITATION (IN)
  TODAY            0.33          0.58 1994   0.09   0.24     0.07
  MONTH TO DATE    1.45                      1.72  -0.27     1.47
  SINCE OCT 1      6.27                      6.44  -0.17     5.45
  SINCE JAN 1      3.53                      4.55  -1.02     3.06

SNOWFALL (IN)
  TODAY           MM
  MONTH TO DATE   MM
  SINCE JAN 1     MM
  SINCE JUL 1     MM
  SNOW DEPTH      MM

DEGREE DAYS
 HEATING
  TODAY           19                        14      5       13
  MONTH TO DATE  490                       486      4      481
  SINCE MAR 1   2108                      2308   -200     2105
  SINCE JUL 1   8505                      8877   -372     7986

 COOLING
  TODAY            0                         0      0        0
  MONTH TO DATE    0                         0      0        0
  SINCE MAR 1      0                         0      0        0
  SINCE JAN 1      0                         0      0        0
..................................................................


WIND (MPH)
  HIGHEST WIND SPEED    25   HIGHEST WIND DIRECTION     W (270)
  HIGHEST GUST SPEED    34   HIGHEST GUST DIRECTION     W (270)
  AVERAGE WIND SPEED     3.5


SKY COVER
  POSSIBLE SUNSHINE  MM
  AVERAGE SKY COVER 0.8


WEATHER CONDITIONS
 THE FOLLOWING WEATHER WAS RECORDED TODAY.
  THUNDERSTORM
  HEAVY RAIN
  RAIN
  LIGHT RAIN
  FOG


RELATIVE HUMIDITY (PERCENT)
 HIGHEST    96           700 AM
 LOWEST     50          1200 PM
 AVERAGE    73

..........................................................


THE BUTTE MT CLIMATE NORMALS FOR TOMORROW
                         NORMAL    RECORD    YEAR
 MAXIMUM TEMPERATURE (F)   64        90      1919
 MINIMUM TEMPERATURE (F)   38        21      1947


SUNRISE AND SUNSET
MAY 27 2016...........SUNRISE   546 AM MDT   SUNSET   909 PM MDT
MAY 28 2016...........SUNRISE   545 AM MDT   SUNSET   910 PM MDT


-  INDICATES NEGATIVE NUMBERS.
R  INDICATES RECORD WAS SET OR TIED.
MM INDICATES DATA IS MISSING.
T  INDICATES TRACE AMOUNT.




$$
