000
CDUS45 KMSO 180840
CLIBTM


CLIMATE REPORT
NATIONAL WEATHER SERVICE MISSOULA, MT
139 AM MST WED JAN 18 2017


...................................

...THE BUTTE MT CLIMATE SUMMARY FOR JANUARY 17 2017...

CLIMATE NORMAL PERIOD 1981 TO 2010
CLIMATE RECORD PERIOD 1895 TO 2017


WEATHER ITEM   OBSERVED TIME   RECORD YEAR NORMAL DEPARTURE LAST
                VALUE   (LST)  VALUE       VALUE  FROM      YEAR
                                                  NORMAL
..................................................................
TEMPERATURE (F)
 YESTERDAY
  MAXIMUM         30    404 PM  51    1920  32     -2       33
  MINIMUM         -2    318 AM -34    1930   8    -10        6
  AVERAGE         14                        20     -6       20

PRECIPITATION (IN)
  YESTERDAY        0.00          0.32 1953   0.01  -0.01     0.00
  MONTH TO DATE    0.16                      0.27  -0.11     0.22
  SINCE OCT 1      3.38                      2.16   1.22     2.96
  SINCE JAN 1      0.16                      0.27  -0.11     0.22

SNOWFALL (IN)
  YESTERDAY       MM
  MONTH TO DATE   MM
  SINCE JAN 1     MM
  SINCE JUL 1     MM
  SNOW DEPTH      MM

DEGREE DAYS
 HEATING
  YESTERDAY       51                        45      6       45
  MONTH TO DATE 1061                       779    282      862
  SINCE DEC 1   2701                      2253    448     2321
  SINCE JUL 1   4995                      4743    252     4741

 COOLING
  YESTERDAY        0                         0      0        0
  MONTH TO DATE    0                         0      0        0
  SINCE DEC 1      0                         0      0        0
  SINCE JAN 1      0                         0      0        0
..................................................................


WIND (MPH)
  HIGHEST WIND SPEED     9   HIGHEST WIND DIRECTION     S (160)
  HIGHEST GUST SPEED    12   HIGHEST GUST DIRECTION     S (170)
  AVERAGE WIND SPEED     3.1


SKY COVER
  POSSIBLE SUNSHINE  MM
  AVERAGE SKY COVER 0.0


WEATHER CONDITIONS
 THE FOLLOWING WEATHER WAS RECORDED YESTERDAY.
  HAZE


RELATIVE HUMIDITY (PERCENT)
 HIGHEST    83           600 AM
 LOWEST     50           400 PM
 AVERAGE    67

..........................................................


THE BUTTE MT CLIMATE NORMALS FOR TODAY
                         NORMAL    RECORD    YEAR
 MAXIMUM TEMPERATURE (F)   32        50      2005
                                             1919
 MINIMUM TEMPERATURE (F)    8       -43      1963


SUNRISE AND SUNSET
JANUARY 18 2017.......SUNRISE   806 AM MST   SUNSET   516 PM MST
JANUARY 19 2017.......SUNRISE   805 AM MST   SUNSET   517 PM MST


-  INDICATES NEGATIVE NUMBERS.
R  INDICATES RECORD WAS SET OR TIED.
MM INDICATES DATA IS MISSING.
T  INDICATES TRACE AMOUNT.




$$
