000
CDUS45 KMSO 060843
CLIBTM


CLIMATE REPORT
NATIONAL WEATHER SERVICE MISSOULA, MT
143 AM MST SAT FEB 6 2016


...................................

...THE BUTTE MT CLIMATE SUMMARY FOR FEBRUARY 5 2016...

CLIMATE NORMAL PERIOD 1981 TO 2010
CLIMATE RECORD PERIOD 1895 TO 2016


WEATHER ITEM   OBSERVED TIME   RECORD YEAR NORMAL DEPARTURE LAST
                VALUE   (LST)  VALUE       VALUE  FROM      YEAR
                                                  NORMAL
..................................................................
TEMPERATURE (F)
 YESTERDAY
  MAXIMUM         39    359 PM  57    1934  33      6       51
  MINIMUM          7    607 AM -44    1982   8     -1       28
  AVERAGE         23                        20      3       40

PRECIPITATION (IN)
  YESTERDAY        0.00          0.52 1973   0.01  -0.01     0.00
  MONTH TO DATE    0.03                      0.07  -0.04     0.02
  SINCE OCT 1      3.11                      2.43   0.68     2.58
  SINCE JAN 1      0.37                      0.54  -0.17     0.19

SNOWFALL (IN)
  YESTERDAY       MM
  MONTH TO DATE   MM
  SINCE JAN 1     MM
  SINCE JUL 1     MM
  SNOW DEPTH      MM

DEGREE DAYS
 HEATING
  YESTERDAY       42                        45     -3       25
  MONTH TO DATE  253                       225     28      169
  SINCE DEC 1   3165                      3106     59     2734
  SINCE JUL 1   5585                      5596    -11     5064

 COOLING
  YESTERDAY        0                         0      0        0
  MONTH TO DATE    0                         0      0        0
  SINCE DEC 1      0                         0      0        0
  SINCE JAN 1      0                         0      0        0
..................................................................


WIND (MPH)
  HIGHEST WIND SPEED    16   HIGHEST WIND DIRECTION    SW (210)
  HIGHEST GUST SPEED    21   HIGHEST GUST DIRECTION    SW (210)
  AVERAGE WIND SPEED     3.5


SKY COVER
  POSSIBLE SUNSHINE  MM
  AVERAGE SKY COVER 0.2


WEATHER CONDITIONS
 THE FOLLOWING WEATHER WAS RECORDED YESTERDAY.
  HAZE


RELATIVE HUMIDITY (PERCENT)
 HIGHEST    84           500 AM
 LOWEST     48           300 PM
 AVERAGE    66

..........................................................


THE BUTTE MT CLIMATE NORMALS FOR TODAY
                         NORMAL    RECORD    YEAR
 MAXIMUM TEMPERATURE (F)   33        55      2015
 MINIMUM TEMPERATURE (F)    8       -36      2014


SUNRISE AND SUNSET
FEBRUARY  6 2016......SUNRISE   746 AM MST   SUNSET   542 PM MST
FEBRUARY  7 2016......SUNRISE   745 AM MST   SUNSET   544 PM MST


-  INDICATES NEGATIVE NUMBERS.
R  INDICATES RECORD WAS SET OR TIED.
MM INDICATES DATA IS MISSING.
T  INDICATES TRACE AMOUNT.




$$
