000
CDUS45 KMSO 290737
CLIBTM


CLIMATE REPORT
NATIONAL WEATHER SERVICE MISSOULA, MT
137 AM MDT MON MAY 29 2017


...................................

...THE BUTTE MT CLIMATE SUMMARY FOR MAY 28 2017...

CLIMATE NORMAL PERIOD 1981 TO 2010
CLIMATE RECORD PERIOD 1895 TO 2017


WEATHER ITEM   OBSERVED TIME   RECORD YEAR NORMAL DEPARTURE LAST
                VALUE   (LST)  VALUE       VALUE  FROM      YEAR
                                                  NORMAL
..................................................................
TEMPERATURE (F)
 YESTERDAY
  MAXIMUM         71    509 PM  90    1919  64      7       59
  MINIMUM         34    532 AM  21    1947  38     -4       33
  AVERAGE         53                        51      2       46

PRECIPITATION (IN)
  YESTERDAY        0.00          2.50 1927   0.09  -0.09     0.00
  MONTH TO DATE    1.54                      1.81  -0.27     1.45
  SINCE OCT 1      8.50                      6.53   1.97     6.27
  SINCE JAN 1      5.28                      4.64   0.64     3.53

SNOWFALL (IN)
  YESTERDAY       MM
  MONTH TO DATE   MM
  SINCE JAN 1     MM
  SINCE JUL 1     MM
  SNOW DEPTH      MM

DEGREE DAYS
 HEATING
  YESTERDAY       12                        14     -2       19
  MONTH TO DATE  485                       500    -15      510
  SINCE MAR 1   2083                      2322   -239     2128
  SINCE JUL 1   8867                      8891    -24     8525

 COOLING
  YESTERDAY        0                         0      0        0
  MONTH TO DATE    0                         0      0        0
  SINCE MAR 1      0                         0      0        0
  SINCE JAN 1      0                         0      0        0
..................................................................


WIND (MPH)
  HIGHEST WIND SPEED    21   HIGHEST WIND DIRECTION     S (180)
  HIGHEST GUST SPEED    26   HIGHEST GUST DIRECTION    NE (30)
  AVERAGE WIND SPEED     4.7


SKY COVER
  POSSIBLE SUNSHINE  MM
  AVERAGE SKY COVER 0.2


WEATHER CONDITIONS
 THE FOLLOWING WEATHER WAS RECORDED YESTERDAY.
  NO SIGNIFICANT WEATHER WAS OBSERVED.


RELATIVE HUMIDITY (PERCENT)
 HIGHEST    89           500 AM
 LOWEST     25           400 PM
 AVERAGE    57

..........................................................


THE BUTTE MT CLIMATE NORMALS FOR TODAY
                         NORMAL    RECORD    YEAR
 MAXIMUM TEMPERATURE (F)   65        87      1936
 MINIMUM TEMPERATURE (F)   38        21      1947


SUNRISE AND SUNSET
MAY 29 2017...........SUNRISE   545 AM MDT   SUNSET   911 PM MDT
MAY 30 2017...........SUNRISE   544 AM MDT   SUNSET   912 PM MDT


-  INDICATES NEGATIVE NUMBERS.
R  INDICATES RECORD WAS SET OR TIED.
MM INDICATES DATA IS MISSING.
T  INDICATES TRACE AMOUNT.




$$
