000
CDUS44 KLIX 222130
CLIBTR


CLIMATE REPORT
NATIONAL WEATHER SERVICE NEW ORLEANS
430 PM CDT FRI MAY 22 2015


...................................

...THE BATON ROUGE  ASOS CLIMATE SUMMARY FOR MAY 22 2015...
VALID TODAY AS OF 0400 PM LOCAL TIME.

CLIMATE NORMAL PERIOD 1981 TO 2010
CLIMATE RECORD PERIOD 1894 TO 2015


WEATHER ITEM   OBSERVED TIME   RECORD YEAR NORMAL DEPARTURE LAST
                VALUE   (LST)  VALUE       VALUE  FROM      YEAR
                                                  NORMAL
..................................................................
TEMPERATURE (F)
 TODAY
  MAXIMUM         83    233 PM  95    1922  88     -5       89
                                      1915
  MINIMUM         63    609 AM  51    2002  67     -4       65
                                      1954
  AVERAGE         73

PRECIPITATION (IN)
  TODAY            0.00          4.98 1916   0.16  -0.16     0.00
  MONTH TO DATE    2.80                      3.37  -0.57     4.42
  SINCE MAR 1     14.26                     12.24   2.02    11.17
  SINCE JAN 1     24.01                     23.00   1.01    20.44

SNOWFALL (IN)
  TODAY            0.0
  MONTH TO DATE    0.0
  SINCE MAR 1      T
  SINCE JUL 1      T
  SNOW DEPTH       0

DEGREE DAYS
 HEATING
  TODAY            0                         0      0        0
  MONTH TO DATE    0                         0      0        6
  SINCE MAR 1     99                       218   -119      278
  SINCE JUL 1   1641                      1553     88     1984

 COOLING
  TODAY            8                        12     -4       12
  MONTH TO DATE  248                       215     33      185
  SINCE MAR 1    555                       415    140      378
  SINCE JAN 1    559                       446    113      398
..................................................................


WIND (MPH)
  HIGHEST WIND SPEED    12   HIGHEST WIND DIRECTION     E (80)
  HIGHEST GUST SPEED    15   HIGHEST GUST DIRECTION    NE (40)
  AVERAGE WIND SPEED     5.5


SKY COVER
  POSSIBLE SUNSHINE  MM
  AVERAGE SKY COVER 0.7


WEATHER CONDITIONS
 THE FOLLOWING WEATHER WAS RECORDED TODAY.
  NO SIGNIFICANT WEATHER WAS OBSERVED.


RELATIVE HUMIDITY (PERCENT)
 HIGHEST    87          1200 AM
 LOWEST     62          1200 PM
 AVERAGE    75

..........................................................


THE BATON ROUGE  ASOS CLIMATE NORMALS FOR TOMORROW
                         NORMAL    RECORD    YEAR
 MAXIMUM TEMPERATURE (F)   88        94      2005
                                             1918
                                             1915
 MINIMUM TEMPERATURE (F)   67        49      2002
                                             2001


SUNRISE AND SUNSET
MAY 22 2015...........SUNRISE   606 AM CDT   SUNSET   756 PM CDT
MAY 23 2015...........SUNRISE   606 AM CDT   SUNSET   757 PM CDT


-  INDICATES NEGATIVE NUMBERS.
R  INDICATES RECORD WAS SET OR TIED.
MM INDICATES DATA IS MISSING.
T  INDICATES TRACE AMOUNT.




$$
