000
CDUS44 KLIX 010804
CLIBTR


CLIMATE REPORT
NATIONAL WEATHER SERVICE NEW ORLEANS
203 AM CST WED MAR 1 2017


...................................

...THE BATON ROUGE  ASOS CLIMATE SUMMARY FOR FEBRUARY 28 2017...

CLIMATE NORMAL PERIOD 1981 TO 2010
CLIMATE RECORD PERIOD 1894 TO 2017


WEATHER ITEM   OBSERVED TIME   RECORD YEAR NORMAL DEPARTURE LAST
                VALUE   (LST)  VALUE       VALUE  FROM      YEAR
                                                  NORMAL
..................................................................
TEMPERATURE (F)
 YESTERDAY
  MAXIMUM         84    218 PM  87    2011  69     15       70
                                      1917
  MINIMUM         71    637 AM  22    1935  47     24       36
  AVERAGE         78                        58     20       53

PRECIPITATION (IN)
  YESTERDAY        0.00          2.07 1995   0.17  -0.17     0.00
  MONTH TO DATE    1.75                      5.04  -3.29     3.58
  SINCE DEC 1     21.14                     16.36   4.78    15.64
  SINCE JAN 1     11.43                     10.76   0.67     9.31

SNOWFALL (IN)
  YESTERDAY        0.0
  MONTH TO DATE    0.0
  SINCE DEC 1      0.0
  SINCE JUL 1      0.0
  SNOW DEPTH       0

DEGREE DAYS
 HEATING
  YESTERDAY        0                         8     -8       12
  MONTH TO DATE   98                       295   -197      262
  SINCE DEC 1    591                      1100   -509      878
  SINCE JUL 1    704                      1335   -631      989

 COOLING
  YESTERDAY       13                         1     12        0
  MONTH TO DATE   89                        18     71       13
  SINCE DEC 1    208                        53    155      104
  SINCE JAN 1    143                        31    112       17
..................................................................


WIND (MPH)
  HIGHEST WIND SPEED    24   HIGHEST WIND DIRECTION     S (170)
  HIGHEST GUST SPEED    31   HIGHEST GUST DIRECTION     S (160)
  AVERAGE WIND SPEED    13.7


SKY COVER
  POSSIBLE SUNSHINE  MM
  AVERAGE SKY COVER 0.7


WEATHER CONDITIONS
 THE FOLLOWING WEATHER WAS RECORDED YESTERDAY.
  FOG


RELATIVE HUMIDITY (PERCENT)
 HIGHEST    90          1200 AM
 LOWEST     58           100 PM
 AVERAGE    74

..........................................................


THE BATON ROUGE  ASOS CLIMATE NORMALS FOR TODAY
                         NORMAL    RECORD    YEAR
 MAXIMUM TEMPERATURE (F)   69        86      1917
 MINIMUM TEMPERATURE (F)   48        25      1937
                                             1920


SUNRISE AND SUNSET
MARCH  1 2017.........SUNRISE   631 AM CST   SUNSET   604 PM CST
MARCH  2 2017.........SUNRISE   629 AM CST   SUNSET   604 PM CST


-  INDICATES NEGATIVE NUMBERS.
R  INDICATES RECORD WAS SET OR TIED.
MM INDICATES DATA IS MISSING.
T  INDICATES TRACE AMOUNT.




$$
