000
CDUS44 KLIX 180806
CLIBTR


CLIMATE REPORT
NATIONAL WEATHER SERVICE NEW ORLEANS
204 AM CST THU DEC 18 2014


...................................

...THE BATON ROUGE  ASOS CLIMATE SUMMARY FOR DECEMBER 17 2014...

CLIMATE NORMAL PERIOD 1981 TO 2010
CLIMATE RECORD PERIOD 1894 TO 2014


WEATHER ITEM   OBSERVED TIME   RECORD YEAR NORMAL DEPARTURE LAST
                VALUE   (LST)  VALUE       VALUE  FROM      YEAR
                                                  NORMAL
..................................................................
TEMPERATURE (F)
 YESTERDAY
  MAXIMUM         61    326 PM  85    1908  64     -3       66
  MINIMUM         34    632 AM  20    1901  42     -8       30
  AVERAGE         48                        53     -5       48

PRECIPITATION (IN)
  YESTERDAY        0.00          2.41 2009   0.20  -0.20     0.00
  MONTH TO DATE    0.10                      2.98  -2.88     3.06
  SINCE DEC 1      0.10                      2.98  -2.88     3.06
  SINCE JAN 1     56.13                     58.03  -1.90    68.20

SNOWFALL (IN)
  YESTERDAY        0.0
  MONTH TO DATE    0.0
  SINCE DEC 1      0.0
  SINCE JUL 1      0.0
  SNOW DEPTH       0

DEGREE DAYS
 HEATING
  YESTERDAY       17                        13      4       17
  MONTH TO DATE  122                       193    -71      235
  SINCE DEC 1    122                       193    -71      235
  SINCE JUL 1    463                       428     35      522

 COOLING
  YESTERDAY        0                         1     -1        0
  MONTH TO DATE   13                        17     -4       32
  SINCE DEC 1     13                        17     -4       32
  SINCE JAN 1   2693                      2818   -125     2698
..................................................................


WIND (MPH)
  HIGHEST WIND SPEED    10   HIGHEST WIND DIRECTION     E (70)
  HIGHEST GUST SPEED    14   HIGHEST GUST DIRECTION    NE (50)
  AVERAGE WIND SPEED     3.1


SKY COVER
  POSSIBLE SUNSHINE  MM
  AVERAGE SKY COVER 0.0


WEATHER CONDITIONS
 THE FOLLOWING WEATHER WAS RECORDED YESTERDAY.
  NO SIGNIFICANT WEATHER WAS OBSERVED.


RELATIVE HUMIDITY (PERCENT)
 HIGHEST    92           300 AM
 LOWEST     42           300 PM
 AVERAGE    67

..........................................................


THE BATON ROUGE  ASOS CLIMATE NORMALS FOR TODAY
                         NORMAL    RECORD    YEAR
 MAXIMUM TEMPERATURE (F)   64        82      1924
 MINIMUM TEMPERATURE (F)   42        20      1979


SUNRISE AND SUNSET
DECEMBER 18 2014......SUNRISE   656 AM CST   SUNSET   507 PM CST
DECEMBER 19 2014......SUNRISE   656 AM CST   SUNSET   507 PM CST


-  INDICATES NEGATIVE NUMBERS.
R  INDICATES RECORD WAS SET OR TIED.
MM INDICATES DATA IS MISSING.
T  INDICATES TRACE AMOUNT.




$$
