000
CDUS44 KLIX 310953
CLIBTR


CLIMATE REPORT
NATIONAL WEATHER SERVICE NEW ORLEANS
453 AM CDT FRI JUL 31 2015


...................................

...THE BATON ROUGE  ASOS CLIMATE SUMMARY FOR JULY 30 2015...

CLIMATE NORMAL PERIOD 1981 TO 2010
CLIMATE RECORD PERIOD 1894 TO 2015


WEATHER ITEM   OBSERVED TIME   RECORD YEAR NORMAL DEPARTURE LAST
                VALUE   (LST)  VALUE       VALUE  FROM      YEAR
                                                  NORMAL
..................................................................
TEMPERATURE (F)
 YESTERDAY
  MAXIMUM        100R   224 PM  99    1986  93      7       88
                                      1921
  MINIMUM         75    310 PM  63    1909  74      1       66
  AVERAGE         88                        83      5       77

PRECIPITATION (IN)
  YESTERDAY        0.31          2.26 2007   0.17   0.14     0.00
  MONTH TO DATE    3.73                      4.80  -1.07     5.78
  SINCE JUN 1      9.71                     11.21  -1.50    17.14
  SINCE JAN 1     42.09                     35.73   6.36    41.48

SNOWFALL (IN)
  YESTERDAY        0.0
  MONTH TO DATE    0.0
  SINCE JUN 1      0.0
  SINCE JUL 1      0.0
  SNOW DEPTH       0

DEGREE DAYS
 HEATING
  YESTERDAY        0                         0      0        0
  MONTH TO DATE    0                         0      0        0
  SINCE JUN 1      0                         0      0        0
  SINCE JUL 1      0                         0      0        0

 COOLING
  YESTERDAY       23                        18      5       12
  MONTH TO DATE  615                       540     75      489
  SINCE JUN 1   1111                      1024     87      958
  SINCE JAN 1   1782                      1589    193     1464
..................................................................


WIND (MPH)
  HIGHEST WIND SPEED    20   HIGHEST WIND DIRECTION    NW (330)
  HIGHEST GUST SPEED    31   HIGHEST GUST DIRECTION    NE (40)
  AVERAGE WIND SPEED     3.6


SKY COVER
  POSSIBLE SUNSHINE  MM
  AVERAGE SKY COVER 0.1


WEATHER CONDITIONS
 THE FOLLOWING WEATHER WAS RECORDED YESTERDAY.
  HEAVY RAIN
  LIGHT RAIN
  FOG


RELATIVE HUMIDITY (PERCENT)
 HIGHEST    94           700 PM
 LOWEST     48           100 PM
 AVERAGE    71

..........................................................


THE BATON ROUGE  ASOS CLIMATE NORMALS FOR TODAY
                         NORMAL    RECORD    YEAR
 MAXIMUM TEMPERATURE (F)   93       100      1921
 MINIMUM TEMPERATURE (F)   74        63      1908


SUNRISE AND SUNSET
JULY 31 2015..........SUNRISE   622 AM CDT   SUNSET   800 PM CDT
AUGUST  1 2015........SUNRISE   623 AM CDT   SUNSET   759 PM CDT


-  INDICATES NEGATIVE NUMBERS.
R  INDICATES RECORD WAS SET OR TIED.
MM INDICATES DATA IS MISSING.
T  INDICATES TRACE AMOUNT.




$$
