000
CDUS44 KLIX 272217
CLIBTR


CLIMATE REPORT
NATIONAL WEATHER SERVICE NEW ORLEANS
417 PM CST THU NOV 27 2014


...................................

...THE BATON ROUGE  ASOS CLIMATE SUMMARY FOR NOVEMBER 27 2014...
VALID TODAY AS OF 0400 PM LOCAL TIME.

CLIMATE NORMAL PERIOD 1981 TO 2010
CLIMATE RECORD PERIOD 1894 TO 2014


WEATHER ITEM   OBSERVED TIME   RECORD YEAR NORMAL DEPARTURE LAST
                VALUE   (LST)  VALUE       VALUE  FROM      YEAR
                                                  NORMAL
..................................................................
TEMPERATURE (F)
 TODAY
  MAXIMUM         62    312 PM  84    1985  68     -6       49
  MINIMUM         40    519 AM  25    1903  46     -6       31
  AVERAGE         51

PRECIPITATION (IN)
  TODAY            0.00          2.65 2003   0.15  -0.15     0.00
  MONTH TO DATE    3.50                      3.66  -0.16     1.71
  SINCE SEP 1      8.91                     12.90  -3.99    12.48
  SINCE JAN 1     56.03                     54.61   1.42    65.14

SNOWFALL (IN)
  TODAY            0.0
  MONTH TO DATE    0.0
  SINCE SEP 1      0.0
  SINCE JUL 1      0.0
  SNOW DEPTH       0

DEGREE DAYS
 HEATING
  TODAY           14                         9      5       25
  MONTH TO DATE  305                       162    143      206
  SINCE SEP 1    320                       208    112      225
  SINCE JUL 1    320                       208    112      225

 COOLING
  TODAY            0                         1     -1        0
  MONTH TO DATE   15                        46    -31       36
  SINCE SEP 1    648                       635     13      698
  SINCE JAN 1   2676                      2796   -120     2666
..................................................................


WIND (MPH)
  HIGHEST WIND SPEED    13   HIGHEST WIND DIRECTION    NE (30)
  HIGHEST GUST SPEED    19   HIGHEST GUST DIRECTION     N (360)
  AVERAGE WIND SPEED     6.3


SKY COVER
  POSSIBLE SUNSHINE  MM
  AVERAGE SKY COVER 0.0


WEATHER CONDITIONS
 THE FOLLOWING WEATHER WAS RECORDED TODAY.
  NO SIGNIFICANT WEATHER WAS OBSERVED.


RELATIVE HUMIDITY (PERCENT)
 HIGHEST    93           500 AM
 LOWEST     27           400 PM
 AVERAGE    60

..........................................................


THE BATON ROUGE  ASOS CLIMATE NORMALS FOR TOMORROW
                         NORMAL    RECORD    YEAR
 MAXIMUM TEMPERATURE (F)   68        83      1896
 MINIMUM TEMPERATURE (F)   46        23      1938


SUNRISE AND SUNSET
NOVEMBER 27 2014......SUNRISE   641 AM CST   SUNSET   504 PM CST
NOVEMBER 28 2014......SUNRISE   642 AM CST   SUNSET   503 PM CST


-  INDICATES NEGATIVE NUMBERS.
R  INDICATES RECORD WAS SET OR TIED.
MM INDICATES DATA IS MISSING.
T  INDICATES TRACE AMOUNT.




$$
