769
CDUS44 KLIX 270714
CLIBTR


CLIMATE REPORT
NATIONAL WEATHER SERVICE NEW ORLEANS
213 AM CDT TUE JUN 27 2017


...................................

...THE BATON ROUGE  ASOS CLIMATE SUMMARY FOR JUNE 26 2017...

CLIMATE NORMAL PERIOD 1981 TO 2010
CLIMATE RECORD PERIOD 1894 TO 2017


WEATHER ITEM   OBSERVED TIME   RECORD YEAR NORMAL DEPARTURE LAST
                VALUE   (LST)  VALUE       VALUE  FROM      YEAR
                                                  NORMAL
..................................................................
TEMPERATURE (F)
 YESTERDAY
  MAXIMUM         88    406 PM 101    2012  92     -4       98
  MINIMUM         69    555 AM  57    1974  73     -4       77
  AVERAGE         79                        82     -3       88

PRECIPITATION (IN)
  YESTERDAY        0.00          1.99 1999   0.22  -0.22     0.00
  MONTH TO DATE    7.49                      5.50   1.99     6.41
  SINCE JUN 1      7.49                      5.50   1.99     6.41
  SINCE JAN 1     39.14                     30.02   9.12    36.62

SNOWFALL (IN)
  YESTERDAY        0.0
  MONTH TO DATE    0.0
  SINCE JUN 1      0.0
  SINCE JUL 1      0.0
  SNOW DEPTH       0

DEGREE DAYS
 HEATING
  YESTERDAY        0                         0      0        0
  MONTH TO DATE    0                         0      0        0
  SINCE JUN 1      0                         0      0        0
  SINCE JUL 1    809                      1555   -746     1079

 COOLING
  YESTERDAY       14                        17     -3       23
  MONTH TO DATE  378                       414    -36      440
  SINCE JUN 1    378                       414    -36      440
  SINCE JAN 1   1115                       979    136     1016
..................................................................


WIND (MPH)
  HIGHEST WIND SPEED    12   HIGHEST WIND DIRECTION     N (20)
  HIGHEST GUST SPEED    14   HIGHEST GUST DIRECTION     E (70)
  AVERAGE WIND SPEED     5.7


SKY COVER
  POSSIBLE SUNSHINE  MM
  AVERAGE SKY COVER 0.3


WEATHER CONDITIONS
 THE FOLLOWING WEATHER WAS RECORDED YESTERDAY.
  NO SIGNIFICANT WEATHER WAS OBSERVED.


RELATIVE HUMIDITY (PERCENT)
 HIGHEST    84           100 AM
 LOWEST     50           300 PM
 AVERAGE    67

..........................................................


THE BATON ROUGE  ASOS CLIMATE NORMALS FOR TODAY
                         NORMAL    RECORD    YEAR
 MAXIMUM TEMPERATURE (F)   92       100      1930
 MINIMUM TEMPERATURE (F)   73        57      1974


SUNRISE AND SUNSET
JUNE 27 2017..........SUNRISE   604 AM CDT   SUNSET   811 PM CDT
JUNE 28 2017..........SUNRISE   605 AM CDT   SUNSET   811 PM CDT


-  INDICATES NEGATIVE NUMBERS.
R  INDICATES RECORD WAS SET OR TIED.
MM INDICATES DATA IS MISSING.
T  INDICATES TRACE AMOUNT.




$$
