000
CDUS44 KLIX 290703
CLIBTR


CLIMATE REPORT
NATIONAL WEATHER SERVICE NEW ORLEANS
202 AM CDT SUN MAR 29 2015


...................................

...THE BATON ROUGE  ASOS CLIMATE SUMMARY FOR MARCH 28 2015...

CLIMATE NORMAL PERIOD 1981 TO 2010
CLIMATE RECORD PERIOD 1894 TO 2015


WEATHER ITEM   OBSERVED TIME   RECORD YEAR NORMAL DEPARTURE LAST
                VALUE   (LST)  VALUE       VALUE  FROM      YEAR
                                                  NORMAL
..................................................................
TEMPERATURE (F)
 YESTERDAY
  MAXIMUM         74    333 PM  87    1989  76     -2       82
  MINIMUM         42    613 AM  34    1913  52    -10       62
  AVERAGE         58                        64     -6       72

PRECIPITATION (IN)
  YESTERDAY        0.00          2.15 1951   0.15  -0.15     1.58
  MONTH TO DATE    3.38                      3.95  -0.57     3.22
  SINCE MAR 1      3.38                      3.95  -0.57     3.22
  SINCE JAN 1     13.13                     14.71  -1.58    12.49

SNOWFALL (IN)
  YESTERDAY        0.0
  MONTH TO DATE    T
  SINCE MAR 1      T
  SINCE JUL 1      T
  SNOW DEPTH       0

DEGREE DAYS
 HEATING
  YESTERDAY        7                         4      3        0
  MONTH TO DATE   93                       158    -65      207
  SINCE MAR 1     93                       158    -65      207
  SINCE JUL 1   1635                      1493    142     1913

 COOLING
  YESTERDAY        0                         3     -3        7
  MONTH TO DATE   91                        50     41       26
  SINCE MAR 1     91                        50     41       26
  SINCE JAN 1     95                        81     14       46
..................................................................


WIND (MPH)
  HIGHEST WIND SPEED    14   HIGHEST WIND DIRECTION     S (170)
  HIGHEST GUST SPEED    17   HIGHEST GUST DIRECTION     S (170)
  AVERAGE WIND SPEED     5.4


SKY COVER
  POSSIBLE SUNSHINE  MM
  AVERAGE SKY COVER 0.0


WEATHER CONDITIONS
 THE FOLLOWING WEATHER WAS RECORDED YESTERDAY.
  NO SIGNIFICANT WEATHER WAS OBSERVED.


RELATIVE HUMIDITY (PERCENT)
 HIGHEST    89           400 AM
 LOWEST     33           300 PM
 AVERAGE    61

..........................................................


THE BATON ROUGE  ASOS CLIMATE NORMALS FOR TODAY
                         NORMAL    RECORD    YEAR
 MAXIMUM TEMPERATURE (F)   76        88      1924
 MINIMUM TEMPERATURE (F)   53        32      1899


SUNRISE AND SUNSET
MARCH 29 2015.........SUNRISE   658 AM CDT   SUNSET   722 PM CDT
MARCH 30 2015.........SUNRISE   656 AM CDT   SUNSET   722 PM CDT


-  INDICATES NEGATIVE NUMBERS.
R  INDICATES RECORD WAS SET OR TIED.
MM INDICATES DATA IS MISSING.
T  INDICATES TRACE AMOUNT.




$$
