000
CDUS41 KBTV 310600
CLIBTV


CLIMATE REPORT
NATIONAL WEATHER SERVICE BURLINGTON VT
100 AM EST SAT JAN 31 2015


...................................

...THE BURLINGTON VT CLIMATE SUMMARY FOR JANUARY 30 2015...

CLIMATE NORMAL PERIOD 1981 TO 2010
CLIMATE RECORD PERIOD 1884 TO 2015


WEATHER ITEM   OBSERVED TIME   RECORD YEAR NORMAL DEPARTURE LAST
                VALUE   (LST)  VALUE       VALUE  FROM      YEAR
                                                  NORMAL
..................................................................
TEMPERATURE (F)
 YESTERDAY
  MAXIMUM         29   1037 AM  57    2013  28      1       25
  MINIMUM          5   1159 PM -20    1948  10     -5       11
  AVERAGE         17                        19     -2       18

PRECIPITATION (IN)
  YESTERDAY        0.18          1.15 1947   0.06   0.12     0.00
  MONTH TO DATE    1.29                      1.99  -0.70     2.45
  SINCE DEC 1      4.14                      4.37  -0.23     4.99
  SINCE JAN 1      1.29                      1.99  -0.70     2.45

SNOWFALL (IN)
  YESTERDAY        7.5          15.1  1925   0.6    6.9      0.0
  MONTH TO DATE   20.7                      20.4    0.3     12.5
  SINCE DEC 1     42.6                      38.3    4.3     27.8
  SINCE JUL 1     53.2                      43.7    9.5     34.2
  SNOW DEPTH       3

DEGREE DAYS
 HEATING
  YESTERDAY       48                        46      2       47
  MONTH TO DATE 1451                      1392     59     1407
  SINCE DEC 1   2529                      2606    -77     2687
  SINCE JUL 1   3854                      4151   -297     4180

 COOLING
  YESTERDAY        0                         0      0        0
  MONTH TO DATE    0                         0      0        0
  SINCE DEC 1      0                         0      0        0
  SINCE JAN 1      0                         0      0        0
..................................................................


WIND (MPH)
  HIGHEST WIND SPEED    24   HIGHEST WIND DIRECTION    NW (320)
  HIGHEST GUST SPEED    31   HIGHEST GUST DIRECTION    NW (320)
  AVERAGE WIND SPEED    12.4


SKY COVER
  POSSIBLE SUNSHINE  MM
  AVERAGE SKY COVER 1.0


WEATHER CONDITIONS
 THE FOLLOWING WEATHER WAS RECORDED YESTERDAY.
  SNOW
  LIGHT SNOW
  FOG
  BLOWING SNOW


RELATIVE HUMIDITY (PERCENT)
 HIGHEST    85           500 AM
 LOWEST     61           800 PM
 AVERAGE    73

..........................................................


THE BURLINGTON VT CLIMATE NORMALS FOR TODAY
                         NORMAL    RECORD    YEAR
 MAXIMUM TEMPERATURE (F)   28        56      2013
                                             1988
 MINIMUM TEMPERATURE (F)   10       -27      1920


SUNRISE AND SUNSET
JANUARY 31 2015.......SUNRISE   712 AM EST   SUNSET   500 PM EST
FEBRUARY  1 2015......SUNRISE   711 AM EST   SUNSET   501 PM EST


-  INDICATES NEGATIVE NUMBERS.
R  INDICATES RECORD WAS SET OR TIED.
MM INDICATES DATA IS MISSING.
T  INDICATES TRACE AMOUNT.

&&

LAKE CHAMPLAIN DATA:
LAKE LEVEL..........95.53 FEET
WATER TEMPERATURE...33 DEGREES

MOUNT MANSFIELD DATA:
HIGH TEMPERATURE....19 DEGREES
LOW TEMPERATURE.....-1 DEGREES
PRECIPITATION.......0.32 INCHES
NEW SNOW............7.0 INCHES

$$
