000
CDUS41 KBTV 270536
CLIBTV


CLIMATE REPORT
NATIONAL WEATHER SERVICE BURLINGTON VT
135 AM EDT WED AUG 27 2014


...................................

...THE BURLINGTON VT CLIMATE SUMMARY FOR AUGUST 26 2014...

CLIMATE NORMAL PERIOD 1981 TO 2010
CLIMATE RECORD PERIOD 1884 TO 2014


WEATHER ITEM   OBSERVED TIME   RECORD YEAR NORMAL DEPARTURE LAST
                VALUE   (LST)  VALUE       VALUE  FROM      YEAR
                                                  NORMAL
..................................................................
TEMPERATURE (F)
 YESTERDAY
  MAXIMUM         86    234 PM  96    1948  78      8       74
  MINIMUM         59    503 AM  40    1987  57      2       64
                                      1914
  AVERAGE         73                        67      6       69

PRECIPITATION (IN)
  YESTERDAY        0.00          1.18 1909   0.11  -0.11     0.22
  MONTH TO DATE    1.97                      3.36  -1.39     3.07
  SINCE JUN 1     11.86                     11.21   0.65    17.42
  SINCE JAN 1     25.62                     23.52   2.10    32.69

SNOWFALL (IN)
  YESTERDAY        0.0           0.0  2002   0.0    0.0      0.0
                                      2001
  MONTH TO DATE    0.0                       0.0    0.0      0.0
  SINCE JUN 1      0.0                       0.0    0.0      0.0
  SINCE JUL 1      0.0                       0.0    0.0      0.0
  SNOW DEPTH       0

DEGREE DAYS
 HEATING
  YESTERDAY        0                         1     -1        0
  MONTH TO DATE   12                        22    -10        9
  SINCE JUN 1     33                       108    -75       81
  SINCE JUL 1     13                        35    -22       16

 COOLING
  YESTERDAY        8                         4      4        4
  MONTH TO DATE  118                       128    -10      104
  SINCE JUN 1    446                       412     34      504
  SINCE JAN 1    468                       431     37      551
..................................................................


WIND (MPH)
  HIGHEST WIND SPEED    17   HIGHEST WIND DIRECTION     S (190)
  HIGHEST GUST SPEED    22   HIGHEST GUST DIRECTION     S (190)
  AVERAGE WIND SPEED     7.2


SKY COVER
  POSSIBLE SUNSHINE  MM
  AVERAGE SKY COVER 0.1


WEATHER CONDITIONS
 THE FOLLOWING WEATHER WAS RECORDED YESTERDAY.
  NO SIGNIFICANT WEATHER WAS OBSERVED.


RELATIVE HUMIDITY (PERCENT)
 HIGHEST    90           200 AM
 LOWEST     37           100 PM
 AVERAGE    64

..........................................................


THE BURLINGTON VT CLIMATE NORMALS FOR TODAY
                         NORMAL    RECORD    YEAR
 MAXIMUM TEMPERATURE (F)   77        95      1948
 MINIMUM TEMPERATURE (F)   57        40      1969


SUNRISE AND SUNSET
AUGUST 27 2014........SUNRISE   609 AM EDT   SUNSET   738 PM EDT
AUGUST 28 2014........SUNRISE   611 AM EDT   SUNSET   736 PM EDT


-  INDICATES NEGATIVE NUMBERS.
R  INDICATES RECORD WAS SET OR TIED.
MM INDICATES DATA IS MISSING.
T  INDICATES TRACE AMOUNT.







&&

LAKE CHAMPLAIN DATA:
LEVEL...............95.55 FEET
TEMPERATURE.........74 DEGREES

MOUNT MANSFIELD DATA:
HIGH................69 DEGREES
LOW.................58 DEGREES
PRECIPITATION.......NONE

$$
