000
CDUS41 KBTV 260601
CLIBTV


CLIMATE REPORT
NATIONAL WEATHER SERVICE BURLINGTON VT
141 AM EDT FRI MAY 26 2017


...................................

...THE BURLINGTON VT CLIMATE SUMMARY FOR MAY 25 2017...

CLIMATE NORMAL PERIOD 1981 TO 2010
CLIMATE RECORD PERIOD 1884 TO 2017


WEATHER ITEM   OBSERVED TIME   RECORD YEAR NORMAL DEPARTURE LAST
                VALUE   (LST)  VALUE       VALUE  FROM      YEAR
                                                  NORMAL
..................................................................
TEMPERATURE (F)
 YESTERDAY
  MAXIMUM         66    115 PM  91    2010  70     -4       84
                                      1946
  MINIMUM         55   1049 PM  28    1956  48      7       55
  AVERAGE         61                        59      2       70

PRECIPITATION (IN)
  YESTERDAY        0.18          1.25 1897   0.12   0.06     0.00
  MONTH TO DATE    3.27                      2.72   0.55     1.79
  SINCE MAR 1     10.37                      7.76   2.61     5.85
  SINCE JAN 1     15.04                     11.58   3.46    10.18

SNOWFALL (IN)
  YESTERDAY        0.0           T    1967   0.0    0.0      0.0
  MONTH TO DATE    0.0                       0.0    0.0       T
  SINCE MAR 1     41.2                      20.4   20.8      5.3
  SINCE JUL 1    100.4                      81.2   19.2     34.3
  SNOW DEPTH       0

DEGREE DAYS
 HEATING
  YESTERDAY        4                         7     -3        0
  MONTH TO DATE  249                       252     -3      231
  SINCE MAR 1   1876                      1916    -40     1794
  SINCE JUL 1   6254                      7326  -1072     6178

 COOLING
  YESTERDAY        0                         1     -1        5
  MONTH TO DATE   27                         8     19        6
  SINCE MAR 1     42                        10     32        6
  SINCE JAN 1     42                        10     32        6
..................................................................


WIND (MPH)
  HIGHEST WIND SPEED    24   HIGHEST WIND DIRECTION    SE (130)
  HIGHEST GUST SPEED    30   HIGHEST GUST DIRECTION    SE (140)
  AVERAGE WIND SPEED     7.5


SKY COVER
  POSSIBLE SUNSHINE  MM
  AVERAGE SKY COVER 0.8


WEATHER CONDITIONS
 THE FOLLOWING WEATHER WAS RECORDED YESTERDAY.
  RAIN
  LIGHT RAIN
  FOG


RELATIVE HUMIDITY (PERCENT)
 HIGHEST    93          1100 PM
 LOWEST     48          1200 PM
 AVERAGE    71

..........................................................


THE BURLINGTON VT CLIMATE NORMALS FOR TODAY
                         NORMAL    RECORD    YEAR
 MAXIMUM TEMPERATURE (F)   70        92      2010
 MINIMUM TEMPERATURE (F)   49        32      1969


SUNRISE AND SUNSET
MAY 26 2017...........SUNRISE   515 AM EDT   SUNSET   825 PM EDT
MAY 27 2017...........SUNRISE   514 AM EDT   SUNSET   826 PM EDT


-  INDICATES NEGATIVE NUMBERS.
R  INDICATES RECORD WAS SET OR TIED.
MM INDICATES DATA IS MISSING.
T  INDICATES TRACE AMOUNT.







&&

LAKE CHAMPLAIN DATA:
LEVEL...............98.20 FEET
TEMPERATURE.........50 DEGREES

MOUNT MANSFIELD DATA:
HIGH................57 DEGREES
LOW.................43 DEGREES
PRECIPITATION.......0.10 INCHES

$$
