000
CDUS41 KBUF 291038
CLIBUF


CLIMATE REPORT
NATIONAL WEATHER SERVICE BUFFALO NY
635 AM EDT MON MAY 29 2017


...................................

...THE BUFFALO NY CLIMATE SUMMARY FOR MAY 28 2017...

CLIMATE NORMAL PERIOD 1981 TO 2010
CLIMATE RECORD PERIOD 1871 TO 2017


WEATHER ITEM   OBSERVED TIME   RECORD YEAR NORMAL DEPARTURE LAST
                VALUE   (LST)  VALUE       VALUE  FROM      YEAR
                                                  NORMAL
..................................................................
TEMPERATURE (F)
 YESTERDAY
  MAXIMUM         79    330 PM  90    2016  70      9       90
  MINIMUM         51    456 AM  35    1907  52     -1       65
  AVERAGE         65                        61      4       78

PRECIPITATION (IN)
  YESTERDAY        0.00          1.57 2013   0.12  -0.12     0.06
  MONTH TO DATE    5.94                      3.10   2.84     1.21
  SINCE MAR 1     16.68                      8.98   7.70     5.96
  SINCE JAN 1     21.86                     14.65   7.21    11.24

SNOWFALL (IN)
  YESTERDAY        0.0           0.0    MM   0.0    0.0      0.0
  MONTH TO DATE    0.0                       0.3   -0.3       T
  SINCE MAR 1     29.1                      15.9   13.2      8.0
  SINCE JUL 1     76.1                      94.7  -18.6     55.1
  SNOW DEPTH       0

DEGREE DAYS
 HEATING
  YESTERDAY        0                         6     -6        0
  MONTH TO DATE  284                       258     26      237
  SINCE MAR 1   1700                      1795    -95     1657
  SINCE JUL 1   5592                      6539   -947     5595

 COOLING
  YESTERDAY        0                         1     -1       13
  MONTH TO DATE   19                        16      3       34
  SINCE MAR 1     25                        19      6       34
  SINCE JAN 1     25                        19      6       34
..................................................................


WIND (MPH)
  HIGHEST WIND SPEED    17   HIGHEST WIND DIRECTION     S (180)
  HIGHEST GUST SPEED    21   HIGHEST GUST DIRECTION     S (180)
  AVERAGE WIND SPEED     5.8


SKY COVER
  AVERAGE SKY COVER 0.8


WEATHER CONDITIONS
 THE FOLLOWING WEATHER WAS RECORDED YESTERDAY.
  NO SIGNIFICANT WEATHER WAS OBSERVED.


RELATIVE HUMIDITY (PERCENT)
 HIGHEST    93           100 AM
 LOWEST     50           200 PM
 AVERAGE    72

..........................................................


THE BUFFALO NY CLIMATE NORMALS FOR TODAY
                         NORMAL    RECORD    YEAR
 MAXIMUM TEMPERATURE (F)   70        87      1987
                                             1944
 MINIMUM TEMPERATURE (F)   52        34      1889


SUNRISE AND SUNSET
MAY 29 2017...........SUNRISE   540 AM EDT   SUNSET   845 PM EDT
MAY 30 2017...........SUNRISE   540 AM EDT   SUNSET   846 PM EDT


-  INDICATES NEGATIVE NUMBERS.
R  INDICATES RECORD WAS SET OR TIED.
MM INDICATES DATA IS MISSING.
T  INDICATES TRACE AMOUNT.




$$
