101
CDUS41 KBUF 271022
CLIBUF


CLIMATE REPORT
NATIONAL WEATHER SERVICE BUFFALO NY
521 AM EST MON FEB 27 2017


...................................

...THE BUFFALO NY CLIMATE SUMMARY FOR FEBRUARY 26 2017...

CLIMATE NORMAL PERIOD 1981 TO 2010
CLIMATE RECORD PERIOD 1871 TO 2017


WEATHER ITEM   OBSERVED TIME   RECORD YEAR NORMAL DEPARTURE LAST
                VALUE   (LST)  VALUE       VALUE  FROM      YEAR
                                                  NORMAL
..................................................................
TEMPERATURE (F)
 YESTERDAY
  MAXIMUM         36   1140 PM  71    2000  36      0       27
  MINIMUM         27    827 AM  -5    1963  21      6       17
  AVERAGE         32                        28      4       22

PRECIPITATION (IN)
  YESTERDAY        T             0.89 2013   0.09  -0.09     0.02
  MONTH TO DATE    2.26                      2.30  -0.04     3.28
  SINCE DEC 1      9.24                      9.37  -0.13     7.99
  SINCE JAN 1      5.18                      5.48  -0.30     5.09

SNOWFALL (IN)
  YESTERDAY        0.1           6.0  1921   0.6   -0.5      0.7
  MONTH TO DATE    5.0                      16.2  -11.2     20.5
  SINCE DEC 1     46.1                      68.9  -22.8     47.1
  SINCE JUL 1     47.0                      77.7  -30.7     47.1
  SNOW DEPTH       T

DEGREE DAYS
 HEATING
  YESTERDAY       33                        37     -4       43
  MONTH TO DATE  795                      1012   -217      946
  SINCE DEC 1   2880                      3338   -458     2822
  SINCE JUL 1   3850                      4671   -821     3866

 COOLING
  YESTERDAY        0                         0      0        0
  MONTH TO DATE    0                         0      0        0
  SINCE DEC 1      0                         0      0        0
  SINCE JAN 1      0                         0      0        0
..................................................................


WIND (MPH)
  HIGHEST WIND SPEED    26   HIGHEST WIND DIRECTION    SW (240)
  HIGHEST GUST SPEED    36   HIGHEST GUST DIRECTION    SW (240)
  AVERAGE WIND SPEED    16.9


SKY COVER
  AVERAGE SKY COVER 0.8


WEATHER CONDITIONS
 THE FOLLOWING WEATHER WAS RECORDED YESTERDAY.
  LIGHT SNOW


RELATIVE HUMIDITY (PERCENT)
 HIGHEST    72           700 PM
 LOWEST     47          1100 AM
 AVERAGE    60

..........................................................


THE BUFFALO NY CLIMATE NORMALS FOR TODAY
                         NORMAL    RECORD    YEAR
 MAXIMUM TEMPERATURE (F)   36        64      2000
 MINIMUM TEMPERATURE (F)   21        -4      1934
                                             1920


SUNRISE AND SUNSET
FEBRUARY 27 2017......SUNRISE   654 AM EST   SUNSET   602 PM EST
FEBRUARY 28 2017......SUNRISE   652 AM EST   SUNSET   603 PM EST


-  INDICATES NEGATIVE NUMBERS.
R  INDICATES RECORD WAS SET OR TIED.
MM INDICATES DATA IS MISSING.
T  INDICATES TRACE AMOUNT.




$$
