000
CDUS41 KBUF 021013
CLIBUF


CLIMATE REPORT
NATIONAL WEATHER SERVICE BUFFALO NY
611 AM EDT TUE JUN 2 2015


...................................

...THE BUFFALO NY CLIMATE SUMMARY FOR JUNE 1 2015...

CLIMATE NORMAL PERIOD 1981 TO 2010
CLIMATE RECORD PERIOD 1871 TO 2015


WEATHER ITEM   OBSERVED TIME   RECORD YEAR NORMAL DEPARTURE LAST
                VALUE   (LST)  VALUE       VALUE  FROM      YEAR
                                                  NORMAL
..................................................................
TEMPERATURE (F)
 YESTERDAY
  MAXIMUM         54    646 PM  92    1919  71    -17       83
  MINIMUM         45    635 AM  35    1945  53     -8       50
  AVERAGE         50                        62    -12       67

PRECIPITATION (IN)
  YESTERDAY        T             1.15 1986   0.13  -0.13     0.00
  MONTH TO DATE    T                         0.13  -0.13     0.00
  SINCE JUN 1      T                         0.13  -0.13     0.00
  SINCE JAN 1     12.63                     15.14  -2.51    17.53

SNOWFALL (IN)
  YESTERDAY        0.0           0.0    MM   0.0    0.0      0.0
  MONTH TO DATE    0.0                       0.0    0.0      0.0
  SINCE JUN 1      0.0                       0.0    0.0      0.0
  SINCE JUL 1    112.9                      94.7   18.2    129.9
  SNOW DEPTH       0

DEGREE DAYS
 HEATING
  YESTERDAY       15                         5     10        0
  MONTH TO DATE   15                         5     10        0
  SINCE JUN 1     15                         5     10        0
  SINCE JUL 1   6993                      6558    435     7097

 COOLING
  YESTERDAY        0                         2     -2        2
  MONTH TO DATE    0                         2     -2        2
  SINCE JUN 1      0                         2     -2        2
  SINCE JAN 1     91                        28     63       25
..................................................................


WIND (MPH)
  HIGHEST WIND SPEED    18   HIGHEST WIND DIRECTION    NE (50)
  HIGHEST GUST SPEED    24   HIGHEST GUST DIRECTION    NE (40)
  AVERAGE WIND SPEED     8.8


SKY COVER
  AVERAGE SKY COVER 0.9


WEATHER CONDITIONS
 THE FOLLOWING WEATHER WAS RECORDED YESTERDAY.
  LIGHT RAIN
  FOG


RELATIVE HUMIDITY (PERCENT)
 HIGHEST    93           700 AM
 LOWEST     83          1100 AM
 AVERAGE    88

..........................................................


THE BUFFALO NY CLIMATE NORMALS FOR TODAY
                         NORMAL    RECORD    YEAR
 MAXIMUM TEMPERATURE (F)   72        87      1919
 MINIMUM TEMPERATURE (F)   53        39      1966
                                             1929


SUNRISE AND SUNSET
JUNE  2 2015..........SUNRISE   538 AM EDT   SUNSET   848 PM EDT
JUNE  3 2015..........SUNRISE   538 AM EDT   SUNSET   849 PM EDT


-  INDICATES NEGATIVE NUMBERS.
R  INDICATES RECORD WAS SET OR TIED.
MM INDICATES DATA IS MISSING.
T  INDICATES TRACE AMOUNT.




$$
