000
CDUS41 KBUF 051025
CLIBUF


CLIMATE REPORT
NATIONAL WEATHER SERVICE BUFFALO NY
622 AM EDT SAT SEP 5 2015


...................................

...THE BUFFALO NY CLIMATE SUMMARY FOR SEPTEMBER 4 2015...

CLIMATE NORMAL PERIOD 1981 TO 2010
CLIMATE RECORD PERIOD 1871 TO 2015


WEATHER ITEM   OBSERVED TIME   RECORD YEAR NORMAL DEPARTURE LAST
                VALUE   (LST)  VALUE       VALUE  FROM      YEAR
                                                  NORMAL
..................................................................
TEMPERATURE (F)
 YESTERDAY
  MAXIMUM         86    324 PM  94    1953  75     11       84
  MINIMUM         67    552 AM  44    1946  57     10       62
  AVERAGE         77                        66     11       73

PRECIPITATION (IN)
  YESTERDAY        0.00          1.32 2012   0.12  -0.12     0.00
  MONTH TO DATE    0.10                      0.47  -0.37     0.21
  SINCE SEP 1      0.10                      0.47  -0.37     0.21
  SINCE JAN 1     24.57                     25.63  -1.06    30.15

SNOWFALL (IN)
  YESTERDAY        0.0           0.0    MM   0.0    0.0      0.0
  MONTH TO DATE    0.0                       0.0    0.0      0.0
  SINCE SEP 1      0.0                       0.0    0.0      0.0
  SINCE JUL 1      0.0                       0.0    0.0      0.0
  SNOW DEPTH       0

DEGREE DAYS
 HEATING
  YESTERDAY        0                         2     -2        0
  MONTH TO DATE    0                         7     -7        0
  SINCE SEP 1      0                         7     -7        0
  SINCE JUL 1     15                        34    -19       22

 COOLING
  YESTERDAY       12                         3      9        8
  MONTH TO DATE   47                        13     34       29
  SINCE SEP 1     47                        13     34       29
  SINCE JAN 1    572                       500     72      475
..................................................................


WIND (MPH)
  HIGHEST WIND SPEED    18   HIGHEST WIND DIRECTION    NE (50)
  HIGHEST GUST SPEED    21   HIGHEST GUST DIRECTION    NE (60)
  AVERAGE WIND SPEED     8.4


SKY COVER
  AVERAGE SKY COVER 0.3


WEATHER CONDITIONS
 THE FOLLOWING WEATHER WAS RECORDED YESTERDAY.
  FOG
  HAZE


RELATIVE HUMIDITY (PERCENT)
 HIGHEST    90          1200 AM
 LOWEST     48           200 PM
 AVERAGE    69

..........................................................


THE BUFFALO NY CLIMATE NORMALS FOR TODAY
                         NORMAL    RECORD    YEAR
 MAXIMUM TEMPERATURE (F)   75        92      1948
 MINIMUM TEMPERATURE (F)   57        42      1963


SUNRISE AND SUNSET
SEPTEMBER  5 2015.....SUNRISE   643 AM EDT   SUNSET   743 PM EDT
SEPTEMBER  6 2015.....SUNRISE   645 AM EDT   SUNSET   741 PM EDT


-  INDICATES NEGATIVE NUMBERS.
R  INDICATES RECORD WAS SET OR TIED.
MM INDICATES DATA IS MISSING.
T  INDICATES TRACE AMOUNT.




$$
