833
CDUS46 KLOX 090902
CLIBUR


CLIMATE REPORT
NATIONAL WEATHER SERVICE LOS ANGELES/OXNARD CA
102 AM PST TUE FEB 9 2016


...................................

...THE BOB HOPE AIRPORT (BURBANK) CA CLIMATE SUMMARY FOR FEBRUARY 8 2016...

CLIMATE NORMAL PERIOD 1981 TO 2010
CLIMATE RECORD PERIOD 1939 TO 2016


WEATHER ITEM   OBSERVED TIME   RECORD YEAR NORMAL DEPARTURE LAST
                VALUE   (LST)  VALUE       VALUE  FROM      YEAR
                                                  NORMAL
..................................................................
TEMPERATURE (F)
 YESTERDAY
  MAXIMUM         87    215 PM  90    1996  68     19       78
  MINIMUM         59   1159 PM  33    1948  43     16       55
  AVERAGE         73                        56     17       67

PRECIPITATION (IN)
  YESTERDAY        0.00          4.50 1993   0.16  -0.16     0.00
  MONTH TO DATE    T                         1.17  -1.17     0.01
  SINCE OCT 1      4.84                      9.14  -4.30     5.62
  SINCE JAN 1      3.74                      4.70  -0.96     1.12

SNOWFALL (IN)
  YESTERDAY        0.0
  MONTH TO DATE    0.0
  SINCE DEC 1      0.0
  SINCE JUL 1      0.0

DEGREE DAYS
 HEATING
  YESTERDAY        0                        10    -10        0
  MONTH TO DATE   65                        80    -15       22
  SINCE DEC 1    705                       735    -30      429
  SINCE JUL 1    881                       963    -82      489

 COOLING
  YESTERDAY        8                         0      8        2
  MONTH TO DATE    9                         0      9        3
  SINCE DEC 1     13                         3     10       12
  SINCE JAN 1      9                         2      7        9
..................................................................


WIND (MPH)
  HIGHEST WIND SPEED    17   HIGHEST WIND DIRECTION     N (10)
  HIGHEST GUST SPEED    22   HIGHEST GUST DIRECTION     N (340)
  AVERAGE WIND SPEED     3.8


SKY COVER
  POSSIBLE SUNSHINE  MM
  AVERAGE SKY COVER 0.0


WEATHER CONDITIONS
 THE FOLLOWING WEATHER WAS RECORDED YESTERDAY.
  NO SIGNIFICANT WEATHER WAS OBSERVED.


RELATIVE HUMIDITY (PERCENT)
 HIGHEST    25          1100 PM
 LOWEST     10          1200 PM
 AVERAGE    18

..........................................................


THE BOB HOPE AIRPORT (BURBANK) CA CLIMATE NORMALS FOR TODAY
                         NORMAL    RECORD    YEAR
 MAXIMUM TEMPERATURE (F)   68        91      1996
 MINIMUM TEMPERATURE (F)   43        35      1980


SUNRISE AND SUNSET
FEBRUARY  9 2016......SUNRISE   645 AM PST   SUNSET   531 PM PST
FEBRUARY 10 2016......SUNRISE   644 AM PST   SUNSET   532 PM PST


-  INDICATES NEGATIVE NUMBERS.
R  INDICATES RECORD WAS SET OR TIED.
MM INDICATES DATA IS MISSING.
T  INDICATES TRACE AMOUNT.




$$
