000
CDUS46 KLOX 230915
CLIBUR


CLIMATE REPORT
NATIONAL WEATHER SERVICE LOS ANGELES/OXNARD CA
215 AM PDT THU MAR 23 2017


...................................

...THE BOB HOPE AIRPORT (BURBANK) CA CLIMATE SUMMARY FOR MARCH 22 2017...

CLIMATE NORMAL PERIOD 1981 TO 2010
CLIMATE RECORD PERIOD 1939 TO 2017


WEATHER ITEM   OBSERVED TIME   RECORD YEAR NORMAL DEPARTURE LAST
                VALUE   (LST)  VALUE       VALUE  FROM      YEAR
                                                  NORMAL
..................................................................
TEMPERATURE (F)
 YESTERDAY
  MAXIMUM         67    402 PM  86    2008  71     -4       68
                                      1986
  MINIMUM         53   1152 PM  34    1987  47      6       50
  AVERAGE         60                        59      1       59

PRECIPITATION (IN)
  YESTERDAY        0.01          1.32 1978   0.07  -0.06     0.00
  MONTH TO DATE    0.21                      2.37  -2.16     1.74
  SINCE OCT 1     13.61                     14.82  -1.21     7.21
  SINCE JAN 1      9.35                     10.38  -1.03     6.11

SNOWFALL (IN)
  YESTERDAY        0.0
  MONTH TO DATE    0.0
  SINCE MAR 1      0.0
  SINCE JUL 1      0.0

DEGREE DAYS
 HEATING
  YESTERDAY        5                         7     -2        6
  MONTH TO DATE   63                       161    -98       81
  SINCE MAR 1     63                       161    -98       81
  SINCE JUL 1   1056                      1302   -246      988

 COOLING
  YESTERDAY        0                         0      0        0
  MONTH TO DATE   60                         0     60       12
  SINCE MAR 1     60                         0     60       12
  SINCE JAN 1     61                         6     55       67
..................................................................


WIND (MPH)
  HIGHEST WIND SPEED    18   HIGHEST WIND DIRECTION     W (260)
  HIGHEST GUST SPEED    23   HIGHEST GUST DIRECTION     W (260)
  AVERAGE WIND SPEED     5.9


SKY COVER
  POSSIBLE SUNSHINE  MM
  AVERAGE SKY COVER 0.5


WEATHER CONDITIONS
 THE FOLLOWING WEATHER WAS RECORDED YESTERDAY.
  THUNDERSTORM
  LIGHT RAIN
  FOG


RELATIVE HUMIDITY (PERCENT)
 HIGHEST   100          1200 AM
 LOWEST     42           300 PM
 AVERAGE    71

..........................................................


THE BOB HOPE AIRPORT (BURBANK) CA CLIMATE NORMALS FOR TODAY
                         NORMAL    RECORD    YEAR
 MAXIMUM TEMPERATURE (F)   71        88      1953
 MINIMUM TEMPERATURE (F)   47        37      1973


SUNRISE AND SUNSET
MARCH 23 2017.........SUNRISE   653 AM PDT   SUNSET   708 PM PDT
MARCH 24 2017.........SUNRISE   651 AM PDT   SUNSET   708 PM PDT


-  INDICATES NEGATIVE NUMBERS.
R  INDICATES RECORD WAS SET OR TIED.
MM INDICATES DATA IS MISSING.
T  INDICATES TRACE AMOUNT.




$$
