000
CDUS46 KLOX 270900
CLIBUR


CLIMATE REPORT
NATIONAL WEATHER SERVICE LOS ANGELES/OXNARD CA
200 AM PDT THU APR 27 2017


...................................

...THE BOB HOPE AIRPORT (BURBANK) CA CLIMATE SUMMARY FOR APRIL 26 2017...

CLIMATE NORMAL PERIOD 1981 TO 2010
CLIMATE RECORD PERIOD 1939 TO 2017


WEATHER ITEM   OBSERVED TIME   RECORD YEAR NORMAL DEPARTURE LAST
                VALUE   (LST)  VALUE       VALUE  FROM      YEAR
                                                  NORMAL
..................................................................
TEMPERATURE (F)
 YESTERDAY
  MAXIMUM         87    313 PM  99    2004  75     12       70
  MINIMUM         58    639 AM  40    1964  52      6       47
  AVERAGE         73                        63     10       59

PRECIPITATION (IN)
  YESTERDAY        0.00          1.11 1940   0.03  -0.03     0.00
  MONTH TO DATE    0.09                      1.01  -0.92     0.30
  SINCE OCT 1     13.70                     16.43  -2.73     7.64
  SINCE JAN 1      9.44                     11.99  -2.55     6.54

SNOWFALL (IN)
  YESTERDAY        0.0
  MONTH TO DATE    0.0
  SINCE MAR 1      0.0
  SINCE JUL 1      0.0

DEGREE DAYS
 HEATING
  YESTERDAY        0                         4     -4        6
  MONTH TO DATE   38                       127    -89       40
  SINCE MAR 1    126                       345   -219      155
  SINCE JUL 1   1119                      1486   -367     1062

 COOLING
  YESTERDAY        8                         2      6        0
  MONTH TO DATE   52                        31     21       73
  SINCE MAR 1    118                        41     77       89
  SINCE JAN 1    119                        47     72      144
..................................................................


WIND (MPH)
  HIGHEST WIND SPEED    29   HIGHEST WIND DIRECTION     N (350)
  HIGHEST GUST SPEED    36   HIGHEST GUST DIRECTION     N (10)
  AVERAGE WIND SPEED    10.9


SKY COVER
  POSSIBLE SUNSHINE  MM
  AVERAGE SKY COVER 0.0


WEATHER CONDITIONS
 THE FOLLOWING WEATHER WAS RECORDED YESTERDAY.
  NO SIGNIFICANT WEATHER WAS OBSERVED.


RELATIVE HUMIDITY (PERCENT)
 HIGHEST    72           600 AM
 LOWEST     22          1100 AM
 AVERAGE    47

..........................................................


THE BOB HOPE AIRPORT (BURBANK) CA CLIMATE NORMALS FOR TODAY
                         NORMAL    RECORD    YEAR
 MAXIMUM TEMPERATURE (F)   75       100      2004
 MINIMUM TEMPERATURE (F)   52        39      1971


SUNRISE AND SUNSET
APRIL 27 2017.........SUNRISE   608 AM PDT   SUNSET   735 PM PDT
APRIL 28 2017.........SUNRISE   607 AM PDT   SUNSET   735 PM PDT


-  INDICATES NEGATIVE NUMBERS.
R  INDICATES RECORD WAS SET OR TIED.
MM INDICATES DATA IS MISSING.
T  INDICATES TRACE AMOUNT.




$$
