000
CDUS46 KLOX 200902
CLIBUR


CLIMATE REPORT
NATIONAL WEATHER SERVICE LOS ANGELES/OXNARD CA
102 AM PST SAT DEC 20 2014


...................................

...THE BOB HOPE AIRPORT (BURBANK) CA CLIMATE SUMMARY FOR DECEMBER 19 2014...

CLIMATE NORMAL PERIOD 1981 TO 2010
CLIMATE RECORD PERIOD 1939 TO 2014


WEATHER ITEM   OBSERVED TIME   RECORD YEAR NORMAL DEPARTURE LAST
                VALUE   (LST)  VALUE       VALUE  FROM      YEAR
                                                  NORMAL
..................................................................
TEMPERATURE (F)
 YESTERDAY
  MAXIMUM         64    101 PM  85    1939  67     -3       57
  MINIMUM         45    709 AM  34    1975  41      4       47
  AVERAGE         55                        54      1       52

PRECIPITATION (IN)
  YESTERDAY        0.00          2.06 1970   0.08  -0.08     0.18
  MONTH TO DATE    3.36                      1.26   2.10     0.20
  SINCE JUL 1      4.54                      3.62   0.92     0.64
  SINCE JAN 1      9.45                     16.17  -6.72     3.24

SNOWFALL (IN)
  YESTERDAY        0.0
  MONTH TO DATE    0.0
  SINCE DEC 1      0.0
  SINCE JUL 1      0.0

DEGREE DAYS
 HEATING
  YESTERDAY       10                        11     -1       13
  MONTH TO DATE  116                       203    -87      160
  SINCE DEC 1    116                       203    -87      160
  SINCE JUL 1    176                       431   -255      248

 COOLING
  YESTERDAY        0                         0      0        0
  MONTH TO DATE    1                         0      1       13
  SINCE DEC 1      1                         0      1       13
  SINCE JAN 1   1956                      1245    711     2024
..................................................................


WIND (MPH)
  HIGHEST WIND SPEED     9   HIGHEST WIND DIRECTION    SW (210)
  HIGHEST GUST SPEED    12   HIGHEST GUST DIRECTION    SW (230)
  AVERAGE WIND SPEED     2.1


SKY COVER
  POSSIBLE SUNSHINE  MM
  AVERAGE SKY COVER 0.0


WEATHER CONDITIONS
 THE FOLLOWING WEATHER WAS RECORDED YESTERDAY.
  NO SIGNIFICANT WEATHER WAS OBSERVED.


RELATIVE HUMIDITY (PERCENT)
 HIGHEST    86          1200 AM
 LOWEST     48           100 PM
 AVERAGE    67

..........................................................


THE BOB HOPE AIRPORT (BURBANK) CA CLIMATE NORMALS FOR TODAY
                         NORMAL    RECORD    YEAR
 MAXIMUM TEMPERATURE (F)   67        83      1985
 MINIMUM TEMPERATURE (F)   41        30      1967


SUNRISE AND SUNSET
DECEMBER 20 2014......SUNRISE   655 AM PST   SUNSET   447 PM PST
DECEMBER 21 2014......SUNRISE   655 AM PST   SUNSET   448 PM PST


-  INDICATES NEGATIVE NUMBERS.
R  INDICATES RECORD WAS SET OR TIED.
MM INDICATES DATA IS MISSING.
T  INDICATES TRACE AMOUNT.




$$
