000
CDUS46 KLOX 010859
CLIBUR


CLIMATE REPORT
NATIONAL WEATHER SERVICE LOS ANGELES/OXNARD CA
159 AM PDT SAT OCT 1 2016


...................................

...THE BOB HOPE AIRPORT (BURBANK) CA CLIMATE SUMMARY FOR SEPTEMBER 30 2016...

CLIMATE NORMAL PERIOD 1981 TO 2010
CLIMATE RECORD PERIOD 1939 TO 2016


WEATHER ITEM   OBSERVED TIME   RECORD YEAR NORMAL DEPARTURE LAST
                VALUE   (LST)  VALUE       VALUE  FROM      YEAR
                                                  NORMAL
..................................................................
TEMPERATURE (F)
 YESTERDAY
  MAXIMUM         91    129 PM 111    1980  83      8       92
  MINIMUM         67    523 AM  45    1940  58      9       66
  AVERAGE         79                        70      9       79

PRECIPITATION (IN)
  YESTERDAY        0.00          1.10 1983   0.01  -0.01     0.00
  MONTH TO DATE    T                         0.23  -0.23     1.04
  SINCE OCT 1      7.66                     17.31  -9.65     8.95
  SINCE JAN 1      6.56                     12.87  -6.31     4.45

SNOWFALL (IN)
  YESTERDAY        0.0
  MONTH TO DATE    0.0
  SINCE SEP 1      0.0
  SINCE JUL 1      0.0

DEGREE DAYS
 HEATING
  YESTERDAY        0                         1     -1        0
  MONTH TO DATE    1                         3     -2        0
  SINCE SEP 1      1                         6     -5        0
  SINCE JUL 1      1                         6     -5        0

 COOLING
  YESTERDAY       14                         6      8       14
  MONTH TO DATE  281                       249     32      462
  SINCE SEP 1    281                       249     32      462
  SINCE JAN 1   1494                      1131    363     1813
..................................................................


WIND (MPH)
  HIGHEST WIND SPEED    14   HIGHEST WIND DIRECTION     S (170)
  HIGHEST GUST SPEED    18   HIGHEST GUST DIRECTION     S (190)
  AVERAGE WIND SPEED     4.4


SKY COVER
  POSSIBLE SUNSHINE  MM
  AVERAGE SKY COVER 0.0


WEATHER CONDITIONS
 THE FOLLOWING WEATHER WAS RECORDED YESTERDAY.
  NO SIGNIFICANT WEATHER WAS OBSERVED.


RELATIVE HUMIDITY (PERCENT)
 HIGHEST    61          1200 AM
 LOWEST     21           900 PM
 AVERAGE    41

..........................................................


THE BOB HOPE AIRPORT (BURBANK) CA CLIMATE NORMALS FOR TODAY
                         NORMAL    RECORD    YEAR
 MAXIMUM TEMPERATURE (F)   83       108      1980
 MINIMUM TEMPERATURE (F)   57        43      1971


SUNRISE AND SUNSET
OCTOBER  1 2016.......SUNRISE   648 AM PDT   SUNSET   637 PM PDT
OCTOBER  2 2016.......SUNRISE   649 AM PDT   SUNSET   635 PM PDT


-  INDICATES NEGATIVE NUMBERS.
R  INDICATES RECORD WAS SET OR TIED.
MM INDICATES DATA IS MISSING.
T  INDICATES TRACE AMOUNT.




$$
