000
CDUS46 KLOX 200909
CLIBUR


CLIMATE REPORT
NATIONAL WEATHER SERVICE LOS ANGELES/OXNARD CA
108 AM PST TUE FEB 20 2018


...................................

...THE BOB HOPE AIRPORT (BURBANK) CA CLIMATE SUMMARY FOR FEBRUARY 19 2018...

CLIMATE NORMAL PERIOD 1981 TO 2010
CLIMATE RECORD PERIOD 1939 TO 2018


WEATHER ITEM   OBSERVED TIME   RECORD YEAR NORMAL DEPARTURE LAST
                VALUE   (LST)  VALUE       VALUE  FROM      YEAR
                                                  NORMAL
..................................................................
TEMPERATURE (F)
 YESTERDAY
  MAXIMUM         58    229 PM  89    1977  68    -10       60
  MINIMUM         45   1159 PM  34    1955  44      1       47
  AVERAGE         52                        56     -4       54

PRECIPITATION (IN)
  YESTERDAY        0.00          2.74 2005   0.18  -0.18     0.07
  MONTH TO DATE    0.02                      3.00  -2.98     3.30
  SINCE OCT 1      2.43                     10.97  -8.54    13.25
  SINCE JAN 1      2.35                      6.53  -4.18     8.99

SNOWFALL (IN)
  YESTERDAY        0.0
  MONTH TO DATE    0.0
  SINCE DEC 1      0.0
  SINCE JUL 1      0.0

DEGREE DAYS
 HEATING
  YESTERDAY       13                         9      4       11
  MONTH TO DATE   71                       181   -110      124
  SINCE DEC 1    330                       836   -506      767
  SINCE JUL 1    369                      1064   -695      885

 COOLING
  YESTERDAY        0                         0      0        0
  MONTH TO DATE   12                         0     12        1
  SINCE DEC 1     43                         3     40        1
  SINCE JAN 1     34                         2     32        1
..................................................................


WIND (MPH)
  HIGHEST WIND SPEED    29   HIGHEST WIND DIRECTION     N (360)
  HIGHEST GUST SPEED    36   HIGHEST GUST DIRECTION     N (10)
  AVERAGE WIND SPEED    12.9


SKY COVER
  POSSIBLE SUNSHINE  MM
  AVERAGE SKY COVER 0.3


WEATHER CONDITIONS
 THE FOLLOWING WEATHER WAS RECORDED YESTERDAY.
  HAZE


RELATIVE HUMIDITY (PERCENT)
 HIGHEST    89          1200 AM
 LOWEST     21           100 PM
 AVERAGE    55

..........................................................


THE BOB HOPE AIRPORT (BURBANK) CA CLIMATE NORMALS FOR TODAY
                         NORMAL    RECORD    YEAR
 MAXIMUM TEMPERATURE (F)   68        89      1995
 MINIMUM TEMPERATURE (F)   44        32      1955


SUNRISE AND SUNSET
FEBRUARY 20 2018......SUNRISE   633 AM PST   SUNSET   542 PM PST
FEBRUARY 21 2018......SUNRISE   632 AM PST   SUNSET   543 PM PST


-  INDICATES NEGATIVE NUMBERS.
R  INDICATES RECORD WAS SET OR TIED.
MM INDICATES DATA IS MISSING.
T  INDICATES TRACE AMOUNT.




$$
