000
CDUS43 KLMK 090631
CLIBWG


CLIMATE REPORT
NATIONAL WEATHER SERVICE LOUISVILLE KY
130 AM EST FRI DEC 9 2016


...................................

...THE BOWLING GREEN KY CLIMATE SUMMARY FOR DECEMBER 8 2016...

CLIMATE NORMAL PERIOD 1981 TO 2010
CLIMATE RECORD PERIOD 1870 TO 2016


WEATHER ITEM   OBSERVED TIME   RECORD YEAR NORMAL DEPARTURE LAST
                VALUE   (LST)  VALUE       VALUE  FROM      YEAR
                                                  NORMAL
..................................................................
TEMPERATURE (F)
 YESTERDAY
  MAXIMUM         37    139 PM  76    1894  50    -13       61
  MINIMUM         26   1103 PM   2    1882  31     -5       27
  AVERAGE         32                        40     -8       44

PRECIPITATION (IN)
  YESTERDAY        0.00          4.15 1978   0.17  -0.17     0.00
  MONTH TO DATE    0.93                      1.29  -0.36     0.60
  SINCE DEC 1      0.93                      1.29  -0.36     0.60
  SINCE JAN 1     42.89                     46.38  -3.49    49.85

SNOWFALL (IN)
  YESTERDAY        0.0           5.0  1917   0.0    0.0      0.0
  MONTH TO DATE    0.0                       0.1   -0.1      0.0
  SINCE DEC 1      0.0                       0.1   -0.1      0.0
  SINCE JUL 1      0.0                       0.1   -0.1      0.0
  SNOW DEPTH       0

DEGREE DAYS
 HEATING
  YESTERDAY       33                        25      8       21
  MONTH TO DATE  195                       188      7      167
  SINCE DEC 1    195                       188      7      167
  SINCE JUL 1    681                       951   -270      705

 COOLING
  YESTERDAY        0                         0      0        0
  MONTH TO DATE    0                         0      0        0
  SINCE DEC 1      0                         0      0        0
  SINCE JAN 1   1979                      1491    488     1671
..................................................................


WIND (MPH)
  HIGHEST WIND SPEED    17   HIGHEST WIND DIRECTION     W (280)
  HIGHEST GUST SPEED    22   HIGHEST GUST DIRECTION     W (280)
  AVERAGE WIND SPEED     7.1


SKY COVER
  POSSIBLE SUNSHINE  MM
  AVERAGE SKY COVER 0.3


WEATHER CONDITIONS
 THE FOLLOWING WEATHER WAS RECORDED YESTERDAY.
  NO SIGNIFICANT WEATHER WAS OBSERVED.


RELATIVE HUMIDITY (PERCENT)
 HIGHEST    69           700 AM
 LOWEST     40           200 PM
 AVERAGE    55

..........................................................


THE BOWLING GREEN KY CLIMATE NORMALS FOR TODAY
                         NORMAL    RECORD    YEAR
 MAXIMUM TEMPERATURE (F)   50        71      1952
 MINIMUM TEMPERATURE (F)   30       -10      1917


SUNRISE AND SUNSET
DECEMBER  9 2016......SUNRISE   648 AM CST   SUNSET   429 PM CST
DECEMBER 10 2016......SUNRISE   648 AM CST   SUNSET   429 PM CST


-  INDICATES NEGATIVE NUMBERS.
R  INDICATES RECORD WAS SET OR TIED.
MM INDICATES DATA IS MISSING.
T  INDICATES TRACE AMOUNT.




$$
