000
CDUS43 KLMK 020630
CLIBWG


CLIMATE REPORT
NATIONAL WEATHER SERVICE LOUISVILLE KY
229 AM EDT TUE JUN 2 2015


...................................

...THE BOWLING GREEN KY CLIMATE SUMMARY FOR JUNE 1 2015...

CLIMATE NORMAL PERIOD 1981 TO 2010
CLIMATE RECORD PERIOD 1870 TO 2015


WEATHER ITEM   OBSERVED TIME   RECORD YEAR NORMAL DEPARTURE LAST
                VALUE   (LST)  VALUE       VALUE  FROM      YEAR
                                                  NORMAL
..................................................................
TEMPERATURE (F)
 YESTERDAY
  MAXIMUM         69    101 PM  98    1951  82    -13       86
  MINIMUM         60   1159 PM  40    1966  60      0       65
  AVERAGE         65                        71     -6       76

PRECIPITATION (IN)
  YESTERDAY        0.14          2.14 1896   0.17  -0.03     0.01
  MONTH TO DATE    0.14                      0.17  -0.03     0.01
  SINCE JUN 1      0.14                      0.17  -0.03     0.01
  SINCE JAN 1     24.33                     22.10   2.23    20.59

SNOWFALL (IN)
  YESTERDAY        0.0           0.0    MM   0.0    0.0      0.0
  MONTH TO DATE    0.0                       0.0    0.0      0.0
  SINCE JUN 1      0.0                       0.0    0.0      0.0
  SINCE JUL 1     23.5                       9.1   14.4     10.4
  SNOW DEPTH       0

DEGREE DAYS
 HEATING
  YESTERDAY        0                         1     -1        0
  MONTH TO DATE    0                         1     -1        0
  SINCE JUN 1      0                         1     -1        0
  SINCE JUL 1   4285                      4044    241     4533

 COOLING
  YESTERDAY        0                         7     -7       11
  MONTH TO DATE    0                         7     -7       11
  SINCE JUN 1      0                         7     -7       11
  SINCE JAN 1    203                       160     43      208
..................................................................


WIND (MPH)
  HIGHEST WIND SPEED    13   HIGHEST WIND DIRECTION    NE (50)
  HIGHEST GUST SPEED    16   HIGHEST GUST DIRECTION    NE (60)
  AVERAGE WIND SPEED     5.5


SKY COVER
  POSSIBLE SUNSHINE  MM
  AVERAGE SKY COVER 1.0


WEATHER CONDITIONS
 THE FOLLOWING WEATHER WAS RECORDED YESTERDAY.
  LIGHT RAIN
  FOG
  HAZE


RELATIVE HUMIDITY (PERCENT)
 HIGHEST    93           500 AM
 LOWEST     76           100 PM
 AVERAGE    85

..........................................................


THE BOWLING GREEN KY CLIMATE NORMALS FOR TODAY
                         NORMAL    RECORD    YEAR
 MAXIMUM TEMPERATURE (F)   83        99      1921
 MINIMUM TEMPERATURE (F)   60        43      1889


SUNRISE AND SUNSET
JUNE  2 2015..........SUNRISE   527 AM CDT   SUNSET   800 PM CDT
JUNE  3 2015..........SUNRISE   527 AM CDT   SUNSET   801 PM CDT


-  INDICATES NEGATIVE NUMBERS.
R  INDICATES RECORD WAS SET OR TIED.
MM INDICATES DATA IS MISSING.
T  INDICATES TRACE AMOUNT.




$$
