000
CDUS43 KLMK 270627
CLIBWG


CLIMATE REPORT
NATIONAL WEATHER SERVICE LOUISVILLE KY
227 AM EDT TUE SEP 27 2016


...................................

...THE BOWLING GREEN KY CLIMATE SUMMARY FOR SEPTEMBER 26 2016...

CLIMATE NORMAL PERIOD 1981 TO 2010
CLIMATE RECORD PERIOD 1870 TO 2016


WEATHER ITEM   OBSERVED TIME   RECORD YEAR NORMAL DEPARTURE LAST
                VALUE   (LST)  VALUE       VALUE  FROM      YEAR
                                                  NORMAL
..................................................................
TEMPERATURE (F)
 YESTERDAY
  MAXIMUM         72    845 AM  93    1923  78     -6       78
  MINIMUM         53   1159 PM  34    2001  54     -1       62
                                      1928
  AVERAGE         63                        66     -3       70

PRECIPITATION (IN)
  YESTERDAY        0.31          3.66 2002   0.13   0.18      T
  MONTH TO DATE    1.33                      3.40  -2.07     0.86
  SINCE SEP 1      1.33                      3.40  -2.07     0.86
  SINCE JAN 1     39.25                     36.96   2.29    35.90

SNOWFALL (IN)
  YESTERDAY        0.0           0.0    MM   0.0    0.0      0.0
  MONTH TO DATE    0.0                       0.0    0.0      0.0
  SINCE SEP 1      0.0                       0.0    0.0      0.0
  SINCE JUL 1      0.0                       0.0    0.0      0.0
  SNOW DEPTH       0

DEGREE DAYS
 HEATING
  YESTERDAY        2                         3     -1        0
  MONTH TO DATE    2                        20    -18        8
  SINCE SEP 1      2                        20    -18        8
  SINCE JUL 1      2                        21    -19        8

 COOLING
  YESTERDAY        0                         3     -3        5
  MONTH TO DATE  303                       174    129      216
  SINCE SEP 1    303                       174    129      216
  SINCE JAN 1   1862                      1443    419     1597
..................................................................


WIND (MPH)
  HIGHEST WIND SPEED    15   HIGHEST WIND DIRECTION    NW (330)
  HIGHEST GUST SPEED    27   HIGHEST GUST DIRECTION    NW (320)
  AVERAGE WIND SPEED     3.6


SKY COVER
  POSSIBLE SUNSHINE  MM
  AVERAGE SKY COVER 0.4


WEATHER CONDITIONS
 THE FOLLOWING WEATHER WAS RECORDED YESTERDAY.
  HEAVY RAIN
  RAIN
  LIGHT RAIN
  FOG


RELATIVE HUMIDITY (PERCENT)
 HIGHEST    93           100 AM
 LOWEST     63           400 PM
 AVERAGE    78

..........................................................


THE BOWLING GREEN KY CLIMATE NORMALS FOR TODAY
                         NORMAL    RECORD    YEAR
 MAXIMUM TEMPERATURE (F)   78        95      1911
 MINIMUM TEMPERATURE (F)   53        35      1899


SUNRISE AND SUNSET
SEPTEMBER 27 2016.....SUNRISE   638 AM CDT   SUNSET   634 PM CDT
SEPTEMBER 28 2016.....SUNRISE   639 AM CDT   SUNSET   633 PM CDT


-  INDICATES NEGATIVE NUMBERS.
R  INDICATES RECORD WAS SET OR TIED.
MM INDICATES DATA IS MISSING.
T  INDICATES TRACE AMOUNT.




$$
