000
CDUS43 KLMK 050643
CLIBWG


CLIMATE REPORT
NATIONAL WEATHER SERVICE LOUISVILLE KY
141 AM EST THU MAR 5 2015


...................................

...THE BOWLING GREEN KY CLIMATE SUMMARY FOR MARCH 4 2015...

CLIMATE NORMAL PERIOD 1981 TO 2010
CLIMATE RECORD PERIOD 1870 TO 2015


WEATHER ITEM   OBSERVED TIME   RECORD YEAR NORMAL DEPARTURE LAST
                VALUE   (LST)  VALUE       VALUE  FROM      YEAR
                                                  NORMAL
..................................................................
TEMPERATURE (F)
 YESTERDAY
  MAXIMUM         53   1229 AM  82    1976  56     -3       31
  MINIMUM         23   1159 PM   0    1960  34    -11       12
  AVERAGE         38                        45     -7       22

PRECIPITATION (IN)
  YESTERDAY        2.31          4.48 1964   0.13   2.18      T
  MONTH TO DATE    2.81                      0.54   2.27     2.47
  SINCE MAR 1      2.81                      0.54   2.27     2.47
  SINCE JAN 1      8.69                      8.11   0.58     9.64

SNOWFALL (IN)
  YESTERDAY        1.4 R         0.5  1998   0.0    1.4       T
  MONTH TO DATE    1.4                       0.1    1.3      4.8
  SINCE MAR 1      1.4                       0.1    1.3      4.8
  SINCE JUL 1     17.7                       7.9    9.8     10.1
  SNOW DEPTH       0

DEGREE DAYS
 HEATING
  YESTERDAY       27                        20      7       43
  MONTH TO DATE   91                        83      8      127
  SINCE MAR 1     91                        83      8      127
  SINCE JUL 1   3626                      3281    345     3736

 COOLING
  YESTERDAY        0                         0      0        0
  MONTH TO DATE    0                         0      0        0
  SINCE MAR 1      0                         0      0        0
  SINCE JAN 1      0                         0      0        0
..................................................................


WIND (MPH)
  HIGHEST WIND SPEED    16   HIGHEST WIND DIRECTION    NW (330)
  HIGHEST GUST SPEED    23   HIGHEST GUST DIRECTION     N (350)
  AVERAGE WIND SPEED     7.1


SKY COVER
  POSSIBLE SUNSHINE  MM
  AVERAGE SKY COVER 1.0


WEATHER CONDITIONS
 THE FOLLOWING WEATHER WAS RECORDED YESTERDAY.
  HEAVY RAIN
  RAIN
  LIGHT RAIN
  FREEZING RAIN
  LT FREEZING RAIN
  SNOW
  LIGHT SNOW
  FOG


RELATIVE HUMIDITY (PERCENT)
 HIGHEST    93           300 AM
 LOWEST     82           500 PM
 AVERAGE    88

..........................................................


THE BOWLING GREEN KY CLIMATE NORMALS FOR TODAY
                         NORMAL    RECORD    YEAR
 MAXIMUM TEMPERATURE (F)   56        85      1910
 MINIMUM TEMPERATURE (F)   34        -6      1960


SUNRISE AND SUNSET
MARCH  5 2015.........SUNRISE   611 AM CST   SUNSET   544 PM CST
MARCH  6 2015.........SUNRISE   610 AM CST   SUNSET   545 PM CST


-  INDICATES NEGATIVE NUMBERS.
R  INDICATES RECORD WAS SET OR TIED.
MM INDICATES DATA IS MISSING.
T  INDICATES TRACE AMOUNT.




$$
